Build Information
Failed to build SwiftGodotKit, reference main (b803cc), with Swift 6.4 for watchOS using Xcode 27.0 on 25 Sep 2026 13:00:58 UTC.
Build Command
No build command. This typically means the build failed at an early stage where we determine the build command.Build Log
========================================
RunAll
========================================
Builder version: 5.1.0
Interrupt handler set up.
========================================
Checkout
========================================
Clone URL: https://github.com/adamwatters/SwiftGodotKit.git
Reference: main
Initialized empty Git repository in /Users/admin/builder/spi-builder-workspace/.git/
From https://github.com/adamwatters/SwiftGodotKit
* branch main -> FETCH_HEAD
* [new branch] main -> origin/main
HEAD is now at b803cc8 use local
Cloned https://github.com/adamwatters/SwiftGodotKit.git
Revision (git rev-parse @):
b803cc8a64def76ba1806617cb80de97ccd209db
SUCCESS checkout https://github.com/adamwatters/SwiftGodotKit.git at main
========================================
Build
========================================
Selected platform: watchOS
Swift version: 6.4
Building package at path: $PWD
https://github.com/adamwatters/SwiftGodotKit.git
Command line invocation:
/Applications/Xcode-27.0.0-Release.Candidate.app/Contents/Developer/usr/bin/xcodebuild -IDEClonedSourcePackagesDirPathOverride=/Users/admin/builder/spi-builder-workspace/.dependencies -resolvePackageDependencies
Resolve Package Graph
Fetching from https://github.com/multijam/SwiftGodot
Fetching from https://github.com/swiftlang/swift-syntax
Creating working copy of package ‘swift-syntax’
Checking out 510.0.3 of package ‘swift-syntax’
Creating working copy of package ‘SwiftGodot’
Checking out a9753686164b63b8228d3b98389d4326d942be80 of package ‘SwiftGodot’
local binary target 'binary_libgodot' at '/Users/admin/builder/SwiftGodot/libgodot.xcframework' does not contain a binary artifact.fatalErrorResolve Package Graph
local binary target 'binary_libgodot' at '/Users/admin/builder/SwiftGodot/libgodot.xcframework' does not contain a binary artifact.fatalError
Resolved source packages:
spi-builder-workspace: (null)
2026-09-25 09:00:57.637 xcodebuild[529:3057] Writing error result bundle to /var/folders/xq/y_g06wb113726d38xsyx71_h0000gn/T/ResultBundle_2026-25-09_09-00-0057.xcresult
xcodebuild: error: Could not resolve package dependencies:
local binary target 'binary_libgodot' at '/Users/admin/builder/SwiftGodot/libgodot.xcframework' does not contain a binary artifact.
fatalError
Command line invocation:
/Applications/Xcode-27.0.0-Release.Candidate.app/Contents/Developer/usr/bin/xcodebuild -IDEClonedSourcePackagesDirPathOverride=/Users/admin/builder/spi-builder-workspace/.dependencies -resolvePackageDependencies
Resolve Package Graph
local binary target 'binary_libgodot' at '/Users/admin/builder/SwiftGodot/libgodot.xcframework' does not contain a binary artifact.fatalError
Resolved source packages:
spi-builder-workspace: (null)
2026-09-25 09:00:58.835 xcodebuild[671:4063] Writing error result bundle to /var/folders/xq/y_g06wb113726d38xsyx71_h0000gn/T/ResultBundle_2026-25-09_09-00-0058.xcresult
xcodebuild: error: Could not resolve package dependencies:
local binary target 'binary_libgodot' at '/Users/admin/builder/SwiftGodot/libgodot.xcframework' does not contain a binary artifact.
fatalError
BUILD FAILURE 6.4 watchOS