The Swift Package Index logo.Swift Package Index

Build Information

Failed to build ARHeadsetKit, reference v1.0.2 (5b9a3d), with Swift 6.4 for watchOS using Xcode 27.0 on 19 Sep 2026 02:54:16 UTC.

Build Command

env DEVELOPER_DIR=/Applications/Xcode-27.0.0-Release.Candidate.app xcrun xcodebuild -IDEClonedSourcePackagesDirPathOverride=$PWD/.dependencies -skipMacroValidation -skipPackagePluginValidation -derivedDataPath $PWD/.derivedData build -scheme ARHeadsetKit -destination generic/platform=watchOS

Build Log

CompileMetalFile /Users/admin/builder/spi-builder-workspace/Sources/ARHeadsetKit/Scene\ Reconstruction/Reconstruction/Sorting/Fourth\ Sort/FourthSceneSortTypes.metal (in target 'ARHeadsetKit_ARHeadsetKit' from project 'ARHeadsetKit')
    cd /Users/admin/builder/spi-builder-workspace
    /var/run/com.apple.security.cryptexd/mnt/com.apple.MobileAsset.MetalToolchain-v27.1.266.1.BZ5tJe/Metal.xctoolchain/usr/bin/metal -c -target air64-apple-watchos9.0 -I/Users/admin/builder/spi-builder-workspace/.derivedData/Build/Products/Debug-watchos/include -F/Users/admin/builder/spi-builder-workspace/.derivedData/Build/Products/Debug-watchos -isysroot /Applications/Xcode-27.0.0-Release.Candidate.app/Contents/Developer/Platforms/WatchOS.platform/Developer/SDKs/WatchOS27.0.sdk -fmetal-math-mode\=fast -fmetal-math-fp32-functions\=fast -serialize-diagnostics /Users/admin/builder/spi-builder-workspace/.derivedData/Build/Intermediates.noindex/ARHeadsetKit.build/Debug-watchos/ARHeadsetKit_ARHeadsetKit-b.build/Metal/FourthSceneSortTypes.dia -o /Users/admin/builder/spi-builder-workspace/.derivedData/Build/Intermediates.noindex/ARHeadsetKit.build/Debug-watchos/ARHeadsetKit_ARHeadsetKit-b.build/Metal/FourthSceneSortTypes.air -MMD -MT dependencies -MF /Users/admin/builder/spi-builder-workspace/.derivedData/Build/Intermediates.noindex/ARHeadsetKit.build/Debug-watchos/ARHeadsetKit_ARHeadsetKit-b.build/Metal/FourthSceneSortTypes.dat /Users/admin/builder/spi-builder-workspace/Sources/ARHeadsetKit/Scene\ Reconstruction/Reconstruction/Sorting/Fourth\ Sort/FourthSceneSortTypes.metal
CompileMetalFile /Users/admin/builder/spi-builder-workspace/Sources/ARHeadsetKit/Scene\ Reconstruction/Reconstruction/Sorting/Fourth\ Sort/FourthSceneSort.metal (in target 'ARHeadsetKit_ARHeadsetKit' from project 'ARHeadsetKit')
    cd /Users/admin/builder/spi-builder-workspace
    /var/run/com.apple.security.cryptexd/mnt/com.apple.MobileAsset.MetalToolchain-v27.1.266.1.BZ5tJe/Metal.xctoolchain/usr/bin/metal -c -target air64-apple-watchos9.0 -I/Users/admin/builder/spi-builder-workspace/.derivedData/Build/Products/Debug-watchos/include -F/Users/admin/builder/spi-builder-workspace/.derivedData/Build/Products/Debug-watchos -isysroot /Applications/Xcode-27.0.0-Release.Candidate.app/Contents/Developer/Platforms/WatchOS.platform/Developer/SDKs/WatchOS27.0.sdk -fmetal-math-mode\=fast -fmetal-math-fp32-functions\=fast -serialize-diagnostics /Users/admin/builder/spi-builder-workspace/.derivedData/Build/Intermediates.noindex/ARHeadsetKit.build/Debug-watchos/ARHeadsetKit_ARHeadsetKit-b.build/Metal/FourthSceneSort.dia -o /Users/admin/builder/spi-builder-workspace/.derivedData/Build/Intermediates.noindex/ARHeadsetKit.build/Debug-watchos/ARHeadsetKit_ARHeadsetKit-b.build/Metal/FourthSceneSort.air -MMD -MT dependencies -MF /Users/admin/builder/spi-builder-workspace/.derivedData/Build/Intermediates.noindex/ARHeadsetKit.build/Debug-watchos/ARHeadsetKit_ARHeadsetKit-b.build/Metal/FourthSceneSort.dat /Users/admin/builder/spi-builder-workspace/Sources/ARHeadsetKit/Scene\ Reconstruction/Reconstruction/Sorting/Fourth\ Sort/FourthSceneSort.metal
SwiftDriver ZippyJSON normal arm64_32 com.apple.xcode.tools.swift.compiler (in target 'ZippyJSON' from project 'ZippyJSON')
    cd /Users/admin/builder/spi-builder-workspace/.swiftpm/xcode
    builtin-SwiftDriver -- /Applications/Xcode-27.0.0-Release.Candidate.app/Contents/Developer/Toolchains/XcodeDefault.xctoolchain/usr/bin/swiftc -parse-as-library -module-name ZippyJSON -Onone @/Users/admin/builder/spi-builder-workspace/.derivedData/Build/Intermediates.noindex/ZippyJSON.build/Debug-watchos/ZippyJSON-t.build/Objects-normal/arm64_32/ZippyJSON.SwiftFileList -DSWIFT_PACKAGE -DDEBUG -DSWIFT_MODULE_RESOURCE_BUNDLE_UNAVAILABLE -Xcc -fmodule-map-file\=/Users/admin/builder/spi-builder-workspace/.derivedData/Build/Intermediates.noindex/GeneratedModuleMaps-watchos/ZippyJSONCFamily.modulemap -Xcc -fmodule-map-file\=/Users/admin/builder/spi-builder-workspace/.derivedData/Build/Intermediates.noindex/GeneratedModuleMaps-watchos/JJLISO8601DateFormatter.modulemap -DXcode -plugin-path /Applications/Xcode-27.0.0-Release.Candidate.app/Contents/Developer/Toolchains/XcodeDefault.xctoolchain/usr/lib/swift/host/plugins/testing -enable-experimental-feature DebugDescriptionMacro -sdk /Applications/Xcode-27.0.0-Release.Candidate.app/Contents/Developer/Platforms/WatchOS.platform/Developer/SDKs/WatchOS27.0.sdk -target arm64_32-apple-watchos9.0 -g -module-cache-path /Users/admin/builder/spi-builder-workspace/.derivedData/ModuleCache.noindex -Xfrontend -serialize-debugging-options -enable-testing -suppress-warnings -index-store-path /Users/admin/builder/spi-builder-workspace/.derivedData/Index.noindex/DataStore -Xcc -D_LIBCPP_HARDENING_MODE\=_LIBCPP_HARDENING_MODE_DEBUG -swift-version 5 -I /Users/admin/builder/spi-builder-workspace/.derivedData/Build/Products/Debug-watchos -Isystem /Applications/Xcode-27.0.0-Release.Candidate.app/Contents/Developer/Platforms/WatchOS.platform/Developer/usr/lib -F /Users/admin/builder/spi-builder-workspace/.derivedData/Build/Products/Debug-watchos/PackageFrameworks -F /Users/admin/builder/spi-builder-workspace/.derivedData/Build/Products/Debug-watchos -F /Applications/Xcode-27.0.0-Release.Candidate.app/Contents/Developer/Platforms/WatchOS.platform/Developer/Library/Frameworks -F /Applications/Xcode-27.0.0-Release.Candidate.app/Contents/Developer/Platforms/WatchOS.platform/Developer/SDKs/WatchOS27.0.sdk/Developer/Library/Frameworks -c -j10 -enable-batch-mode -incremental -Xcc -ivfsstatcache -Xcc /Users/admin/builder/spi-builder-workspace/.derivedData/SDKStatCaches.noindex/watchos27.0-24R360-e829b21a6f8c9b70876ba0858053c04477534ef55a1706bf4c1112bbb242f0a2.sdkstatcache -output-file-map /Users/admin/builder/spi-builder-workspace/.derivedData/Build/Intermediates.noindex/ZippyJSON.build/Debug-watchos/ZippyJSON-t.build/Objects-normal/arm64_32/ZippyJSON-OutputFileMap.json -save-temps -no-color-diagnostics -explicit-module-build -module-cache-path /Users/admin/builder/spi-builder-workspace/.derivedData/Build/Intermediates.noindex/SwiftExplicitPrecompiledModules -clang-scanner-module-cache-path /Users/admin/builder/spi-builder-workspace/.derivedData/ModuleCache.noindex -sdk-module-cache-path /Users/admin/builder/spi-builder-workspace/.derivedData/SDKExplicitPrecompiledModules -emit-dependencies -emit-module -emit-module-path /Users/admin/builder/spi-builder-workspace/.derivedData/Build/Intermediates.noindex/ZippyJSON.build/Debug-watchos/ZippyJSON-t.build/Objects-normal/arm64_32/ZippyJSON.swiftmodule -serialize-diagnostics -dependency-scan-serialize-diagnostics-path /Users/admin/builder/spi-builder-workspace/.derivedData/Build/Intermediates.noindex/ZippyJSON.build/Debug-watchos/ZippyJSON-t.build/Objects-normal/arm64_32/ZippyJSON-dependency-scan.dia -validate-clang-modules-once -clang-build-session-file /Users/admin/builder/spi-builder-workspace/.derivedData/ModuleCache.noindex/Session.modulevalidation -Xcc -fmodules-prune-interval\=86400 -Xcc -fmodules-prune-after\=345600 -emit-const-values -const-gather-protocols-list /Users/admin/builder/spi-builder-workspace/.derivedData/Build/Intermediates.noindex/ZippyJSON.build/Debug-watchos/ZippyJSON-t.build/Objects-normal/arm64_32/ZippyJSON_const_extract_protocols.json -Xcc -I/Users/admin/builder/spi-builder-workspace/.dependencies/checkouts/ZippyJSONCFamily/Sources/ZippyJSONCFamily/include -Xcc -I/Users/admin/builder/spi-builder-workspace/.dependencies/checkouts/JJLISO8601DateFormatter/Sources/JJLISO8601DateFormatter/include -Xcc -I/Users/admin/builder/spi-builder-workspace/.derivedData/Build/Products/Debug-watchos/include -Xcc -I/Users/admin/builder/spi-builder-workspace/.derivedData/Build/Intermediates.noindex/ZippyJSON.build/Debug-watchos/ZippyJSON-t.build/DerivedSources-normal/arm64_32 -Xcc -I/Users/admin/builder/spi-builder-workspace/.derivedData/Build/Intermediates.noindex/ZippyJSON.build/Debug-watchos/ZippyJSON-t.build/DerivedSources/arm64_32 -Xcc -I/Users/admin/builder/spi-builder-workspace/.derivedData/Build/Intermediates.noindex/ZippyJSON.build/Debug-watchos/ZippyJSON-t.build/DerivedSources -Xcc -DSWIFT_PACKAGE -Xcc -DDEBUG\=1 -emit-objc-header -emit-objc-header-path /Users/admin/builder/spi-builder-workspace/.derivedData/Build/Intermediates.noindex/ZippyJSON.build/Debug-watchos/ZippyJSON-t.build/Objects-normal/arm64_32/ZippyJSON-Swift.h -working-directory /Users/admin/builder/spi-builder-workspace/.swiftpm/xcode -experimental-emit-module-separately -disable-cmo
SwiftDriver ZippyJSON normal arm64 com.apple.xcode.tools.swift.compiler (in target 'ZippyJSON' from project 'ZippyJSON')
    cd /Users/admin/builder/spi-builder-workspace/.swiftpm/xcode
    builtin-SwiftDriver -- /Applications/Xcode-27.0.0-Release.Candidate.app/Contents/Developer/Toolchains/XcodeDefault.xctoolchain/usr/bin/swiftc -parse-as-library -module-name ZippyJSON -Onone @/Users/admin/builder/spi-builder-workspace/.derivedData/Build/Intermediates.noindex/ZippyJSON.build/Debug-watchos/ZippyJSON-t.build/Objects-normal/arm64/ZippyJSON.SwiftFileList -DSWIFT_PACKAGE -DDEBUG -DSWIFT_MODULE_RESOURCE_BUNDLE_UNAVAILABLE -Xcc -fmodule-map-file\=/Users/admin/builder/spi-builder-workspace/.derivedData/Build/Intermediates.noindex/GeneratedModuleMaps-watchos/ZippyJSONCFamily.modulemap -Xcc -fmodule-map-file\=/Users/admin/builder/spi-builder-workspace/.derivedData/Build/Intermediates.noindex/GeneratedModuleMaps-watchos/JJLISO8601DateFormatter.modulemap -DXcode -plugin-path /Applications/Xcode-27.0.0-Release.Candidate.app/Contents/Developer/Toolchains/XcodeDefault.xctoolchain/usr/lib/swift/host/plugins/testing -enable-experimental-feature DebugDescriptionMacro -sdk /Applications/Xcode-27.0.0-Release.Candidate.app/Contents/Developer/Platforms/WatchOS.platform/Developer/SDKs/WatchOS27.0.sdk -target arm64-apple-watchos9.0 -g -module-cache-path /Users/admin/builder/spi-builder-workspace/.derivedData/ModuleCache.noindex -Xfrontend -serialize-debugging-options -enable-testing -suppress-warnings -index-store-path /Users/admin/builder/spi-builder-workspace/.derivedData/Index.noindex/DataStore -Xcc -D_LIBCPP_HARDENING_MODE\=_LIBCPP_HARDENING_MODE_DEBUG -swift-version 5 -I /Users/admin/builder/spi-builder-workspace/.derivedData/Build/Products/Debug-watchos -Isystem /Applications/Xcode-27.0.0-Release.Candidate.app/Contents/Developer/Platforms/WatchOS.platform/Developer/usr/lib -F /Users/admin/builder/spi-builder-workspace/.derivedData/Build/Products/Debug-watchos/PackageFrameworks -F /Users/admin/builder/spi-builder-workspace/.derivedData/Build/Products/Debug-watchos -F /Applications/Xcode-27.0.0-Release.Candidate.app/Contents/Developer/Platforms/WatchOS.platform/Developer/Library/Frameworks -F /Applications/Xcode-27.0.0-Release.Candidate.app/Contents/Developer/Platforms/WatchOS.platform/Developer/SDKs/WatchOS27.0.sdk/Developer/Library/Frameworks -c -j10 -enable-batch-mode -incremental -Xcc -ivfsstatcache -Xcc /Users/admin/builder/spi-builder-workspace/.derivedData/SDKStatCaches.noindex/watchos27.0-24R360-e829b21a6f8c9b70876ba0858053c04477534ef55a1706bf4c1112bbb242f0a2.sdkstatcache -output-file-map /Users/admin/builder/spi-builder-workspace/.derivedData/Build/Intermediates.noindex/ZippyJSON.build/Debug-watchos/ZippyJSON-t.build/Objects-normal/arm64/ZippyJSON-OutputFileMap.json -save-temps -no-color-diagnostics -explicit-module-build -module-cache-path /Users/admin/builder/spi-builder-workspace/.derivedData/Build/Intermediates.noindex/SwiftExplicitPrecompiledModules -clang-scanner-module-cache-path /Users/admin/builder/spi-builder-workspace/.derivedData/ModuleCache.noindex -sdk-module-cache-path /Users/admin/builder/spi-builder-workspace/.derivedData/SDKExplicitPrecompiledModules -emit-dependencies -emit-module -emit-module-path /Users/admin/builder/spi-builder-workspace/.derivedData/Build/Intermediates.noindex/ZippyJSON.build/Debug-watchos/ZippyJSON-t.build/Objects-normal/arm64/ZippyJSON.swiftmodule -serialize-diagnostics -dependency-scan-serialize-diagnostics-path /Users/admin/builder/spi-builder-workspace/.derivedData/Build/Intermediates.noindex/ZippyJSON.build/Debug-watchos/ZippyJSON-t.build/Objects-normal/arm64/ZippyJSON-dependency-scan.dia -validate-clang-modules-once -clang-build-session-file /Users/admin/builder/spi-builder-workspace/.derivedData/ModuleCache.noindex/Session.modulevalidation -Xcc -fmodules-prune-interval\=86400 -Xcc -fmodules-prune-after\=345600 -emit-const-values -const-gather-protocols-list /Users/admin/builder/spi-builder-workspace/.derivedData/Build/Intermediates.noindex/ZippyJSON.build/Debug-watchos/ZippyJSON-t.build/Objects-normal/arm64/ZippyJSON_const_extract_protocols.json -Xcc -I/Users/admin/builder/spi-builder-workspace/.dependencies/checkouts/ZippyJSONCFamily/Sources/ZippyJSONCFamily/include -Xcc -I/Users/admin/builder/spi-builder-workspace/.dependencies/checkouts/JJLISO8601DateFormatter/Sources/JJLISO8601DateFormatter/include -Xcc -I/Users/admin/builder/spi-builder-workspace/.derivedData/Build/Products/Debug-watchos/include -Xcc -I/Users/admin/builder/spi-builder-workspace/.derivedData/Build/Intermediates.noindex/ZippyJSON.build/Debug-watchos/ZippyJSON-t.build/DerivedSources-normal/arm64 -Xcc -I/Users/admin/builder/spi-builder-workspace/.derivedData/Build/Intermediates.noindex/ZippyJSON.build/Debug-watchos/ZippyJSON-t.build/DerivedSources/arm64 -Xcc -I/Users/admin/builder/spi-builder-workspace/.derivedData/Build/Intermediates.noindex/ZippyJSON.build/Debug-watchos/ZippyJSON-t.build/DerivedSources -Xcc -DSWIFT_PACKAGE -Xcc -DDEBUG\=1 -emit-objc-header -emit-objc-header-path /Users/admin/builder/spi-builder-workspace/.derivedData/Build/Intermediates.noindex/ZippyJSON.build/Debug-watchos/ZippyJSON-t.build/Objects-normal/arm64/ZippyJSON-Swift.h -working-directory /Users/admin/builder/spi-builder-workspace/.swiftpm/xcode -experimental-emit-module-separately -disable-cmo
CompileC /Users/admin/builder/spi-builder-workspace/.derivedData/Build/Intermediates.noindex/ZippyJSONCFamily.build/Debug-watchos/ZippyJSONCFamily-t.build/Objects-normal/arm64_32/JSONSerialization.o /Users/admin/builder/spi-builder-workspace/.dependencies/checkouts/ZippyJSONCFamily/Sources/ZippyJSONCFamily/JSONSerialization.mm normal arm64_32 objective-c++ com.apple.compilers.llvm.clang.1_0.compiler (in target 'ZippyJSONCFamily' from project 'ZippyJSONCFamily')
    cd /Users/admin/builder/spi-builder-workspace/.swiftpm/xcode

    Using response file: /Users/admin/builder/spi-builder-workspace/.derivedData/Build/Intermediates.noindex/ZippyJSONCFamily.build/Debug-watchos/ZippyJSONCFamily-t.build/Objects-normal/arm64_32/af3fcb34312c57c0f52879cdce924b91-common-args.resp

    /Applications/Xcode-27.0.0-Release.Candidate.app/Contents/Developer/Toolchains/XcodeDefault.xctoolchain/usr/bin/clang -x objective-c++ -ivfsstatcache /Users/admin/builder/spi-builder-workspace/.derivedData/SDKStatCaches.noindex/watchos27.0-24R360-e829b21a6f8c9b70876ba0858053c04477534ef55a1706bf4c1112bbb242f0a2.sdkstatcache -target arm64_32-apple-watchos9.0 -fmessage-length\=0 -fdiagnostics-show-note-include-stack -fmacro-backtrace-limit\=0 -fno-color-diagnostics -fmodules-prune-interval\=86400 -fmodules-prune-after\=345600 -fbuild-session-file\=/Users/admin/builder/spi-builder-workspace/.derivedData/ModuleCache.noindex/Session.modulevalidation -fmodules-validate-once-per-build-session -Wnon-modular-include-in-framework-module -Werror\=non-modular-include-in-framework-module -Wno-trigraphs -Wno-missing-field-initializers -Wno-missing-prototypes -Wno-return-type -Wno-implicit-atomic-properties -Wno-objc-interface-ivars -Wno-arc-repeated-use-of-weak -Wno-non-virtual-dtor -Wno-overloaded-virtual -Wno-exit-time-destructors -Wno-missing-braces -Wparentheses -Wswitch -Wno-unused-function -Wno-unused-label -Wno-unused-parameter -Wno-unused-variable -Wunused-value -Wno-empty-body -Wno-uninitialized -Wno-unknown-pragmas -w -Wno-shadow -Wno-four-char-constants -Wno-conversion -Wno-constant-conversion -Wno-int-conversion -Wno-bool-conversion -Wno-enum-conversion -Wno-float-conversion -Wno-non-literal-null-conversion -Wno-objc-literal-conversion -Wno-shorten-64-to-32 -Wno-newline-eof -Wno-selector -Wno-strict-selector-match -Wno-undeclared-selector -Wno-deprecated-implementations -Wno-c++11-extensions -Wno-implicit-fallthrough -isysroot /Applications/Xcode-27.0.0-Release.Candidate.app/Contents/Developer/Platforms/WatchOS.platform/Developer/SDKs/WatchOS27.0.sdk -fstrict-aliasing -Wprotocol -Wdeprecated-declarations -Winvalid-offsetof -Wno-sign-conversion -Wno-infinite-recursion -Wno-move -Wno-comma -Wno-block-capture-autoreleasing -Wno-strict-prototypes -Wno-range-loop-analysis -Wno-semicolon-before-method-body -index-store-path /Users/admin/builder/spi-builder-workspace/.derivedData/Index.noindex/DataStore @/Users/admin/builder/spi-builder-workspace/.derivedData/Build/Intermediates.noindex/ZippyJSONCFamily.build/Debug-watchos/ZippyJSONCFamily-t.build/Objects-normal/arm64_32/af3fcb34312c57c0f52879cdce924b91-common-args.resp -MMD -MT dependencies -MF /Users/admin/builder/spi-builder-workspace/.derivedData/Build/Intermediates.noindex/ZippyJSONCFamily.build/Debug-watchos/ZippyJSONCFamily-t.build/Objects-normal/arm64_32/JSONSerialization.d --serialize-diagnostics /Users/admin/builder/spi-builder-workspace/.derivedData/Build/Intermediates.noindex/ZippyJSONCFamily.build/Debug-watchos/ZippyJSONCFamily-t.build/Objects-normal/arm64_32/JSONSerialization.dia -c /Users/admin/builder/spi-builder-workspace/.dependencies/checkouts/ZippyJSONCFamily/Sources/ZippyJSONCFamily/JSONSerialization.mm -o /Users/admin/builder/spi-builder-workspace/.derivedData/Build/Intermediates.noindex/ZippyJSONCFamily.build/Debug-watchos/ZippyJSONCFamily-t.build/Objects-normal/arm64_32/JSONSerialization.o -index-unit-output-path /ZippyJSONCFamily.build/Debug-watchos/ZippyJSONCFamily-t.build/Objects-normal/arm64_32/JSONSerialization.o
CompileC /Users/admin/builder/spi-builder-workspace/.derivedData/Build/Intermediates.noindex/ZippyJSONCFamily.build/Debug-watchos/ZippyJSONCFamily-t.build/Objects-normal/arm64/JSONSerialization.o /Users/admin/builder/spi-builder-workspace/.dependencies/checkouts/ZippyJSONCFamily/Sources/ZippyJSONCFamily/JSONSerialization.mm normal arm64 objective-c++ com.apple.compilers.llvm.clang.1_0.compiler (in target 'ZippyJSONCFamily' from project 'ZippyJSONCFamily')
    cd /Users/admin/builder/spi-builder-workspace/.swiftpm/xcode

    Using response file: /Users/admin/builder/spi-builder-workspace/.derivedData/Build/Intermediates.noindex/ZippyJSONCFamily.build/Debug-watchos/ZippyJSONCFamily-t.build/Objects-normal/arm64/af3fcb34312c57c0f52879cdce924b91-common-args.resp

    /Applications/Xcode-27.0.0-Release.Candidate.app/Contents/Developer/Toolchains/XcodeDefault.xctoolchain/usr/bin/clang -x objective-c++ -ivfsstatcache /Users/admin/builder/spi-builder-workspace/.derivedData/SDKStatCaches.noindex/watchos27.0-24R360-e829b21a6f8c9b70876ba0858053c04477534ef55a1706bf4c1112bbb242f0a2.sdkstatcache -target arm64-apple-watchos9.0 -fmessage-length\=0 -fdiagnostics-show-note-include-stack -fmacro-backtrace-limit\=0 -fno-color-diagnostics -fmodules-prune-interval\=86400 -fmodules-prune-after\=345600 -fbuild-session-file\=/Users/admin/builder/spi-builder-workspace/.derivedData/ModuleCache.noindex/Session.modulevalidation -fmodules-validate-once-per-build-session -Wnon-modular-include-in-framework-module -Werror\=non-modular-include-in-framework-module -Wno-trigraphs -Wno-missing-field-initializers -Wno-missing-prototypes -Wno-return-type -Wno-implicit-atomic-properties -Wno-objc-interface-ivars -Wno-arc-repeated-use-of-weak -Wno-non-virtual-dtor -Wno-overloaded-virtual -Wno-exit-time-destructors -Wno-missing-braces -Wparentheses -Wswitch -Wno-unused-function -Wno-unused-label -Wno-unused-parameter -Wno-unused-variable -Wunused-value -Wno-empty-body -Wno-uninitialized -Wno-unknown-pragmas -w -Wno-shadow -Wno-four-char-constants -Wno-conversion -Wno-constant-conversion -Wno-int-conversion -Wno-bool-conversion -Wno-enum-conversion -Wno-float-conversion -Wno-non-literal-null-conversion -Wno-objc-literal-conversion -Wshorten-64-to-32 -Wno-newline-eof -Wno-selector -Wno-strict-selector-match -Wno-undeclared-selector -Wno-deprecated-implementations -Wno-c++11-extensions -Wno-implicit-fallthrough -isysroot /Applications/Xcode-27.0.0-Release.Candidate.app/Contents/Developer/Platforms/WatchOS.platform/Developer/SDKs/WatchOS27.0.sdk -fstrict-aliasing -Wprotocol -Wdeprecated-declarations -Winvalid-offsetof -Wno-sign-conversion -Wno-infinite-recursion -Wno-move -Wno-comma -Wno-block-capture-autoreleasing -Wno-strict-prototypes -Wno-range-loop-analysis -Wno-semicolon-before-method-body -index-store-path /Users/admin/builder/spi-builder-workspace/.derivedData/Index.noindex/DataStore @/Users/admin/builder/spi-builder-workspace/.derivedData/Build/Intermediates.noindex/ZippyJSONCFamily.build/Debug-watchos/ZippyJSONCFamily-t.build/Objects-normal/arm64/af3fcb34312c57c0f52879cdce924b91-common-args.resp -MMD -MT dependencies -MF /Users/admin/builder/spi-builder-workspace/.derivedData/Build/Intermediates.noindex/ZippyJSONCFamily.build/Debug-watchos/ZippyJSONCFamily-t.build/Objects-normal/arm64/JSONSerialization.d --serialize-diagnostics /Users/admin/builder/spi-builder-workspace/.derivedData/Build/Intermediates.noindex/ZippyJSONCFamily.build/Debug-watchos/ZippyJSONCFamily-t.build/Objects-normal/arm64/JSONSerialization.dia -c /Users/admin/builder/spi-builder-workspace/.dependencies/checkouts/ZippyJSONCFamily/Sources/ZippyJSONCFamily/JSONSerialization.mm -o /Users/admin/builder/spi-builder-workspace/.derivedData/Build/Intermediates.noindex/ZippyJSONCFamily.build/Debug-watchos/ZippyJSONCFamily-t.build/Objects-normal/arm64/JSONSerialization.o -index-unit-output-path /ZippyJSONCFamily.build/Debug-watchos/ZippyJSONCFamily-t.build/Objects-normal/arm64/JSONSerialization.o
ScanDependencies /Users/admin/builder/spi-builder-workspace/.derivedData/Build/Intermediates.noindex/JJLISO8601DateFormatter.build/Debug-watchos/JJLISO8601DateFormatter-t.build/Objects-normal/arm64_32/localtime.o /Users/admin/builder/spi-builder-workspace/.dependencies/checkouts/JJLISO8601DateFormatter/Sources/JJLISO8601DateFormatter/Vendor/tzdb/localtime.c normal arm64_32 c com.apple.compilers.llvm.clang.1_0.compiler (in target 'JJLISO8601DateFormatter' from project 'JJLISO8601DateFormatter')
    cd /Users/admin/builder/spi-builder-workspace/.swiftpm/xcode

    Using response file: /Users/admin/builder/spi-builder-workspace/.derivedData/Build/Intermediates.noindex/JJLISO8601DateFormatter.build/Debug-watchos/JJLISO8601DateFormatter-t.build/Objects-normal/arm64_32/7187679823f38a2a940e0043cdf9d637-common-args.resp

    builtin-ScanDependencies -o /Users/admin/builder/spi-builder-workspace/.derivedData/Build/Intermediates.noindex/JJLISO8601DateFormatter.build/Debug-watchos/JJLISO8601DateFormatter-t.build/Objects-normal/arm64_32/localtime.o.scan -- /Applications/Xcode-27.0.0-Release.Candidate.app/Contents/Developer/Toolchains/XcodeDefault.xctoolchain/usr/bin/clang -x c -ivfsstatcache /Users/admin/builder/spi-builder-workspace/.derivedData/SDKStatCaches.noindex/watchos27.0-24R360-e829b21a6f8c9b70876ba0858053c04477534ef55a1706bf4c1112bbb242f0a2.sdkstatcache -target arm64_32-apple-watchos9.0 -fmessage-length\=0 -fdiagnostics-show-note-include-stack -fmacro-backtrace-limit\=0 -fno-color-diagnostics -fmodules-prune-interval\=86400 -fmodules-prune-after\=345600 -fbuild-session-file\=/Users/admin/builder/spi-builder-workspace/.derivedData/ModuleCache.noindex/Session.modulevalidation -fmodules-validate-once-per-build-session -Wnon-modular-include-in-framework-module -Werror\=non-modular-include-in-framework-module -Wno-trigraphs -Wno-missing-field-initializers -Wno-missing-prototypes -Wno-return-type -Wno-missing-braces -Wparentheses -Wswitch -Wno-unused-function -Wno-unused-label -Wno-unused-parameter -Wno-unused-variable -Wunused-value -Wno-empty-body -Wno-uninitialized -Wno-unknown-pragmas -w -Wno-shadow -Wno-four-char-constants -Wno-conversion -Wno-constant-conversion -Wno-int-conversion -Wno-bool-conversion -Wno-enum-conversion -Wno-float-conversion -Wno-non-literal-null-conversion -Wno-objc-literal-conversion -Wno-shorten-64-to-32 -Wpointer-sign -Wno-newline-eof -Wno-implicit-fallthrough -isysroot /Applications/Xcode-27.0.0-Release.Candidate.app/Contents/Developer/Platforms/WatchOS.platform/Developer/SDKs/WatchOS27.0.sdk -fstrict-aliasing -Wdeprecated-declarations -Wno-sign-conversion -Wno-infinite-recursion -Wno-comma -Wno-block-capture-autoreleasing -Wno-strict-prototypes -Wno-semicolon-before-method-body -index-store-path /Users/admin/builder/spi-builder-workspace/.derivedData/Index.noindex/DataStore @/Users/admin/builder/spi-builder-workspace/.derivedData/Build/Intermediates.noindex/JJLISO8601DateFormatter.build/Debug-watchos/JJLISO8601DateFormatter-t.build/Objects-normal/arm64_32/7187679823f38a2a940e0043cdf9d637-common-args.resp -MMD -MT dependencies -MF /Users/admin/builder/spi-builder-workspace/.derivedData/Build/Intermediates.noindex/JJLISO8601DateFormatter.build/Debug-watchos/JJLISO8601DateFormatter-t.build/Objects-normal/arm64_32/localtime.d --serialize-diagnostics /Users/admin/builder/spi-builder-workspace/.derivedData/Build/Intermediates.noindex/JJLISO8601DateFormatter.build/Debug-watchos/JJLISO8601DateFormatter-t.build/Objects-normal/arm64_32/localtime.dia -c /Users/admin/builder/spi-builder-workspace/.dependencies/checkouts/JJLISO8601DateFormatter/Sources/JJLISO8601DateFormatter/Vendor/tzdb/localtime.c -o /Users/admin/builder/spi-builder-workspace/.derivedData/Build/Intermediates.noindex/JJLISO8601DateFormatter.build/Debug-watchos/JJLISO8601DateFormatter-t.build/Objects-normal/arm64_32/localtime.o -index-unit-output-path /JJLISO8601DateFormatter.build/Debug-watchos/JJLISO8601DateFormatter-t.build/Objects-normal/arm64_32/localtime.o
ScanDependencies /Users/admin/builder/spi-builder-workspace/.derivedData/Build/Intermediates.noindex/JJLISO8601DateFormatter.build/Debug-watchos/JJLISO8601DateFormatter-t.build/Objects-normal/arm64_32/JJLInternal.o /Users/admin/builder/spi-builder-workspace/.dependencies/checkouts/JJLISO8601DateFormatter/Sources/JJLISO8601DateFormatter/JJLInternal.c normal arm64_32 c com.apple.compilers.llvm.clang.1_0.compiler (in target 'JJLISO8601DateFormatter' from project 'JJLISO8601DateFormatter')
    cd /Users/admin/builder/spi-builder-workspace/.swiftpm/xcode

    Using response file: /Users/admin/builder/spi-builder-workspace/.derivedData/Build/Intermediates.noindex/JJLISO8601DateFormatter.build/Debug-watchos/JJLISO8601DateFormatter-t.build/Objects-normal/arm64_32/7187679823f38a2a940e0043cdf9d637-common-args.resp

    builtin-ScanDependencies -o /Users/admin/builder/spi-builder-workspace/.derivedData/Build/Intermediates.noindex/JJLISO8601DateFormatter.build/Debug-watchos/JJLISO8601DateFormatter-t.build/Objects-normal/arm64_32/JJLInternal.o.scan -- /Applications/Xcode-27.0.0-Release.Candidate.app/Contents/Developer/Toolchains/XcodeDefault.xctoolchain/usr/bin/clang -x c -ivfsstatcache /Users/admin/builder/spi-builder-workspace/.derivedData/SDKStatCaches.noindex/watchos27.0-24R360-e829b21a6f8c9b70876ba0858053c04477534ef55a1706bf4c1112bbb242f0a2.sdkstatcache -target arm64_32-apple-watchos9.0 -fmessage-length\=0 -fdiagnostics-show-note-include-stack -fmacro-backtrace-limit\=0 -fno-color-diagnostics -fmodules-prune-interval\=86400 -fmodules-prune-after\=345600 -fbuild-session-file\=/Users/admin/builder/spi-builder-workspace/.derivedData/ModuleCache.noindex/Session.modulevalidation -fmodules-validate-once-per-build-session -Wnon-modular-include-in-framework-module -Werror\=non-modular-include-in-framework-module -Wno-trigraphs -Wno-missing-field-initializers -Wno-missing-prototypes -Wno-return-type -Wno-missing-braces -Wparentheses -Wswitch -Wno-unused-function -Wno-unused-label -Wno-unused-parameter -Wno-unused-variable -Wunused-value -Wno-empty-body -Wno-uninitialized -Wno-unknown-pragmas -w -Wno-shadow -Wno-four-char-constants -Wno-conversion -Wno-constant-conversion -Wno-int-conversion -Wno-bool-conversion -Wno-enum-conversion -Wno-float-conversion -Wno-non-literal-null-conversion -Wno-objc-literal-conversion -Wno-shorten-64-to-32 -Wpointer-sign -Wno-newline-eof -Wno-implicit-fallthrough -isysroot /Applications/Xcode-27.0.0-Release.Candidate.app/Contents/Developer/Platforms/WatchOS.platform/Developer/SDKs/WatchOS27.0.sdk -fstrict-aliasing -Wdeprecated-declarations -Wno-sign-conversion -Wno-infinite-recursion -Wno-comma -Wno-block-capture-autoreleasing -Wno-strict-prototypes -Wno-semicolon-before-method-body -index-store-path /Users/admin/builder/spi-builder-workspace/.derivedData/Index.noindex/DataStore @/Users/admin/builder/spi-builder-workspace/.derivedData/Build/Intermediates.noindex/JJLISO8601DateFormatter.build/Debug-watchos/JJLISO8601DateFormatter-t.build/Objects-normal/arm64_32/7187679823f38a2a940e0043cdf9d637-common-args.resp -MMD -MT dependencies -MF /Users/admin/builder/spi-builder-workspace/.derivedData/Build/Intermediates.noindex/JJLISO8601DateFormatter.build/Debug-watchos/JJLISO8601DateFormatter-t.build/Objects-normal/arm64_32/JJLInternal.d --serialize-diagnostics /Users/admin/builder/spi-builder-workspace/.derivedData/Build/Intermediates.noindex/JJLISO8601DateFormatter.build/Debug-watchos/JJLISO8601DateFormatter-t.build/Objects-normal/arm64_32/JJLInternal.dia -c /Users/admin/builder/spi-builder-workspace/.dependencies/checkouts/JJLISO8601DateFormatter/Sources/JJLISO8601DateFormatter/JJLInternal.c -o /Users/admin/builder/spi-builder-workspace/.derivedData/Build/Intermediates.noindex/JJLISO8601DateFormatter.build/Debug-watchos/JJLISO8601DateFormatter-t.build/Objects-normal/arm64_32/JJLInternal.o -index-unit-output-path /JJLISO8601DateFormatter.build/Debug-watchos/JJLISO8601DateFormatter-t.build/Objects-normal/arm64_32/JJLInternal.o
ScanDependencies /Users/admin/builder/spi-builder-workspace/.derivedData/Build/Intermediates.noindex/JJLISO8601DateFormatter.build/Debug-watchos/JJLISO8601DateFormatter-t.build/Objects-normal/arm64_32/JJLISO8601DateFormatter.o /Users/admin/builder/spi-builder-workspace/.dependencies/checkouts/JJLISO8601DateFormatter/Sources/JJLISO8601DateFormatter/JJLISO8601DateFormatter.m normal arm64_32 objective-c com.apple.compilers.llvm.clang.1_0.compiler (in target 'JJLISO8601DateFormatter' from project 'JJLISO8601DateFormatter')
    cd /Users/admin/builder/spi-builder-workspace/.swiftpm/xcode

    Using response file: /Users/admin/builder/spi-builder-workspace/.derivedData/Build/Intermediates.noindex/JJLISO8601DateFormatter.build/Debug-watchos/JJLISO8601DateFormatter-t.build/Objects-normal/arm64_32/e6072d4f65d7061329687fe24e3d63a7-common-args.resp

    builtin-ScanDependencies -o /Users/admin/builder/spi-builder-workspace/.derivedData/Build/Intermediates.noindex/JJLISO8601DateFormatter.build/Debug-watchos/JJLISO8601DateFormatter-t.build/Objects-normal/arm64_32/JJLISO8601DateFormatter.o.scan -- /Applications/Xcode-27.0.0-Release.Candidate.app/Contents/Developer/Toolchains/XcodeDefault.xctoolchain/usr/bin/clang -x objective-c -ivfsstatcache /Users/admin/builder/spi-builder-workspace/.derivedData/SDKStatCaches.noindex/watchos27.0-24R360-e829b21a6f8c9b70876ba0858053c04477534ef55a1706bf4c1112bbb242f0a2.sdkstatcache -target arm64_32-apple-watchos9.0 -fmessage-length\=0 -fdiagnostics-show-note-include-stack -fmacro-backtrace-limit\=0 -fno-color-diagnostics -fmodules-prune-interval\=86400 -fmodules-prune-after\=345600 -fbuild-session-file\=/Users/admin/builder/spi-builder-workspace/.derivedData/ModuleCache.noindex/Session.modulevalidation -fmodules-validate-once-per-build-session -Wnon-modular-include-in-framework-module -Werror\=non-modular-include-in-framework-module -Wno-trigraphs -Wno-missing-field-initializers -Wno-missing-prototypes -Wno-return-type -Wno-implicit-atomic-properties -Wno-objc-interface-ivars -Wno-arc-repeated-use-of-weak -Wno-missing-braces -Wparentheses -Wswitch -Wno-unused-function -Wno-unused-label -Wno-unused-parameter -Wno-unused-variable -Wunused-value -Wno-empty-body -Wno-uninitialized -Wno-unknown-pragmas -w -Wno-shadow -Wno-four-char-constants -Wno-conversion -Wno-constant-conversion -Wno-int-conversion -Wno-bool-conversion -Wno-enum-conversion -Wno-float-conversion -Wno-non-literal-null-conversion -Wno-objc-literal-conversion -Wno-shorten-64-to-32 -Wpointer-sign -Wno-newline-eof -Wno-selector -Wno-strict-selector-match -Wno-undeclared-selector -Wno-deprecated-implementations -Wno-implicit-fallthrough -isysroot /Applications/Xcode-27.0.0-Release.Candidate.app/Contents/Developer/Platforms/WatchOS.platform/Developer/SDKs/WatchOS27.0.sdk -fstrict-aliasing -Wprotocol -Wdeprecated-declarations -Wno-sign-conversion -Wno-infinite-recursion -Wno-comma -Wno-block-capture-autoreleasing -Wno-strict-prototypes -Wno-semicolon-before-method-body -index-store-path /Users/admin/builder/spi-builder-workspace/.derivedData/Index.noindex/DataStore @/Users/admin/builder/spi-builder-workspace/.derivedData/Build/Intermediates.noindex/JJLISO8601DateFormatter.build/Debug-watchos/JJLISO8601DateFormatter-t.build/Objects-normal/arm64_32/e6072d4f65d7061329687fe24e3d63a7-common-args.resp -MMD -MT dependencies -MF /Users/admin/builder/spi-builder-workspace/.derivedData/Build/Intermediates.noindex/JJLISO8601DateFormatter.build/Debug-watchos/JJLISO8601DateFormatter-t.build/Objects-normal/arm64_32/JJLISO8601DateFormatter.d --serialize-diagnostics /Users/admin/builder/spi-builder-workspace/.derivedData/Build/Intermediates.noindex/JJLISO8601DateFormatter.build/Debug-watchos/JJLISO8601DateFormatter-t.build/Objects-normal/arm64_32/JJLISO8601DateFormatter.dia -c /Users/admin/builder/spi-builder-workspace/.dependencies/checkouts/JJLISO8601DateFormatter/Sources/JJLISO8601DateFormatter/JJLISO8601DateFormatter.m -o /Users/admin/builder/spi-builder-workspace/.derivedData/Build/Intermediates.noindex/JJLISO8601DateFormatter.build/Debug-watchos/JJLISO8601DateFormatter-t.build/Objects-normal/arm64_32/JJLISO8601DateFormatter.o -index-unit-output-path /JJLISO8601DateFormatter.build/Debug-watchos/JJLISO8601DateFormatter-t.build/Objects-normal/arm64_32/JJLISO8601DateFormatter.o
ScanDependencies /Users/admin/builder/spi-builder-workspace/.derivedData/Build/Intermediates.noindex/JJLISO8601DateFormatter.build/Debug-watchos/JJLISO8601DateFormatter-t.build/Objects-normal/arm64/localtime.o /Users/admin/builder/spi-builder-workspace/.dependencies/checkouts/JJLISO8601DateFormatter/Sources/JJLISO8601DateFormatter/Vendor/tzdb/localtime.c normal arm64 c com.apple.compilers.llvm.clang.1_0.compiler (in target 'JJLISO8601DateFormatter' from project 'JJLISO8601DateFormatter')
    cd /Users/admin/builder/spi-builder-workspace/.swiftpm/xcode

    Using response file: /Users/admin/builder/spi-builder-workspace/.derivedData/Build/Intermediates.noindex/JJLISO8601DateFormatter.build/Debug-watchos/JJLISO8601DateFormatter-t.build/Objects-normal/arm64/7187679823f38a2a940e0043cdf9d637-common-args.resp

    builtin-ScanDependencies -o /Users/admin/builder/spi-builder-workspace/.derivedData/Build/Intermediates.noindex/JJLISO8601DateFormatter.build/Debug-watchos/JJLISO8601DateFormatter-t.build/Objects-normal/arm64/localtime.o.scan -- /Applications/Xcode-27.0.0-Release.Candidate.app/Contents/Developer/Toolchains/XcodeDefault.xctoolchain/usr/bin/clang -x c -ivfsstatcache /Users/admin/builder/spi-builder-workspace/.derivedData/SDKStatCaches.noindex/watchos27.0-24R360-e829b21a6f8c9b70876ba0858053c04477534ef55a1706bf4c1112bbb242f0a2.sdkstatcache -target arm64-apple-watchos9.0 -fmessage-length\=0 -fdiagnostics-show-note-include-stack -fmacro-backtrace-limit\=0 -fno-color-diagnostics -fmodules-prune-interval\=86400 -fmodules-prune-after\=345600 -fbuild-session-file\=/Users/admin/builder/spi-builder-workspace/.derivedData/ModuleCache.noindex/Session.modulevalidation -fmodules-validate-once-per-build-session -Wnon-modular-include-in-framework-module -Werror\=non-modular-include-in-framework-module -Wno-trigraphs -Wno-missing-field-initializers -Wno-missing-prototypes -Wno-return-type -Wno-missing-braces -Wparentheses -Wswitch -Wno-unused-function -Wno-unused-label -Wno-unused-parameter -Wno-unused-variable -Wunused-value -Wno-empty-body -Wno-uninitialized -Wno-unknown-pragmas -w -Wno-shadow -Wno-four-char-constants -Wno-conversion -Wno-constant-conversion -Wno-int-conversion -Wno-bool-conversion -Wno-enum-conversion -Wno-float-conversion -Wno-non-literal-null-conversion -Wno-objc-literal-conversion -Wshorten-64-to-32 -Wpointer-sign -Wno-newline-eof -Wno-implicit-fallthrough -isysroot /Applications/Xcode-27.0.0-Release.Candidate.app/Contents/Developer/Platforms/WatchOS.platform/Developer/SDKs/WatchOS27.0.sdk -fstrict-aliasing -Wdeprecated-declarations -Wno-sign-conversion -Wno-infinite-recursion -Wno-comma -Wno-block-capture-autoreleasing -Wno-strict-prototypes -Wno-semicolon-before-method-body -index-store-path /Users/admin/builder/spi-builder-workspace/.derivedData/Index.noindex/DataStore @/Users/admin/builder/spi-builder-workspace/.derivedData/Build/Intermediates.noindex/JJLISO8601DateFormatter.build/Debug-watchos/JJLISO8601DateFormatter-t.build/Objects-normal/arm64/7187679823f38a2a940e0043cdf9d637-common-args.resp -MMD -MT dependencies -MF /Users/admin/builder/spi-builder-workspace/.derivedData/Build/Intermediates.noindex/JJLISO8601DateFormatter.build/Debug-watchos/JJLISO8601DateFormatter-t.build/Objects-normal/arm64/localtime.d --serialize-diagnostics /Users/admin/builder/spi-builder-workspace/.derivedData/Build/Intermediates.noindex/JJLISO8601DateFormatter.build/Debug-watchos/JJLISO8601DateFormatter-t.build/Objects-normal/arm64/localtime.dia -c /Users/admin/builder/spi-builder-workspace/.dependencies/checkouts/JJLISO8601DateFormatter/Sources/JJLISO8601DateFormatter/Vendor/tzdb/localtime.c -o /Users/admin/builder/spi-builder-workspace/.derivedData/Build/Intermediates.noindex/JJLISO8601DateFormatter.build/Debug-watchos/JJLISO8601DateFormatter-t.build/Objects-normal/arm64/localtime.o -index-unit-output-path /JJLISO8601DateFormatter.build/Debug-watchos/JJLISO8601DateFormatter-t.build/Objects-normal/arm64/localtime.o
ScanDependencies /Users/admin/builder/spi-builder-workspace/.derivedData/Build/Intermediates.noindex/JJLISO8601DateFormatter.build/Debug-watchos/JJLISO8601DateFormatter-t.build/Objects-normal/arm64/JJLInternal.o /Users/admin/builder/spi-builder-workspace/.dependencies/checkouts/JJLISO8601DateFormatter/Sources/JJLISO8601DateFormatter/JJLInternal.c normal arm64 c com.apple.compilers.llvm.clang.1_0.compiler (in target 'JJLISO8601DateFormatter' from project 'JJLISO8601DateFormatter')
    cd /Users/admin/builder/spi-builder-workspace/.swiftpm/xcode

    Using response file: /Users/admin/builder/spi-builder-workspace/.derivedData/Build/Intermediates.noindex/JJLISO8601DateFormatter.build/Debug-watchos/JJLISO8601DateFormatter-t.build/Objects-normal/arm64/7187679823f38a2a940e0043cdf9d637-common-args.resp

    builtin-ScanDependencies -o /Users/admin/builder/spi-builder-workspace/.derivedData/Build/Intermediates.noindex/JJLISO8601DateFormatter.build/Debug-watchos/JJLISO8601DateFormatter-t.build/Objects-normal/arm64/JJLInternal.o.scan -- /Applications/Xcode-27.0.0-Release.Candidate.app/Contents/Developer/Toolchains/XcodeDefault.xctoolchain/usr/bin/clang -x c -ivfsstatcache /Users/admin/builder/spi-builder-workspace/.derivedData/SDKStatCaches.noindex/watchos27.0-24R360-e829b21a6f8c9b70876ba0858053c04477534ef55a1706bf4c1112bbb242f0a2.sdkstatcache -target arm64-apple-watchos9.0 -fmessage-length\=0 -fdiagnostics-show-note-include-stack -fmacro-backtrace-limit\=0 -fno-color-diagnostics -fmodules-prune-interval\=86400 -fmodules-prune-after\=345600 -fbuild-session-file\=/Users/admin/builder/spi-builder-workspace/.derivedData/ModuleCache.noindex/Session.modulevalidation -fmodules-validate-once-per-build-session -Wnon-modular-include-in-framework-module -Werror\=non-modular-include-in-framework-module -Wno-trigraphs -Wno-missing-field-initializers -Wno-missing-prototypes -Wno-return-type -Wno-missing-braces -Wparentheses -Wswitch -Wno-unused-function -Wno-unused-label -Wno-unused-parameter -Wno-unused-variable -Wunused-value -Wno-empty-body -Wno-uninitialized -Wno-unknown-pragmas -w -Wno-shadow -Wno-four-char-constants -Wno-conversion -Wno-constant-conversion -Wno-int-conversion -Wno-bool-conversion -Wno-enum-conversion -Wno-float-conversion -Wno-non-literal-null-conversion -Wno-objc-literal-conversion -Wshorten-64-to-32 -Wpointer-sign -Wno-newline-eof -Wno-implicit-fallthrough -isysroot /Applications/Xcode-27.0.0-Release.Candidate.app/Contents/Developer/Platforms/WatchOS.platform/Developer/SDKs/WatchOS27.0.sdk -fstrict-aliasing -Wdeprecated-declarations -Wno-sign-conversion -Wno-infinite-recursion -Wno-comma -Wno-block-capture-autoreleasing -Wno-strict-prototypes -Wno-semicolon-before-method-body -index-store-path /Users/admin/builder/spi-builder-workspace/.derivedData/Index.noindex/DataStore @/Users/admin/builder/spi-builder-workspace/.derivedData/Build/Intermediates.noindex/JJLISO8601DateFormatter.build/Debug-watchos/JJLISO8601DateFormatter-t.build/Objects-normal/arm64/7187679823f38a2a940e0043cdf9d637-common-args.resp -MMD -MT dependencies -MF /Users/admin/builder/spi-builder-workspace/.derivedData/Build/Intermediates.noindex/JJLISO8601DateFormatter.build/Debug-watchos/JJLISO8601DateFormatter-t.build/Objects-normal/arm64/JJLInternal.d --serialize-diagnostics /Users/admin/builder/spi-builder-workspace/.derivedData/Build/Intermediates.noindex/JJLISO8601DateFormatter.build/Debug-watchos/JJLISO8601DateFormatter-t.build/Objects-normal/arm64/JJLInternal.dia -c /Users/admin/builder/spi-builder-workspace/.dependencies/checkouts/JJLISO8601DateFormatter/Sources/JJLISO8601DateFormatter/JJLInternal.c -o /Users/admin/builder/spi-builder-workspace/.derivedData/Build/Intermediates.noindex/JJLISO8601DateFormatter.build/Debug-watchos/JJLISO8601DateFormatter-t.build/Objects-normal/arm64/JJLInternal.o -index-unit-output-path /JJLISO8601DateFormatter.build/Debug-watchos/JJLISO8601DateFormatter-t.build/Objects-normal/arm64/JJLInternal.o
ScanDependencies /Users/admin/builder/spi-builder-workspace/.derivedData/Build/Intermediates.noindex/JJLISO8601DateFormatter.build/Debug-watchos/JJLISO8601DateFormatter-t.build/Objects-normal/arm64/JJLISO8601DateFormatter.o /Users/admin/builder/spi-builder-workspace/.dependencies/checkouts/JJLISO8601DateFormatter/Sources/JJLISO8601DateFormatter/JJLISO8601DateFormatter.m normal arm64 objective-c com.apple.compilers.llvm.clang.1_0.compiler (in target 'JJLISO8601DateFormatter' from project 'JJLISO8601DateFormatter')
    cd /Users/admin/builder/spi-builder-workspace/.swiftpm/xcode

    Using response file: /Users/admin/builder/spi-builder-workspace/.derivedData/Build/Intermediates.noindex/JJLISO8601DateFormatter.build/Debug-watchos/JJLISO8601DateFormatter-t.build/Objects-normal/arm64/e6072d4f65d7061329687fe24e3d63a7-common-args.resp

    builtin-ScanDependencies -o /Users/admin/builder/spi-builder-workspace/.derivedData/Build/Intermediates.noindex/JJLISO8601DateFormatter.build/Debug-watchos/JJLISO8601DateFormatter-t.build/Objects-normal/arm64/JJLISO8601DateFormatter.o.scan -- /Applications/Xcode-27.0.0-Release.Candidate.app/Contents/Developer/Toolchains/XcodeDefault.xctoolchain/usr/bin/clang -x objective-c -ivfsstatcache /Users/admin/builder/spi-builder-workspace/.derivedData/SDKStatCaches.noindex/watchos27.0-24R360-e829b21a6f8c9b70876ba0858053c04477534ef55a1706bf4c1112bbb242f0a2.sdkstatcache -target arm64-apple-watchos9.0 -fmessage-length\=0 -fdiagnostics-show-note-include-stack -fmacro-backtrace-limit\=0 -fno-color-diagnostics -fmodules-prune-interval\=86400 -fmodules-prune-after\=345600 -fbuild-session-file\=/Users/admin/builder/spi-builder-workspace/.derivedData/ModuleCache.noindex/Session.modulevalidation -fmodules-validate-once-per-build-session -Wnon-modular-include-in-framework-module -Werror\=non-modular-include-in-framework-module -Wno-trigraphs -Wno-missing-field-initializers -Wno-missing-prototypes -Wno-return-type -Wno-implicit-atomic-properties -Wno-objc-interface-ivars -Wno-arc-repeated-use-of-weak -Wno-missing-braces -Wparentheses -Wswitch -Wno-unused-function -Wno-unused-label -Wno-unused-parameter -Wno-unused-variable -Wunused-value -Wno-empty-body -Wno-uninitialized -Wno-unknown-pragmas -w -Wno-shadow -Wno-four-char-constants -Wno-conversion -Wno-constant-conversion -Wno-int-conversion -Wno-bool-conversion -Wno-enum-conversion -Wno-float-conversion -Wno-non-literal-null-conversion -Wno-objc-literal-conversion -Wshorten-64-to-32 -Wpointer-sign -Wno-newline-eof -Wno-selector -Wno-strict-selector-match -Wno-undeclared-selector -Wno-deprecated-implementations -Wno-implicit-fallthrough -isysroot /Applications/Xcode-27.0.0-Release.Candidate.app/Contents/Developer/Platforms/WatchOS.platform/Developer/SDKs/WatchOS27.0.sdk -fstrict-aliasing -Wprotocol -Wdeprecated-declarations -Wno-sign-conversion -Wno-infinite-recursion -Wno-comma -Wno-block-capture-autoreleasing -Wno-strict-prototypes -Wno-semicolon-before-method-body -index-store-path /Users/admin/builder/spi-builder-workspace/.derivedData/Index.noindex/DataStore @/Users/admin/builder/spi-builder-workspace/.derivedData/Build/Intermediates.noindex/JJLISO8601DateFormatter.build/Debug-watchos/JJLISO8601DateFormatter-t.build/Objects-normal/arm64/e6072d4f65d7061329687fe24e3d63a7-common-args.resp -MMD -MT dependencies -MF /Users/admin/builder/spi-builder-workspace/.derivedData/Build/Intermediates.noindex/JJLISO8601DateFormatter.build/Debug-watchos/JJLISO8601DateFormatter-t.build/Objects-normal/arm64/JJLISO8601DateFormatter.d --serialize-diagnostics /Users/admin/builder/spi-builder-workspace/.derivedData/Build/Intermediates.noindex/JJLISO8601DateFormatter.build/Debug-watchos/JJLISO8601DateFormatter-t.build/Objects-normal/arm64/JJLISO8601DateFormatter.dia -c /Users/admin/builder/spi-builder-workspace/.dependencies/checkouts/JJLISO8601DateFormatter/Sources/JJLISO8601DateFormatter/JJLISO8601DateFormatter.m -o /Users/admin/builder/spi-builder-workspace/.derivedData/Build/Intermediates.noindex/JJLISO8601DateFormatter.build/Debug-watchos/JJLISO8601DateFormatter-t.build/Objects-normal/arm64/JJLISO8601DateFormatter.o -index-unit-output-path /JJLISO8601DateFormatter.build/Debug-watchos/JJLISO8601DateFormatter-t.build/Objects-normal/arm64/JJLISO8601DateFormatter.o
CompileMetalFile /Users/admin/builder/spi-builder-workspace/Sources/ARHeadsetKit/Scene\ Reconstruction/Reconstruction/Sorting/First\ Sort/FirstSceneSort.metal (in target 'ARHeadsetKit_ARHeadsetKit' from project 'ARHeadsetKit')
    cd /Users/admin/builder/spi-builder-workspace
    /var/run/com.apple.security.cryptexd/mnt/com.apple.MobileAsset.MetalToolchain-v27.1.266.1.BZ5tJe/Metal.xctoolchain/usr/bin/metal -c -target air64-apple-watchos9.0 -I/Users/admin/builder/spi-builder-workspace/.derivedData/Build/Products/Debug-watchos/include -F/Users/admin/builder/spi-builder-workspace/.derivedData/Build/Products/Debug-watchos -isysroot /Applications/Xcode-27.0.0-Release.Candidate.app/Contents/Developer/Platforms/WatchOS.platform/Developer/SDKs/WatchOS27.0.sdk -fmetal-math-mode\=fast -fmetal-math-fp32-functions\=fast -serialize-diagnostics /Users/admin/builder/spi-builder-workspace/.derivedData/Build/Intermediates.noindex/ARHeadsetKit.build/Debug-watchos/ARHeadsetKit_ARHeadsetKit-b.build/Metal/FirstSceneSort.dia -o /Users/admin/builder/spi-builder-workspace/.derivedData/Build/Intermediates.noindex/ARHeadsetKit.build/Debug-watchos/ARHeadsetKit_ARHeadsetKit-b.build/Metal/FirstSceneSort.air -MMD -MT dependencies -MF /Users/admin/builder/spi-builder-workspace/.derivedData/Build/Intermediates.noindex/ARHeadsetKit.build/Debug-watchos/ARHeadsetKit_ARHeadsetKit-b.build/Metal/FirstSceneSort.dat /Users/admin/builder/spi-builder-workspace/Sources/ARHeadsetKit/Scene\ Reconstruction/Reconstruction/Sorting/First\ Sort/FirstSceneSort.metal
CompileMetalFile /Users/admin/builder/spi-builder-workspace/Sources/ARHeadsetKit/Scene\ Reconstruction/Reconstruction/Mesh\ Reduction/SceneMeshReduction.metal (in target 'ARHeadsetKit_ARHeadsetKit' from project 'ARHeadsetKit')
    cd /Users/admin/builder/spi-builder-workspace
    /var/run/com.apple.security.cryptexd/mnt/com.apple.MobileAsset.MetalToolchain-v27.1.266.1.BZ5tJe/Metal.xctoolchain/usr/bin/metal -c -target air64-apple-watchos9.0 -I/Users/admin/builder/spi-builder-workspace/.derivedData/Build/Products/Debug-watchos/include -F/Users/admin/builder/spi-builder-workspace/.derivedData/Build/Products/Debug-watchos -isysroot /Applications/Xcode-27.0.0-Release.Candidate.app/Contents/Developer/Platforms/WatchOS.platform/Developer/SDKs/WatchOS27.0.sdk -fmetal-math-mode\=fast -fmetal-math-fp32-functions\=fast -serialize-diagnostics /Users/admin/builder/spi-builder-workspace/.derivedData/Build/Intermediates.noindex/ARHeadsetKit.build/Debug-watchos/ARHeadsetKit_ARHeadsetKit-b.build/Metal/SceneMeshReduction.dia -o /Users/admin/builder/spi-builder-workspace/.derivedData/Build/Intermediates.noindex/ARHeadsetKit.build/Debug-watchos/ARHeadsetKit_ARHeadsetKit-b.build/Metal/SceneMeshReduction.air -MMD -MT dependencies -MF /Users/admin/builder/spi-builder-workspace/.derivedData/Build/Intermediates.noindex/ARHeadsetKit.build/Debug-watchos/ARHeadsetKit_ARHeadsetKit-b.build/Metal/SceneMeshReduction.dat /Users/admin/builder/spi-builder-workspace/Sources/ARHeadsetKit/Scene\ Reconstruction/Reconstruction/Mesh\ Reduction/SceneMeshReduction.metal
PrecompileModule /Users/admin/builder/spi-builder-workspace/.derivedData/Build/Intermediates.noindex/ExplicitPrecompiledModules/ptrcheck-69N7XULRWVQ3Z7QOO3EM3A89F.scan
    cd /
    builtin-precompileModule /Users/admin/builder/spi-builder-workspace/.derivedData/Build/Intermediates.noindex/ExplicitPrecompiledModules/ptrcheck-69N7XULRWVQ3Z7QOO3EM3A89F.scan
PrecompileModule /Users/admin/builder/spi-builder-workspace/.derivedData/Build/Intermediates.noindex/ExplicitPrecompiledModules/_Builtin_stdarg-A34P5U89RCRB7LXC2DYKO2DFI.scan
    cd /
    builtin-precompileModule /Users/admin/builder/spi-builder-workspace/.derivedData/Build/Intermediates.noindex/ExplicitPrecompiledModules/_Builtin_stdarg-A34P5U89RCRB7LXC2DYKO2DFI.scan
PrecompileModule /Users/admin/builder/spi-builder-workspace/.derivedData/Build/Intermediates.noindex/ExplicitPrecompiledModules/_Builtin_float-EOHQAMFR1MUX8C8DZY4RR74MN.scan
    cd /
    builtin-precompileModule /Users/admin/builder/spi-builder-workspace/.derivedData/Build/Intermediates.noindex/ExplicitPrecompiledModules/_Builtin_float-EOHQAMFR1MUX8C8DZY4RR74MN.scan
PrecompileModule /Users/admin/builder/spi-builder-workspace/.derivedData/Build/Intermediates.noindex/ExplicitPrecompiledModules/_Builtin_float-1BOP5HWBKHBV6AJB60TC6XAHB.scan
    cd /
    builtin-precompileModule /Users/admin/builder/spi-builder-workspace/.derivedData/Build/Intermediates.noindex/ExplicitPrecompiledModules/_Builtin_float-1BOP5HWBKHBV6AJB60TC6XAHB.scan
PrecompileModule /Users/admin/builder/spi-builder-workspace/.derivedData/Build/Intermediates.noindex/ExplicitPrecompiledModules/_Builtin_stddef-2G16WS4KI1O8GRURG8GT0OWEX.scan
    cd /
    builtin-precompileModule /Users/admin/builder/spi-builder-workspace/.derivedData/Build/Intermediates.noindex/ExplicitPrecompiledModules/_Builtin_stddef-2G16WS4KI1O8GRURG8GT0OWEX.scan
PrecompileModule /Users/admin/builder/spi-builder-workspace/.derivedData/Build/Intermediates.noindex/ExplicitPrecompiledModules/_Builtin_stdbool-C795FZDBIYT8T1PWQI3ZQAS0Z.scan
    cd /
    builtin-precompileModule /Users/admin/builder/spi-builder-workspace/.derivedData/Build/Intermediates.noindex/ExplicitPrecompiledModules/_Builtin_stdbool-C795FZDBIYT8T1PWQI3ZQAS0Z.scan
PrecompileModule /Users/admin/builder/spi-builder-workspace/.derivedData/Build/Intermediates.noindex/ExplicitPrecompiledModules/_Builtin_stdarg-3FBU3SHG4221H48J15ES3MF8K.scan
    cd /
    builtin-precompileModule /Users/admin/builder/spi-builder-workspace/.derivedData/Build/Intermediates.noindex/ExplicitPrecompiledModules/_Builtin_stdarg-3FBU3SHG4221H48J15ES3MF8K.scan
PrecompileModule /Users/admin/builder/spi-builder-workspace/.derivedData/Build/Intermediates.noindex/ExplicitPrecompiledModules/ptrauth-5M0Y3UQOY9J94NO5F29K4VFGW.scan
    cd /
    builtin-precompileModule /Users/admin/builder/spi-builder-workspace/.derivedData/Build/Intermediates.noindex/ExplicitPrecompiledModules/ptrauth-5M0Y3UQOY9J94NO5F29K4VFGW.scan
PrecompileModule /Users/admin/builder/spi-builder-workspace/.derivedData/Build/Intermediates.noindex/ExplicitPrecompiledModules/ptrcheck-7884MFS85IH2ENVP3H2PVHSXU.scan
    cd /
    builtin-precompileModule /Users/admin/builder/spi-builder-workspace/.derivedData/Build/Intermediates.noindex/ExplicitPrecompiledModules/ptrcheck-7884MFS85IH2ENVP3H2PVHSXU.scan
PrecompileModule /Users/admin/builder/spi-builder-workspace/.derivedData/Build/Intermediates.noindex/ExplicitPrecompiledModules/_Builtin_stddef-D24ER3MLYJ1LE64PIZ3PRS6FG.scan
    cd /
    builtin-precompileModule /Users/admin/builder/spi-builder-workspace/.derivedData/Build/Intermediates.noindex/ExplicitPrecompiledModules/_Builtin_stddef-D24ER3MLYJ1LE64PIZ3PRS6FG.scan
PrecompileModule /Users/admin/builder/spi-builder-workspace/.derivedData/Build/Intermediates.noindex/ExplicitPrecompiledModules/_Builtin_stdbool-5ZH7P5RJNXA8SAG7EHP5206PC.scan
    cd /
    builtin-precompileModule /Users/admin/builder/spi-builder-workspace/.derivedData/Build/Intermediates.noindex/ExplicitPrecompiledModules/_Builtin_stdbool-5ZH7P5RJNXA8SAG7EHP5206PC.scan
PrecompileModule /Users/admin/builder/spi-builder-workspace/.derivedData/Build/Intermediates.noindex/ExplicitPrecompiledModules/ptrauth-C8OJSKQ4WZXKS4OMU822IZBYL.scan
    cd /
    builtin-precompileModule /Users/admin/builder/spi-builder-workspace/.derivedData/Build/Intermediates.noindex/ExplicitPrecompiledModules/ptrauth-C8OJSKQ4WZXKS4OMU822IZBYL.scan
PrecompileModule /Users/admin/builder/spi-builder-workspace/.derivedData/Build/Intermediates.noindex/ExplicitPrecompiledModules/_AvailabilityInternal-3HK0O2LNV5YUZD8JY7W3J1FYI.scan
    cd /
    builtin-precompileModule /Users/admin/builder/spi-builder-workspace/.derivedData/Build/Intermediates.noindex/ExplicitPrecompiledModules/_AvailabilityInternal-3HK0O2LNV5YUZD8JY7W3J1FYI.scan
PrecompileModule /Users/admin/builder/spi-builder-workspace/.derivedData/Build/Intermediates.noindex/ExplicitPrecompiledModules/_AvailabilityInternal-B2HAKF4Z5XSDV0000HSSFXY9C.scan
    cd /
    builtin-precompileModule /Users/admin/builder/spi-builder-workspace/.derivedData/Build/Intermediates.noindex/ExplicitPrecompiledModules/_AvailabilityInternal-B2HAKF4Z5XSDV0000HSSFXY9C.scan
PrecompileModule /Users/admin/builder/spi-builder-workspace/.derivedData/Build/Intermediates.noindex/ExplicitPrecompiledModules/_Builtin_stdbool-4FRMTPV81H51QCAVL92ATFHY2.scan
    cd /
    builtin-precompileModule /Users/admin/builder/spi-builder-workspace/.derivedData/Build/Intermediates.noindex/ExplicitPrecompiledModules/_Builtin_stdbool-4FRMTPV81H51QCAVL92ATFHY2.scan
PrecompileModule /Users/admin/builder/spi-builder-workspace/.derivedData/Build/Intermediates.noindex/ExplicitPrecompiledModules/ptrcheck-AG7POCMG9CLBF0ZSF80OK7JD1.scan
    cd /
    builtin-precompileModule /Users/admin/builder/spi-builder-workspace/.derivedData/Build/Intermediates.noindex/ExplicitPrecompiledModules/ptrcheck-AG7POCMG9CLBF0ZSF80OK7JD1.scan
PrecompileModule /Users/admin/builder/spi-builder-workspace/.derivedData/Build/Intermediates.noindex/ExplicitPrecompiledModules/ptrauth-4D8Q4TMKE8JOXSMYG487BR03K.scan
    cd /
    builtin-precompileModule /Users/admin/builder/spi-builder-workspace/.derivedData/Build/Intermediates.noindex/ExplicitPrecompiledModules/ptrauth-4D8Q4TMKE8JOXSMYG487BR03K.scan
PrecompileModule /Users/admin/builder/spi-builder-workspace/.derivedData/Build/Intermediates.noindex/ExplicitPrecompiledModules/_Builtin_stdbool-OJ6VF5UK3AGWA2IVVCVL1MUW.scan
    cd /
    builtin-precompileModule /Users/admin/builder/spi-builder-workspace/.derivedData/Build/Intermediates.noindex/ExplicitPrecompiledModules/_Builtin_stdbool-OJ6VF5UK3AGWA2IVVCVL1MUW.scan
PrecompileModule /Users/admin/builder/spi-builder-workspace/.derivedData/Build/Intermediates.noindex/ExplicitPrecompiledModules/_Builtin_float-5123OC4JVG7RSACJF4W0918K.scan
    cd /
    builtin-precompileModule /Users/admin/builder/spi-builder-workspace/.derivedData/Build/Intermediates.noindex/ExplicitPrecompiledModules/_Builtin_float-5123OC4JVG7RSACJF4W0918K.scan
PrecompileModule /Users/admin/builder/spi-builder-workspace/.derivedData/Build/Intermediates.noindex/ExplicitPrecompiledModules/_DarwinFoundation1-13H6FXL1GBYYXRCWTA0PD05GF.scan
    cd /
    builtin-precompileModule /Users/admin/builder/spi-builder-workspace/.derivedData/Build/Intermediates.noindex/ExplicitPrecompiledModules/_DarwinFoundation1-13H6FXL1GBYYXRCWTA0PD05GF.scan
PrecompileModule /Users/admin/builder/spi-builder-workspace/.derivedData/Build/Intermediates.noindex/ExplicitPrecompiledModules/_DarwinFoundation1-271C6YMHKE2T7B31M2WB81V4X.scan
    cd /
    builtin-precompileModule /Users/admin/builder/spi-builder-workspace/.derivedData/Build/Intermediates.noindex/ExplicitPrecompiledModules/_DarwinFoundation1-271C6YMHKE2T7B31M2WB81V4X.scan
PrecompileModule /Users/admin/builder/spi-builder-workspace/.derivedData/Build/Intermediates.noindex/ExplicitPrecompiledModules/_Builtin_stddef-3PTFC0TI8ST8RQ327R0ES200M.scan
    cd /
    builtin-precompileModule /Users/admin/builder/spi-builder-workspace/.derivedData/Build/Intermediates.noindex/ExplicitPrecompiledModules/_Builtin_stddef-3PTFC0TI8ST8RQ327R0ES200M.scan
PrecompileModule /Users/admin/builder/spi-builder-workspace/.derivedData/Build/Intermediates.noindex/ExplicitPrecompiledModules/_Builtin_float-8FQTUSWX0EIXIHN62LPGVPUGD.scan
    cd /
    builtin-precompileModule /Users/admin/builder/spi-builder-workspace/.derivedData/Build/Intermediates.noindex/ExplicitPrecompiledModules/_Builtin_float-8FQTUSWX0EIXIHN62LPGVPUGD.scan
PrecompileModule /Users/admin/builder/spi-builder-workspace/.derivedData/Build/Intermediates.noindex/ExplicitPrecompiledModules/ptrauth-BKO8BMM8EMA0CLEKAZP13VXWS.scan
    cd /
    builtin-precompileModule /Users/admin/builder/spi-builder-workspace/.derivedData/Build/Intermediates.noindex/ExplicitPrecompiledModules/ptrauth-BKO8BMM8EMA0CLEKAZP13VXWS.scan
PrecompileModule /Users/admin/builder/spi-builder-workspace/.derivedData/Build/Intermediates.noindex/ExplicitPrecompiledModules/_Builtin_stdarg-2SWSTXEVT17GJOVBI1YJW9RDK.scan
    cd /
    builtin-precompileModule /Users/admin/builder/spi-builder-workspace/.derivedData/Build/Intermediates.noindex/ExplicitPrecompiledModules/_Builtin_stdarg-2SWSTXEVT17GJOVBI1YJW9RDK.scan
PrecompileModule /Users/admin/builder/spi-builder-workspace/.derivedData/Build/Intermediates.noindex/ExplicitPrecompiledModules/_Builtin_stddef-32J0TCP5HN4NIVMG7XHGJZ64T.scan
    cd /
    builtin-precompileModule /Users/admin/builder/spi-builder-workspace/.derivedData/Build/Intermediates.noindex/ExplicitPrecompiledModules/_Builtin_stddef-32J0TCP5HN4NIVMG7XHGJZ64T.scan
SwiftExplicitDependencyGeneratePcm arm64 /Users/admin/builder/spi-builder-workspace/.derivedData/SDKExplicitPrecompiledModules/SwiftShims-4MXFZPV6FEB0XBYXCGPWAMQGL.pcm
SwiftExplicitDependencyGeneratePcm arm64 /Users/admin/builder/spi-builder-workspace/.derivedData/SDKExplicitPrecompiledModules/_Builtin_stdarg-A7UU8LE6MP85SM26YO7PBZNUQ.pcm
SwiftExplicitDependencyGeneratePcm arm64 /Users/admin/builder/spi-builder-workspace/.derivedData/SDKExplicitPrecompiledModules/_Builtin_stddef-1FU30Y8SWFB7OUUHMJQH5J6FM.pcm
SwiftExplicitDependencyGeneratePcm arm64_32 /Users/admin/builder/spi-builder-workspace/.derivedData/SDKExplicitPrecompiledModules/_Builtin_float-6KO8O3PEWRCA4WC6PPLOYO6WJ.pcm
SwiftExplicitDependencyGeneratePcm arm64_32 /Users/admin/builder/spi-builder-workspace/.derivedData/SDKExplicitPrecompiledModules/_Builtin_stddef-H44EFHQX6XSS5MZ7QP6YJZ76.pcm
SwiftExplicitDependencyGeneratePcm arm64_32 /Users/admin/builder/spi-builder-workspace/.derivedData/SDKExplicitPrecompiledModules/ptrauth-BFXF358ME5AK535N5A9Z766WU.pcm
SwiftExplicitDependencyGeneratePcm arm64_32 /Users/admin/builder/spi-builder-workspace/.derivedData/SDKExplicitPrecompiledModules/_AvailabilityInternal-244WAN3Z1QBT7PIA64EZEFY1R.pcm
SwiftExplicitDependencyGeneratePcm arm64_32 /Users/admin/builder/spi-builder-workspace/.derivedData/SDKExplicitPrecompiledModules/ptrcheck-7ELIH9BTIGVKX3UBITM9N72WD.pcm
SwiftExplicitDependencyGeneratePcm arm64_32 /Users/admin/builder/spi-builder-workspace/.derivedData/SDKExplicitPrecompiledModules/_Builtin_stdbool-A967K8W8YUYEC9SN52KJ7OO88.pcm
SwiftExplicitDependencyGeneratePcm arm64_32 /Users/admin/builder/spi-builder-workspace/.derivedData/SDKExplicitPrecompiledModules/_SwiftConcurrencyShims-6RTBPQ03V7BM9SPRK8SUE055H.pcm
SwiftExplicitDependencyGeneratePcm arm64 /Users/admin/builder/spi-builder-workspace/.derivedData/SDKExplicitPrecompiledModules/_Builtin_float-C0CW5Q4HGBQYKE77TC42IAFB5.pcm
SwiftExplicitDependencyGeneratePcm arm64 /Users/admin/builder/spi-builder-workspace/.derivedData/SDKExplicitPrecompiledModules/_AvailabilityInternal-BUNV3UXM65NT37THI4W1AM0SF.pcm
SwiftExplicitDependencyGeneratePcm arm64 /Users/admin/builder/spi-builder-workspace/.derivedData/SDKExplicitPrecompiledModules/_SwiftConcurrencyShims-659N52XSKR5F0QSB880BH2FJR.pcm
SwiftExplicitDependencyGeneratePcm arm64 /Users/admin/builder/spi-builder-workspace/.derivedData/SDKExplicitPrecompiledModules/ptrauth-3TZ9WJCGLYD25HQPWH4968ONX.pcm
SwiftExplicitDependencyGeneratePcm arm64 /Users/admin/builder/spi-builder-workspace/.derivedData/SDKExplicitPrecompiledModules/_Builtin_stdbool-83J96QSOFE9VX04AAS6310UAE.pcm
SwiftExplicitDependencyGeneratePcm arm64_32 /Users/admin/builder/spi-builder-workspace/.derivedData/SDKExplicitPrecompiledModules/_Builtin_stdarg-D305JG44A2WPI6CJY37X3QJE8.pcm
SwiftExplicitDependencyGeneratePcm arm64_32 /Users/admin/builder/spi-builder-workspace/.derivedData/SDKExplicitPrecompiledModules/_DarwinFoundation1-2GWF9RFMPLQW4PDHS3NARVI3G.pcm
SwiftExplicitDependencyGeneratePcm arm64_32 /Users/admin/builder/spi-builder-workspace/.derivedData/SDKExplicitPrecompiledModules/SwiftShims-9CQQGWTSNTN9EB5NSHDWUJICH.pcm
SwiftExplicitDependencyGeneratePcm arm64 /Users/admin/builder/spi-builder-workspace/.derivedData/SDKExplicitPrecompiledModules/ptrcheck-AIF0NDOYZ8ORBNHQAQR5NNB8M.pcm
PrecompileModule /Users/admin/builder/spi-builder-workspace/.derivedData/Build/Intermediates.noindex/ExplicitPrecompiledModules/_DarwinFoundation2-UOPWJD88NWYOYIOBXLEYL9XL.scan
    cd /
    builtin-precompileModule /Users/admin/builder/spi-builder-workspace/.derivedData/Build/Intermediates.noindex/ExplicitPrecompiledModules/_DarwinFoundation2-UOPWJD88NWYOYIOBXLEYL9XL.scan
PrecompileModule /Users/admin/builder/spi-builder-workspace/.derivedData/Build/Intermediates.noindex/ExplicitPrecompiledModules/_DarwinFoundation2-97B3A1VFJWM3XXNSKJIWN1MUQ.scan
    cd /
    builtin-precompileModule /Users/admin/builder/spi-builder-workspace/.derivedData/Build/Intermediates.noindex/ExplicitPrecompiledModules/_DarwinFoundation2-97B3A1VFJWM3XXNSKJIWN1MUQ.scan
PrecompileModule /Users/admin/builder/spi-builder-workspace/.derivedData/Build/Intermediates.noindex/ExplicitPrecompiledModules/_Builtin_limits-B1V334UN69GXU1GZ11U3S75L6.scan
    cd /
    builtin-precompileModule /Users/admin/builder/spi-builder-workspace/.derivedData/Build/Intermediates.noindex/ExplicitPrecompiledModules/_Builtin_limits-B1V334UN69GXU1GZ11U3S75L6.scan
PrecompileModule /Users/admin/builder/spi-builder-workspace/.derivedData/Build/Intermediates.noindex/ExplicitPrecompiledModules/_Builtin_limits-6E5IW1WWU6EKZ86KTL42OEAKK.scan
    cd /
    builtin-precompileModule /Users/admin/builder/spi-builder-workspace/.derivedData/Build/Intermediates.noindex/ExplicitPrecompiledModules/_Builtin_limits-6E5IW1WWU6EKZ86KTL42OEAKK.scan
PrecompileModule /Users/admin/builder/spi-builder-workspace/.derivedData/Build/Intermediates.noindex/ExplicitPrecompiledModules/_AvailabilityInternal-5KHWJAEPIAF4VLDF9WCW8MI6R.scan
    cd /
    builtin-precompileModule /Users/admin/builder/spi-builder-workspace/.derivedData/Build/Intermediates.noindex/ExplicitPrecompiledModules/_AvailabilityInternal-5KHWJAEPIAF4VLDF9WCW8MI6R.scan
PrecompileModule /Users/admin/builder/spi-builder-workspace/.derivedData/Build/Intermediates.noindex/ExplicitPrecompiledModules/ptrcheck-5ZD62F9H2SV76Z4J23TUIOQSP.scan
    cd /
    builtin-precompileModule /Users/admin/builder/spi-builder-workspace/.derivedData/Build/Intermediates.noindex/ExplicitPrecompiledModules/ptrcheck-5ZD62F9H2SV76Z4J23TUIOQSP.scan
PrecompileModule /Users/admin/builder/spi-builder-workspace/.derivedData/Build/Intermediates.noindex/ExplicitPrecompiledModules/_Builtin_stdarg-D5AX20Z9XO3QDRMDRRLUBP87P.scan
    cd /
    builtin-precompileModule /Users/admin/builder/spi-builder-workspace/.derivedData/Build/Intermediates.noindex/ExplicitPrecompiledModules/_Builtin_stdarg-D5AX20Z9XO3QDRMDRRLUBP87P.scan
PrecompileModule /Users/admin/builder/spi-builder-workspace/.derivedData/Build/Intermediates.noindex/ExplicitPrecompiledModules/_AvailabilityInternal-DGWS1AKVM7ZT0APMUPL00BO97.scan
    cd /
    builtin-precompileModule /Users/admin/builder/spi-builder-workspace/.derivedData/Build/Intermediates.noindex/ExplicitPrecompiledModules/_AvailabilityInternal-DGWS1AKVM7ZT0APMUPL00BO97.scan
CompileMetalFile /Users/admin/builder/spi-builder-workspace/Sources/ARHeadsetKit/Scene\ Reconstruction/Reconstruction/Mesh\ Matching/Third\ Match/ThirdSceneMeshMatchTypes.metal (in target 'ARHeadsetKit_ARHeadsetKit' from project 'ARHeadsetKit')
    cd /Users/admin/builder/spi-builder-workspace
    /var/run/com.apple.security.cryptexd/mnt/com.apple.MobileAsset.MetalToolchain-v27.1.266.1.BZ5tJe/Metal.xctoolchain/usr/bin/metal -c -target air64-apple-watchos9.0 -I/Users/admin/builder/spi-builder-workspace/.derivedData/Build/Products/Debug-watchos/include -F/Users/admin/builder/spi-builder-workspace/.derivedData/Build/Products/Debug-watchos -isysroot /Applications/Xcode-27.0.0-Release.Candidate.app/Contents/Developer/Platforms/WatchOS.platform/Developer/SDKs/WatchOS27.0.sdk -fmetal-math-mode\=fast -fmetal-math-fp32-functions\=fast -serialize-diagnostics /Users/admin/builder/spi-builder-workspace/.derivedData/Build/Intermediates.noindex/ARHeadsetKit.build/Debug-watchos/ARHeadsetKit_ARHeadsetKit-b.build/Metal/ThirdSceneMeshMatchTypes.dia -o /Users/admin/builder/spi-builder-workspace/.derivedData/Build/Intermediates.noindex/ARHeadsetKit.build/Debug-watchos/ARHeadsetKit_ARHeadsetKit-b.build/Metal/ThirdSceneMeshMatchTypes.air -MMD -MT dependencies -MF /Users/admin/builder/spi-builder-workspace/.derivedData/Build/Intermediates.noindex/ARHeadsetKit.build/Debug-watchos/ARHeadsetKit_ARHeadsetKit-b.build/Metal/ThirdSceneMeshMatchTypes.dat /Users/admin/builder/spi-builder-workspace/Sources/ARHeadsetKit/Scene\ Reconstruction/Reconstruction/Mesh\ Matching/Third\ Match/ThirdSceneMeshMatchTypes.metal
SwiftExplicitDependencyGeneratePcm arm64 /Users/admin/builder/spi-builder-workspace/.derivedData/SDKExplicitPrecompiledModules/_DarwinFoundation1-7SPX3MD0HMP55E4OLNCPNDQ53.pcm
PrecompileModule /Users/admin/builder/spi-builder-workspace/.derivedData/Build/Intermediates.noindex/ExplicitPrecompiledModules/_DarwinFoundation1-CB5CLVQHNLSW4CWC91U6XKBZC.scan
    cd /
    builtin-precompileModule /Users/admin/builder/spi-builder-workspace/.derivedData/Build/Intermediates.noindex/ExplicitPrecompiledModules/_DarwinFoundation1-CB5CLVQHNLSW4CWC91U6XKBZC.scan
CompileMetalFile /Users/admin/builder/spi-builder-workspace/Sources/ARHeadsetKit/Scene\ Reconstruction/Reconstruction/Mesh\ Matching/Third\ Match/ThirdSceneMeshMatch.metal (in target 'ARHeadsetKit_ARHeadsetKit' from project 'ARHeadsetKit')
    cd /Users/admin/builder/spi-builder-workspace
    /var/run/com.apple.security.cryptexd/mnt/com.apple.MobileAsset.MetalToolchain-v27.1.266.1.BZ5tJe/Metal.xctoolchain/usr/bin/metal -c -target air64-apple-watchos9.0 -I/Users/admin/builder/spi-builder-workspace/.derivedData/Build/Products/Debug-watchos/include -F/Users/admin/builder/spi-builder-workspace/.derivedData/Build/Products/Debug-watchos -isysroot /Applications/Xcode-27.0.0-Release.Candidate.app/Contents/Developer/Platforms/WatchOS.platform/Developer/SDKs/WatchOS27.0.sdk -fmetal-math-mode\=fast -fmetal-math-fp32-functions\=fast -serialize-diagnostics /Users/admin/builder/spi-builder-workspace/.derivedData/Build/Intermediates.noindex/ARHeadsetKit.build/Debug-watchos/ARHeadsetKit_ARHeadsetKit-b.build/Metal/ThirdSceneMeshMatch.dia -o /Users/admin/builder/spi-builder-workspace/.derivedData/Build/Intermediates.noindex/ARHeadsetKit.build/Debug-watchos/ARHeadsetKit_ARHeadsetKit-b.build/Metal/ThirdSceneMeshMatch.air -MMD -MT dependencies -MF /Users/admin/builder/spi-builder-workspace/.derivedData/Build/Intermediates.noindex/ARHeadsetKit.build/Debug-watchos/ARHeadsetKit_ARHeadsetKit-b.build/Metal/ThirdSceneMeshMatch.dat /Users/admin/builder/spi-builder-workspace/Sources/ARHeadsetKit/Scene\ Reconstruction/Reconstruction/Mesh\ Matching/Third\ Match/ThirdSceneMeshMatch.metal
CompileMetalFile /Users/admin/builder/spi-builder-workspace/Sources/ARHeadsetKit/Scene\ Reconstruction/Reconstruction/Mesh\ Matching/Second\ Match/SecondSceneMeshMatchTypes.metal (in target 'ARHeadsetKit_ARHeadsetKit' from project 'ARHeadsetKit')
    cd /Users/admin/builder/spi-builder-workspace
    /var/run/com.apple.security.cryptexd/mnt/com.apple.MobileAsset.MetalToolchain-v27.1.266.1.BZ5tJe/Metal.xctoolchain/usr/bin/metal -c -target air64-apple-watchos9.0 -I/Users/admin/builder/spi-builder-workspace/.derivedData/Build/Products/Debug-watchos/include -F/Users/admin/builder/spi-builder-workspace/.derivedData/Build/Products/Debug-watchos -isysroot /Applications/Xcode-27.0.0-Release.Candidate.app/Contents/Developer/Platforms/WatchOS.platform/Developer/SDKs/WatchOS27.0.sdk -fmetal-math-mode\=fast -fmetal-math-fp32-functions\=fast -serialize-diagnostics /Users/admin/builder/spi-builder-workspace/.derivedData/Build/Intermediates.noindex/ARHeadsetKit.build/Debug-watchos/ARHeadsetKit_ARHeadsetKit-b.build/Metal/SecondSceneMeshMatchTypes.dia -o /Users/admin/builder/spi-builder-workspace/.derivedData/Build/Intermediates.noindex/ARHeadsetKit.build/Debug-watchos/ARHeadsetKit_ARHeadsetKit-b.build/Metal/SecondSceneMeshMatchTypes.air -MMD -MT dependencies -MF /Users/admin/builder/spi-builder-workspace/.derivedData/Build/Intermediates.noindex/ARHeadsetKit.build/Debug-watchos/ARHeadsetKit_ARHeadsetKit-b.build/Metal/SecondSceneMeshMatchTypes.dat /Users/admin/builder/spi-builder-workspace/Sources/ARHeadsetKit/Scene\ Reconstruction/Reconstruction/Mesh\ Matching/Second\ Match/SecondSceneMeshMatchTypes.metal
SwiftExplicitDependencyGeneratePcm arm64_32 /Users/admin/builder/spi-builder-workspace/.derivedData/SDKExplicitPrecompiledModules/_DarwinFoundation2-9MY8GOSYRO0M9MKNXF6D3MBNK.pcm
SwiftExplicitDependencyGeneratePcm arm64_32 /Users/admin/builder/spi-builder-workspace/.derivedData/SDKExplicitPrecompiledModules/_Builtin_limits-3VKBU2AFTD65PAJZ5CJ3LHFM2.pcm
PrecompileModule /Users/admin/builder/spi-builder-workspace/.derivedData/Build/Intermediates.noindex/ExplicitPrecompiledModules/_DarwinFoundation1-BSFTAH7FLKWQ3UY3PT7EWIGBW.scan
    cd /
    builtin-precompileModule /Users/admin/builder/spi-builder-workspace/.derivedData/Build/Intermediates.noindex/ExplicitPrecompiledModules/_DarwinFoundation1-BSFTAH7FLKWQ3UY3PT7EWIGBW.scan
CompileMetalFile /Users/admin/builder/spi-builder-workspace/Sources/ARHeadsetKit/Scene\ Reconstruction/Reconstruction/Mesh\ Matching/Second\ Match/SecondSceneMeshMatch.metal (in target 'ARHeadsetKit_ARHeadsetKit' from project 'ARHeadsetKit')
    cd /Users/admin/builder/spi-builder-workspace
    /var/run/com.apple.security.cryptexd/mnt/com.apple.MobileAsset.MetalToolchain-v27.1.266.1.BZ5tJe/Metal.xctoolchain/usr/bin/metal -c -target air64-apple-watchos9.0 -I/Users/admin/builder/spi-builder-workspace/.derivedData/Build/Products/Debug-watchos/include -F/Users/admin/builder/spi-builder-workspace/.derivedData/Build/Products/Debug-watchos -isysroot /Applications/Xcode-27.0.0-Release.Candidate.app/Contents/Developer/Platforms/WatchOS.platform/Developer/SDKs/WatchOS27.0.sdk -fmetal-math-mode\=fast -fmetal-math-fp32-functions\=fast -serialize-diagnostics /Users/admin/builder/spi-builder-workspace/.derivedData/Build/Intermediates.noindex/ARHeadsetKit.build/Debug-watchos/ARHeadsetKit_ARHeadsetKit-b.build/Metal/SecondSceneMeshMatch.dia -o /Users/admin/builder/spi-builder-workspace/.derivedData/Build/Intermediates.noindex/ARHeadsetKit.build/Debug-watchos/ARHeadsetKit_ARHeadsetKit-b.build/Metal/SecondSceneMeshMatch.air -MMD -MT dependencies -MF /Users/admin/builder/spi-builder-workspace/.derivedData/Build/Intermediates.noindex/ARHeadsetKit.build/Debug-watchos/ARHeadsetKit_ARHeadsetKit-b.build/Metal/SecondSceneMeshMatch.dat /Users/admin/builder/spi-builder-workspace/Sources/ARHeadsetKit/Scene\ Reconstruction/Reconstruction/Mesh\ Matching/Second\ Match/SecondSceneMeshMatch.metal
PrecompileModule /Users/admin/builder/spi-builder-workspace/.derivedData/Build/Intermediates.noindex/ExplicitPrecompiledModules/_DarwinFoundation2-DV29VFFMWW4YXVD6R34COO3X6.scan
    cd /
    builtin-precompileModule /Users/admin/builder/spi-builder-workspace/.derivedData/Build/Intermediates.noindex/ExplicitPrecompiledModules/_DarwinFoundation2-DV29VFFMWW4YXVD6R34COO3X6.scan
PrecompileModule /Users/admin/builder/spi-builder-workspace/.derivedData/Build/Intermediates.noindex/ExplicitPrecompiledModules/_Builtin_limits-7J1YEYEHS7W2EL1SNW7TGO5KY.scan
    cd /
    builtin-precompileModule /Users/admin/builder/spi-builder-workspace/.derivedData/Build/Intermediates.noindex/ExplicitPrecompiledModules/_Builtin_limits-7J1YEYEHS7W2EL1SNW7TGO5KY.scan
CompileMetalFile /Users/admin/builder/spi-builder-workspace/Sources/ARHeadsetKit/Scene\ Reconstruction/Reconstruction/Mesh\ Matching/First\ Match/FirstSceneMeshMatch.metal (in target 'ARHeadsetKit_ARHeadsetKit' from project 'ARHeadsetKit')
    cd /Users/admin/builder/spi-builder-workspace
    /var/run/com.apple.security.cryptexd/mnt/com.apple.MobileAsset.MetalToolchain-v27.1.266.1.BZ5tJe/Metal.xctoolchain/usr/bin/metal -c -target air64-apple-watchos9.0 -I/Users/admin/builder/spi-builder-workspace/.derivedData/Build/Products/Debug-watchos/include -F/Users/admin/builder/spi-builder-workspace/.derivedData/Build/Products/Debug-watchos -isysroot /Applications/Xcode-27.0.0-Release.Candidate.app/Contents/Developer/Platforms/WatchOS.platform/Developer/SDKs/WatchOS27.0.sdk -fmetal-math-mode\=fast -fmetal-math-fp32-functions\=fast -serialize-diagnostics /Users/admin/builder/spi-builder-workspace/.derivedData/Build/Intermediates.noindex/ARHeadsetKit.build/Debug-watchos/ARHeadsetKit_ARHeadsetKit-b.build/Metal/FirstSceneMeshMatch.dia -o /Users/admin/builder/spi-builder-workspace/.derivedData/Build/Intermediates.noindex/ARHeadsetKit.build/Debug-watchos/ARHeadsetKit_ARHeadsetKit-b.build/Metal/FirstSceneMeshMatch.air -MMD -MT dependencies -MF /Users/admin/builder/spi-builder-workspace/.derivedData/Build/Intermediates.noindex/ARHeadsetKit.build/Debug-watchos/ARHeadsetKit_ARHeadsetKit-b.build/Metal/FirstSceneMeshMatch.dat /Users/admin/builder/spi-builder-workspace/Sources/ARHeadsetKit/Scene\ Reconstruction/Reconstruction/Mesh\ Matching/First\ Match/FirstSceneMeshMatch.metal
PrecompileModule /Users/admin/builder/spi-builder-workspace/.derivedData/Build/Intermediates.noindex/ExplicitPrecompiledModules/_Builtin_stdint-CSE9JYDM5Q1PO78CBR9FK72Q4.scan
    cd /
    builtin-precompileModule /Users/admin/builder/spi-builder-workspace/.derivedData/Build/Intermediates.noindex/ExplicitPrecompiledModules/_Builtin_stdint-CSE9JYDM5Q1PO78CBR9FK72Q4.scan
PrecompileModule /Users/admin/builder/spi-builder-workspace/.derivedData/Build/Intermediates.noindex/ExplicitPrecompiledModules/_Builtin_stdint-C9F8CC0X0IM0BACQMFOUG41PC.scan
    cd /
    builtin-precompileModule /Users/admin/builder/spi-builder-workspace/.derivedData/Build/Intermediates.noindex/ExplicitPrecompiledModules/_Builtin_stdint-C9F8CC0X0IM0BACQMFOUG41PC.scan
CompileMetalFile /Users/admin/builder/spi-builder-workspace/Sources/ARHeadsetKit/Scene\ Reconstruction/Reconstruction/Duplicate\ Removal/SceneDuplicateRemoval.metal (in target 'ARHeadsetKit_ARHeadsetKit' from project 'ARHeadsetKit')
    cd /Users/admin/builder/spi-builder-workspace
    /var/run/com.apple.security.cryptexd/mnt/com.apple.MobileAsset.MetalToolchain-v27.1.266.1.BZ5tJe/Metal.xctoolchain/usr/bin/metal -c -target air64-apple-watchos9.0 -I/Users/admin/builder/spi-builder-workspace/.derivedData/Build/Products/Debug-watchos/include -F/Users/admin/builder/spi-builder-workspace/.derivedData/Build/Products/Debug-watchos -isysroot /Applications/Xcode-27.0.0-Release.Candidate.app/Contents/Developer/Platforms/WatchOS.platform/Developer/SDKs/WatchOS27.0.sdk -fmetal-math-mode\=fast -fmetal-math-fp32-functions\=fast -serialize-diagnostics /Users/admin/builder/spi-builder-workspace/.derivedData/Build/Intermediates.noindex/ARHeadsetKit.build/Debug-watchos/ARHeadsetKit_ARHeadsetKit-b.build/Metal/SceneDuplicateRemoval.dia -o /Users/admin/builder/spi-builder-workspace/.derivedData/Build/Intermediates.noindex/ARHeadsetKit.build/Debug-watchos/ARHeadsetKit_ARHeadsetKit-b.build/Metal/SceneDuplicateRemoval.air -MMD -MT dependencies -MF /Users/admin/builder/spi-builder-workspace/.derivedData/Build/Intermediates.noindex/ARHeadsetKit.build/Debug-watchos/ARHeadsetKit_ARHeadsetKit-b.build/Metal/SceneDuplicateRemoval.dat /Users/admin/builder/spi-builder-workspace/Sources/ARHeadsetKit/Scene\ Reconstruction/Reconstruction/Duplicate\ Removal/SceneDuplicateRemoval.metal
PrecompileModule /Users/admin/builder/spi-builder-workspace/.derivedData/Build/Intermediates.noindex/ExplicitPrecompiledModules/_Builtin_limits-10OBQ90G83LQBBTN4Q2S7QXC.scan
    cd /
    builtin-precompileModule /Users/admin/builder/spi-builder-workspace/.derivedData/Build/Intermediates.noindex/ExplicitPrecompiledModules/_Builtin_limits-10OBQ90G83LQBBTN4Q2S7QXC.scan
PrecompileModule /Users/admin/builder/spi-builder-workspace/.derivedData/Build/Intermediates.noindex/ExplicitPrecompiledModules/_DarwinFoundation2-AK040SVJDDOV6L5TPPQRW12S9.scan
    cd /
    builtin-precompileModule /Users/admin/builder/spi-builder-workspace/.derivedData/Build/Intermediates.noindex/ExplicitPrecompiledModules/_DarwinFoundation2-AK040SVJDDOV6L5TPPQRW12S9.scan
CompileMetalFile /Users/admin/builder/spi-builder-workspace/Sources/ARHeadsetKit/Scene\ Reconstruction/Occlusion\ Testing/SceneOcclusionTesting.metal (in target 'ARHeadsetKit_ARHeadsetKit' from project 'ARHeadsetKit')
    cd /Users/admin/builder/spi-builder-workspace
    /var/run/com.apple.security.cryptexd/mnt/com.apple.MobileAsset.MetalToolchain-v27.1.266.1.BZ5tJe/Metal.xctoolchain/usr/bin/metal -c -target air64-apple-watchos9.0 -I/Users/admin/builder/spi-builder-workspace/.derivedData/Build/Products/Debug-watchos/include -F/Users/admin/builder/spi-builder-workspace/.derivedData/Build/Products/Debug-watchos -isysroot /Applications/Xcode-27.0.0-Release.Candidate.app/Contents/Developer/Platforms/WatchOS.platform/Developer/SDKs/WatchOS27.0.sdk -fmetal-math-mode\=fast -fmetal-math-fp32-functions\=fast -serialize-diagnostics /Users/admin/builder/spi-builder-workspace/.derivedData/Build/Intermediates.noindex/ARHeadsetKit.build/Debug-watchos/ARHeadsetKit_ARHeadsetKit-b.build/Metal/SceneOcclusionTesting.dia -o /Users/admin/builder/spi-builder-workspace/.derivedData/Build/Intermediates.noindex/ARHeadsetKit.build/Debug-watchos/ARHeadsetKit_ARHeadsetKit-b.build/Metal/SceneOcclusionTesting.air -MMD -MT dependencies -MF /Users/admin/builder/spi-builder-workspace/.derivedData/Build/Intermediates.noindex/ARHeadsetKit.build/Debug-watchos/ARHeadsetKit_ARHeadsetKit-b.build/Metal/SceneOcclusionTesting.dat /Users/admin/builder/spi-builder-workspace/Sources/ARHeadsetKit/Scene\ Reconstruction/Occlusion\ Testing/SceneOcclusionTesting.metal
SwiftExplicitDependencyGeneratePcm arm64 /Users/admin/builder/spi-builder-workspace/.derivedData/SDKExplicitPrecompiledModules/_Builtin_limits-9GWPA2B0H20DYUNYHYCWKABJG.pcm
SwiftExplicitDependencyGeneratePcm arm64 /Users/admin/builder/spi-builder-workspace/.derivedData/SDKExplicitPrecompiledModules/_DarwinFoundation2-D0XAPJU49S5E9XMKYOFGSTB1Q.pcm
PrecompileModule /Users/admin/builder/spi-builder-workspace/.derivedData/Build/Intermediates.noindex/ExplicitPrecompiledModules/_DarwinFoundation3-AEQ8M866EXUQLRMRTUGOCYYV3.scan
    cd /
    builtin-precompileModule /Users/admin/builder/spi-builder-workspace/.derivedData/Build/Intermediates.noindex/ExplicitPrecompiledModules/_DarwinFoundation3-AEQ8M866EXUQLRMRTUGOCYYV3.scan
PrecompileModule /Users/admin/builder/spi-builder-workspace/.derivedData/Build/Intermediates.noindex/ExplicitPrecompiledModules/_DarwinFoundation3-8YQJHADOAGVLGCJ0XL0EXZ0DO.scan
    cd /
    builtin-precompileModule /Users/admin/builder/spi-builder-workspace/.derivedData/Build/Intermediates.noindex/ExplicitPrecompiledModules/_DarwinFoundation3-8YQJHADOAGVLGCJ0XL0EXZ0DO.scan
CompileMetalFile /Users/admin/builder/spi-builder-workspace/Sources/ARHeadsetKit/Scene\ Reconstruction/Occlusion\ Testing/SceneColorUpdate.metal (in target 'ARHeadsetKit_ARHeadsetKit' from project 'ARHeadsetKit')
    cd /Users/admin/builder/spi-builder-workspace
    /var/run/com.apple.security.cryptexd/mnt/com.apple.MobileAsset.MetalToolchain-v27.1.266.1.BZ5tJe/Metal.xctoolchain/usr/bin/metal -c -target air64-apple-watchos9.0 -I/Users/admin/builder/spi-builder-workspace/.derivedData/Build/Products/Debug-watchos/include -F/Users/admin/builder/spi-builder-workspace/.derivedData/Build/Products/Debug-watchos -isysroot /Applications/Xcode-27.0.0-Release.Candidate.app/Contents/Developer/Platforms/WatchOS.platform/Developer/SDKs/WatchOS27.0.sdk -fmetal-math-mode\=fast -fmetal-math-fp32-functions\=fast -serialize-diagnostics /Users/admin/builder/spi-builder-workspace/.derivedData/Build/Intermediates.noindex/ARHeadsetKit.build/Debug-watchos/ARHeadsetKit_ARHeadsetKit-b.build/Metal/SceneColorUpdate.dia -o /Users/admin/builder/spi-builder-workspace/.derivedData/Build/Intermediates.noindex/ARHeadsetKit.build/Debug-watchos/ARHeadsetKit_ARHeadsetKit-b.build/Metal/SceneColorUpdate.air -MMD -MT dependencies -MF /Users/admin/builder/spi-builder-workspace/.derivedData/Build/Intermediates.noindex/ARHeadsetKit.build/Debug-watchos/ARHeadsetKit_ARHeadsetKit-b.build/Metal/SceneColorUpdate.dat /Users/admin/builder/spi-builder-workspace/Sources/ARHeadsetKit/Scene\ Reconstruction/Occlusion\ Testing/SceneColorUpdate.metal
PrecompileModule /Users/admin/builder/spi-builder-workspace/.derivedData/Build/Intermediates.noindex/ExplicitPrecompiledModules/_Builtin_stdint-61DBY1OPUMSQTI3GB2MXHOOX9.scan
    cd /
    builtin-precompileModule /Users/admin/builder/spi-builder-workspace/.derivedData/Build/Intermediates.noindex/ExplicitPrecompiledModules/_Builtin_stdint-61DBY1OPUMSQTI3GB2MXHOOX9.scan
CompileMetalFile /Users/admin/builder/spi-builder-workspace/Sources/ARHeadsetKit/Scene\ Reconstruction/Culling/SceneCulling.metal (in target 'ARHeadsetKit_ARHeadsetKit' from project 'ARHeadsetKit')
    cd /Users/admin/builder/spi-builder-workspace
    /var/run/com.apple.security.cryptexd/mnt/com.apple.MobileAsset.MetalToolchain-v27.1.266.1.BZ5tJe/Metal.xctoolchain/usr/bin/metal -c -target air64-apple-watchos9.0 -I/Users/admin/builder/spi-builder-workspace/.derivedData/Build/Products/Debug-watchos/include -F/Users/admin/builder/spi-builder-workspace/.derivedData/Build/Products/Debug-watchos -isysroot /Applications/Xcode-27.0.0-Release.Candidate.app/Contents/Developer/Platforms/WatchOS.platform/Developer/SDKs/WatchOS27.0.sdk -fmetal-math-mode\=fast -fmetal-math-fp32-functions\=fast -serialize-diagnostics /Users/admin/builder/spi-builder-workspace/.derivedData/Build/Intermediates.noindex/ARHeadsetKit.build/Debug-watchos/ARHeadsetKit_ARHeadsetKit-b.build/Metal/SceneCulling.dia -o /Users/admin/builder/spi-builder-workspace/.derivedData/Build/Intermediates.noindex/ARHeadsetKit.build/Debug-watchos/ARHeadsetKit_ARHeadsetKit-b.build/Metal/SceneCulling.air -MMD -MT dependencies -MF /Users/admin/builder/spi-builder-workspace/.derivedData/Build/Intermediates.noindex/ARHeadsetKit.build/Debug-watchos/ARHeadsetKit_ARHeadsetKit-b.build/Metal/SceneCulling.dat /Users/admin/builder/spi-builder-workspace/Sources/ARHeadsetKit/Scene\ Reconstruction/Culling/SceneCulling.metal
SwiftExplicitDependencyGeneratePcm arm64_32 /Users/admin/builder/spi-builder-workspace/.derivedData/SDKExplicitPrecompiledModules/sys_types-8TLLMW08ZJWDGIIPKOYFGHHZW.pcm
SwiftExplicitDependencyGeneratePcm arm64_32 /Users/admin/builder/spi-builder-workspace/.derivedData/SDKExplicitPrecompiledModules/string_h-BFVLUQUSBZWYMLCU9QI7VZALW.pcm
SwiftExplicitDependencyGeneratePcm arm64_32 /Users/admin/builder/spi-builder-workspace/.derivedData/SDKExplicitPrecompiledModules/_Builtin_stdint-1HMXWI3V0V4TXHRWZOMZGZ80Y.pcm
PrecompileModule /Users/admin/builder/spi-builder-workspace/.derivedData/Build/Intermediates.noindex/ExplicitPrecompiledModules/_DarwinFoundation3-AI769PFXZYEQFCHXEV0Z7SRDK.scan
    cd /
    builtin-precompileModule /Users/admin/builder/spi-builder-workspace/.derivedData/Build/Intermediates.noindex/ExplicitPrecompiledModules/_DarwinFoundation3-AI769PFXZYEQFCHXEV0Z7SRDK.scan
PrecompileModule /Users/admin/builder/spi-builder-workspace/.derivedData/Build/Intermediates.noindex/ExplicitPrecompiledModules/_Builtin_stdint-1DN2VCUJUAL2YWWVYVJ65C52R.scan
    cd /
    builtin-precompileModule /Users/admin/builder/spi-builder-workspace/.derivedData/Build/Intermediates.noindex/ExplicitPrecompiledModules/_Builtin_stdint-1DN2VCUJUAL2YWWVYVJ65C52R.scan
CompileMetalFile /Users/admin/builder/spi-builder-workspace/Sources/ARHeadsetKit/Other/Metal\ Utilities/Private/MemoryUtilities.metal (in target 'ARHeadsetKit_ARHeadsetKit' from project 'ARHeadsetKit')
    cd /Users/admin/builder/spi-builder-workspace
    /var/run/com.apple.security.cryptexd/mnt/com.apple.MobileAsset.MetalToolchain-v27.1.266.1.BZ5tJe/Metal.xctoolchain/usr/bin/metal -c -target air64-apple-watchos9.0 -I/Users/admin/builder/spi-builder-workspace/.derivedData/Build/Products/Debug-watchos/include -F/Users/admin/builder/spi-builder-workspace/.derivedData/Build/Products/Debug-watchos -isysroot /Applications/Xcode-27.0.0-Release.Candidate.app/Contents/Developer/Platforms/WatchOS.platform/Developer/SDKs/WatchOS27.0.sdk -fmetal-math-mode\=fast -fmetal-math-fp32-functions\=fast -serialize-diagnostics /Users/admin/builder/spi-builder-workspace/.derivedData/Build/Intermediates.noindex/ARHeadsetKit.build/Debug-watchos/ARHeadsetKit_ARHeadsetKit-b.build/Metal/MemoryUtilities.dia -o /Users/admin/builder/spi-builder-workspace/.derivedData/Build/Intermediates.noindex/ARHeadsetKit.build/Debug-watchos/ARHeadsetKit_ARHeadsetKit-b.build/Metal/MemoryUtilities.air -MMD -MT dependencies -MF /Users/admin/builder/spi-builder-workspace/.derivedData/Build/Intermediates.noindex/ARHeadsetKit.build/Debug-watchos/ARHeadsetKit_ARHeadsetKit-b.build/Metal/MemoryUtilities.dat /Users/admin/builder/spi-builder-workspace/Sources/ARHeadsetKit/Other/Metal\ Utilities/Private/MemoryUtilities.metal
PrecompileModule /Users/admin/builder/spi-builder-workspace/.derivedData/Build/Intermediates.noindex/ExplicitPrecompiledModules/_Builtin_inttypes-4QKZTPSXCB84C33E5VPLU08N9.scan
    cd /
    builtin-precompileModule /Users/admin/builder/spi-builder-workspace/.derivedData/Build/Intermediates.noindex/ExplicitPrecompiledModules/_Builtin_inttypes-4QKZTPSXCB84C33E5VPLU08N9.scan
PrecompileModule /Users/admin/builder/spi-builder-workspace/.derivedData/Build/Intermediates.noindex/ExplicitPrecompiledModules/_Builtin_inttypes-3H9ADMB7R1MBRLRQ8LNHIW9WF.scan
    cd /
    builtin-precompileModule /Users/admin/builder/spi-builder-workspace/.derivedData/Build/Intermediates.noindex/ExplicitPrecompiledModules/_Builtin_inttypes-3H9ADMB7R1MBRLRQ8LNHIW9WF.scan
PrecompileModule /Users/admin/builder/spi-builder-workspace/.derivedData/Build/Intermediates.noindex/ExplicitPrecompiledModules/_DarwinFoundation3-4OJ47XYDMFR3WB1E29TTJV59R.scan
    cd /
    builtin-precompileModule /Users/admin/builder/spi-builder-workspace/.derivedData/Build/Intermediates.noindex/ExplicitPrecompiledModules/_DarwinFoundation3-4OJ47XYDMFR3WB1E29TTJV59R.scan
CompileMetalFile /Users/admin/builder/spi-builder-workspace/Sources/ARHeadsetKit/Other/Metal\ Utilities/Private/ColorUtilities.metal (in target 'ARHeadsetKit_ARHeadsetKit' from project 'ARHeadsetKit')
    cd /Users/admin/builder/spi-builder-workspace
    /var/run/com.apple.security.cryptexd/mnt/com.apple.MobileAsset.MetalToolchain-v27.1.266.1.BZ5tJe/Metal.xctoolchain/usr/bin/metal -c -target air64-apple-watchos9.0 -I/Users/admin/builder/spi-builder-workspace/.derivedData/Build/Products/Debug-watchos/include -F/Users/admin/builder/spi-builder-workspace/.derivedData/Build/Products/Debug-watchos -isysroot /Applications/Xcode-27.0.0-Release.Candidate.app/Contents/Developer/Platforms/WatchOS.platform/Developer/SDKs/WatchOS27.0.sdk -fmetal-math-mode\=fast -fmetal-math-fp32-functions\=fast -serialize-diagnostics /Users/admin/builder/spi-builder-workspace/.derivedData/Build/Intermediates.noindex/ARHeadsetKit.build/Debug-watchos/ARHeadsetKit_ARHeadsetKit-b.build/Metal/ColorUtilities.dia -o /Users/admin/builder/spi-builder-workspace/.derivedData/Build/Intermediates.noindex/ARHeadsetKit.build/Debug-watchos/ARHeadsetKit_ARHeadsetKit-b.build/Metal/ColorUtilities.air -MMD -MT dependencies -MF /Users/admin/builder/spi-builder-workspace/.derivedData/Build/Intermediates.noindex/ARHeadsetKit.build/Debug-watchos/ARHeadsetKit_ARHeadsetKit-b.build/Metal/ColorUtilities.dat /Users/admin/builder/spi-builder-workspace/Sources/ARHeadsetKit/Other/Metal\ Utilities/Private/ColorUtilities.metal
CompileMetalFile /Users/admin/builder/spi-builder-workspace/Sources/ARHeadsetKit/Other/Metal\ Utilities/Private/ARObjectUtilities.metal (in target 'ARHeadsetKit_ARHeadsetKit' from project 'ARHeadsetKit')
    cd /Users/admin/builder/spi-builder-workspace
    /var/run/com.apple.security.cryptexd/mnt/com.apple.MobileAsset.MetalToolchain-v27.1.266.1.BZ5tJe/Metal.xctoolchain/usr/bin/metal -c -target air64-apple-watchos9.0 -I/Users/admin/builder/spi-builder-workspace/.derivedData/Build/Products/Debug-watchos/include -F/Users/admin/builder/spi-builder-workspace/.derivedData/Build/Products/Debug-watchos -isysroot /Applications/Xcode-27.0.0-Release.Candidate.app/Contents/Developer/Platforms/WatchOS.platform/Developer/SDKs/WatchOS27.0.sdk -fmetal-math-mode\=fast -fmetal-math-fp32-functions\=fast -serialize-diagnostics /Users/admin/builder/spi-builder-workspace/.derivedData/Build/Intermediates.noindex/ARHeadsetKit.build/Debug-watchos/ARHeadsetKit_ARHeadsetKit-b.build/Metal/ARObjectUtilities.dia -o /Users/admin/builder/spi-builder-workspace/.derivedData/Build/Intermediates.noindex/ARHeadsetKit.build/Debug-watchos/ARHeadsetKit_ARHeadsetKit-b.build/Metal/ARObjectUtilities.air -MMD -MT dependencies -MF /Users/admin/builder/spi-builder-workspace/.derivedData/Build/Intermediates.noindex/ARHeadsetKit.build/Debug-watchos/ARHeadsetKit_ARHeadsetKit-b.build/Metal/ARObjectUtilities.dat /Users/admin/builder/spi-builder-workspace/Sources/ARHeadsetKit/Other/Metal\ Utilities/Private/ARObjectUtilities.metal
SwiftExplicitDependencyGeneratePcm arm64 /Users/admin/builder/spi-builder-workspace/.derivedData/SDKExplicitPrecompiledModules/sys_types-2KXQLI78OUCDP779AE68GZJ2.pcm
SwiftExplicitDependencyGeneratePcm arm64 /Users/admin/builder/spi-builder-workspace/.derivedData/SDKExplicitPrecompiledModules/string_h-E6PRXK75PHIPCZFWOFCQ3QBMK.pcm
SwiftExplicitDependencyGeneratePcm arm64 /Users/admin/builder/spi-builder-workspace/.derivedData/SDKExplicitPrecompiledModules/_Builtin_stdint-8XMILLJZEGRN2XG7XZUXZ5RLX.pcm
SwiftExplicitDependencyGeneratePcm arm64_32 /Users/admin/builder/spi-builder-workspace/.derivedData/SDKExplicitPrecompiledModules/_DarwinFoundation3-3DUTYQDQSD9HUAAVY947NMWOI.pcm
PrecompileModule /Users/admin/builder/spi-builder-workspace/.derivedData/Build/Intermediates.noindex/ExplicitPrecompiledModules/_Builtin_inttypes-DNPLEQ3C6ZIORX23PRCHF6MDR.scan
    cd /
    builtin-precompileModule /Users/admin/builder/spi-builder-workspace/.derivedData/Build/Intermediates.noindex/ExplicitPrecompiledModules/_Builtin_inttypes-DNPLEQ3C6ZIORX23PRCHF6MDR.scan
PrecompileModule /Users/admin/builder/spi-builder-workspace/.derivedData/Build/Intermediates.noindex/ExplicitPrecompiledModules/_Builtin_inttypes-7IWSIB5A64UX7RGYFDVUN4MLV.scan
    cd /
    builtin-precompileModule /Users/admin/builder/spi-builder-workspace/.derivedData/Build/Intermediates.noindex/ExplicitPrecompiledModules/_Builtin_inttypes-7IWSIB5A64UX7RGYFDVUN4MLV.scan
PrecompileModule /Users/admin/builder/spi-builder-workspace/.derivedData/Build/Intermediates.noindex/ExplicitPrecompiledModules/Darwin-7ZKULZR42CGYZA0VTFXY0632X.scan
    cd /
    builtin-precompileModule /Users/admin/builder/spi-builder-workspace/.derivedData/Build/Intermediates.noindex/ExplicitPrecompiledModules/Darwin-7ZKULZR42CGYZA0VTFXY0632X.scan
PrecompileModule /Users/admin/builder/spi-builder-workspace/.derivedData/Build/Intermediates.noindex/ExplicitPrecompiledModules/Darwin-DBL55RBCXXBQWBIKBQECQ4IYB.scan
    cd /
    builtin-precompileModule /Users/admin/builder/spi-builder-workspace/.derivedData/Build/Intermediates.noindex/ExplicitPrecompiledModules/Darwin-DBL55RBCXXBQWBIKBQECQ4IYB.scan
SwiftExplicitDependencyGeneratePcm arm64 /Users/admin/builder/spi-builder-workspace/.derivedData/SDKExplicitPrecompiledModules/_DarwinFoundation3-B97LRG0E9GON2NUE65TVG81HU.pcm
PrecompileModule /Users/admin/builder/spi-builder-workspace/.derivedData/Build/Intermediates.noindex/ExplicitPrecompiledModules/Darwin-DTLKT4AI9OMTC3X6G5MCOVFM6.scan
    cd /
    builtin-precompileModule /Users/admin/builder/spi-builder-workspace/.derivedData/Build/Intermediates.noindex/ExplicitPrecompiledModules/Darwin-DTLKT4AI9OMTC3X6G5MCOVFM6.scan
PrecompileModule /Users/admin/builder/spi-builder-workspace/.derivedData/Build/Intermediates.noindex/ExplicitPrecompiledModules/Darwin-8ABAJUDPXABCA6LV3MTOFU6N2.scan
    cd /
    builtin-precompileModule /Users/admin/builder/spi-builder-workspace/.derivedData/Build/Intermediates.noindex/ExplicitPrecompiledModules/Darwin-8ABAJUDPXABCA6LV3MTOFU6N2.scan
SwiftExplicitDependencyGeneratePcm arm64_32 /Users/admin/builder/spi-builder-workspace/.derivedData/SDKExplicitPrecompiledModules/_Builtin_inttypes-D2KPCR4PEX9AQA33NGLUT5SBR.pcm
SwiftExplicitDependencyGeneratePcm arm64 /Users/admin/builder/spi-builder-workspace/.derivedData/SDKExplicitPrecompiledModules/_Builtin_inttypes-3UQSCM7WNM9EK4HZML8TY5J3D.pcm
SwiftExplicitDependencyGeneratePcm arm64_32 /Users/admin/builder/spi-builder-workspace/.derivedData/SDKExplicitPrecompiledModules/Darwin-3FVT1SKLN2ZQ5RVOABMTQBB34.pcm
SwiftExplicitDependencyGeneratePcm arm64 /Users/admin/builder/spi-builder-workspace/.derivedData/SDKExplicitPrecompiledModules/Darwin-3984OXKFNSPE77NT743WK8SEX.pcm
CompileMetalFile /Users/admin/builder/spi-builder-workspace/Sources/ARHeadsetKit/Interface\ Rendering/AR\ Interface/InterfaceRendering.metal (in target 'ARHeadsetKit_ARHeadsetKit' from project 'ARHeadsetKit')
    cd /Users/admin/builder/spi-builder-workspace
    /var/run/com.apple.security.cryptexd/mnt/com.apple.MobileAsset.MetalToolchain-v27.1.266.1.BZ5tJe/Metal.xctoolchain/usr/bin/metal -c -target air64-apple-watchos9.0 -I/Users/admin/builder/spi-builder-workspace/.derivedData/Build/Products/Debug-watchos/include -F/Users/admin/builder/spi-builder-workspace/.derivedData/Build/Products/Debug-watchos -isysroot /Applications/Xcode-27.0.0-Release.Candidate.app/Contents/Developer/Platforms/WatchOS.platform/Developer/SDKs/WatchOS27.0.sdk -fmetal-math-mode\=fast -fmetal-math-fp32-functions\=fast -serialize-diagnostics /Users/admin/builder/spi-builder-workspace/.derivedData/Build/Intermediates.noindex/ARHeadsetKit.build/Debug-watchos/ARHeadsetKit_ARHeadsetKit-b.build/Metal/InterfaceRendering.dia -o /Users/admin/builder/spi-builder-workspace/.derivedData/Build/Intermediates.noindex/ARHeadsetKit.build/Debug-watchos/ARHeadsetKit_ARHeadsetKit-b.build/Metal/InterfaceRendering.air -MMD -MT dependencies -MF /Users/admin/builder/spi-builder-workspace/.derivedData/Build/Intermediates.noindex/ARHeadsetKit.build/Debug-watchos/ARHeadsetKit_ARHeadsetKit-b.build/Metal/InterfaceRendering.dat /Users/admin/builder/spi-builder-workspace/Sources/ARHeadsetKit/Interface\ Rendering/AR\ Interface/InterfaceRendering.metal
CompileMetalFile /Users/admin/builder/spi-builder-workspace/Sources/ARHeadsetKit/Interface\ Rendering/AR\ Interface/InterfacePreprocessing.metal (in target 'ARHeadsetKit_ARHeadsetKit' from project 'ARHeadsetKit')
    cd /Users/admin/builder/spi-builder-workspace
    /var/run/com.apple.security.cryptexd/mnt/com.apple.MobileAsset.MetalToolchain-v27.1.266.1.BZ5tJe/Metal.xctoolchain/usr/bin/metal -c -target air64-apple-watchos9.0 -I/Users/admin/builder/spi-builder-workspace/.derivedData/Build/Products/Debug-watchos/include -F/Users/admin/builder/spi-builder-workspace/.derivedData/Build/Products/Debug-watchos -isysroot /Applications/Xcode-27.0.0-Release.Candidate.app/Contents/Developer/Platforms/WatchOS.platform/Developer/SDKs/WatchOS27.0.sdk -fmetal-math-mode\=fast -fmetal-math-fp32-functions\=fast -serialize-diagnostics /Users/admin/builder/spi-builder-workspace/.derivedData/Build/Intermediates.noindex/ARHeadsetKit.build/Debug-watchos/ARHeadsetKit_ARHeadsetKit-b.build/Metal/InterfacePreprocessing.dia -o /Users/admin/builder/spi-builder-workspace/.derivedData/Build/Intermediates.noindex/ARHeadsetKit.build/Debug-watchos/ARHeadsetKit_ARHeadsetKit-b.build/Metal/InterfacePreprocessing.air -MMD -MT dependencies -MF /Users/admin/builder/spi-builder-workspace/.derivedData/Build/Intermediates.noindex/ARHeadsetKit.build/Debug-watchos/ARHeadsetKit_ARHeadsetKit-b.build/Metal/InterfacePreprocessing.dat /Users/admin/builder/spi-builder-workspace/Sources/ARHeadsetKit/Interface\ Rendering/AR\ Interface/InterfacePreprocessing.metal
CompileC /Users/admin/builder/spi-builder-workspace/.derivedData/Build/Intermediates.noindex/JJLISO8601DateFormatter.build/Debug-watchos/JJLISO8601DateFormatter-t.build/Objects-normal/arm64_32/localtime.o /Users/admin/builder/spi-builder-workspace/.dependencies/checkouts/JJLISO8601DateFormatter/Sources/JJLISO8601DateFormatter/Vendor/tzdb/localtime.c normal arm64_32 c com.apple.compilers.llvm.clang.1_0.compiler (in target 'JJLISO8601DateFormatter' from project 'JJLISO8601DateFormatter')
    cd /Users/admin/builder/spi-builder-workspace/.swiftpm/xcode

    Using response file: /Users/admin/builder/spi-builder-workspace/.derivedData/Build/Intermediates.noindex/JJLISO8601DateFormatter.build/Debug-watchos/JJLISO8601DateFormatter-t.build/Objects-normal/arm64_32/7187679823f38a2a940e0043cdf9d637-common-args.resp

    /Applications/Xcode-27.0.0-Release.Candidate.app/Contents/Developer/Toolchains/XcodeDefault.xctoolchain/usr/bin/clang -x c -ivfsstatcache /Users/admin/builder/spi-builder-workspace/.derivedData/SDKStatCaches.noindex/watchos27.0-24R360-e829b21a6f8c9b70876ba0858053c04477534ef55a1706bf4c1112bbb242f0a2.sdkstatcache -target arm64_32-apple-watchos9.0 -fmessage-length\=0 -fdiagnostics-show-note-include-stack -fmacro-backtrace-limit\=0 -fno-color-diagnostics -fmodules-prune-interval\=86400 -fmodules-prune-after\=345600 -fbuild-session-file\=/Users/admin/builder/spi-builder-workspace/.derivedData/ModuleCache.noindex/Session.modulevalidation -fmodules-validate-once-per-build-session -Wnon-modular-include-in-framework-module -Werror\=non-modular-include-in-framework-module -Wno-trigraphs -Wno-missing-field-initializers -Wno-missing-prototypes -Wno-return-type -Wno-missing-braces -Wparentheses -Wswitch -Wno-unused-function -Wno-unused-label -Wno-unused-parameter -Wno-unused-variable -Wunused-value -Wno-empty-body -Wno-uninitialized -Wno-unknown-pragmas -w -Wno-shadow -Wno-four-char-constants -Wno-conversion -Wno-constant-conversion -Wno-int-conversion -Wno-bool-conversion -Wno-enum-conversion -Wno-float-conversion -Wno-non-literal-null-conversion -Wno-objc-literal-conversion -Wno-shorten-64-to-32 -Wpointer-sign -Wno-newline-eof -Wno-implicit-fallthrough -isysroot /Applications/Xcode-27.0.0-Release.Candidate.app/Contents/Developer/Platforms/WatchOS.platform/Developer/SDKs/WatchOS27.0.sdk -fstrict-aliasing -Wdeprecated-declarations -Wno-sign-conversion -Wno-infinite-recursion -Wno-comma -Wno-block-capture-autoreleasing -Wno-strict-prototypes -Wno-semicolon-before-method-body -index-store-path /Users/admin/builder/spi-builder-workspace/.derivedData/Index.noindex/DataStore @/Users/admin/builder/spi-builder-workspace/.derivedData/Build/Intermediates.noindex/JJLISO8601DateFormatter.build/Debug-watchos/JJLISO8601DateFormatter-t.build/Objects-normal/arm64_32/7187679823f38a2a940e0043cdf9d637-common-args.resp -MMD -MT dependencies -MF /Users/admin/builder/spi-builder-workspace/.derivedData/Build/Intermediates.noindex/JJLISO8601DateFormatter.build/Debug-watchos/JJLISO8601DateFormatter-t.build/Objects-normal/arm64_32/localtime.d --serialize-diagnostics /Users/admin/builder/spi-builder-workspace/.derivedData/Build/Intermediates.noindex/JJLISO8601DateFormatter.build/Debug-watchos/JJLISO8601DateFormatter-t.build/Objects-normal/arm64_32/localtime.dia -c /Users/admin/builder/spi-builder-workspace/.dependencies/checkouts/JJLISO8601DateFormatter/Sources/JJLISO8601DateFormatter/Vendor/tzdb/localtime.c -o /Users/admin/builder/spi-builder-workspace/.derivedData/Build/Intermediates.noindex/JJLISO8601DateFormatter.build/Debug-watchos/JJLISO8601DateFormatter-t.build/Objects-normal/arm64_32/localtime.o -index-unit-output-path /JJLISO8601DateFormatter.build/Debug-watchos/JJLISO8601DateFormatter-t.build/Objects-normal/arm64_32/localtime.o
CompileC /Users/admin/builder/spi-builder-workspace/.derivedData/Build/Intermediates.noindex/JJLISO8601DateFormatter.build/Debug-watchos/JJLISO8601DateFormatter-t.build/Objects-normal/arm64/localtime.o /Users/admin/builder/spi-builder-workspace/.dependencies/checkouts/JJLISO8601DateFormatter/Sources/JJLISO8601DateFormatter/Vendor/tzdb/localtime.c normal arm64 c com.apple.compilers.llvm.clang.1_0.compiler (in target 'JJLISO8601DateFormatter' from project 'JJLISO8601DateFormatter')
    cd /Users/admin/builder/spi-builder-workspace/.swiftpm/xcode

    Using response file: /Users/admin/builder/spi-builder-workspace/.derivedData/Build/Intermediates.noindex/JJLISO8601DateFormatter.build/Debug-watchos/JJLISO8601DateFormatter-t.build/Objects-normal/arm64/7187679823f38a2a940e0043cdf9d637-common-args.resp

    /Applications/Xcode-27.0.0-Release.Candidate.app/Contents/Developer/Toolchains/XcodeDefault.xctoolchain/usr/bin/clang -x c -ivfsstatcache /Users/admin/builder/spi-builder-workspace/.derivedData/SDKStatCaches.noindex/watchos27.0-24R360-e829b21a6f8c9b70876ba0858053c04477534ef55a1706bf4c1112bbb242f0a2.sdkstatcache -target arm64-apple-watchos9.0 -fmessage-length\=0 -fdiagnostics-show-note-include-stack -fmacro-backtrace-limit\=0 -fno-color-diagnostics -fmodules-prune-interval\=86400 -fmodules-prune-after\=345600 -fbuild-session-file\=/Users/admin/builder/spi-builder-workspace/.derivedData/ModuleCache.noindex/Session.modulevalidation -fmodules-validate-once-per-build-session -Wnon-modular-include-in-framework-module -Werror\=non-modular-include-in-framework-module -Wno-trigraphs -Wno-missing-field-initializers -Wno-missing-prototypes -Wno-return-type -Wno-missing-braces -Wparentheses -Wswitch -Wno-unused-function -Wno-unused-label -Wno-unused-parameter -Wno-unused-variable -Wunused-value -Wno-empty-body -Wno-uninitialized -Wno-unknown-pragmas -w -Wno-shadow -Wno-four-char-constants -Wno-conversion -Wno-constant-conversion -Wno-int-conversion -Wno-bool-conversion -Wno-enum-conversion -Wno-float-conversion -Wno-non-literal-null-conversion -Wno-objc-literal-conversion -Wshorten-64-to-32 -Wpointer-sign -Wno-newline-eof -Wno-implicit-fallthrough -isysroot /Applications/Xcode-27.0.0-Release.Candidate.app/Contents/Developer/Platforms/WatchOS.platform/Developer/SDKs/WatchOS27.0.sdk -fstrict-aliasing -Wdeprecated-declarations -Wno-sign-conversion -Wno-infinite-recursion -Wno-comma -Wno-block-capture-autoreleasing -Wno-strict-prototypes -Wno-semicolon-before-method-body -index-store-path /Users/admin/builder/spi-builder-workspace/.derivedData/Index.noindex/DataStore @/Users/admin/builder/spi-builder-workspace/.derivedData/Build/Intermediates.noindex/JJLISO8601DateFormatter.build/Debug-watchos/JJLISO8601DateFormatter-t.build/Objects-normal/arm64/7187679823f38a2a940e0043cdf9d637-common-args.resp -MMD -MT dependencies -MF /Users/admin/builder/spi-builder-workspace/.derivedData/Build/Intermediates.noindex/JJLISO8601DateFormatter.build/Debug-watchos/JJLISO8601DateFormatter-t.build/Objects-normal/arm64/localtime.d --serialize-diagnostics /Users/admin/builder/spi-builder-workspace/.derivedData/Build/Intermediates.noindex/JJLISO8601DateFormatter.build/Debug-watchos/JJLISO8601DateFormatter-t.build/Objects-normal/arm64/localtime.dia -c /Users/admin/builder/spi-builder-workspace/.dependencies/checkouts/JJLISO8601DateFormatter/Sources/JJLISO8601DateFormatter/Vendor/tzdb/localtime.c -o /Users/admin/builder/spi-builder-workspace/.derivedData/Build/Intermediates.noindex/JJLISO8601DateFormatter.build/Debug-watchos/JJLISO8601DateFormatter-t.build/Objects-normal/arm64/localtime.o -index-unit-output-path /JJLISO8601DateFormatter.build/Debug-watchos/JJLISO8601DateFormatter-t.build/Objects-normal/arm64/localtime.o
PrecompileModule /Users/admin/builder/spi-builder-workspace/.derivedData/Build/Intermediates.noindex/ExplicitPrecompiledModules/os_object-1M7FK29L37IQM3D5UGJB8O01J.scan
    cd /
    builtin-precompileModule /Users/admin/builder/spi-builder-workspace/.derivedData/Build/Intermediates.noindex/ExplicitPrecompiledModules/os_object-1M7FK29L37IQM3D5UGJB8O01J.scan
PrecompileModule /Users/admin/builder/spi-builder-workspace/.derivedData/Build/Intermediates.noindex/ExplicitPrecompiledModules/ObjectiveC-676UZX8FZB1QZZPKNUIVD1Z6F.scan
    cd /
    builtin-precompileModule /Users/admin/builder/spi-builder-workspace/.derivedData/Build/Intermediates.noindex/ExplicitPrecompiledModules/ObjectiveC-676UZX8FZB1QZZPKNUIVD1Z6F.scan
PrecompileModule /Users/admin/builder/spi-builder-workspace/.derivedData/Build/Intermediates.noindex/ExplicitPrecompiledModules/os_object-21SE6DHLNT34E1Q2U1XHSNJ2F.scan
    cd /
    builtin-precompileModule /Users/admin/builder/spi-builder-workspace/.derivedData/Build/Intermediates.noindex/ExplicitPrecompiledModules/os_object-21SE6DHLNT34E1Q2U1XHSNJ2F.scan
PrecompileModule /Users/admin/builder/spi-builder-workspace/.derivedData/Build/Intermediates.noindex/ExplicitPrecompiledModules/ObjectiveC-CA45MPA12DT4YZOS3NE4HJ1N8.scan
    cd /
    builtin-precompileModule /Users/admin/builder/spi-builder-workspace/.derivedData/Build/Intermediates.noindex/ExplicitPrecompiledModules/ObjectiveC-CA45MPA12DT4YZOS3NE4HJ1N8.scan
PrecompileModule /Users/admin/builder/spi-builder-workspace/.derivedData/Build/Intermediates.noindex/ExplicitPrecompiledModules/os_workgroup-74WW1HOKEAMGPNB8AP3QWH90Z.scan
    cd /
    builtin-precompileModule /Users/admin/builder/spi-builder-workspace/.derivedData/Build/Intermediates.noindex/ExplicitPrecompiledModules/os_workgroup-74WW1HOKEAMGPNB8AP3QWH90Z.scan
PrecompileModule /Users/admin/builder/spi-builder-workspace/.derivedData/Build/Intermediates.noindex/ExplicitPrecompiledModules/os_object-8YR65MDD54F31WYVQG30NAH22.scan
    cd /
    builtin-precompileModule /Users/admin/builder/spi-builder-workspace/.derivedData/Build/Intermediates.noindex/ExplicitPrecompiledModules/os_object-8YR65MDD54F31WYVQG30NAH22.scan
PrecompileModule /Users/admin/builder/spi-builder-workspace/.derivedData/Build/Intermediates.noindex/ExplicitPrecompiledModules/os_workgroup-EEV8RWR4W94HOSRN5TIXVMH5V.scan
    cd /
    builtin-precompileModule /Users/admin/builder/spi-builder-workspace/.derivedData/Build/Intermediates.noindex/ExplicitPrecompiledModules/os_workgroup-EEV8RWR4W94HOSRN5TIXVMH5V.scan
PrecompileModule /Users/admin/builder/spi-builder-workspace/.derivedData/Build/Intermediates.noindex/ExplicitPrecompiledModules/Dispatch-E2BFU31QIUA47WQYDMDVDGIGB.scan
    cd /
    builtin-precompileModule /Users/admin/builder/spi-builder-workspace/.derivedData/Build/Intermediates.noindex/ExplicitPrecompiledModules/Dispatch-E2BFU31QIUA47WQYDMDVDGIGB.scan
PrecompileModule /Users/admin/builder/spi-builder-workspace/.derivedData/Build/Intermediates.noindex/ExplicitPrecompiledModules/os_object-5PEWSQRABJSEO85A520BYG4ZA.scan
    cd /
    builtin-precompileModule /Users/admin/builder/spi-builder-workspace/.derivedData/Build/Intermediates.noindex/ExplicitPrecompiledModules/os_object-5PEWSQRABJSEO85A520BYG4ZA.scan
PrecompileModule /Users/admin/builder/spi-builder-workspace/.derivedData/Build/Intermediates.noindex/ExplicitPrecompiledModules/os_workgroup-9B39Z9AFNS04YLTX29WI6B9AE.scan
    cd /
    builtin-precompileModule /Users/admin/builder/spi-builder-workspace/.derivedData/Build/Intermediates.noindex/ExplicitPrecompiledModules/os_workgroup-9B39Z9AFNS04YLTX29WI6B9AE.scan
PrecompileModule /Users/admin/builder/spi-builder-workspace/.derivedData/Build/Intermediates.noindex/ExplicitPrecompiledModules/Dispatch-4BN9STMNEKU0B6Q2XCBYR0MO.scan
    cd /
    builtin-precompileModule /Users/admin/builder/spi-builder-workspace/.derivedData/Build/Intermediates.noindex/ExplicitPrecompiledModules/Dispatch-4BN9STMNEKU0B6Q2XCBYR0MO.scan
PrecompileModule /Users/admin/builder/spi-builder-workspace/.derivedData/Build/Intermediates.noindex/ExplicitPrecompiledModules/os_workgroup-PZRQ751DN54HYI158OXH8D7R.scan
    cd /
    builtin-precompileModule /Users/admin/builder/spi-builder-workspace/.derivedData/Build/Intermediates.noindex/ExplicitPrecompiledModules/os_workgroup-PZRQ751DN54HYI158OXH8D7R.scan
PrecompileModule /Users/admin/builder/spi-builder-workspace/.derivedData/Build/Intermediates.noindex/ExplicitPrecompiledModules/CoreFoundation-21KQC4G69X9RRATGP83RQO75M.scan
    cd /
    builtin-precompileModule /Users/admin/builder/spi-builder-workspace/.derivedData/Build/Intermediates.noindex/ExplicitPrecompiledModules/CoreFoundation-21KQC4G69X9RRATGP83RQO75M.scan
PrecompileModule /Users/admin/builder/spi-builder-workspace/.derivedData/Build/Intermediates.noindex/ExplicitPrecompiledModules/Dispatch-CR1PS97023ZM1NG6DJGSHYM9T.scan
    cd /
    builtin-precompileModule /Users/admin/builder/spi-builder-workspace/.derivedData/Build/Intermediates.noindex/ExplicitPrecompiledModules/Dispatch-CR1PS97023ZM1NG6DJGSHYM9T.scan
PrecompileModule /Users/admin/builder/spi-builder-workspace/.derivedData/Build/Intermediates.noindex/ExplicitPrecompiledModules/Dispatch-2EF87MRUD9MKLK9G71SRXZS5V.scan
    cd /
    builtin-precompileModule /Users/admin/builder/spi-builder-workspace/.derivedData/Build/Intermediates.noindex/ExplicitPrecompiledModules/Dispatch-2EF87MRUD9MKLK9G71SRXZS5V.scan
PrecompileModule /Users/admin/builder/spi-builder-workspace/.derivedData/Build/Intermediates.noindex/ExplicitPrecompiledModules/CoreFoundation-1SYVQ907NHJALXO8O42GH5BVK.scan
    cd /
    builtin-precompileModule /Users/admin/builder/spi-builder-workspace/.derivedData/Build/Intermediates.noindex/ExplicitPrecompiledModules/CoreFoundation-1SYVQ907NHJALXO8O42GH5BVK.scan
SwiftExplicitDependencyGeneratePcm arm64_32 /Users/admin/builder/spi-builder-workspace/.derivedData/SDKExplicitPrecompiledModules/ObjectiveC-6IJNELR2E80E7LUKESVCP2KET.pcm
PrecompileModule /Users/admin/builder/spi-builder-workspace/.derivedData/Build/Intermediates.noindex/ExplicitPrecompiledModules/CoreFoundation-SX798GSUGO9I1O8CLKZ2OTHK.scan
    cd /
    builtin-precompileModule /Users/admin/builder/spi-builder-workspace/.derivedData/Build/Intermediates.noindex/ExplicitPrecompiledModules/CoreFoundation-SX798GSUGO9I1O8CLKZ2OTHK.scan
PrecompileModule /Users/admin/builder/spi-builder-workspace/.derivedData/Build/Intermediates.noindex/ExplicitPrecompiledModules/CoreFoundation-9AO6XIBF54JIFKH8N5WYTPRZE.scan
    cd /
    builtin-precompileModule /Users/admin/builder/spi-builder-workspace/.derivedData/Build/Intermediates.noindex/ExplicitPrecompiledModules/CoreFoundation-9AO6XIBF54JIFKH8N5WYTPRZE.scan
CompileC /Users/admin/builder/spi-builder-workspace/.derivedData/Build/Intermediates.noindex/JJLISO8601DateFormatter.build/Debug-watchos/JJLISO8601DateFormatter-t.build/Objects-normal/arm64/JJLInternal.o /Users/admin/builder/spi-builder-workspace/.dependencies/checkouts/JJLISO8601DateFormatter/Sources/JJLISO8601DateFormatter/JJLInternal.c normal arm64 c com.apple.compilers.llvm.clang.1_0.compiler (in target 'JJLISO8601DateFormatter' from project 'JJLISO8601DateFormatter')
    cd /Users/admin/builder/spi-builder-workspace/.swiftpm/xcode

    Using response file: /Users/admin/builder/spi-builder-workspace/.derivedData/Build/Intermediates.noindex/JJLISO8601DateFormatter.build/Debug-watchos/JJLISO8601DateFormatter-t.build/Objects-normal/arm64/7187679823f38a2a940e0043cdf9d637-common-args.resp

    /Applications/Xcode-27.0.0-Release.Candidate.app/Contents/Developer/Toolchains/XcodeDefault.xctoolchain/usr/bin/clang -x c -ivfsstatcache /Users/admin/builder/spi-builder-workspace/.derivedData/SDKStatCaches.noindex/watchos27.0-24R360-e829b21a6f8c9b70876ba0858053c04477534ef55a1706bf4c1112bbb242f0a2.sdkstatcache -target arm64-apple-watchos9.0 -fmessage-length\=0 -fdiagnostics-show-note-include-stack -fmacro-backtrace-limit\=0 -fno-color-diagnostics -fmodules-prune-interval\=86400 -fmodules-prune-after\=345600 -fbuild-session-file\=/Users/admin/builder/spi-builder-workspace/.derivedData/ModuleCache.noindex/Session.modulevalidation -fmodules-validate-once-per-build-session -Wnon-modular-include-in-framework-module -Werror\=non-modular-include-in-framework-module -Wno-trigraphs -Wno-missing-field-initializers -Wno-missing-prototypes -Wno-return-type -Wno-missing-braces -Wparentheses -Wswitch -Wno-unused-function -Wno-unused-label -Wno-unused-parameter -Wno-unused-variable -Wunused-value -Wno-empty-body -Wno-uninitialized -Wno-unknown-pragmas -w -Wno-shadow -Wno-four-char-constants -Wno-conversion -Wno-constant-conversion -Wno-int-conversion -Wno-bool-conversion -Wno-enum-conversion -Wno-float-conversion -Wno-non-literal-null-conversion -Wno-objc-literal-conversion -Wshorten-64-to-32 -Wpointer-sign -Wno-newline-eof -Wno-implicit-fallthrough -isysroot /Applications/Xcode-27.0.0-Release.Candidate.app/Contents/Developer/Platforms/WatchOS.platform/Developer/SDKs/WatchOS27.0.sdk -fstrict-aliasing -Wdeprecated-declarations -Wno-sign-conversion -Wno-infinite-recursion -Wno-comma -Wno-block-capture-autoreleasing -Wno-strict-prototypes -Wno-semicolon-before-method-body -index-store-path /Users/admin/builder/spi-builder-workspace/.derivedData/Index.noindex/DataStore @/Users/admin/builder/spi-builder-workspace/.derivedData/Build/Intermediates.noindex/JJLISO8601DateFormatter.build/Debug-watchos/JJLISO8601DateFormatter-t.build/Objects-normal/arm64/7187679823f38a2a940e0043cdf9d637-common-args.resp -MMD -MT dependencies -MF /Users/admin/builder/spi-builder-workspace/.derivedData/Build/Intermediates.noindex/JJLISO8601DateFormatter.build/Debug-watchos/JJLISO8601DateFormatter-t.build/Objects-normal/arm64/JJLInternal.d --serialize-diagnostics /Users/admin/builder/spi-builder-workspace/.derivedData/Build/Intermediates.noindex/JJLISO8601DateFormatter.build/Debug-watchos/JJLISO8601DateFormatter-t.build/Objects-normal/arm64/JJLInternal.dia -c /Users/admin/builder/spi-builder-workspace/.dependencies/checkouts/JJLISO8601DateFormatter/Sources/JJLISO8601DateFormatter/JJLInternal.c -o /Users/admin/builder/spi-builder-workspace/.derivedData/Build/Intermediates.noindex/JJLISO8601DateFormatter.build/Debug-watchos/JJLISO8601DateFormatter-t.build/Objects-normal/arm64/JJLInternal.o -index-unit-output-path /JJLISO8601DateFormatter.build/Debug-watchos/JJLISO8601DateFormatter-t.build/Objects-normal/arm64/JJLInternal.o
In file included from /Users/admin/builder/spi-builder-workspace/.dependencies/checkouts/JJLISO8601DateFormatter/Sources/JJLISO8601DateFormatter/JJLInternal.c:3:
/Users/admin/builder/spi-builder-workspace/.dependencies/checkouts/JJLISO8601DateFormatter/Sources/JJLISO8601DateFormatter/Vendor/tzdb/tzfile__.h:47:1: error: missing '#include <sys/_types/_ssize_t.h>'; 'ssize_t' must be declared before it is used
   47 | ssize_t jjl_saferead(int fd, void *buffer, size_t nbytes);
      | ^
In module '_DarwinFoundation2' imported from /Applications/Xcode-27.0.0-Release.Candidate.app/Contents/Developer/Platforms/WatchOS.platform/Developer/SDKs/WatchOS27.0.sdk/usr/include/time.h:63:
/Applications/Xcode-27.0.0-Release.Candidate.app/Contents/Developer/Platforms/WatchOS.platform/Developer/SDKs/WatchOS27.0.sdk/usr/include/sys/_types/_ssize_t.h:31:33: note: declaration here is not visible
   31 | typedef __darwin_ssize_t        ssize_t;
      |                                 ^
1 error generated.
Failed frontend command:
/Applications/Xcode-27.0.0-Release.Candidate.app/Contents/Developer/Toolchains/XcodeDefault.xctoolchain/usr/bin/clang -cc1 -Wundef-prefix\=TARGET_OS_ -fdiagnostics-show-note-include-stack -fmacro-backtrace-limit\=0 -w -ferror-limit 19 -serialize-diagnostic-file /Users/admin/builder/spi-builder-workspace/.derivedData/Build/Intermediates.noindex/JJLISO8601DateFormatter.build/Debug-watchos/JJLISO8601DateFormatter-t.build/Objects-normal/arm64/JJLInternal.dia -Wdeprecated-objc-isa-usage -Werror\=deprecated-objc-isa-usage -Werror\=implicit-function-declaration -Wnon-modular-include-in-framework-module -Werror\=non-modular-include-in-framework-module -Wno-trigraphs -Wno-missing-field-initializers -Wno-missing-prototypes -Wno-return-type -Wno-missing-braces -Wparentheses -Wswitch -Wno-unused-function -Wno-unused-label -Wno-unused-parameter -Wno-unused-variable -Wunused-value -Wno-empty-body -Wno-uninitialized -Wno-unknown-pragmas -Wno-shadow -Wno-four-char-constants -Wno-conversion -Wno-constant-conversion -Wno-int-conversion -Wno-bool-conversion -Wno-enum-conversion -Wno-float-conversion -Wno-non-literal-null-conversion -Wno-objc-literal-conversion -Wshorten-64-to-32 -Wpointer-sign -Wno-newline-eof -Wno-implicit-fallthrough -Wdeprecated-declarations -Wno-sign-conversion -Wno-infinite-recursion -Wno-comma -Wno-block-capture-autoreleasing -Wno-strict-prototypes -Wno-semicolon-before-method-body -Wno-elaborated-enum-base -Wno-error\=allocator-wrappers -index-store-path /Users/admin/builder/spi-builder-workspace/.derivedData/Index.noindex/DataStore -index-unit-output-path /JJLISO8601DateFormatter.build/Debug-watchos/JJLISO8601DateFormatter-t.build/Objects-normal/arm64/JJLInternal.o -fmodule-map-file\=/Applications/Xcode-27.0.0-Release.Candidate.app/Contents/Developer/Platforms/WatchOS.platform/Developer/SDKs/WatchOS.sdk/usr/include/DarwinFoundation1.modulemap -fmodule-map-file\=/Applications/Xcode-27.0.0-Release.Candidate.app/Contents/Developer/Platforms/WatchOS.platform/Developer/SDKs/WatchOS.sdk/usr/include/DarwinFoundation2.modulemap -fmodule-map-file\=/Applications/Xcode-27.0.0-Release.Candidate.app/Contents/Developer/Toolchains/XcodeDefault.xctoolchain/usr/lib/clang/21/include/module.modulemap -fmodule-map-file\=/Applications/Xcode-27.0.0-Release.Candidate.app/Contents/Developer/Platforms/WatchOS.platform/Developer/SDKs/WatchOS.sdk/usr/include/DarwinFoundation3.modulemap -fmodule-map-file\=/Applications/Xcode-27.0.0-Release.Candidate.app/Contents/Developer/Platforms/WatchOS.platform/Developer/SDKs/WatchOS.sdk/usr/include/dispatch.modulemap -fmodule-map-file\=/Applications/Xcode-27.0.0-Release.Candidate.app/Contents/Developer/Platforms/WatchOS.platform/Developer/SDKs/WatchOS.sdk/System/Library/Frameworks/CoreFoundation.framework/Modules/module.modulemap -o /Users/admin/builder/spi-builder-workspace/.derivedData/Build/Intermediates.noindex/JJLISO8601DateFormatter.build/Debug-watchos/JJLISO8601DateFormatter-t.build/Objects-normal/arm64/JJLInternal.o -disable-free -emit-obj -x c /Users/admin/builder/spi-builder-workspace/.dependencies/checkouts/JJLISO8601DateFormatter/Sources/JJLISO8601DateFormatter/JJLInternal.c -target-abi darwinpcs -target-cpu apple-s9 -target-feature +v8.6a -target-feature +aes -target-feature +bf16 -target-feature +complxnum -target-feature +crc -target-feature +dotprod -target-feature +fp-armv8 -target-feature +fp16fml -target-feature +fpac -target-feature +fullfp16 -target-feature +hcx -target-feature +i8mm -target-feature +jsconv -target-feature +lse -target-feature +neon -target-feature +pauth -target-feature +perfmon -target-feature +ras -target-feature +rcpc -target-feature +rdm -target-feature +sha2 -target-feature +sha3 -target-feature +ssbs -triple arm64-apple-watchos9.0.0 -target-linker-version 1166.2 -target-sdk-version\=27.0 -fmodules-validate-system-headers -fno-modulemap-allow-subdirectory-search -isysroot /Applications/Xcode-27.0.0-Release.Candidate.app/Contents/Developer/Platforms/WatchOS.platform/Developer/SDKs/WatchOS27.0.sdk -resource-dir /Applications/Xcode-27.0.0-Release.Candidate.app/Contents/Developer/Toolchains/XcodeDefault.xctoolchain/usr/lib/clang/21 -fmodule-format\=obj -fmodule-file\=CoreFoundation\=/Users/admin/builder/spi-builder-workspace/.derivedData/Build/Intermediates.noindex/ExplicitPrecompiledModules/CoreFoundation-21KQC4G69X9RRATGP83RQO75M.pcm -fmodule-file\=Dispatch\=/Users/admin/builder/spi-builder-workspace/.derivedData/Build/Intermediates.noindex/ExplicitPrecompiledModules/Dispatch-E2BFU31QIUA47WQYDMDVDGIGB.pcm -fmodule-file\=_Builtin_limits\=/Users/admin/builder/spi-builder-workspace/.derivedData/Build/Intermediates.noindex/ExplicitPrecompiledModules/_Builtin_limits-B1V334UN69GXU1GZ11U3S75L6.pcm -fmodule-file\=_DarwinFoundation1\=/Users/admin/builder/spi-builder-workspace/.derivedData/Build/Intermediates.noindex/ExplicitPrecompiledModules/_DarwinFoundation1-271C6YMHKE2T7B31M2WB81V4X.pcm -fmodule-file\=_DarwinFoundation2\=/Users/admin/builder/spi-builder-workspace/.derivedData/Build/Intermediates.noindex/ExplicitPrecompiledModules/_DarwinFoundation2-97B3A1VFJWM3XXNSKJIWN1MUQ.pcm -fmodule-file\=_DarwinFoundation3\=/Users/admin/builder/spi-builder-workspace/.derivedData/Build/Intermediates.noindex/ExplicitPrecompiledModules/_DarwinFoundation3-AEQ8M866EXUQLRMRTUGOCYYV3.pcm -I /Users/admin/builder/spi-builder-workspace/.derivedData/Build/Products/Debug-watchos/include -I /Users/admin/builder/spi-builder-workspace/.dependencies/checkouts/JJLISO8601DateFormatter/Sources/JJLISO8601DateFormatter/include -I /Users/admin/builder/spi-builder-workspace/.derivedData/Build/Intermediates.noindex/JJLISO8601DateFormatter.build/Debug-watchos/JJLISO8601DateFormatter-t.build/DerivedSources-normal/arm64 -I /Users/admin/builder/spi-builder-workspace/.derivedData/Build/Intermediates.noindex/JJLISO8601DateFormatter.build/Debug-watchos/JJLISO8601DateFormatter-t.build/DerivedSources/arm64 -I /Users/admin/builder/spi-builder-workspace/.derivedData/Build/Intermediates.noindex/JJLISO8601DateFormatter.build/Debug-watchos/JJLISO8601DateFormatter-t.build/DerivedSources -F /Users/admin/builder/spi-builder-workspace/.derivedData/Build/Products/Debug-watchos -iframework /Applications/Xcode-27.0.0-Release.Candidate.app/Contents/Developer/Platforms/WatchOS.platform/Developer/Library/Frameworks -iframework /Applications/Xcode-27.0.0-Release.Candidate.app/Contents/Developer/Platforms/WatchOS.platform/Developer/SDKs/WatchOS27.0.sdk/Developer/Library/Frameworks -internal-isystem /Applications/Xcode-27.0.0-Release.Candidate.app/Contents/Developer/Platforms/WatchOS.platform/Developer/SDKs/WatchOS27.0.sdk/usr/local/include -internal-isystem /Applications/Xcode-27.0.0-Release.Candidate.app/Contents/Developer/Toolchains/XcodeDefault.xctoolchain/usr/lib/clang/21/include -internal-externc-isystem /Applications/Xcode-27.0.0-Release.Candidate.app/Contents/Developer/Platforms/WatchOS.platform/Developer/SDKs/WatchOS27.0.sdk/usr/include -internal-externc-isystem /Applications/Xcode-27.0.0-Release.Candidate.app/Contents/Developer/Toolchains/XcodeDefault.xctoolchain/usr/include -internal-iframework /Applications/Xcode-27.0.0-Release.Candidate.app/Contents/Developer/Platforms/WatchOS.platform/Developer/SDKs/WatchOS27.0.sdk/System/Library/Frameworks -internal-iframework /Applications/Xcode-27.0.0-Release.Candidate.app/Contents/Developer/Platforms/WatchOS.platform/Developer/SDKs/WatchOS27.0.sdk/System/Library/SubFrameworks -internal-iframework /Applications/Xcode-27.0.0-Release.Candidate.app/Contents/Developer/Platforms/WatchOS.platform/Developer/SDKs/WatchOS27.0.sdk/Library/Frameworks -ivfsstatcache /Users/admin/builder/spi-builder-workspace/.derivedData/SDKStatCaches.noindex/watchos27.0-24R360-e829b21a6f8c9b70876ba0858053c04477534ef55a1706bf4c1112bbb242f0a2.sdkstatcache -std\=gnu17 -fskip-odr-check-in-gmf -fmodules -fmodule-name\=JJLISO8601DateFormatter -fno-implicit-modules -fmax-type-align\=16 -fpascal-strings -fstack-check -fvisibility-inlines-hidden-static-local-var -mdarwin-stkchk-strong-link -fno-odr-hash-protocols -pic-level 2 -fencode-extended-block-signature -stack-protector 1 -fgnuc-version\=4.2.1 -fblocks -fno-convergent-functions -ffp-contract\=on -fclang-abi-compat\=4.0 -fno-experimental-relative-c++-abi-vtables -fno-file-reproducible -clang-vendor-feature\=+disableNonDependentMemberExprInCurrentInstantiation -clang-vendor-feature\=+enableAggressiveVLAFolding -clang-vendor-feature\=+revert09abecef7bbf -clang-vendor-feature\=+thisNoAlignAttr -clang-vendor-feature\=+thisNoNullAttr -clang-vendor-feature\=+disableAtImportPrivateFrameworkInImplementationError -O0 -fno-assume-unique-vtables -fdebug-compilation-dir\=/Users/admin/builder/spi-builder-workspace/.swiftpm/xcode -fcoverage-compilation-dir\=/Users/admin/builder/spi-builder-workspace/.swiftpm/xcode -fcommon -fdwarf2-cfi-asm -fobjc-msgsend-selector-stubs -fregister-global-dtors-with-atexit -fno-strict-return -dwarf-version\=4 -debugger-tuning\=lldb -disable-llvm-verifier -dwarf-ext-refs -funwind-tables\=1 -enable-tlsdesc -clear-ast-before-backend -discard-value-names -main-file-name JJLInternal.c -mframe-pointer\=non-leaf -debug-info-kind\=standalone -fno-loop-interchange -fdiagnostics-hotness-threshold\=0 -fdiagnostics-misexpect-tolerance\=0 -D DEBUG\=1 -D SWIFT_PACKAGE -D Xcode -fdefine-target-os-macros -MT dependencies -dependency-file /Users/admin/builder/spi-builder-workspace/.derivedData/Build/Intermediates.noindex/JJLISO8601DateFormatter.build/Debug-watchos/JJLISO8601DateFormatter-t.build/Objects-normal/arm64/JJLInternal.d -skip-unused-modulemap-deps -module-file-deps\=direct -fdepfile-entry\=/Applications/Xcode-27.0.0-Release.Candidate.app/Contents/Developer/Platforms/WatchOS.platform/Developer/SDKs/WatchOS27.0.sdk/SDKSettings.json
SwiftExplicitDependencyGeneratePcm arm64 /Users/admin/builder/spi-builder-workspace/.derivedData/SDKExplicitPrecompiledModules/ObjectiveC-72IVD3VS2RS8Q28D9PIMY0KQP.pcm
PruneExplicitPrecompiledModules /Users/admin/builder/spi-builder-workspace/.derivedData/SDKExplicitPrecompiledModules
PruneExplicitPrecompiledModules /Users/admin/builder/spi-builder-workspace/.derivedData/Build/Intermediates.noindex/ExplicitPrecompiledModules
PruneExplicitPrecompiledModules /Users/admin/builder/spi-builder-workspace/.derivedData/Build/Intermediates.noindex/SwiftExplicitPrecompiledModules
2026-09-18 22:54:04.386 xcodebuild[837:5070] [MT] IDERunDestination: Supported platforms for the buildables in the current scheme is empty.
2026-09-18 22:54:04.489 xcodebuild[837:5070] [MT] IDERunDestination: Supported platforms for the buildables in the current scheme is empty.
** BUILD FAILED **
The following build commands failed:
	CompileC /Users/admin/builder/spi-builder-workspace/.derivedData/Build/Intermediates.noindex/JJLISO8601DateFormatter.build/Debug-watchos/JJLISO8601DateFormatter-t.build/Objects-normal/arm64/JJLInternal.o /Users/admin/builder/spi-builder-workspace/.dependencies/checkouts/JJLISO8601DateFormatter/Sources/JJLISO8601DateFormatter/JJLInternal.c normal arm64 c com.apple.compilers.llvm.clang.1_0.compiler (in target 'JJLISO8601DateFormatter' from project 'JJLISO8601DateFormatter')
	Building workspace ARHeadsetKit with scheme ARHeadsetKit
(2 failures)
Command line invocation:
    /Applications/Xcode-27.0.0-Release.Candidate.app/Contents/Developer/usr/bin/xcodebuild -IDEClonedSourcePackagesDirPathOverride=/Users/admin/builder/spi-builder-workspace/.dependencies -resolvePackageDependencies
Resolve Package Graph
Resolved source packages:
  ZippyJSONCFamily: https://github.com/michaeleisel/ZippyJSONCFamily @ 1.2.4
  ARHeadsetKit: /Users/admin/builder/spi-builder-workspace
  DeviceKit: https://github.com/devicekit/DeviceKit @ master (769a8ae)
  ZippyJSON: https://github.com/michaeleisel/ZippyJSON @ master (71a46d3)
  JJLISO8601DateFormatter: https://github.com/michaeleisel/JJLISO8601DateFormatter @ 0.1.4
resolved source packages: ZippyJSONCFamily, ARHeadsetKit, DeviceKit, ZippyJSON, JJLISO8601DateFormatter
2026-09-18 22:54:12.375 xcodebuild[1040:5882] [MT] IDERunDestination: Supported platforms for the buildables in the current scheme is empty.
2026-09-18 22:54:12.478 xcodebuild[1040:5882] [MT] IDERunDestination: Supported platforms for the buildables in the current scheme is empty.
{
  "dependencies" : [
    {
      "identity" : "devicekit",
      "requirement" : {
        "branch" : [
          "master"
        ]
      },
      "type" : "sourceControl",
      "url" : "https://github.com/devicekit/DeviceKit"
    },
    {
      "identity" : "zippyjson",
      "requirement" : {
        "branch" : [
          "master"
        ]
      },
      "type" : "sourceControl",
      "url" : "https://github.com/michaeleisel/ZippyJSON"
    }
  ],
  "manifest_display_name" : "ARHeadsetKit",
  "name" : "ARHeadsetKit",
  "path" : "/Users/admin/builder/spi-builder-workspace",
  "platforms" : [
    {
      "name" : "ios",
      "version" : "14.0"
    },
    {
      "name" : "macos",
      "version" : "11.0"
    }
  ],
  "products" : [
    {
      "name" : "ARHeadsetKit",
      "targets" : [
        "ARHeadsetKit"
      ],
      "type" : {
        "library" : [
          "automatic"
        ]
      }
    }
  ],
  "targets" : [
    {
      "c99name" : "ARHeadsetKitTests",
      "module_type" : "SwiftTarget",
      "name" : "ARHeadsetKitTests",
      "path" : "Tests/ARHeadsetKitTests",
      "sources" : [
        "ARHeadsetKitTests.swift"
      ],
      "target_dependencies" : [
        "ARHeadsetKit"
      ],
      "type" : "test"
    },
    {
      "c99name" : "ARHeadsetKit",
      "module_type" : "SwiftTarget",
      "name" : "ARHeadsetKit",
      "path" : "Sources/ARHeadsetKit",
      "product_dependencies" : [
        "DeviceKit",
        "ZippyJSON"
      ],
      "product_memberships" : [
        "ARHeadsetKit"
      ],
      "resources" : [
        {
          "path" : "/Users/admin/builder/spi-builder-workspace/Sources/ARHeadsetKit/Central Rendering/CentralRendering.metal",
          "rule" : {
            "process" : {
            }
          }
        },
        {
          "path" : "/Users/admin/builder/spi-builder-workspace/Sources/ARHeadsetKit/Hand Reconstruction/Detection/HandDetection.metal",
          "rule" : {
            "process" : {
            }
          }
        },
        {
          "path" : "/Users/admin/builder/spi-builder-workspace/Sources/ARHeadsetKit/Hand Reconstruction/Optical Flow Measurement/OpticalFlowMeasurement.metal",
          "rule" : {
            "process" : {
            }
          }
        },
        {
          "path" : "/Users/admin/builder/spi-builder-workspace/Sources/ARHeadsetKit/Interface Rendering/AR Interface/Font Handle/SignedDistanceFieldCreation.metal",
          "rule" : {
            "process" : {
            }
          }
        },
        {
          "path" : "/Users/admin/builder/spi-builder-workspace/Sources/ARHeadsetKit/Interface Rendering/AR Interface/InterfacePreprocessing.metal",
          "rule" : {
            "process" : {
            }
          }
        },
        {
          "path" : "/Users/admin/builder/spi-builder-workspace/Sources/ARHeadsetKit/Interface Rendering/AR Interface/InterfaceRendering.metal",
          "rule" : {
            "process" : {
            }
          }
        },
        {
          "path" : "/Users/admin/builder/spi-builder-workspace/Sources/ARHeadsetKit/Interface Rendering/AR Interface/InterfaceSurfaceMeshIndices.data",
          "rule" : {
            "copy" : {
            }
          }
        },
        {
          "path" : "/Users/admin/builder/spi-builder-workspace/Sources/ARHeadsetKit/Scene Reconstruction/Culling/SceneCulling.metal",
          "rule" : {
            "process" : {
            }
          }
        },
        {
          "path" : "/Users/admin/builder/spi-builder-workspace/Sources/ARHeadsetKit/Scene Reconstruction/Occlusion Testing/SceneColorUpdate.metal",
          "rule" : {
            "process" : {
            }
          }
        },
        {
          "path" : "/Users/admin/builder/spi-builder-workspace/Sources/ARHeadsetKit/Scene Reconstruction/Occlusion Testing/SceneOcclusionTesting.metal",
          "rule" : {
            "process" : {
            }
          }
        },
        {
          "path" : "/Users/admin/builder/spi-builder-workspace/Sources/ARHeadsetKit/Scene Reconstruction/Reconstruction/Duplicate Removal/SceneDuplicateRemoval.metal",
          "rule" : {
            "process" : {
            }
          }
        },
        {
          "path" : "/Users/admin/builder/spi-builder-workspace/Sources/ARHeadsetKit/Scene Reconstruction/Reconstruction/Mesh Matching/First Match/FirstSceneMeshMatch.metal",
          "rule" : {
            "process" : {
            }
          }
        },
        {
          "path" : "/Users/admin/builder/spi-builder-workspace/Sources/ARHeadsetKit/Scene Reconstruction/Reconstruction/Mesh Matching/Second Match/SecondSceneMeshMatch.metal",
          "rule" : {
            "process" : {
            }
          }
        },
        {
          "path" : "/Users/admin/builder/spi-builder-workspace/Sources/ARHeadsetKit/Scene Reconstruction/Reconstruction/Mesh Matching/Third Match/ThirdSceneMeshMatch.metal",
          "rule" : {
            "process" : {
            }
          }
        },
        {
          "path" : "/Users/admin/builder/spi-builder-workspace/Sources/ARHeadsetKit/Scene Reconstruction/Reconstruction/Mesh Reduction/SceneMeshReduction.metal",
          "rule" : {
            "process" : {
            }
          }
        },
        {
          "path" : "/Users/admin/builder/spi-builder-workspace/Sources/ARHeadsetKit/Scene Reconstruction/Reconstruction/Sorting/First Sort/FirstSceneSort.metal",
          "rule" : {
            "process" : {
            }
          }
        },
        {
          "path" : "/Users/admin/builder/spi-builder-workspace/Sources/ARHeadsetKit/Scene Reconstruction/Reconstruction/Sorting/Fourth Sort/FourthSceneSort.metal",
          "rule" : {
            "process" : {
            }
          }
        },
        {
          "path" : "/Users/admin/builder/spi-builder-workspace/Sources/ARHeadsetKit/Scene Reconstruction/Reconstruction/Sorting/Second Sort/SecondSceneSort.metal",
          "rule" : {
            "process" : {
            }
          }
        },
        {
          "path" : "/Users/admin/builder/spi-builder-workspace/Sources/ARHeadsetKit/Scene Reconstruction/Reconstruction/Sorting/Third Sort/ThirdSceneSort.metal",
          "rule" : {
            "process" : {
            }
          }
        },
        {
          "path" : "/Users/admin/builder/spi-builder-workspace/Sources/ARHeadsetKit/Scene Reconstruction/Reconstruction/Texel Management/SceneTexelManagement.metal",
          "rule" : {
            "process" : {
            }
          }
        },
        {
          "path" : "/Users/admin/builder/spi-builder-workspace/Sources/ARHeadsetKit/Scene Reconstruction/Reconstruction/Texel Rasterization/SceneTexelRasterization.metal",
          "rule" : {
            "process" : {
            }
          }
        },
        {
          "path" : "/Users/admin/builder/spi-builder-workspace/Sources/ARHeadsetKit/Scene Reconstruction/Scene Rendering (2D)/SceneRendering2D.metal",
          "rule" : {
            "process" : {
            }
          }
        },
        {
          "path" : "/Users/admin/builder/spi-builder-workspace/Sources/ARHeadsetKit/Scene Reconstruction/SceneRendering.metal",
          "rule" : {
            "process" : {
            }
          }
        },
        {
          "path" : "/Users/admin/builder/spi-builder-workspace/Sources/ARHeadsetKit/User Settings/Lens Distortion Correction/LensDistortionCorrection.metal",
          "rule" : {
            "process" : {
            }
          }
        }
      ],
      "sources" : [
        "ARHeadsetKit.swift",
        "App Setup/ARContentView.swift",
        "App Setup/AppCoordinator.swift",
        "App Setup/Touchscreen Interface/HeadsetViewSeparator.swift",
        "App Setup/Touchscreen Interface/MainSettingsView.swift",
        "App Setup/Touchscreen Interface/Settings Groups/InteractionSettingsView.swift",
        "App Setup/Touchscreen Interface/Settings Groups/LiDAREnabledSettingsView.swift",
        "App Setup/Touchscreen Interface/Settings Groups/RenderingSettingsView.swift",
        "App Setup/Touchscreen Interface/SettingsIconView.swift",
        "App Setup/Touchscreen Interface/Tutorials/AppTutorialView.swift",
        "App Setup/Touchscreen Interface/Tutorials/FlyingTutorialView.swift",
        "App Setup/Touchscreen Interface/Tutorials/HeadsetTutorialView.swift",
        "Central Rendering/AR Object/ARObject.swift",
        "Central Rendering/AR Object/ARObjectExtensions.swift",
        "Central Rendering/AR Object/RayTracing.swift",
        "Central Rendering/Central Shape Container/CentralShapeContainer.swift",
        "Central Rendering/Central Shape Container/CentralShapeContainerExtensions.swift",
        "Central Rendering/CentralRenderer.swift",
        "Central Rendering/CentralRendererExtensions.swift",
        "Central Rendering/Shapes/CentralShape.swift",
        "Central Rendering/Shapes/Polyhedral Shapes/CentralCube.swift",
        "Central Rendering/Shapes/Polyhedral Shapes/CentralOctahedron.swift",
        "Central Rendering/Shapes/Polyhedral Shapes/CentralSquarePyramid.swift",
        "Central Rendering/Shapes/Round Shapes/CentralCone.swift",
        "Central Rendering/Shapes/Round Shapes/CentralCylinder.swift",
        "Central Rendering/Shapes/Round Shapes/CentralSphere.swift",
        "Hand Reconstruction/Detection/HandDetection.swift",
        "Hand Reconstruction/Detection/HandDetectionUtilities.swift",
        "Hand Reconstruction/Hand Rendering (2D)/HandRenderer2D.swift",
        "Hand Reconstruction/Hand Rendering (2D)/HandRenderer2DExtensions.swift",
        "Hand Reconstruction/HandRenderer.swift",
        "Hand Reconstruction/HandRendererExtensions.swift",
        "Hand Reconstruction/Model Fitting/Hand.swift",
        "Hand Reconstruction/Model Fitting/HandAngleTracker.swift",
        "Hand Reconstruction/Model Fitting/HandLengths.swift",
        "Hand Reconstruction/Model Fitting/HandModelFitter.swift",
        "Hand Reconstruction/Model Fitting/HandOrientationTracker.swift",
        "Hand Reconstruction/Optical Flow Measurement/OpticalFlowMeasurementExecution.swift",
        "Hand Reconstruction/Optical Flow Measurement/OpticalFlowMeasurer.swift",
        "Hand Reconstruction/Other/HandColorTracker.swift",
        "Hand Reconstruction/Other/HandParityTracker.swift",
        "Hand Reconstruction/Other/HandSamplingRateTracker.swift",
        "Hand Reconstruction/Reconstruction/Hand3DReconstructionExecution.swift",
        "Hand Reconstruction/Reconstruction/Hand3DReconstructionTypes.swift",
        "Hand Reconstruction/Reconstruction/Hand3DReconstructionUtilities.swift",
        "Interface Rendering/AR Interface/ARInterfaceElement.swift",
        "Interface Rendering/AR Interface/ARInterfaceElementExtensions.swift",
        "Interface Rendering/AR Interface/Font Handle/InterfaceFontCreation.swift",
        "Interface Rendering/AR Interface/Font Handle/InterfaceFontHandle.swift",
        "Interface Rendering/AR Interface/Font Handle/InterfaceFontSerialization.swift",
        "Interface Rendering/AR Interface/Paragraph/InterfaceParagraph.swift",
        "Interface Rendering/AR Interface/Paragraph/InterfaceParagraphCreation.swift",
        "Interface Rendering/InterfaceRenderer.swift",
        "Interface Rendering/InterfaceRendererExtensions.swift",
        "Main Renderer/Custom Renderer/ARMetalRenderCommandEncoder.swift",
        "Main Renderer/Custom Renderer/ARMetalRenderPipeline.swift",
        "Main Renderer/Custom Renderer/CustomRenderer.swift",
        "Main Renderer/MainRenderer.swift",
        "Main Renderer/MainRendererExtensions.swift",
        "Main Renderer/MainRenderingExecution.swift",
        "Other/Framework Extensions/Core Text/CoreTextExtensions.swift",
        "Other/Framework Extensions/DebuggingUtilities.swift",
        "Other/Framework Extensions/DeviceKit/DeviceMeasurementProvider.swift",
        "Other/Framework Extensions/DeviceKit/DeviceMeasurements.swift",
        "Other/Framework Extensions/DeviceKit/FutureDeviceMeasurements.swift",
        "Other/Framework Extensions/MemoryUtilities.swift",
        "Other/Framework Extensions/Metal/CoreVideoExtensions.swift",
        "Other/Framework Extensions/Metal/MTLLayeredBuffer.swift",
        "Other/Framework Extensions/Metal/MetalExtensions.swift",
        "Other/Framework Extensions/SwiftUIExtensions.swift",
        "Other/Framework Extensions/simd/MathUtilities.swift",
        "Other/Framework Extensions/simd/simdExtensions.swift",
        "Scene Reconstruction/Culling/SceneCuller.swift",
        "Scene Reconstruction/Culling/SceneCullingExecution.swift",
        "Scene Reconstruction/Occlusion Testing/SceneOcclusionTester.swift",
        "Scene Reconstruction/Occlusion Testing/SceneOcclusionTestingExecution.swift",
        "Scene Reconstruction/Reconstruction/Duplicate Removal/SceneDuplicateRemovalExecution.swift",
        "Scene Reconstruction/Reconstruction/Duplicate Removal/SceneDuplicateRemover.swift",
        "Scene Reconstruction/Reconstruction/Duplicate Removal/SceneDuplicateRemoverExtensions.swift",
        "Scene Reconstruction/Reconstruction/Mesh Matching/First Match/FirstSceneMeshMatch.swift",
        "Scene Reconstruction/Reconstruction/Mesh Matching/SceneMeshMatcher.swift",
        "Scene Reconstruction/Reconstruction/Mesh Matching/SceneMeshMatcherExtensions.swift",
        "Scene Reconstruction/Reconstruction/Mesh Matching/Second Match/SecondSceneMeshMatch.swift",
        "Scene Reconstruction/Reconstruction/Mesh Matching/Third Match/ThirdSceneMeshMatch.swift",
        "Scene Reconstruction/Reconstruction/Mesh Reduction/SceneMeshReducer.swift",
        "Scene Reconstruction/Reconstruction/Mesh Reduction/SceneMeshReducerExtensions.swift",
        "Scene Reconstruction/Reconstruction/Mesh Reduction/SceneMeshReductionExecution.swift",
        "Scene Reconstruction/Reconstruction/Sorting/First Sort/FirstSceneSortExecution.swift",
        "Scene Reconstruction/Reconstruction/Sorting/First Sort/FirstSceneSorter.swift",
        "Scene Reconstruction/Reconstruction/Sorting/Fourth Sort/FourthSceneSortExecution.swift",
        "Scene Reconstruction/Reconstruction/Sorting/Fourth Sort/FourthSceneSorter.swift",
        "Scene Reconstruction/Reconstruction/Sorting/Octree/OctreeNode.swift",
        "Scene Reconstruction/Reconstruction/Sorting/Octree/OctreeNodeExtensions.swift",
        "Scene Reconstruction/Reconstruction/Sorting/SceneSorter.swift",
        "Scene Reconstruction/Reconstruction/Sorting/SceneSorterExtensions.swift",
        "Scene Reconstruction/Reconstruction/Sorting/Second Sort/SecondSceneSortExecution.swift",
        "Scene Reconstruction/Reconstruction/Sorting/Second Sort/SecondSceneSorter.swift",
        "Scene Reconstruction/Reconstruction/Sorting/Third Sort/ThirdSceneSortExecution.swift",
        "Scene Reconstruction/Reconstruction/Sorting/Third Sort/ThirdSceneSorter.swift",
        "Scene Reconstruction/Reconstruction/Texel Management/SceneTexelManagementExecution.swift",
        "Scene Reconstruction/Reconstruction/Texel Management/SceneTexelManager.swift",
        "Scene Reconstruction/Reconstruction/Texel Management/SceneTexelManagerExtensions.swift",
        "Scene Reconstruction/Reconstruction/Texel Rasterization/SceneTexelRasterizationExecution.swift",
        "Scene Reconstruction/Reconstruction/Texel Rasterization/SceneTexelRasterizer.swift",
        "Scene Reconstruction/Scene Rendering (2D)/SceneRenderer2D.swift",
        "Scene Reconstruction/SceneRenderer.swift",
        "Scene Reconstruction/SceneRendererExtensions.swift",
        "User Settings/Camera Measurements/CameraMeasurements.swift",
        "User Settings/Camera Measurements/CameraMeasurementsExtensions.swift",
        "User Settings/Lens Distortion Correction/Configuration/LensDistortionSerialization.swift",
        "User Settings/Lens Distortion Correction/Configuration/LensDistortionUniforms.swift",
        "User Settings/Lens Distortion Correction/LensDistortionCorrectionExecution.swift",
        "User Settings/Lens Distortion Correction/LensDistortionCorrector.swift",
        "User Settings/Lens Distortion Correction/LensDistortionCorrectorExtensions.swift",
        "User Settings/Lens Distortion Correction/Optimized VRR Mapping/LensDistortionPipelineCreation.swift",
        "User Settings/Lens Distortion Correction/Optimized VRR Mapping/VRRMapPartitioning.swift",
        "User Settings/UserSettings.swift",
        "User Settings/UserSettingsSerialization.swift"
      ],
      "type" : "library"
    }
  ],
  "tools_version" : "5.5"
}
{
  "workspace" : {
    "name" : "ARHeadsetKit",
    "schemes" : [
      "ARHeadsetKit"
    ]
  }
}
2026-09-18 22:54:13.875 xcodebuild[1048:5949] [MT] IDERunDestination: Supported platforms for the buildables in the current scheme is empty.
2026-09-18 22:54:13.980 xcodebuild[1048:5949] [MT] IDERunDestination: Supported platforms for the buildables in the current scheme is empty.
Running build ...
env DEVELOPER_DIR=/Applications/Xcode-27.0.0-Release.Candidate.app xcrun xcodebuild -IDEClonedSourcePackagesDirPathOverride=$PWD/.dependencies -skipMacroValidation -skipPackagePluginValidation -derivedDataPath $PWD/.derivedData build -scheme ARHeadsetKit -destination generic/platform=watchOS
Command line invocation:
    /Applications/Xcode-27.0.0-Release.Candidate.app/Contents/Developer/usr/bin/xcodebuild -IDEClonedSourcePackagesDirPathOverride=/Users/admin/builder/spi-builder-workspace/.dependencies -skipMacroValidation -skipPackagePluginValidation -derivedDataPath /Users/admin/builder/spi-builder-workspace/.derivedData build -scheme ARHeadsetKit -destination generic/platform=watchOS
Resolve Package Graph
Resolved source packages:
  JJLISO8601DateFormatter: https://github.com/michaeleisel/JJLISO8601DateFormatter @ 0.1.4
  ARHeadsetKit: /Users/admin/builder/spi-builder-workspace
  ZippyJSONCFamily: https://github.com/michaeleisel/ZippyJSONCFamily @ 1.2.4
  ZippyJSON: https://github.com/michaeleisel/ZippyJSON @ master (71a46d3)
  DeviceKit: https://github.com/devicekit/DeviceKit @ master (769a8ae)
ComputePackagePrebuildTargetDependencyGraph
Prepare packages
CreateBuildRequest
SendProjectDescription
CreateBuildOperation
ComputeTargetDependencyGraph
note: Building targets in dependency order
note: Target dependency graph (10 targets)
    Target 'ARHeadsetKitTests-product' in project 'ARHeadsetKit'
        ➜ Explicit dependency on target 'ARHeadsetKit' in project 'ARHeadsetKit'
        ➜ Explicit dependency on target 'ZippyJSON-product' in project 'ZippyJSON'
    Target 'ARHeadsetKit-product' in project 'ARHeadsetKit'
        ➜ Explicit dependency on target 'ARHeadsetKit' in project 'ARHeadsetKit'
        ➜ Explicit dependency on target 'ARHeadsetKit_ARHeadsetKit' in project 'ARHeadsetKit'
        ➜ Explicit dependency on target 'ZippyJSON-product' in project 'ZippyJSON'
    Target 'ARHeadsetKit' in project 'ARHeadsetKit'
        ➜ Explicit dependency on target 'ARHeadsetKit_ARHeadsetKit' in project 'ARHeadsetKit'
        ➜ Explicit dependency on target 'ZippyJSON-product' in project 'ZippyJSON'
    Target 'ZippyJSON-product' in project 'ZippyJSON'
        ➜ Explicit dependency on target 'ZippyJSON' in project 'ZippyJSON'
        ➜ Explicit dependency on target 'ZippyJSONCFamily-product' in project 'ZippyJSONCFamily'
        ➜ Explicit dependency on target 'JJLISO8601DateFormatter-product' in project 'JJLISO8601DateFormatter'
    Target 'ZippyJSON' in project 'ZippyJSON'
        ➜ Explicit dependency on target 'ZippyJSONCFamily-product' in project 'ZippyJSONCFamily'
        ➜ Explicit dependency on target 'JJLISO8601DateFormatter-product' in project 'JJLISO8601DateFormatter'
    Target 'JJLISO8601DateFormatter-product' in project 'JJLISO8601DateFormatter'
        ➜ Explicit dependency on target 'JJLISO8601DateFormatter' in project 'JJLISO8601DateFormatter'
    Target 'JJLISO8601DateFormatter' in project 'JJLISO8601DateFormatter' (no dependencies)
    Target 'ZippyJSONCFamily-product' in project 'ZippyJSONCFamily'
        ➜ Explicit dependency on target 'ZippyJSONCFamily' in project 'ZippyJSONCFamily'
    Target 'ZippyJSONCFamily' in project 'ZippyJSONCFamily' (no dependencies)
    Target 'ARHeadsetKit_ARHeadsetKit' in project 'ARHeadsetKit' (no dependencies)
GatherProvisioningInputs
CreateBuildDescription
ClangStatCache /Applications/Xcode-27.0.0-Release.Candidate.app/Contents/Developer/Toolchains/XcodeDefault.xctoolchain/usr/bin/clang-stat-cache /Applications/Xcode-27.0.0-Release.Candidate.app/Contents/Developer/Platforms/WatchOS.platform/Developer/SDKs/WatchOS27.0.sdk /Users/admin/builder/spi-builder-workspace/.derivedData/SDKStatCaches.noindex/watchos27.0-24R360-e829b21a6f8c9b70876ba0858053c04477534ef55a1706bf4c1112bbb242f0a2.sdkstatcache
    cd /Users/admin/builder/spi-builder-workspace/.swiftpm/xcode
    /Applications/Xcode-27.0.0-Release.Candidate.app/Contents/Developer/Toolchains/XcodeDefault.xctoolchain/usr/bin/clang-stat-cache /Applications/Xcode-27.0.0-Release.Candidate.app/Contents/Developer/Platforms/WatchOS.platform/Developer/SDKs/WatchOS27.0.sdk -o /Users/admin/builder/spi-builder-workspace/.derivedData/SDKStatCaches.noindex/watchos27.0-24R360-e829b21a6f8c9b70876ba0858053c04477534ef55a1706bf4c1112bbb242f0a2.sdkstatcache
CompileMetalFile /Users/admin/builder/spi-builder-workspace/Sources/ARHeadsetKit/Other/Metal\ Utilities/Private/MemoryUtilities.metal (in target 'ARHeadsetKit_ARHeadsetKit' from project 'ARHeadsetKit')
    cd /Users/admin/builder/spi-builder-workspace
    /var/run/com.apple.security.cryptexd/mnt/com.apple.MobileAsset.MetalToolchain-v27.1.266.1.BZ5tJe/Metal.xctoolchain/usr/bin/metal -c -target air64-apple-watchos9.0 -I/Users/admin/builder/spi-builder-workspace/.derivedData/Build/Products/Debug-watchos/include -F/Users/admin/builder/spi-builder-workspace/.derivedData/Build/Products/Debug-watchos -isysroot /Applications/Xcode-27.0.0-Release.Candidate.app/Contents/Developer/Platforms/WatchOS.platform/Developer/SDKs/WatchOS27.0.sdk -fmetal-math-mode\=fast -fmetal-math-fp32-functions\=fast -serialize-diagnostics /Users/admin/builder/spi-builder-workspace/.derivedData/Build/Intermediates.noindex/ARHeadsetKit.build/Debug-watchos/ARHeadsetKit_ARHeadsetKit-b.build/Metal/MemoryUtilities.dia -o /Users/admin/builder/spi-builder-workspace/.derivedData/Build/Intermediates.noindex/ARHeadsetKit.build/Debug-watchos/ARHeadsetKit_ARHeadsetKit-b.build/Metal/MemoryUtilities.air -MMD -MT dependencies -MF /Users/admin/builder/spi-builder-workspace/.derivedData/Build/Intermediates.noindex/ARHeadsetKit.build/Debug-watchos/ARHeadsetKit_ARHeadsetKit-b.build/Metal/MemoryUtilities.dat /Users/admin/builder/spi-builder-workspace/Sources/ARHeadsetKit/Other/Metal\ Utilities/Private/MemoryUtilities.metal
CompileMetalFile /Users/admin/builder/spi-builder-workspace/Sources/ARHeadsetKit/Other/Metal\ Utilities/Private/ARObjectUtilities.metal (in target 'ARHeadsetKit_ARHeadsetKit' from project 'ARHeadsetKit')
    cd /Users/admin/builder/spi-builder-workspace
    /var/run/com.apple.security.cryptexd/mnt/com.apple.MobileAsset.MetalToolchain-v27.1.266.1.BZ5tJe/Metal.xctoolchain/usr/bin/metal -c -target air64-apple-watchos9.0 -I/Users/admin/builder/spi-builder-workspace/.derivedData/Build/Products/Debug-watchos/include -F/Users/admin/builder/spi-builder-workspace/.derivedData/Build/Products/Debug-watchos -isysroot /Applications/Xcode-27.0.0-Release.Candidate.app/Contents/Developer/Platforms/WatchOS.platform/Developer/SDKs/WatchOS27.0.sdk -fmetal-math-mode\=fast -fmetal-math-fp32-functions\=fast -serialize-diagnostics /Users/admin/builder/spi-builder-workspace/.derivedData/Build/Intermediates.noindex/ARHeadsetKit.build/Debug-watchos/ARHeadsetKit_ARHeadsetKit-b.build/Metal/ARObjectUtilities.dia -o /Users/admin/builder/spi-builder-workspace/.derivedData/Build/Intermediates.noindex/ARHeadsetKit.build/Debug-watchos/ARHeadsetKit_ARHeadsetKit-b.build/Metal/ARObjectUtilities.air -MMD -MT dependencies -MF /Users/admin/builder/spi-builder-workspace/.derivedData/Build/Intermediates.noindex/ARHeadsetKit.build/Debug-watchos/ARHeadsetKit_ARHeadsetKit-b.build/Metal/ARObjectUtilities.dat /Users/admin/builder/spi-builder-workspace/Sources/ARHeadsetKit/Other/Metal\ Utilities/Private/ARObjectUtilities.metal
CompileMetalFile /Users/admin/builder/spi-builder-workspace/Sources/ARHeadsetKit/Other/Metal\ Utilities/Private/ColorUtilities.metal (in target 'ARHeadsetKit_ARHeadsetKit' from project 'ARHeadsetKit')
    cd /Users/admin/builder/spi-builder-workspace
    /var/run/com.apple.security.cryptexd/mnt/com.apple.MobileAsset.MetalToolchain-v27.1.266.1.BZ5tJe/Metal.xctoolchain/usr/bin/metal -c -target air64-apple-watchos9.0 -I/Users/admin/builder/spi-builder-workspace/.derivedData/Build/Products/Debug-watchos/include -F/Users/admin/builder/spi-builder-workspace/.derivedData/Build/Products/Debug-watchos -isysroot /Applications/Xcode-27.0.0-Release.Candidate.app/Contents/Developer/Platforms/WatchOS.platform/Developer/SDKs/WatchOS27.0.sdk -fmetal-math-mode\=fast -fmetal-math-fp32-functions\=fast -serialize-diagnostics /Users/admin/builder/spi-builder-workspace/.derivedData/Build/Intermediates.noindex/ARHeadsetKit.build/Debug-watchos/ARHeadsetKit_ARHeadsetKit-b.build/Metal/ColorUtilities.dia -o /Users/admin/builder/spi-builder-workspace/.derivedData/Build/Intermediates.noindex/ARHeadsetKit.build/Debug-watchos/ARHeadsetKit_ARHeadsetKit-b.build/Metal/ColorUtilities.air -MMD -MT dependencies -MF /Users/admin/builder/spi-builder-workspace/.derivedData/Build/Intermediates.noindex/ARHeadsetKit.build/Debug-watchos/ARHeadsetKit_ARHeadsetKit-b.build/Metal/ColorUtilities.dat /Users/admin/builder/spi-builder-workspace/Sources/ARHeadsetKit/Other/Metal\ Utilities/Private/ColorUtilities.metal
CompileMetalFile /Users/admin/builder/spi-builder-workspace/Sources/ARHeadsetKit/Hand\ Reconstruction/Optical\ Flow\ Measurement/OpticalFlowMeasurementTypes.metal (in target 'ARHeadsetKit_ARHeadsetKit' from project 'ARHeadsetKit')
    cd /Users/admin/builder/spi-builder-workspace
    /var/run/com.apple.security.cryptexd/mnt/com.apple.MobileAsset.MetalToolchain-v27.1.266.1.BZ5tJe/Metal.xctoolchain/usr/bin/metal -c -target air64-apple-watchos9.0 -I/Users/admin/builder/spi-builder-workspace/.derivedData/Build/Products/Debug-watchos/include -F/Users/admin/builder/spi-builder-workspace/.derivedData/Build/Products/Debug-watchos -isysroot /Applications/Xcode-27.0.0-Release.Candidate.app/Contents/Developer/Platforms/WatchOS.platform/Developer/SDKs/WatchOS27.0.sdk -fmetal-math-mode\=fast -fmetal-math-fp32-functions\=fast -serialize-diagnostics /Users/admin/builder/spi-builder-workspace/.derivedData/Build/Intermediates.noindex/ARHeadsetKit.build/Debug-watchos/ARHeadsetKit_ARHeadsetKit-b.build/Metal/OpticalFlowMeasurementTypes.dia -o /Users/admin/builder/spi-builder-workspace/.derivedData/Build/Intermediates.noindex/ARHeadsetKit.build/Debug-watchos/ARHeadsetKit_ARHeadsetKit-b.build/Metal/OpticalFlowMeasurementTypes.air -MMD -MT dependencies -MF /Users/admin/builder/spi-builder-workspace/.derivedData/Build/Intermediates.noindex/ARHeadsetKit.build/Debug-watchos/ARHeadsetKit_ARHeadsetKit-b.build/Metal/OpticalFlowMeasurementTypes.dat /Users/admin/builder/spi-builder-workspace/Sources/ARHeadsetKit/Hand\ Reconstruction/Optical\ Flow\ Measurement/OpticalFlowMeasurementTypes.metal
CompileMetalFile /Users/admin/builder/spi-builder-workspace/Sources/ARHeadsetKit/Interface\ Rendering/AR\ Interface/Font\ Handle/SignedDistanceFieldCreation.metal (in target 'ARHeadsetKit_ARHeadsetKit' from project 'ARHeadsetKit')
    cd /Users/admin/builder/spi-builder-workspace
    /var/run/com.apple.security.cryptexd/mnt/com.apple.MobileAsset.MetalToolchain-v27.1.266.1.BZ5tJe/Metal.xctoolchain/usr/bin/metal -c -target air64-apple-watchos9.0 -I/Users/admin/builder/spi-builder-workspace/.derivedData/Build/Products/Debug-watchos/include -F/Users/admin/builder/spi-builder-workspace/.derivedData/Build/Products/Debug-watchos -isysroot /Applications/Xcode-27.0.0-Release.Candidate.app/Contents/Developer/Platforms/WatchOS.platform/Developer/SDKs/WatchOS27.0.sdk -fmetal-math-mode\=fast -fmetal-math-fp32-functions\=fast -serialize-diagnostics /Users/admin/builder/spi-builder-workspace/.derivedData/Build/Intermediates.noindex/ARHeadsetKit.build/Debug-watchos/ARHeadsetKit_ARHeadsetKit-b.build/Metal/SignedDistanceFieldCreation.dia -o /Users/admin/builder/spi-builder-workspace/.derivedData/Build/Intermediates.noindex/ARHeadsetKit.build/Debug-watchos/ARHeadsetKit_ARHeadsetKit-b.build/Metal/SignedDistanceFieldCreation.air -MMD -MT dependencies -MF /Users/admin/builder/spi-builder-workspace/.derivedData/Build/Intermediates.noindex/ARHeadsetKit.build/Debug-watchos/ARHeadsetKit_ARHeadsetKit-b.build/Metal/SignedDistanceFieldCreation.dat /Users/admin/builder/spi-builder-workspace/Sources/ARHeadsetKit/Interface\ Rendering/AR\ Interface/Font\ Handle/SignedDistanceFieldCreation.metal
CompileMetalFile /Users/admin/builder/spi-builder-workspace/Sources/ARHeadsetKit/Hand\ Reconstruction/Optical\ Flow\ Measurement/OpticalFlowMeasurement.metal (in target 'ARHeadsetKit_ARHeadsetKit' from project 'ARHeadsetKit')
    cd /Users/admin/builder/spi-builder-workspace
    /var/run/com.apple.security.cryptexd/mnt/com.apple.MobileAsset.MetalToolchain-v27.1.266.1.BZ5tJe/Metal.xctoolchain/usr/bin/metal -c -target air64-apple-watchos9.0 -I/Users/admin/builder/spi-builder-workspace/.derivedData/Build/Products/Debug-watchos/include -F/Users/admin/builder/spi-builder-workspace/.derivedData/Build/Products/Debug-watchos -isysroot /Applications/Xcode-27.0.0-Release.Candidate.app/Contents/Developer/Platforms/WatchOS.platform/Developer/SDKs/WatchOS27.0.sdk -fmetal-math-mode\=fast -fmetal-math-fp32-functions\=fast -serialize-diagnostics /Users/admin/builder/spi-builder-workspace/.derivedData/Build/Intermediates.noindex/ARHeadsetKit.build/Debug-watchos/ARHeadsetKit_ARHeadsetKit-b.build/Metal/OpticalFlowMeasurement.dia -o /Users/admin/builder/spi-builder-workspace/.derivedData/Build/Intermediates.noindex/ARHeadsetKit.build/Debug-watchos/ARHeadsetKit_ARHeadsetKit-b.build/Metal/OpticalFlowMeasurement.air -MMD -MT dependencies -MF /Users/admin/builder/spi-builder-workspace/.derivedData/Build/Intermediates.noindex/ARHeadsetKit.build/Debug-watchos/ARHeadsetKit_ARHeadsetKit-b.build/Metal/OpticalFlowMeasurement.dat /Users/admin/builder/spi-builder-workspace/Sources/ARHeadsetKit/Hand\ Reconstruction/Optical\ Flow\ Measurement/OpticalFlowMeasurement.metal
CompileMetalFile /Users/admin/builder/spi-builder-workspace/Sources/ARHeadsetKit/Hand\ Reconstruction/Detection/HandDetection.metal (in target 'ARHeadsetKit_ARHeadsetKit' from project 'ARHeadsetKit')
    cd /Users/admin/builder/spi-builder-workspace
    /var/run/com.apple.security.cryptexd/mnt/com.apple.MobileAsset.MetalToolchain-v27.1.266.1.BZ5tJe/Metal.xctoolchain/usr/bin/metal -c -target air64-apple-watchos9.0 -I/Users/admin/builder/spi-builder-workspace/.derivedData/Build/Products/Debug-watchos/include -F/Users/admin/builder/spi-builder-workspace/.derivedData/Build/Products/Debug-watchos -isysroot /Applications/Xcode-27.0.0-Release.Candidate.app/Contents/Developer/Platforms/WatchOS.platform/Developer/SDKs/WatchOS27.0.sdk -fmetal-math-mode\=fast -fmetal-math-fp32-functions\=fast -serialize-diagnostics /Users/admin/builder/spi-builder-workspace/.derivedData/Build/Intermediates.noindex/ARHeadsetKit.build/Debug-watchos/ARHeadsetKit_ARHeadsetKit-b.build/Metal/HandDetection.dia -o /Users/admin/builder/spi-builder-workspace/.derivedData/Build/Intermediates.noindex/ARHeadsetKit.build/Debug-watchos/ARHeadsetKit_ARHeadsetKit-b.build/Metal/HandDetection.air -MMD -MT dependencies -MF /Users/admin/builder/spi-builder-workspace/.derivedData/Build/Intermediates.noindex/ARHeadsetKit.build/Debug-watchos/ARHeadsetKit_ARHeadsetKit-b.build/Metal/HandDetection.dat /Users/admin/builder/spi-builder-workspace/Sources/ARHeadsetKit/Hand\ Reconstruction/Detection/HandDetection.metal
CompileMetalFile /Users/admin/builder/spi-builder-workspace/Sources/ARHeadsetKit/Central\ Rendering/CentralRendering.metal (in target 'ARHeadsetKit_ARHeadsetKit' from project 'ARHeadsetKit')
    cd /Users/admin/builder/spi-builder-workspace
    /var/run/com.apple.security.cryptexd/mnt/com.apple.MobileAsset.MetalToolchain-v27.1.266.1.BZ5tJe/Metal.xctoolchain/usr/bin/metal -c -target air64-apple-watchos9.0 -I/Users/admin/builder/spi-builder-workspace/.derivedData/Build/Products/Debug-watchos/include -F/Users/admin/builder/spi-builder-workspace/.derivedData/Build/Products/Debug-watchos -isysroot /Applications/Xcode-27.0.0-Release.Candidate.app/Contents/Developer/Platforms/WatchOS.platform/Developer/SDKs/WatchOS27.0.sdk -fmetal-math-mode\=fast -fmetal-math-fp32-functions\=fast -serialize-diagnostics /Users/admin/builder/spi-builder-workspace/.derivedData/Build/Intermediates.noindex/ARHeadsetKit.build/Debug-watchos/ARHeadsetKit_ARHeadsetKit-b.build/Metal/CentralRendering.dia -o /Users/admin/builder/spi-builder-workspace/.derivedData/Build/Intermediates.noindex/ARHeadsetKit.build/Debug-watchos/ARHeadsetKit_ARHeadsetKit-b.build/Metal/CentralRendering.air -MMD -MT dependencies -MF /Users/admin/builder/spi-builder-workspace/.derivedData/Build/Intermediates.noindex/ARHeadsetKit.build/Debug-watchos/ARHeadsetKit_ARHeadsetKit-b.build/Metal/CentralRendering.dat /Users/admin/builder/spi-builder-workspace/Sources/ARHeadsetKit/Central\ Rendering/CentralRendering.metal
CompileC /Users/admin/builder/spi-builder-workspace/.derivedData/Build/Intermediates.noindex/ZippyJSONCFamily.build/Debug-watchos/ZippyJSONCFamily-t.build/Objects-normal/arm64_32/JSONSerialization.o /Users/admin/builder/spi-builder-workspace/.dependencies/checkouts/ZippyJSONCFamily/Sources/ZippyJSONCFamily/JSONSerialization.mm normal arm64_32 objective-c++ com.apple.compilers.llvm.clang.1_0.compiler (in target 'ZippyJSONCFamily' from project 'ZippyJSONCFamily')
    cd /Users/admin/builder/spi-builder-workspace/.swiftpm/xcode

    Using response file: /Users/admin/builder/spi-builder-workspace/.derivedData/Build/Intermediates.noindex/ZippyJSONCFamily.build/Debug-watchos/ZippyJSONCFamily-t.build/Objects-normal/arm64_32/af3fcb34312c57c0f52879cdce924b91-common-args.resp

    /Applications/Xcode-27.0.0-Release.Candidate.app/Contents/Developer/Toolchains/XcodeDefault.xctoolchain/usr/bin/clang -x objective-c++ -ivfsstatcache /Users/admin/builder/spi-builder-workspace/.derivedData/SDKStatCaches.noindex/watchos27.0-24R360-e829b21a6f8c9b70876ba0858053c04477534ef55a1706bf4c1112bbb242f0a2.sdkstatcache -target arm64_32-apple-watchos9.0 -fmessage-length\=0 -fdiagnostics-show-note-include-stack -fmacro-backtrace-limit\=0 -fno-color-diagnostics -fmodules-prune-interval\=86400 -fmodules-prune-after\=345600 -fbuild-session-file\=/Users/admin/builder/spi-builder-workspace/.derivedData/ModuleCache.noindex/Session.modulevalidation -fmodules-validate-once-per-build-session -Wnon-modular-include-in-framework-module -Werror\=non-modular-include-in-framework-module -Wno-trigraphs -Wno-missing-field-initializers -Wno-missing-prototypes -Wno-return-type -Wno-implicit-atomic-properties -Wno-objc-interface-ivars -Wno-arc-repeated-use-of-weak -Wno-non-virtual-dtor -Wno-overloaded-virtual -Wno-exit-time-destructors -Wno-missing-braces -Wparentheses -Wswitch -Wno-unused-function -Wno-unused-label -Wno-unused-parameter -Wno-unused-variable -Wunused-value -Wno-empty-body -Wno-uninitialized -Wno-unknown-pragmas -w -Wno-shadow -Wno-four-char-constants -Wno-conversion -Wno-constant-conversion -Wno-int-conversion -Wno-bool-conversion -Wno-enum-conversion -Wno-float-conversion -Wno-non-literal-null-conversion -Wno-objc-literal-conversion -Wno-shorten-64-to-32 -Wno-newline-eof -Wno-selector -Wno-strict-selector-match -Wno-undeclared-selector -Wno-deprecated-implementations -Wno-c++11-extensions -Wno-implicit-fallthrough -isysroot /Applications/Xcode-27.0.0-Release.Candidate.app/Contents/Developer/Platforms/WatchOS.platform/Developer/SDKs/WatchOS27.0.sdk -fstrict-aliasing -Wprotocol -Wdeprecated-declarations -Winvalid-offsetof -Wno-sign-conversion -Wno-infinite-recursion -Wno-move -Wno-comma -Wno-block-capture-autoreleasing -Wno-strict-prototypes -Wno-range-loop-analysis -Wno-semicolon-before-method-body -index-store-path /Users/admin/builder/spi-builder-workspace/.derivedData/Index.noindex/DataStore @/Users/admin/builder/spi-builder-workspace/.derivedData/Build/Intermediates.noindex/ZippyJSONCFamily.build/Debug-watchos/ZippyJSONCFamily-t.build/Objects-normal/arm64_32/af3fcb34312c57c0f52879cdce924b91-common-args.resp -MMD -MT dependencies -MF /Users/admin/builder/spi-builder-workspace/.derivedData/Build/Intermediates.noindex/ZippyJSONCFamily.build/Debug-watchos/ZippyJSONCFamily-t.build/Objects-normal/arm64_32/JSONSerialization.d --serialize-diagnostics /Users/admin/builder/spi-builder-workspace/.derivedData/Build/Intermediates.noindex/ZippyJSONCFamily.build/Debug-watchos/ZippyJSONCFamily-t.build/Objects-normal/arm64_32/JSONSerialization.dia -c /Users/admin/builder/spi-builder-workspace/.dependencies/checkouts/ZippyJSONCFamily/Sources/ZippyJSONCFamily/JSONSerialization.mm -o /Users/admin/builder/spi-builder-workspace/.derivedData/Build/Intermediates.noindex/ZippyJSONCFamily.build/Debug-watchos/ZippyJSONCFamily-t.build/Objects-normal/arm64_32/JSONSerialization.o -index-unit-output-path /ZippyJSONCFamily.build/Debug-watchos/ZippyJSONCFamily-t.build/Objects-normal/arm64_32/JSONSerialization.o
CompileC /Users/admin/builder/spi-builder-workspace/.derivedData/Build/Intermediates.noindex/ZippyJSONCFamily.build/Debug-watchos/ZippyJSONCFamily-t.build/Objects-normal/arm64/JSONSerialization.o /Users/admin/builder/spi-builder-workspace/.dependencies/checkouts/ZippyJSONCFamily/Sources/ZippyJSONCFamily/JSONSerialization.mm normal arm64 objective-c++ com.apple.compilers.llvm.clang.1_0.compiler (in target 'ZippyJSONCFamily' from project 'ZippyJSONCFamily')
    cd /Users/admin/builder/spi-builder-workspace/.swiftpm/xcode

    Using response file: /Users/admin/builder/spi-builder-workspace/.derivedData/Build/Intermediates.noindex/ZippyJSONCFamily.build/Debug-watchos/ZippyJSONCFamily-t.build/Objects-normal/arm64/af3fcb34312c57c0f52879cdce924b91-common-args.resp

    /Applications/Xcode-27.0.0-Release.Candidate.app/Contents/Developer/Toolchains/XcodeDefault.xctoolchain/usr/bin/clang -x objective-c++ -ivfsstatcache /Users/admin/builder/spi-builder-workspace/.derivedData/SDKStatCaches.noindex/watchos27.0-24R360-e829b21a6f8c9b70876ba0858053c04477534ef55a1706bf4c1112bbb242f0a2.sdkstatcache -target arm64-apple-watchos9.0 -fmessage-length\=0 -fdiagnostics-show-note-include-stack -fmacro-backtrace-limit\=0 -fno-color-diagnostics -fmodules-prune-interval\=86400 -fmodules-prune-after\=345600 -fbuild-session-file\=/Users/admin/builder/spi-builder-workspace/.derivedData/ModuleCache.noindex/Session.modulevalidation -fmodules-validate-once-per-build-session -Wnon-modular-include-in-framework-module -Werror\=non-modular-include-in-framework-module -Wno-trigraphs -Wno-missing-field-initializers -Wno-missing-prototypes -Wno-return-type -Wno-implicit-atomic-properties -Wno-objc-interface-ivars -Wno-arc-repeated-use-of-weak -Wno-non-virtual-dtor -Wno-overloaded-virtual -Wno-exit-time-destructors -Wno-missing-braces -Wparentheses -Wswitch -Wno-unused-function -Wno-unused-label -Wno-unused-parameter -Wno-unused-variable -Wunused-value -Wno-empty-body -Wno-uninitialized -Wno-unknown-pragmas -w -Wno-shadow -Wno-four-char-constants -Wno-conversion -Wno-constant-conversion -Wno-int-conversion -Wno-bool-conversion -Wno-enum-conversion -Wno-float-conversion -Wno-non-literal-null-conversion -Wno-objc-literal-conversion -Wshorten-64-to-32 -Wno-newline-eof -Wno-selector -Wno-strict-selector-match -Wno-undeclared-selector -Wno-deprecated-implementations -Wno-c++11-extensions -Wno-implicit-fallthrough -isysroot /Applications/Xcode-27.0.0-Release.Candidate.app/Contents/Developer/Platforms/WatchOS.platform/Developer/SDKs/WatchOS27.0.sdk -fstrict-aliasing -Wprotocol -Wdeprecated-declarations -Winvalid-offsetof -Wno-sign-conversion -Wno-infinite-recursion -Wno-move -Wno-comma -Wno-block-capture-autoreleasing -Wno-strict-prototypes -Wno-range-loop-analysis -Wno-semicolon-before-method-body -index-store-path /Users/admin/builder/spi-builder-workspace/.derivedData/Index.noindex/DataStore @/Users/admin/builder/spi-builder-workspace/.derivedData/Build/Intermediates.noindex/ZippyJSONCFamily.build/Debug-watchos/ZippyJSONCFamily-t.build/Objects-normal/arm64/af3fcb34312c57c0f52879cdce924b91-common-args.resp -MMD -MT dependencies -MF /Users/admin/builder/spi-builder-workspace/.derivedData/Build/Intermediates.noindex/ZippyJSONCFamily.build/Debug-watchos/ZippyJSONCFamily-t.build/Objects-normal/arm64/JSONSerialization.d --serialize-diagnostics /Users/admin/builder/spi-builder-workspace/.derivedData/Build/Intermediates.noindex/ZippyJSONCFamily.build/Debug-watchos/ZippyJSONCFamily-t.build/Objects-normal/arm64/JSONSerialization.dia -c /Users/admin/builder/spi-builder-workspace/.dependencies/checkouts/ZippyJSONCFamily/Sources/ZippyJSONCFamily/JSONSerialization.mm -o /Users/admin/builder/spi-builder-workspace/.derivedData/Build/Intermediates.noindex/ZippyJSONCFamily.build/Debug-watchos/ZippyJSONCFamily-t.build/Objects-normal/arm64/JSONSerialization.o -index-unit-output-path /ZippyJSONCFamily.build/Debug-watchos/ZippyJSONCFamily-t.build/Objects-normal/arm64/JSONSerialization.o
SwiftDriver ZippyJSON normal arm64_32 com.apple.xcode.tools.swift.compiler (in target 'ZippyJSON' from project 'ZippyJSON')
    cd /Users/admin/builder/spi-builder-workspace/.swiftpm/xcode
    builtin-SwiftDriver -- /Applications/Xcode-27.0.0-Release.Candidate.app/Contents/Developer/Toolchains/XcodeDefault.xctoolchain/usr/bin/swiftc -parse-as-library -module-name ZippyJSON -Onone @/Users/admin/builder/spi-builder-workspace/.derivedData/Build/Intermediates.noindex/ZippyJSON.build/Debug-watchos/ZippyJSON-t.build/Objects-normal/arm64_32/ZippyJSON.SwiftFileList -DSWIFT_PACKAGE -DDEBUG -DSWIFT_MODULE_RESOURCE_BUNDLE_UNAVAILABLE -Xcc -fmodule-map-file\=/Users/admin/builder/spi-builder-workspace/.derivedData/Build/Intermediates.noindex/GeneratedModuleMaps-watchos/ZippyJSONCFamily.modulemap -Xcc -fmodule-map-file\=/Users/admin/builder/spi-builder-workspace/.derivedData/Build/Intermediates.noindex/GeneratedModuleMaps-watchos/JJLISO8601DateFormatter.modulemap -DXcode -plugin-path /Applications/Xcode-27.0.0-Release.Candidate.app/Contents/Developer/Toolchains/XcodeDefault.xctoolchain/usr/lib/swift/host/plugins/testing -enable-experimental-feature DebugDescriptionMacro -sdk /Applications/Xcode-27.0.0-Release.Candidate.app/Contents/Developer/Platforms/WatchOS.platform/Developer/SDKs/WatchOS27.0.sdk -target arm64_32-apple-watchos9.0 -g -module-cache-path /Users/admin/builder/spi-builder-workspace/.derivedData/ModuleCache.noindex -Xfrontend -serialize-debugging-options -enable-testing -suppress-warnings -index-store-path /Users/admin/builder/spi-builder-workspace/.derivedData/Index.noindex/DataStore -Xcc -D_LIBCPP_HARDENING_MODE\=_LIBCPP_HARDENING_MODE_DEBUG -swift-version 5 -I /Users/admin/builder/spi-builder-workspace/.derivedData/Build/Products/Debug-watchos -Isystem /Applications/Xcode-27.0.0-Release.Candidate.app/Contents/Developer/Platforms/WatchOS.platform/Developer/usr/lib -F /Users/admin/builder/spi-builder-workspace/.derivedData/Build/Products/Debug-watchos/PackageFrameworks -F /Users/admin/builder/spi-builder-workspace/.derivedData/Build/Products/Debug-watchos -F /Applications/Xcode-27.0.0-Release.Candidate.app/Contents/Developer/Platforms/WatchOS.platform/Developer/Library/Frameworks -F /Applications/Xcode-27.0.0-Release.Candidate.app/Contents/Developer/Platforms/WatchOS.platform/Developer/SDKs/WatchOS27.0.sdk/Developer/Library/Frameworks -c -j10 -enable-batch-mode -incremental -Xcc -ivfsstatcache -Xcc /Users/admin/builder/spi-builder-workspace/.derivedData/SDKStatCaches.noindex/watchos27.0-24R360-e829b21a6f8c9b70876ba0858053c04477534ef55a1706bf4c1112bbb242f0a2.sdkstatcache -output-file-map /Users/admin/builder/spi-builder-workspace/.derivedData/Build/Intermediates.noindex/ZippyJSON.build/Debug-watchos/ZippyJSON-t.build/Objects-normal/arm64_32/ZippyJSON-OutputFileMap.json -save-temps -no-color-diagnostics -explicit-module-build -module-cache-path /Users/admin/builder/spi-builder-workspace/.derivedData/Build/Intermediates.noindex/SwiftExplicitPrecompiledModules -clang-scanner-module-cache-path /Users/admin/builder/spi-builder-workspace/.derivedData/ModuleCache.noindex -sdk-module-cache-path /Users/admin/builder/spi-builder-workspace/.derivedData/SDKExplicitPrecompiledModules -emit-dependencies -emit-module -emit-module-path /Users/admin/builder/spi-builder-workspace/.derivedData/Build/Intermediates.noindex/ZippyJSON.build/Debug-watchos/ZippyJSON-t.build/Objects-normal/arm64_32/ZippyJSON.swiftmodule -serialize-diagnostics -dependency-scan-serialize-diagnostics-path /Users/admin/builder/spi-builder-workspace/.derivedData/Build/Intermediates.noindex/ZippyJSON.build/Debug-watchos/ZippyJSON-t.build/Objects-normal/arm64_32/ZippyJSON-dependency-scan.dia -validate-clang-modules-once -clang-build-session-file /Users/admin/builder/spi-builder-workspace/.derivedData/ModuleCache.noindex/Session.modulevalidation -Xcc -fmodules-prune-interval\=86400 -Xcc -fmodules-prune-after\=345600 -emit-const-values -const-gather-protocols-list /Users/admin/builder/spi-builder-workspace/.derivedData/Build/Intermediates.noindex/ZippyJSON.build/Debug-watchos/ZippyJSON-t.build/Objects-normal/arm64_32/ZippyJSON_const_extract_protocols.json -Xcc -I/Users/admin/builder/spi-builder-workspace/.dependencies/checkouts/ZippyJSONCFamily/Sources/ZippyJSONCFamily/include -Xcc -I/Users/admin/builder/spi-builder-workspace/.dependencies/checkouts/JJLISO8601DateFormatter/Sources/JJLISO8601DateFormatter/include -Xcc -I/Users/admin/builder/spi-builder-workspace/.derivedData/Build/Products/Debug-watchos/include -Xcc -I/Users/admin/builder/spi-builder-workspace/.derivedData/Build/Intermediates.noindex/ZippyJSON.build/Debug-watchos/ZippyJSON-t.build/DerivedSources-normal/arm64_32 -Xcc -I/Users/admin/builder/spi-builder-workspace/.derivedData/Build/Intermediates.noindex/ZippyJSON.build/Debug-watchos/ZippyJSON-t.build/DerivedSources/arm64_32 -Xcc -I/Users/admin/builder/spi-builder-workspace/.derivedData/Build/Intermediates.noindex/ZippyJSON.build/Debug-watchos/ZippyJSON-t.build/DerivedSources -Xcc -DSWIFT_PACKAGE -Xcc -DDEBUG\=1 -emit-objc-header -emit-objc-header-path /Users/admin/builder/spi-builder-workspace/.derivedData/Build/Intermediates.noindex/ZippyJSON.build/Debug-watchos/ZippyJSON-t.build/Objects-normal/arm64_32/ZippyJSON-Swift.h -working-directory /Users/admin/builder/spi-builder-workspace/.swiftpm/xcode -experimental-emit-module-separately -disable-cmo
SwiftDriver ZippyJSON normal arm64 com.apple.xcode.tools.swift.compiler (in target 'ZippyJSON' from project 'ZippyJSON')
    cd /Users/admin/builder/spi-builder-workspace/.swiftpm/xcode
    builtin-SwiftDriver -- /Applications/Xcode-27.0.0-Release.Candidate.app/Contents/Developer/Toolchains/XcodeDefault.xctoolchain/usr/bin/swiftc -parse-as-library -module-name ZippyJSON -Onone @/Users/admin/builder/spi-builder-workspace/.derivedData/Build/Intermediates.noindex/ZippyJSON.build/Debug-watchos/ZippyJSON-t.build/Objects-normal/arm64/ZippyJSON.SwiftFileList -DSWIFT_PACKAGE -DDEBUG -DSWIFT_MODULE_RESOURCE_BUNDLE_UNAVAILABLE -Xcc -fmodule-map-file\=/Users/admin/builder/spi-builder-workspace/.derivedData/Build/Intermediates.noindex/GeneratedModuleMaps-watchos/ZippyJSONCFamily.modulemap -Xcc -fmodule-map-file\=/Users/admin/builder/spi-builder-workspace/.derivedData/Build/Intermediates.noindex/GeneratedModuleMaps-watchos/JJLISO8601DateFormatter.modulemap -DXcode -plugin-path /Applications/Xcode-27.0.0-Release.Candidate.app/Contents/Developer/Toolchains/XcodeDefault.xctoolchain/usr/lib/swift/host/plugins/testing -enable-experimental-feature DebugDescriptionMacro -sdk /Applications/Xcode-27.0.0-Release.Candidate.app/Contents/Developer/Platforms/WatchOS.platform/Developer/SDKs/WatchOS27.0.sdk -target arm64-apple-watchos9.0 -g -module-cache-path /Users/admin/builder/spi-builder-workspace/.derivedData/ModuleCache.noindex -Xfrontend -serialize-debugging-options -enable-testing -suppress-warnings -index-store-path /Users/admin/builder/spi-builder-workspace/.derivedData/Index.noindex/DataStore -Xcc -D_LIBCPP_HARDENING_MODE\=_LIBCPP_HARDENING_MODE_DEBUG -swift-version 5 -I /Users/admin/builder/spi-builder-workspace/.derivedData/Build/Products/Debug-watchos -Isystem /Applications/Xcode-27.0.0-Release.Candidate.app/Contents/Developer/Platforms/WatchOS.platform/Developer/usr/lib -F /Users/admin/builder/spi-builder-workspace/.derivedData/Build/Products/Debug-watchos/PackageFrameworks -F /Users/admin/builder/spi-builder-workspace/.derivedData/Build/Products/Debug-watchos -F /Applications/Xcode-27.0.0-Release.Candidate.app/Contents/Developer/Platforms/WatchOS.platform/Developer/Library/Frameworks -F /Applications/Xcode-27.0.0-Release.Candidate.app/Contents/Developer/Platforms/WatchOS.platform/Developer/SDKs/WatchOS27.0.sdk/Developer/Library/Frameworks -c -j10 -enable-batch-mode -incremental -Xcc -ivfsstatcache -Xcc /Users/admin/builder/spi-builder-workspace/.derivedData/SDKStatCaches.noindex/watchos27.0-24R360-e829b21a6f8c9b70876ba0858053c04477534ef55a1706bf4c1112bbb242f0a2.sdkstatcache -output-file-map /Users/admin/builder/spi-builder-workspace/.derivedData/Build/Intermediates.noindex/ZippyJSON.build/Debug-watchos/ZippyJSON-t.build/Objects-normal/arm64/ZippyJSON-OutputFileMap.json -save-temps -no-color-diagnostics -explicit-module-build -module-cache-path /Users/admin/builder/spi-builder-workspace/.derivedData/Build/Intermediates.noindex/SwiftExplicitPrecompiledModules -clang-scanner-module-cache-path /Users/admin/builder/spi-builder-workspace/.derivedData/ModuleCache.noindex -sdk-module-cache-path /Users/admin/builder/spi-builder-workspace/.derivedData/SDKExplicitPrecompiledModules -emit-dependencies -emit-module -emit-module-path /Users/admin/builder/spi-builder-workspace/.derivedData/Build/Intermediates.noindex/ZippyJSON.build/Debug-watchos/ZippyJSON-t.build/Objects-normal/arm64/ZippyJSON.swiftmodule -serialize-diagnostics -dependency-scan-serialize-diagnostics-path /Users/admin/builder/spi-builder-workspace/.derivedData/Build/Intermediates.noindex/ZippyJSON.build/Debug-watchos/ZippyJSON-t.build/Objects-normal/arm64/ZippyJSON-dependency-scan.dia -validate-clang-modules-once -clang-build-session-file /Users/admin/builder/spi-builder-workspace/.derivedData/ModuleCache.noindex/Session.modulevalidation -Xcc -fmodules-prune-interval\=86400 -Xcc -fmodules-prune-after\=345600 -emit-const-values -const-gather-protocols-list /Users/admin/builder/spi-builder-workspace/.derivedData/Build/Intermediates.noindex/ZippyJSON.build/Debug-watchos/ZippyJSON-t.build/Objects-normal/arm64/ZippyJSON_const_extract_protocols.json -Xcc -I/Users/admin/builder/spi-builder-workspace/.dependencies/checkouts/ZippyJSONCFamily/Sources/ZippyJSONCFamily/include -Xcc -I/Users/admin/builder/spi-builder-workspace/.dependencies/checkouts/JJLISO8601DateFormatter/Sources/JJLISO8601DateFormatter/include -Xcc -I/Users/admin/builder/spi-builder-workspace/.derivedData/Build/Products/Debug-watchos/include -Xcc -I/Users/admin/builder/spi-builder-workspace/.derivedData/Build/Intermediates.noindex/ZippyJSON.build/Debug-watchos/ZippyJSON-t.build/DerivedSources-normal/arm64 -Xcc -I/Users/admin/builder/spi-builder-workspace/.derivedData/Build/Intermediates.noindex/ZippyJSON.build/Debug-watchos/ZippyJSON-t.build/DerivedSources/arm64 -Xcc -I/Users/admin/builder/spi-builder-workspace/.derivedData/Build/Intermediates.noindex/ZippyJSON.build/Debug-watchos/ZippyJSON-t.build/DerivedSources -Xcc -DSWIFT_PACKAGE -Xcc -DDEBUG\=1 -emit-objc-header -emit-objc-header-path /Users/admin/builder/spi-builder-workspace/.derivedData/Build/Intermediates.noindex/ZippyJSON.build/Debug-watchos/ZippyJSON-t.build/Objects-normal/arm64/ZippyJSON-Swift.h -working-directory /Users/admin/builder/spi-builder-workspace/.swiftpm/xcode -experimental-emit-module-separately -disable-cmo
CompileC /Users/admin/builder/spi-builder-workspace/.derivedData/Build/Intermediates.noindex/JJLISO8601DateFormatter.build/Debug-watchos/JJLISO8601DateFormatter-t.build/Objects-normal/arm64/JJLInternal.o /Users/admin/builder/spi-builder-workspace/.dependencies/checkouts/JJLISO8601DateFormatter/Sources/JJLISO8601DateFormatter/JJLInternal.c normal arm64 c com.apple.compilers.llvm.clang.1_0.compiler (in target 'JJLISO8601DateFormatter' from project 'JJLISO8601DateFormatter')
    cd /Users/admin/builder/spi-builder-workspace/.swiftpm/xcode

    Using response file: /Users/admin/builder/spi-builder-workspace/.derivedData/Build/Intermediates.noindex/JJLISO8601DateFormatter.build/Debug-watchos/JJLISO8601DateFormatter-t.build/Objects-normal/arm64/7187679823f38a2a940e0043cdf9d637-common-args.resp

    /Applications/Xcode-27.0.0-Release.Candidate.app/Contents/Developer/Toolchains/XcodeDefault.xctoolchain/usr/bin/clang -x c -ivfsstatcache /Users/admin/builder/spi-builder-workspace/.derivedData/SDKStatCaches.noindex/watchos27.0-24R360-e829b21a6f8c9b70876ba0858053c04477534ef55a1706bf4c1112bbb242f0a2.sdkstatcache -target arm64-apple-watchos9.0 -fmessage-length\=0 -fdiagnostics-show-note-include-stack -fmacro-backtrace-limit\=0 -fno-color-diagnostics -fmodules-prune-interval\=86400 -fmodules-prune-after\=345600 -fbuild-session-file\=/Users/admin/builder/spi-builder-workspace/.derivedData/ModuleCache.noindex/Session.modulevalidation -fmodules-validate-once-per-build-session -Wnon-modular-include-in-framework-module -Werror\=non-modular-include-in-framework-module -Wno-trigraphs -Wno-missing-field-initializers -Wno-missing-prototypes -Wno-return-type -Wno-missing-braces -Wparentheses -Wswitch -Wno-unused-function -Wno-unused-label -Wno-unused-parameter -Wno-unused-variable -Wunused-value -Wno-empty-body -Wno-uninitialized -Wno-unknown-pragmas -w -Wno-shadow -Wno-four-char-constants -Wno-conversion -Wno-constant-conversion -Wno-int-conversion -Wno-bool-conversion -Wno-enum-conversion -Wno-float-conversion -Wno-non-literal-null-conversion -Wno-objc-literal-conversion -Wshorten-64-to-32 -Wpointer-sign -Wno-newline-eof -Wno-implicit-fallthrough -isysroot /Applications/Xcode-27.0.0-Release.Candidate.app/Contents/Developer/Platforms/WatchOS.platform/Developer/SDKs/WatchOS27.0.sdk -fstrict-aliasing -Wdeprecated-declarations -Wno-sign-conversion -Wno-infinite-recursion -Wno-comma -Wno-block-capture-autoreleasing -Wno-strict-prototypes -Wno-semicolon-before-method-body -index-store-path /Users/admin/builder/spi-builder-workspace/.derivedData/Index.noindex/DataStore @/Users/admin/builder/spi-builder-workspace/.derivedData/Build/Intermediates.noindex/JJLISO8601DateFormatter.build/Debug-watchos/JJLISO8601DateFormatter-t.build/Objects-normal/arm64/7187679823f38a2a940e0043cdf9d637-common-args.resp -MMD -MT dependencies -MF /Users/admin/builder/spi-builder-workspace/.derivedData/Build/Intermediates.noindex/JJLISO8601DateFormatter.build/Debug-watchos/JJLISO8601DateFormatter-t.build/Objects-normal/arm64/JJLInternal.d --serialize-diagnostics /Users/admin/builder/spi-builder-workspace/.derivedData/Build/Intermediates.noindex/JJLISO8601DateFormatter.build/Debug-watchos/JJLISO8601DateFormatter-t.build/Objects-normal/arm64/JJLInternal.dia -c /Users/admin/builder/spi-builder-workspace/.dependencies/checkouts/JJLISO8601DateFormatter/Sources/JJLISO8601DateFormatter/JJLInternal.c -o /Users/admin/builder/spi-builder-workspace/.derivedData/Build/Intermediates.noindex/JJLISO8601DateFormatter.build/Debug-watchos/JJLISO8601DateFormatter-t.build/Objects-normal/arm64/JJLInternal.o -index-unit-output-path /JJLISO8601DateFormatter.build/Debug-watchos/JJLISO8601DateFormatter-t.build/Objects-normal/arm64/JJLInternal.o
In file included from /Users/admin/builder/spi-builder-workspace/.dependencies/checkouts/JJLISO8601DateFormatter/Sources/JJLISO8601DateFormatter/JJLInternal.c:3:
/Users/admin/builder/spi-builder-workspace/.dependencies/checkouts/JJLISO8601DateFormatter/Sources/JJLISO8601DateFormatter/Vendor/tzdb/tzfile__.h:47:1: error: missing '#include <sys/_types/_ssize_t.h>'; 'ssize_t' must be declared before it is used
   47 | ssize_t jjl_saferead(int fd, void *buffer, size_t nbytes);
      | ^
In module '_DarwinFoundation2' imported from /Applications/Xcode-27.0.0-Release.Candidate.app/Contents/Developer/Platforms/WatchOS.platform/Developer/SDKs/WatchOS27.0.sdk/usr/include/time.h:63:
/Applications/Xcode-27.0.0-Release.Candidate.app/Contents/Developer/Platforms/WatchOS.platform/Developer/SDKs/WatchOS27.0.sdk/usr/include/sys/_types/_ssize_t.h:31:33: note: declaration here is not visible
   31 | typedef __darwin_ssize_t        ssize_t;
      |                                 ^
1 error generated.
Failed frontend command:
/Applications/Xcode-27.0.0-Release.Candidate.app/Contents/Developer/Toolchains/XcodeDefault.xctoolchain/usr/bin/clang -cc1 -Wundef-prefix\=TARGET_OS_ -fdiagnostics-show-note-include-stack -fmacro-backtrace-limit\=0 -w -ferror-limit 19 -serialize-diagnostic-file /Users/admin/builder/spi-builder-workspace/.derivedData/Build/Intermediates.noindex/JJLISO8601DateFormatter.build/Debug-watchos/JJLISO8601DateFormatter-t.build/Objects-normal/arm64/JJLInternal.dia -Wdeprecated-objc-isa-usage -Werror\=deprecated-objc-isa-usage -Werror\=implicit-function-declaration -Wnon-modular-include-in-framework-module -Werror\=non-modular-include-in-framework-module -Wno-trigraphs -Wno-missing-field-initializers -Wno-missing-prototypes -Wno-return-type -Wno-missing-braces -Wparentheses -Wswitch -Wno-unused-function -Wno-unused-label -Wno-unused-parameter -Wno-unused-variable -Wunused-value -Wno-empty-body -Wno-uninitialized -Wno-unknown-pragmas -Wno-shadow -Wno-four-char-constants -Wno-conversion -Wno-constant-conversion -Wno-int-conversion -Wno-bool-conversion -Wno-enum-conversion -Wno-float-conversion -Wno-non-literal-null-conversion -Wno-objc-literal-conversion -Wshorten-64-to-32 -Wpointer-sign -Wno-newline-eof -Wno-implicit-fallthrough -Wdeprecated-declarations -Wno-sign-conversion -Wno-infinite-recursion -Wno-comma -Wno-block-capture-autoreleasing -Wno-strict-prototypes -Wno-semicolon-before-method-body -Wno-elaborated-enum-base -Wno-error\=allocator-wrappers -index-store-path /Users/admin/builder/spi-builder-workspace/.derivedData/Index.noindex/DataStore -index-unit-output-path /JJLISO8601DateFormatter.build/Debug-watchos/JJLISO8601DateFormatter-t.build/Objects-normal/arm64/JJLInternal.o -fmodule-map-file\=/Applications/Xcode-27.0.0-Release.Candidate.app/Contents/Developer/Platforms/WatchOS.platform/Developer/SDKs/WatchOS.sdk/usr/include/DarwinFoundation1.modulemap -fmodule-map-file\=/Applications/Xcode-27.0.0-Release.Candidate.app/Contents/Developer/Platforms/WatchOS.platform/Developer/SDKs/WatchOS.sdk/usr/include/DarwinFoundation2.modulemap -fmodule-map-file\=/Applications/Xcode-27.0.0-Release.Candidate.app/Contents/Developer/Toolchains/XcodeDefault.xctoolchain/usr/lib/clang/21/include/module.modulemap -fmodule-map-file\=/Applications/Xcode-27.0.0-Release.Candidate.app/Contents/Developer/Platforms/WatchOS.platform/Developer/SDKs/WatchOS.sdk/usr/include/DarwinFoundation3.modulemap -fmodule-map-file\=/Applications/Xcode-27.0.0-Release.Candidate.app/Contents/Developer/Platforms/WatchOS.platform/Developer/SDKs/WatchOS.sdk/usr/include/dispatch.modulemap -fmodule-map-file\=/Applications/Xcode-27.0.0-Release.Candidate.app/Contents/Developer/Platforms/WatchOS.platform/Developer/SDKs/WatchOS.sdk/System/Library/Frameworks/CoreFoundation.framework/Modules/module.modulemap -o /Users/admin/builder/spi-builder-workspace/.derivedData/Build/Intermediates.noindex/JJLISO8601DateFormatter.build/Debug-watchos/JJLISO8601DateFormatter-t.build/Objects-normal/arm64/JJLInternal.o -disable-free -emit-obj -x c /Users/admin/builder/spi-builder-workspace/.dependencies/checkouts/JJLISO8601DateFormatter/Sources/JJLISO8601DateFormatter/JJLInternal.c -target-abi darwinpcs -target-cpu apple-s9 -target-feature +v8.6a -target-feature +aes -target-feature +bf16 -target-feature +complxnum -target-feature +crc -target-feature +dotprod -target-feature +fp-armv8 -target-feature +fp16fml -target-feature +fpac -target-feature +fullfp16 -target-feature +hcx -target-feature +i8mm -target-feature +jsconv -target-feature +lse -target-feature +neon -target-feature +pauth -target-feature +perfmon -target-feature +ras -target-feature +rcpc -target-feature +rdm -target-feature +sha2 -target-feature +sha3 -target-feature +ssbs -triple arm64-apple-watchos9.0.0 -target-linker-version 1166.2 -target-sdk-version\=27.0 -fmodules-validate-system-headers -fno-modulemap-allow-subdirectory-search -isysroot /Applications/Xcode-27.0.0-Release.Candidate.app/Contents/Developer/Platforms/WatchOS.platform/Developer/SDKs/WatchOS27.0.sdk -resource-dir /Applications/Xcode-27.0.0-Release.Candidate.app/Contents/Developer/Toolchains/XcodeDefault.xctoolchain/usr/lib/clang/21 -fmodule-format\=obj -fmodule-file\=CoreFoundation\=/Users/admin/builder/spi-builder-workspace/.derivedData/Build/Intermediates.noindex/ExplicitPrecompiledModules/CoreFoundation-21KQC4G69X9RRATGP83RQO75M.pcm -fmodule-file\=Dispatch\=/Users/admin/builder/spi-builder-workspace/.derivedData/Build/Intermediates.noindex/ExplicitPrecompiledModules/Dispatch-E2BFU31QIUA47WQYDMDVDGIGB.pcm -fmodule-file\=_Builtin_limits\=/Users/admin/builder/spi-builder-workspace/.derivedData/Build/Intermediates.noindex/ExplicitPrecompiledModules/_Builtin_limits-B1V334UN69GXU1GZ11U3S75L6.pcm -fmodule-file\=_DarwinFoundation1\=/Users/admin/builder/spi-builder-workspace/.derivedData/Build/Intermediates.noindex/ExplicitPrecompiledModules/_DarwinFoundation1-271C6YMHKE2T7B31M2WB81V4X.pcm -fmodule-file\=_DarwinFoundation2\=/Users/admin/builder/spi-builder-workspace/.derivedData/Build/Intermediates.noindex/ExplicitPrecompiledModules/_DarwinFoundation2-97B3A1VFJWM3XXNSKJIWN1MUQ.pcm -fmodule-file\=_DarwinFoundation3\=/Users/admin/builder/spi-builder-workspace/.derivedData/Build/Intermediates.noindex/ExplicitPrecompiledModules/_DarwinFoundation3-AEQ8M866EXUQLRMRTUGOCYYV3.pcm -I /Users/admin/builder/spi-builder-workspace/.derivedData/Build/Products/Debug-watchos/include -I /Users/admin/builder/spi-builder-workspace/.dependencies/checkouts/JJLISO8601DateFormatter/Sources/JJLISO8601DateFormatter/include -I /Users/admin/builder/spi-builder-workspace/.derivedData/Build/Intermediates.noindex/JJLISO8601DateFormatter.build/Debug-watchos/JJLISO8601DateFormatter-t.build/DerivedSources-normal/arm64 -I /Users/admin/builder/spi-builder-workspace/.derivedData/Build/Intermediates.noindex/JJLISO8601DateFormatter.build/Debug-watchos/JJLISO8601DateFormatter-t.build/DerivedSources/arm64 -I /Users/admin/builder/spi-builder-workspace/.derivedData/Build/Intermediates.noindex/JJLISO8601DateFormatter.build/Debug-watchos/JJLISO8601DateFormatter-t.build/DerivedSources -F /Users/admin/builder/spi-builder-workspace/.derivedData/Build/Products/Debug-watchos -iframework /Applications/Xcode-27.0.0-Release.Candidate.app/Contents/Developer/Platforms/WatchOS.platform/Developer/Library/Frameworks -iframework /Applications/Xcode-27.0.0-Release.Candidate.app/Contents/Developer/Platforms/WatchOS.platform/Developer/SDKs/WatchOS27.0.sdk/Developer/Library/Frameworks -internal-isystem /Applications/Xcode-27.0.0-Release.Candidate.app/Contents/Developer/Platforms/WatchOS.platform/Developer/SDKs/WatchOS27.0.sdk/usr/local/include -internal-isystem /Applications/Xcode-27.0.0-Release.Candidate.app/Contents/Developer/Toolchains/XcodeDefault.xctoolchain/usr/lib/clang/21/include -internal-externc-isystem /Applications/Xcode-27.0.0-Release.Candidate.app/Contents/Developer/Platforms/WatchOS.platform/Developer/SDKs/WatchOS27.0.sdk/usr/include -internal-externc-isystem /Applications/Xcode-27.0.0-Release.Candidate.app/Contents/Developer/Toolchains/XcodeDefault.xctoolchain/usr/include -internal-iframework /Applications/Xcode-27.0.0-Release.Candidate.app/Contents/Developer/Platforms/WatchOS.platform/Developer/SDKs/WatchOS27.0.sdk/System/Library/Frameworks -internal-iframework /Applications/Xcode-27.0.0-Release.Candidate.app/Contents/Developer/Platforms/WatchOS.platform/Developer/SDKs/WatchOS27.0.sdk/System/Library/SubFrameworks -internal-iframework /Applications/Xcode-27.0.0-Release.Candidate.app/Contents/Developer/Platforms/WatchOS.platform/Developer/SDKs/WatchOS27.0.sdk/Library/Frameworks -ivfsstatcache /Users/admin/builder/spi-builder-workspace/.derivedData/SDKStatCaches.noindex/watchos27.0-24R360-e829b21a6f8c9b70876ba0858053c04477534ef55a1706bf4c1112bbb242f0a2.sdkstatcache -std\=gnu17 -fskip-odr-check-in-gmf -fmodules -fmodule-name\=JJLISO8601DateFormatter -fno-implicit-modules -fmax-type-align\=16 -fpascal-strings -fstack-check -fvisibility-inlines-hidden-static-local-var -mdarwin-stkchk-strong-link -fno-odr-hash-protocols -pic-level 2 -fencode-extended-block-signature -stack-protector 1 -fgnuc-version\=4.2.1 -fblocks -fno-convergent-functions -ffp-contract\=on -fclang-abi-compat\=4.0 -fno-experimental-relative-c++-abi-vtables -fno-file-reproducible -clang-vendor-feature\=+disableNonDependentMemberExprInCurrentInstantiation -clang-vendor-feature\=+enableAggressiveVLAFolding -clang-vendor-feature\=+revert09abecef7bbf -clang-vendor-feature\=+thisNoAlignAttr -clang-vendor-feature\=+thisNoNullAttr -clang-vendor-feature\=+disableAtImportPrivateFrameworkInImplementationError -O0 -fno-assume-unique-vtables -fdebug-compilation-dir\=/Users/admin/builder/spi-builder-workspace/.swiftpm/xcode -fcoverage-compilation-dir\=/Users/admin/builder/spi-builder-workspace/.swiftpm/xcode -fcommon -fdwarf2-cfi-asm -fobjc-msgsend-selector-stubs -fregister-global-dtors-with-atexit -fno-strict-return -dwarf-version\=4 -debugger-tuning\=lldb -disable-llvm-verifier -dwarf-ext-refs -funwind-tables\=1 -enable-tlsdesc -clear-ast-before-backend -discard-value-names -main-file-name JJLInternal.c -mframe-pointer\=non-leaf -debug-info-kind\=standalone -fno-loop-interchange -fdiagnostics-hotness-threshold\=0 -fdiagnostics-misexpect-tolerance\=0 -D DEBUG\=1 -D SWIFT_PACKAGE -D Xcode -fdefine-target-os-macros -MT dependencies -dependency-file /Users/admin/builder/spi-builder-workspace/.derivedData/Build/Intermediates.noindex/JJLISO8601DateFormatter.build/Debug-watchos/JJLISO8601DateFormatter-t.build/Objects-normal/arm64/JJLInternal.d -skip-unused-modulemap-deps -module-file-deps\=direct -fdepfile-entry\=/Applications/Xcode-27.0.0-Release.Candidate.app/Contents/Developer/Platforms/WatchOS.platform/Developer/SDKs/WatchOS27.0.sdk/SDKSettings.json
PrecompileModule /Users/admin/builder/spi-builder-workspace/.derivedData/Build/Intermediates.noindex/ExplicitPrecompiledModules/CoreFoundation-9AO6XIBF54JIFKH8N5WYTPRZE.scan
    cd /
    builtin-precompileModule /Users/admin/builder/spi-builder-workspace/.derivedData/Build/Intermediates.noindex/ExplicitPrecompiledModules/CoreFoundation-9AO6XIBF54JIFKH8N5WYTPRZE.scan
PrecompileModule /Users/admin/builder/spi-builder-workspace/.derivedData/Build/Intermediates.noindex/ExplicitPrecompiledModules/CoreFoundation-1SYVQ907NHJALXO8O42GH5BVK.scan
    cd /
    builtin-precompileModule /Users/admin/builder/spi-builder-workspace/.derivedData/Build/Intermediates.noindex/ExplicitPrecompiledModules/CoreFoundation-1SYVQ907NHJALXO8O42GH5BVK.scan
PrecompileModule /Users/admin/builder/spi-builder-workspace/.derivedData/Build/Intermediates.noindex/ExplicitPrecompiledModules/CoreFoundation-SX798GSUGO9I1O8CLKZ2OTHK.scan
    cd /
    builtin-precompileModule /Users/admin/builder/spi-builder-workspace/.derivedData/Build/Intermediates.noindex/ExplicitPrecompiledModules/CoreFoundation-SX798GSUGO9I1O8CLKZ2OTHK.scan
PruneExplicitPrecompiledModules /Users/admin/builder/spi-builder-workspace/.derivedData/Build/Intermediates.noindex/ExplicitPrecompiledModules
PruneExplicitPrecompiledModules /Users/admin/builder/spi-builder-workspace/.derivedData/Build/Intermediates.noindex/SwiftExplicitPrecompiledModules
PruneExplicitPrecompiledModules /Users/admin/builder/spi-builder-workspace/.derivedData/SDKExplicitPrecompiledModules
2026-09-18 22:54:14.980 xcodebuild[1049:5973] [MT] IDERunDestination: Supported platforms for the buildables in the current scheme is empty.
2026-09-18 22:54:15.085 xcodebuild[1049:5973] [MT] IDERunDestination: Supported platforms for the buildables in the current scheme is empty.
** BUILD FAILED **
The following build commands failed:
	CompileC /Users/admin/builder/spi-builder-workspace/.derivedData/Build/Intermediates.noindex/JJLISO8601DateFormatter.build/Debug-watchos/JJLISO8601DateFormatter-t.build/Objects-normal/arm64/JJLInternal.o /Users/admin/builder/spi-builder-workspace/.dependencies/checkouts/JJLISO8601DateFormatter/Sources/JJLISO8601DateFormatter/JJLInternal.c normal arm64 c com.apple.compilers.llvm.clang.1_0.compiler (in target 'JJLISO8601DateFormatter' from project 'JJLISO8601DateFormatter')
	Building workspace ARHeadsetKit with scheme ARHeadsetKit
(2 failures)
BUILD FAILURE 6.4 watchOS