The Swift Package Index logo.Swift Package Index

Build Information

Failed to build HTMLSpecialCharacters, reference master (7797f4), with Swift 6.4 for Wasm on 17 Sep 2026 14:04:46 UTC.

Build Command

bash -c docker run --pull=always --rm -v "checkouts-54344847-1":/host -w "$PWD" -e JAVA_HOME="/root/.sdkman/candidates/java/current" -e SPI_BUILD="1" -e SPI_PROCESSING="1" registry.gitlab.com/saguaro1/spi-images:wasm-6.4-latest swift build --swift-sdk swift-6.4.x-DEVELOPMENT-SNAPSHOT-2026-09-04-a_wasm 2>&1

Build Log

========================================
RunAll
========================================
Builder version: 5.1.0
Interrupt handler set up.
========================================
Checkout
========================================
Clone URL: https://github.com/sonsongithub/HTMLSpecialCharacters.git
Reference: master
Initialized empty Git repository in /host/spi-builder-workspace/.git/
hint: Using 'master' as the name for the initial branch. This default branch name
hint: is subject to change. To configure the initial branch name to use in all
hint: of your new repositories, which will suppress this warning, call:
hint:
hint: 	git config --global init.defaultBranch <name>
hint:
hint: Names commonly chosen instead of 'master' are 'main', 'trunk' and
hint: 'development'. The just-created branch can be renamed via this command:
hint:
hint: 	git branch -m <name>
From https://github.com/sonsongithub/HTMLSpecialCharacters
 * branch            master     -> FETCH_HEAD
 * [new branch]      master     -> origin/master
HEAD is now at 7797f4c Fixed the code to handle pointer.
Cloned https://github.com/sonsongithub/HTMLSpecialCharacters.git
Revision (git rev-parse @):
7797f4cca9f19c54436ad7470222130227cba98d
SUCCESS checkout https://github.com/sonsongithub/HTMLSpecialCharacters.git at master
========================================
Build
========================================
Selected platform:         wasm
Swift version:             6.4
Building package at path:  $PWD
https://github.com/sonsongithub/HTMLSpecialCharacters.git
Running build ...
bash -c docker run --pull=always --rm -v "checkouts-54344847-1":/host -w "$PWD" -e JAVA_HOME="/root/.sdkman/candidates/java/current" -e SPI_BUILD="1" -e SPI_PROCESSING="1" registry.gitlab.com/saguaro1/spi-images:wasm-6.4-latest swift build --swift-sdk swift-6.4.x-DEVELOPMENT-SNAPSHOT-2026-09-04-a_wasm 2>&1
wasm-6.4-latest: Pulling from saguaro1/spi-images
Digest: sha256:4328fdb43c680d205c1d6761b1e3267aa38277eefdda9ddfb17b6a0f1a77857a
Status: Image is up to date for registry.gitlab.com/saguaro1/spi-images:wasm-6.4-latest
Building for debugging...
[Planning deferred tasks]
[20 / 28] HTMLSpecialCharacters
error: SwiftCompile normal wasm32 /host/spi-builder-workspace/Sources/HTMLSpecialCharacters/HTMLSpecialCharacters.swift failed with a nonzero exit code. Command line:     cd /host
    builtin-SwiftPerFileCompile HTMLSpecialCharacters.swift
[25 / 28] HTMLSpecialCharacters
/host/spi-builder-workspace/Sources/HTMLSpecialCharacters/HTMLSpecialCharacters.swift:542:97: error: cannot find type 'UniChar' in scope
540 |         guard let table = getUnescapeTable(length: $0.count)
541 |             else { throw HTMLSpecialCharactersError.invalidEscapeSquence }
542 |         guard let entry = table.first(where: {memcmp($0.unescapingCodes, unichars, MemoryLayout<UniChar>.size * length) == 0})
    |                                                                                                 `- error: cannot find type 'UniChar' in scope
543 |             else { throw HTMLSpecialCharactersError.invalidEscapeSquence }
544 |         return entry.code
/host/spi-builder-workspace/Sources/HTMLSpecialCharacters/HTMLSpecialCharacters.swift:568:53: error: missing argument for parameter 'range' in call
566 |         var buffer = [unichar](repeating: 0, count: utf16.count)
567 |
568 |         NSString(string: self).getCharacters(&buffer)
    |                                                     `- error: missing argument for parameter 'range' in call
569 |
570 |         guard let destinationBuffer = NSMutableData(capacity: MemoryLayout<unichar>.size * utf16.count) else { return self }
Foundation.NSString.getCharacters:2:13: note: 'getCharacters(_:range:)' declared here
1 | class NSString {
2 | public func getCharacters(_ buffer: UnsafeMutablePointer<unichar>, range: NSRange)}
  |             `- note: 'getCharacters(_:range:)' declared here
3 |
/host/spi-builder-workspace/Sources/HTMLSpecialCharacters/HTMLSpecialCharacters.swift:604:52: error: missing argument for parameter 'range' in call
602 |         let buffer = UnsafeMutablePointer<unichar>.allocate(capacity: utf16.count)
603 |         defer { buffer.deallocate() }
604 |         NSString(string: self).getCharacters(buffer)
    |                                                    `- error: missing argument for parameter 'range' in call
605 |         let margin = 0
606 |         guard let destinationBuffer = NSMutableData(capacity: MemoryLayout<unichar>.size * (utf16.count + margin)) else { return self }
Foundation.NSString.getCharacters:2:13: note: 'getCharacters(_:range:)' declared here
1 | class NSString {
2 | public func getCharacters(_ buffer: UnsafeMutablePointer<unichar>, range: NSRange)}
  |             `- note: 'getCharacters(_:range:)' declared here
3 |
/host/spi-builder-workspace/Sources/HTMLSpecialCharacters/HTMLSpecialCharacters.swift:648:53: error: missing argument for parameter 'range' in call
646 |     public var unescapeHTML: String {
647 |         var buffer = [unichar](repeating: 0, count: utf16.count)
648 |         NSString(string: self).getCharacters(&buffer)
    |                                                     `- error: missing argument for parameter 'range' in call
649 |
650 |         var end = buffer.endIndex
Foundation.NSString.getCharacters:2:13: note: 'getCharacters(_:range:)' declared here
1 | class NSString {
2 | public func getCharacters(_ buffer: UnsafeMutablePointer<unichar>, range: NSRange)}
  |             `- note: 'getCharacters(_:range:)' declared here
3 |
Failed frontend command:
/usr/bin/swift-frontend -frontend -c -primary-file /host/spi-builder-workspace/Sources/HTMLSpecialCharacters/HTMLSpecialCharacters.swift -emit-dependencies-path /host/spi-builder-workspace/.build/out/Intermediates.noindex/HTMLSpecialCharacters.build/Debug-webassembly-wasm32/HTMLSpecialCharacters-t.build/Objects-normal/wasm32/HTMLSpecialCharacters.d -emit-const-values-path /host/spi-builder-workspace/.build/out/Intermediates.noindex/HTMLSpecialCharacters.build/Debug-webassembly-wasm32/HTMLSpecialCharacters-t.build/Objects-normal/wasm32/HTMLSpecialCharacters.swiftconstvalues -emit-reference-dependencies-path /host/spi-builder-workspace/.build/out/Intermediates.noindex/HTMLSpecialCharacters.build/Debug-webassembly-wasm32/HTMLSpecialCharacters-t.build/Objects-normal/wasm32/HTMLSpecialCharacters.swiftdeps -serialize-diagnostics-path /host/spi-builder-workspace/.build/out/Intermediates.noindex/HTMLSpecialCharacters.build/Debug-webassembly-wasm32/HTMLSpecialCharacters-t.build/Objects-normal/wasm32/HTMLSpecialCharacters.dia -target wasm32-unknown-wasip1 -disable-objc-interop -sdk /root/.swiftpm/swift-sdks/swift-6.4.x-DEVELOPMENT-SNAPSHOT-2026-09-04-a_wasm.artifactbundle/swift-6.4.x-DEVELOPMENT-SNAPSHOT-2026-09-04-a_wasm/wasm32-unknown-wasip1/WASI.sdk -sysroot /root/.swiftpm/swift-sdks/swift-6.4.x-DEVELOPMENT-SNAPSHOT-2026-09-04-a_wasm.artifactbundle/swift-6.4.x-DEVELOPMENT-SNAPSHOT-2026-09-04-a_wasm/wasm32-unknown-wasip1/WASI.sdk -I /host/spi-builder-workspace/.build/out/Products/Debug-webassembly-wasm32 -module-cache-path /host/spi-builder-workspace/.build/out/ModuleCache.noindex -color-diagnostics -Xcc -fcolor-diagnostics -enable-testing -g -debug-info-format\=dwarf -dwarf-version\=4 -swift-version 5 -Onone -D SWIFT_PACKAGE -D DEBUG -D SWIFT_MODULE_RESOURCE_BUNDLE_UNAVAILABLE -D Xcode -serialize-debugging-options -enable-experimental-feature DebugDescriptionMacro -empty-abi-descriptor -external-plugin-path /usr/lib/swift/host/plugins/testing\#/usr/bin/swift-plugin-server -validate-clang-modules-once -clang-build-session-file /host/spi-builder-workspace/.build/out/ModuleCache.noindex/Session.modulevalidation -Xcc -working-directory -Xcc /host -resource-dir /root/.swiftpm/swift-sdks/swift-6.4.x-DEVELOPMENT-SNAPSHOT-2026-09-04-a_wasm.artifactbundle/swift-6.4.x-DEVELOPMENT-SNAPSHOT-2026-09-04-a_wasm/wasm32-unknown-wasip1/swift.xctoolchain/usr/lib/swift_static -use-static-resource-dir -enable-anonymous-context-mangled-names -file-compilation-dir /host -Xcc -resource-dir -Xcc /root/.swiftpm/swift-sdks/swift-6.4.x-DEVELOPMENT-SNAPSHOT-2026-09-04-a_wasm.artifactbundle/swift-6.4.x-DEVELOPMENT-SNAPSHOT-2026-09-04-a_wasm/wasm32-unknown-wasip1/swift.xctoolchain/usr/lib/swift_static/clang -Xcc -D_LIBCPP_HARDENING_MODE\=_LIBCPP_HARDENING_MODE_DEBUG -Xcc -fmodules-prune-interval\=86400 -Xcc -fmodules-prune-after\=345600 -Xcc -I/host/spi-builder-workspace/.build/out/Products/Debug-webassembly-wasm32/include -Xcc -I/host/spi-builder-workspace/.build/out/Intermediates.noindex/HTMLSpecialCharacters.build/Debug-webassembly-wasm32/HTMLSpecialCharacters-t.build/DerivedSources-normal/wasm32 -Xcc -I/host/spi-builder-workspace/.build/out/Intermediates.noindex/HTMLSpecialCharacters.build/Debug-webassembly-wasm32/HTMLSpecialCharacters-t.build/DerivedSources/wasm32 -Xcc -I/host/spi-builder-workspace/.build/out/Intermediates.noindex/HTMLSpecialCharacters.build/Debug-webassembly-wasm32/HTMLSpecialCharacters-t.build/DerivedSources -Xcc -DSWIFT_PACKAGE -Xcc -DDEBUG\=1 -no-auto-bridging-header-chaining -module-name HTMLSpecialCharacters -const-gather-protocols-file /host/spi-builder-workspace/.build/out/Intermediates.noindex/HTMLSpecialCharacters.build/Debug-webassembly-wasm32/HTMLSpecialCharacters-t.build/Objects-normal/wasm32/HTMLSpecialCharacters_const_extract_protocols.json -in-process-plugin-server-path /usr/lib/swift/host/libSwiftInProcPluginServer.so -plugin-path /usr/lib/swift/host/plugins -plugin-path /usr/local/lib/swift/host/plugins -parse-as-library -o /host/spi-builder-workspace/.build/out/Intermediates.noindex/HTMLSpecialCharacters.build/Debug-webassembly-wasm32/HTMLSpecialCharacters-t.build/Objects-normal/wasm32/HTMLSpecialCharacters.o -index-unit-output-path /HTMLSpecialCharacters.build/Debug-webassembly-wasm32/HTMLSpecialCharacters-t.build/Objects-normal/wasm32/HTMLSpecialCharacters.o -index-store-path /host/spi-builder-workspace/.build/out -index-system-modules
error: Build failed
BUILD FAILURE 6.4 wasm