The Swift Package Index logo.Swift Package Index

Build Information

Failed to build CryptorECC, reference 1.2.201 (148526), with Swift 6.4 for Wasm on 18 Sep 2026 17:36:02 UTC.

Build Command

bash -c docker run --pull=always --rm -v "checkouts-53886770-0":/host -w "$PWD" -e JAVA_HOME="/root/.sdkman/candidates/java/current" -e SPI_BUILD="1" -e SPI_PROCESSING="1" registry.gitlab.com/saguaro1/spi-images:wasm-6.4-latest swift build --swift-sdk swift-6.4.x-DEVELOPMENT-SNAPSHOT-2026-09-04-a_wasm 2>&1

Build Log

========================================
RunAll
========================================
Builder version: 5.1.0
Interrupt handler set up.
========================================
Checkout
========================================
Clone URL: https://github.com/Kitura/BlueECC.git
Reference: 1.2.201
Initialized empty Git repository in /host/spi-builder-workspace/.git/
hint: Using 'master' as the name for the initial branch. This default branch name
hint: is subject to change. To configure the initial branch name to use in all
hint: of your new repositories, which will suppress this warning, call:
hint:
hint: 	git config --global init.defaultBranch <name>
hint:
hint: Names commonly chosen instead of 'master' are 'main', 'trunk' and
hint: 'development'. The just-created branch can be renamed via this command:
hint:
hint: 	git branch -m <name>
From https://github.com/Kitura/BlueECC
 * tag               1.2.201    -> FETCH_HEAD
HEAD is now at 1485268 Update podspec to specify Swift 5.2 as the minimum supported
Cloned https://github.com/Kitura/BlueECC.git
Revision (git rev-parse @):
1485268a54f8135435a825a855e733f026fa6cc8
SUCCESS checkout https://github.com/Kitura/BlueECC.git at 1.2.201
========================================
Build
========================================
Selected platform:         wasm
Swift version:             6.4
Building package at path:  $PWD
https://github.com/Kitura/BlueECC.git
Running build ...
bash -c docker run --pull=always --rm -v "checkouts-53886770-0":/host -w "$PWD" -e JAVA_HOME="/root/.sdkman/candidates/java/current" -e SPI_BUILD="1" -e SPI_PROCESSING="1" registry.gitlab.com/saguaro1/spi-images:wasm-6.4-latest swift build --swift-sdk swift-6.4.x-DEVELOPMENT-SNAPSHOT-2026-09-04-a_wasm 2>&1
wasm-6.4-latest: Pulling from saguaro1/spi-images
Digest: sha256:4328fdb43c680d205c1d6761b1e3267aa38277eefdda9ddfb17b6a0f1a77857a
Status: Image is up to date for registry.gitlab.com/saguaro1/spi-images:wasm-6.4-latest
Fetching https://github.com/Kitura/OpenSSL.git
[1/203] Fetching openssl
Fetched https://github.com/Kitura/OpenSSL.git (0.42s)
Computing version for https://github.com/Kitura/OpenSSL.git
Computed https://github.com/Kitura/OpenSSL.git at 2.3.1 (1.47s)
Creating working copy for https://github.com/Kitura/OpenSSL.git
Working copy of https://github.com/Kitura/OpenSSL.git resolved at 2.3.1
warning: 'openssl': you may be able to install openssl using your system-packager:
    apt-get install openssl libssl-dev
Building for debugging...
[Pre-planning 1 / 68]
[18 / 26] CryptorECC
error: SwiftCompile normal wasm32 failed with a nonzero exit code. Command line:     cd /host

/host/spi-builder-workspace/Sources/CryptorECC/ECPrivateKey.swift:60:31: error: cannot find type 'SecKey' in scope
 58 |         deinit { EC_KEY_free(.make(optional: self.nativeKey)) }
 59 |     #else
 60 |         typealias NativeKey = SecKey
    |                               `- error: cannot find type 'SecKey' in scope
 61 |     #endif
 62 |     let nativeKey: NativeKey
/host/spi-builder-workspace/Sources/CryptorECC/ECPublicKey.swift:60:27: error: cannot find type 'SecKey' in scope
 58 |     deinit { EC_KEY_free(.make(optional: self.nativeKey)) }
 59 |     #else
 60 |     typealias NativeKey = SecKey
    |                           `- error: cannot find type 'SecKey' in scope
 61 |     #endif
 62 |     let nativeKey: NativeKey
/host/spi-builder-workspace/Sources/CryptorECC/EllipticCurve.swift:61:27: error: cannot find type 'SecKeyAlgorithm' in scope
 59 |     let hashLength = CC_LONG(SHA256_DIGEST_LENGTH)
 60 |     #else
 61 |     let signingAlgorithm: SecKeyAlgorithm
    |                           `- error: cannot find type 'SecKeyAlgorithm' in scope
 62 |     let encryptionAlgorithm = SecKeyAlgorithm.eciesEncryptionStandardVariableIVX963SHA256AESGCM
 63 |     let hashEngine: (_ data: UnsafeRawPointer?, _ len: CC_LONG, _ md: UnsafeMutablePointer<UInt8>?) -> UnsafeMutablePointer<UInt8>?
/host/spi-builder-workspace/Sources/CryptorECC/EllipticCurve.swift:63:56: error: cannot find type 'CC_LONG' in scope
 61 |     let signingAlgorithm: SecKeyAlgorithm
 62 |     let encryptionAlgorithm = SecKeyAlgorithm.eciesEncryptionStandardVariableIVX963SHA256AESGCM
 63 |     let hashEngine: (_ data: UnsafeRawPointer?, _ len: CC_LONG, _ md: UnsafeMutablePointer<UInt8>?) -> UnsafeMutablePointer<UInt8>?
    |                                                        `- error: cannot find type 'CC_LONG' in scope
 64 |     let hashLength: CC_LONG
 65 |     #endif
/host/spi-builder-workspace/Sources/CryptorECC/EllipticCurve.swift:64:21: error: cannot find type 'CC_LONG' in scope
 62 |     let encryptionAlgorithm = SecKeyAlgorithm.eciesEncryptionStandardVariableIVX963SHA256AESGCM
 63 |     let hashEngine: (_ data: UnsafeRawPointer?, _ len: CC_LONG, _ md: UnsafeMutablePointer<UInt8>?) -> UnsafeMutablePointer<UInt8>?
 64 |     let hashLength: CC_LONG
    |                     `- error: cannot find type 'CC_LONG' in scope
 65 |     #endif
 66 |     let keySize: Int
/host/spi-builder-workspace/Sources/CryptorECC/EllipticCurve.swift:90:49: error: cannot find 'CC_SHA256' in scope
 88 |     static let p256 = EllipticCurve(internalRepresentation: .prime256v1,
 89 |                                     signingAlgorithm: .ecdsaSignatureDigestX962SHA256,
 90 |                                     hashEngine: CC_SHA256,
    |                                                 `- error: cannot find 'CC_SHA256' in scope
 91 |                                     hashLength: CC_LONG(CC_SHA256_DIGEST_LENGTH),
 92 |                                     keySize: 65)
/host/spi-builder-workspace/Sources/CryptorECC/EllipticCurve.swift:91:49: error: cannot find 'CC_LONG' in scope
 89 |                                     signingAlgorithm: .ecdsaSignatureDigestX962SHA256,
 90 |                                     hashEngine: CC_SHA256,
 91 |                                     hashLength: CC_LONG(CC_SHA256_DIGEST_LENGTH),
    |                                                 `- error: cannot find 'CC_LONG' in scope
 92 |                                     keySize: 65)
 93 |
/host/spi-builder-workspace/Sources/CryptorECC/EllipticCurve.swift:91:57: error: cannot find 'CC_SHA256_DIGEST_LENGTH' in scope
 89 |                                     signingAlgorithm: .ecdsaSignatureDigestX962SHA256,
 90 |                                     hashEngine: CC_SHA256,
 91 |                                     hashLength: CC_LONG(CC_SHA256_DIGEST_LENGTH),
    |                                                         `- error: cannot find 'CC_SHA256_DIGEST_LENGTH' in scope
 92 |                                     keySize: 65)
 93 |
/host/spi-builder-workspace/Sources/CryptorECC/EllipticCurve.swift:97:49: error: cannot find 'CC_SHA384' in scope
 95 |     static let p384 = EllipticCurve(internalRepresentation: .secp384r1,
 96 |                                     signingAlgorithm: .ecdsaSignatureDigestX962SHA384,
 97 |                                     hashEngine: CC_SHA384,
    |                                                 `- error: cannot find 'CC_SHA384' in scope
 98 |                                     hashLength: CC_LONG(CC_SHA384_DIGEST_LENGTH),
 99 |                                     keySize: 97)
/host/spi-builder-workspace/Sources/CryptorECC/EllipticCurve.swift:98:49: error: cannot find 'CC_LONG' in scope
 96 |                                     signingAlgorithm: .ecdsaSignatureDigestX962SHA384,
 97 |                                     hashEngine: CC_SHA384,
 98 |                                     hashLength: CC_LONG(CC_SHA384_DIGEST_LENGTH),
    |                                                 `- error: cannot find 'CC_LONG' in scope
 99 |                                     keySize: 97)
100 |
/host/spi-builder-workspace/Sources/CryptorECC/EllipticCurve.swift:98:57: error: cannot find 'CC_SHA384_DIGEST_LENGTH' in scope
 96 |                                     signingAlgorithm: .ecdsaSignatureDigestX962SHA384,
 97 |                                     hashEngine: CC_SHA384,
 98 |                                     hashLength: CC_LONG(CC_SHA384_DIGEST_LENGTH),
    |                                                         `- error: cannot find 'CC_SHA384_DIGEST_LENGTH' in scope
 99 |                                     keySize: 97)
100 |
/host/spi-builder-workspace/Sources/CryptorECC/EllipticCurve.swift:104:49: error: cannot find 'CC_SHA512' in scope
102 |     static let p521 = EllipticCurve(internalRepresentation: .secp521r1,
103 |                                     signingAlgorithm: .ecdsaSignatureDigestX962SHA512,
104 |                                     hashEngine: CC_SHA512,
    |                                                 `- error: cannot find 'CC_SHA512' in scope
105 |                                     hashLength: CC_LONG(CC_SHA512_DIGEST_LENGTH),
106 |                                     keySize: 133)
/host/spi-builder-workspace/Sources/CryptorECC/EllipticCurve.swift:105:49: error: cannot find 'CC_LONG' in scope
103 |                                     signingAlgorithm: .ecdsaSignatureDigestX962SHA512,
104 |                                     hashEngine: CC_SHA512,
105 |                                     hashLength: CC_LONG(CC_SHA512_DIGEST_LENGTH),
    |                                                 `- error: cannot find 'CC_LONG' in scope
106 |                                     keySize: 133)
107 |     #endif
/host/spi-builder-workspace/Sources/CryptorECC/EllipticCurve.swift:105:57: error: cannot find 'CC_SHA512_DIGEST_LENGTH' in scope
103 |                                     signingAlgorithm: .ecdsaSignatureDigestX962SHA512,
104 |                                     hashEngine: CC_SHA512,
105 |                                     hashLength: CC_LONG(CC_SHA512_DIGEST_LENGTH),
    |                                                         `- error: cannot find 'CC_SHA512_DIGEST_LENGTH' in scope
106 |                                     keySize: 133)
107 |     #endif
/host/spi-builder-workspace/Sources/CryptorECC/EllipticCurve.swift:62:31: error: cannot find 'SecKeyAlgorithm' in scope
 60 |     #else
 61 |     let signingAlgorithm: SecKeyAlgorithm
 62 |     let encryptionAlgorithm = SecKeyAlgorithm.eciesEncryptionStandardVariableIVX963SHA256AESGCM
    |                               `- error: cannot find 'SecKeyAlgorithm' in scope
 63 |     let hashEngine: (_ data: UnsafeRawPointer?, _ len: CC_LONG, _ md: UnsafeMutablePointer<UInt8>?) -> UnsafeMutablePointer<UInt8>?
 64 |     let hashLength: CC_LONG
Failed frontend command:
/usr/bin/swift-frontend -frontend -emit-module -experimental-skip-non-inlinable-function-bodies-without-types /host/spi-builder-workspace/Sources/CryptorECC/ASN1.swift /host/spi-builder-workspace/Sources/CryptorECC/Data+Extensions.swift /host/spi-builder-workspace/Sources/CryptorECC/ECDecryptable.swift /host/spi-builder-workspace/Sources/CryptorECC/ECEncryptable.swift /host/spi-builder-workspace/Sources/CryptorECC/ECError.swift /host/spi-builder-workspace/Sources/CryptorECC/ECPrivateKey.swift /host/spi-builder-workspace/Sources/CryptorECC/ECPublicKey.swift /host/spi-builder-workspace/Sources/CryptorECC/ECSignable.swift /host/spi-builder-workspace/Sources/CryptorECC/ECSignature.swift /host/spi-builder-workspace/Sources/CryptorECC/EllipticCurve.swift /host/spi-builder-workspace/Sources/CryptorECC/SSLPointerTricks.swift -target wasm32-unknown-wasip1 -disable-objc-interop -sdk /root/.swiftpm/swift-sdks/swift-6.4.x-DEVELOPMENT-SNAPSHOT-2026-09-04-a_wasm.artifactbundle/swift-6.4.x-DEVELOPMENT-SNAPSHOT-2026-09-04-a_wasm/wasm32-unknown-wasip1/WASI.sdk -sysroot /root/.swiftpm/swift-sdks/swift-6.4.x-DEVELOPMENT-SNAPSHOT-2026-09-04-a_wasm.artifactbundle/swift-6.4.x-DEVELOPMENT-SNAPSHOT-2026-09-04-a_wasm/wasm32-unknown-wasip1/WASI.sdk -I /host/spi-builder-workspace/.build/out/Products/Debug-webassembly-wasm32 -module-cache-path /host/spi-builder-workspace/.build/out/ModuleCache.noindex -color-diagnostics -Xcc -fcolor-diagnostics -enable-testing -g -debug-info-format\=dwarf -dwarf-version\=4 -swift-version 5 -Onone -D SWIFT_PACKAGE -D DEBUG -D SWIFT_MODULE_RESOURCE_BUNDLE_UNAVAILABLE -D Xcode -serialize-debugging-options -enable-experimental-feature DebugDescriptionMacro -empty-abi-descriptor -external-plugin-path /usr/lib/swift/host/plugins/testing\#/usr/bin/swift-plugin-server -validate-clang-modules-once -clang-build-session-file /host/spi-builder-workspace/.build/out/ModuleCache.noindex/Session.modulevalidation -Xcc -working-directory -Xcc /host -resource-dir /root/.swiftpm/swift-sdks/swift-6.4.x-DEVELOPMENT-SNAPSHOT-2026-09-04-a_wasm.artifactbundle/swift-6.4.x-DEVELOPMENT-SNAPSHOT-2026-09-04-a_wasm/wasm32-unknown-wasip1/swift.xctoolchain/usr/lib/swift_static -use-static-resource-dir -enable-anonymous-context-mangled-names -file-compilation-dir /host -Xcc -resource-dir -Xcc /root/.swiftpm/swift-sdks/swift-6.4.x-DEVELOPMENT-SNAPSHOT-2026-09-04-a_wasm.artifactbundle/swift-6.4.x-DEVELOPMENT-SNAPSHOT-2026-09-04-a_wasm/wasm32-unknown-wasip1/swift.xctoolchain/usr/lib/swift_static/clang -Xcc -fmodule-map-file\=/host/spi-builder-workspace/.build/checkouts/OpenSSL/Sources/OpenSSL/module.modulemap -Xcc -D_LIBCPP_HARDENING_MODE\=_LIBCPP_HARDENING_MODE_DEBUG -Xcc -fmodules-prune-interval\=86400 -Xcc -fmodules-prune-after\=345600 -Xcc -I/host/spi-builder-workspace/.build/out/Products/Debug-webassembly-wasm32/include -Xcc -I/host/spi-builder-workspace/.build/out/Intermediates.noindex/CryptorECC.build/Debug-webassembly-wasm32/CryptorECC-t.build/DerivedSources-normal/wasm32 -Xcc -I/host/spi-builder-workspace/.build/out/Intermediates.noindex/CryptorECC.build/Debug-webassembly-wasm32/CryptorECC-t.build/DerivedSources/wasm32 -Xcc -I/host/spi-builder-workspace/.build/out/Intermediates.noindex/CryptorECC.build/Debug-webassembly-wasm32/CryptorECC-t.build/DerivedSources -Xcc -DSWIFT_PACKAGE -Xcc -DDEBUG\=1 -no-auto-bridging-header-chaining -module-name CryptorECC -const-gather-protocols-file /host/spi-builder-workspace/.build/out/Intermediates.noindex/CryptorECC.build/Debug-webassembly-wasm32/CryptorECC-t.build/Objects-normal/wasm32/CryptorECC_const_extract_protocols.json -in-process-plugin-server-path /usr/lib/swift/host/libSwiftInProcPluginServer.so -plugin-path /usr/lib/swift/host/plugins -plugin-path /usr/local/lib/swift/host/plugins -emit-module-doc-path /host/spi-builder-workspace/.build/out/Intermediates.noindex/CryptorECC.build/Debug-webassembly-wasm32/CryptorECC-t.build/Objects-normal/wasm32/Modules/CryptorECC.swiftdoc -emit-module-source-info-path /host/spi-builder-workspace/.build/out/Intermediates.noindex/CryptorECC.build/Debug-webassembly-wasm32/CryptorECC-t.build/Objects-normal/wasm32/Modules/CryptorECC.swiftsourceinfo -emit-objc-header-path /host/spi-builder-workspace/.build/out/Intermediates.noindex/CryptorECC.build/Debug-webassembly-wasm32/CryptorECC-t.build/Objects-normal/wasm32/CryptorECC-Swift.h -serialize-diagnostics-path /host/spi-builder-workspace/.build/out/Intermediates.noindex/CryptorECC.build/Debug-webassembly-wasm32/CryptorECC-t.build/Objects-normal/wasm32/CryptorECC-primary-emit-module.dia -emit-dependencies-path /host/spi-builder-workspace/.build/out/Intermediates.noindex/CryptorECC.build/Debug-webassembly-wasm32/CryptorECC-t.build/Objects-normal/wasm32/CryptorECC-primary-emit-module.d -parse-as-library -o /host/spi-builder-workspace/.build/out/Intermediates.noindex/CryptorECC.build/Debug-webassembly-wasm32/CryptorECC-t.build/Objects-normal/wasm32/Modules/CryptorECC.swiftmodule
error: Build failed
BUILD FAILURE 6.4 wasm