The Swift Package Index logo.Swift Package Index

Build Information

Failed to build swift-rfc-5321, reference 0.3.4 (5ecbf0), with Swift 6.4 for watchOS using Xcode 27.0 on 25 Sep 2026 00:29:32 UTC.

Build Command

env DEVELOPER_DIR=/Applications/Xcode-27.0.0-Release.Candidate.app xcrun xcodebuild -IDEClonedSourcePackagesDirPathOverride=$PWD/.dependencies -skipMacroValidation -skipPackagePluginValidation -derivedDataPath $PWD/.derivedData build -scheme swift-rfc-5321 -destination generic/platform=watchOS

Build Log

SwiftDriverJobDiscovery normal arm64_32 Compiling Cardinal.swift (in target 'Region' from project 'swift-standards')
Copy /Users/admin/builder/spi-builder-workspace/.derivedData/Build/Products/Debug-watchos/Algebra_Linear.swiftmodule/arm64_32-apple-watchos.abi.json /Users/admin/builder/spi-builder-workspace/.derivedData/Build/Intermediates.noindex/swift-standards.build/Debug-watchos/Algebra\ Linear-t.build/Objects-normal/arm64_32/Algebra_Linear.abi.json (in target 'Algebra Linear' from project 'swift-standards')
    cd /Users/admin/builder/spi-builder-workspace/.dependencies/checkouts/swift-standards
    builtin-copy -exclude .DS_Store -exclude CVS -exclude .svn -exclude .git -exclude .hg -resolve-src-symlinks -rename /Users/admin/builder/spi-builder-workspace/.derivedData/Build/Intermediates.noindex/swift-standards.build/Debug-watchos/Algebra\ Linear-t.build/Objects-normal/arm64_32/Algebra_Linear.abi.json /Users/admin/builder/spi-builder-workspace/.derivedData/Build/Products/Debug-watchos/Algebra_Linear.swiftmodule/arm64_32-apple-watchos.abi.json
Copy /Users/admin/builder/spi-builder-workspace/.derivedData/Build/Products/Debug-watchos/Algebra_Linear.swiftmodule/arm64-apple-watchos.swiftdoc /Users/admin/builder/spi-builder-workspace/.derivedData/Build/Intermediates.noindex/swift-standards.build/Debug-watchos/Algebra\ Linear-t.build/Objects-normal/arm64/Algebra_Linear.swiftdoc (in target 'Algebra Linear' from project 'swift-standards')
    cd /Users/admin/builder/spi-builder-workspace/.dependencies/checkouts/swift-standards
    builtin-copy -exclude .DS_Store -exclude CVS -exclude .svn -exclude .git -exclude .hg -resolve-src-symlinks -rename /Users/admin/builder/spi-builder-workspace/.derivedData/Build/Intermediates.noindex/swift-standards.build/Debug-watchos/Algebra\ Linear-t.build/Objects-normal/arm64/Algebra_Linear.swiftdoc /Users/admin/builder/spi-builder-workspace/.derivedData/Build/Products/Debug-watchos/Algebra_Linear.swiftmodule/arm64-apple-watchos.swiftdoc
Copy /Users/admin/builder/spi-builder-workspace/.derivedData/Build/Products/Debug-watchos/Algebra_Linear.swiftmodule/arm64-apple-watchos.abi.json /Users/admin/builder/spi-builder-workspace/.derivedData/Build/Intermediates.noindex/swift-standards.build/Debug-watchos/Algebra\ Linear-t.build/Objects-normal/arm64/Algebra_Linear.abi.json (in target 'Algebra Linear' from project 'swift-standards')
    cd /Users/admin/builder/spi-builder-workspace/.dependencies/checkouts/swift-standards
    builtin-copy -exclude .DS_Store -exclude CVS -exclude .svn -exclude .git -exclude .hg -resolve-src-symlinks -rename /Users/admin/builder/spi-builder-workspace/.derivedData/Build/Intermediates.noindex/swift-standards.build/Debug-watchos/Algebra\ Linear-t.build/Objects-normal/arm64/Algebra_Linear.abi.json /Users/admin/builder/spi-builder-workspace/.derivedData/Build/Products/Debug-watchos/Algebra_Linear.swiftmodule/arm64-apple-watchos.abi.json
SwiftDriverJobDiscovery normal arm64_32 Compiling Edge.swift (in target 'Region' from project 'swift-standards')
Copy /Users/admin/builder/spi-builder-workspace/.derivedData/Build/Products/Debug-watchos/Algebra_Linear.swiftmodule/Project/arm64_32-apple-watchos.swiftsourceinfo /Users/admin/builder/spi-builder-workspace/.derivedData/Build/Intermediates.noindex/swift-standards.build/Debug-watchos/Algebra\ Linear-t.build/Objects-normal/arm64_32/Algebra_Linear.swiftsourceinfo (in target 'Algebra Linear' from project 'swift-standards')
    cd /Users/admin/builder/spi-builder-workspace/.dependencies/checkouts/swift-standards
    builtin-copy -exclude .DS_Store -exclude CVS -exclude .svn -exclude .git -exclude .hg -resolve-src-symlinks -rename /Users/admin/builder/spi-builder-workspace/.derivedData/Build/Intermediates.noindex/swift-standards.build/Debug-watchos/Algebra\ Linear-t.build/Objects-normal/arm64_32/Algebra_Linear.swiftsourceinfo /Users/admin/builder/spi-builder-workspace/.derivedData/Build/Products/Debug-watchos/Algebra_Linear.swiftmodule/Project/arm64_32-apple-watchos.swiftsourceinfo
Copy /Users/admin/builder/spi-builder-workspace/.derivedData/Build/Products/Debug-watchos/Algebra_Linear.swiftmodule/Project/arm64-apple-watchos.swiftsourceinfo /Users/admin/builder/spi-builder-workspace/.derivedData/Build/Intermediates.noindex/swift-standards.build/Debug-watchos/Algebra\ Linear-t.build/Objects-normal/arm64/Algebra_Linear.swiftsourceinfo (in target 'Algebra Linear' from project 'swift-standards')
    cd /Users/admin/builder/spi-builder-workspace/.dependencies/checkouts/swift-standards
    builtin-copy -exclude .DS_Store -exclude CVS -exclude .svn -exclude .git -exclude .hg -resolve-src-symlinks -rename /Users/admin/builder/spi-builder-workspace/.derivedData/Build/Intermediates.noindex/swift-standards.build/Debug-watchos/Algebra\ Linear-t.build/Objects-normal/arm64/Algebra_Linear.swiftsourceinfo /Users/admin/builder/spi-builder-workspace/.derivedData/Build/Products/Debug-watchos/Algebra_Linear.swiftmodule/Project/arm64-apple-watchos.swiftsourceinfo
SwiftCompile normal arm64 Compiling\ Binary.Cursor.swift,\ Binary.Endianness.swift,\ Binary.Error.Bit.swift,\ Binary.Error.Bounds.swift,\ Binary.Error.Invariant.swift,\ Binary.Error.Negative.swift /Users/admin/builder/spi-builder-workspace/.dependencies/checkouts/swift-standards/Sources/Binary/Binary.Cursor.swift /Users/admin/builder/spi-builder-workspace/.dependencies/checkouts/swift-standards/Sources/Binary/Binary.Endianness.swift /Users/admin/builder/spi-builder-workspace/.dependencies/checkouts/swift-standards/Sources/Binary/Binary.Error.Bit.swift /Users/admin/builder/spi-builder-workspace/.dependencies/checkouts/swift-standards/Sources/Binary/Binary.Error.Bounds.swift /Users/admin/builder/spi-builder-workspace/.dependencies/checkouts/swift-standards/Sources/Binary/Binary.Error.Invariant.swift /Users/admin/builder/spi-builder-workspace/.dependencies/checkouts/swift-standards/Sources/Binary/Binary.Error.Negative.swift (in target 'Binary' from project 'swift-standards')
SwiftCompile normal arm64 /Users/admin/builder/spi-builder-workspace/.dependencies/checkouts/swift-standards/Sources/Binary/Binary.Cursor.swift (in target 'Binary' from project 'swift-standards')
    cd /Users/admin/builder/spi-builder-workspace/.swiftpm/xcode
    builtin-SwiftPerFileCompile Binary.Cursor.swift
SwiftCompile normal arm64 /Users/admin/builder/spi-builder-workspace/.dependencies/checkouts/swift-standards/Sources/Binary/Binary.Endianness.swift (in target 'Binary' from project 'swift-standards')
    cd /Users/admin/builder/spi-builder-workspace/.swiftpm/xcode
    builtin-SwiftPerFileCompile Binary.Endianness.swift
SwiftCompile normal arm64 /Users/admin/builder/spi-builder-workspace/.dependencies/checkouts/swift-standards/Sources/Binary/Binary.Error.Bit.swift (in target 'Binary' from project 'swift-standards')
    cd /Users/admin/builder/spi-builder-workspace/.swiftpm/xcode
    builtin-SwiftPerFileCompile Binary.Error.Bit.swift
SwiftCompile normal arm64 /Users/admin/builder/spi-builder-workspace/.dependencies/checkouts/swift-standards/Sources/Binary/Binary.Error.Bounds.swift (in target 'Binary' from project 'swift-standards')
    cd /Users/admin/builder/spi-builder-workspace/.swiftpm/xcode
    builtin-SwiftPerFileCompile Binary.Error.Bounds.swift
SwiftCompile normal arm64 /Users/admin/builder/spi-builder-workspace/.dependencies/checkouts/swift-standards/Sources/Binary/Binary.Error.Invariant.swift (in target 'Binary' from project 'swift-standards')
    cd /Users/admin/builder/spi-builder-workspace/.swiftpm/xcode
    builtin-SwiftPerFileCompile Binary.Error.Invariant.swift
SwiftCompile normal arm64 /Users/admin/builder/spi-builder-workspace/.dependencies/checkouts/swift-standards/Sources/Binary/Binary.Error.Negative.swift (in target 'Binary' from project 'swift-standards')
    cd /Users/admin/builder/spi-builder-workspace/.swiftpm/xcode
    builtin-SwiftPerFileCompile Binary.Error.Negative.swift
SwiftCompile normal arm64 Compiling\ Binary.swift,\ Bit.Order.swift,\ Collection\ UInt8.swift,\ FixedWidthInteger+Binary.swift,\ Int.swift,\ Int16+Parser.swift /Users/admin/builder/spi-builder-workspace/.dependencies/checkouts/swift-standards/Sources/Binary/Binary.swift /Users/admin/builder/spi-builder-workspace/.dependencies/checkouts/swift-standards/Sources/Binary/Bit.Order.swift /Users/admin/builder/spi-builder-workspace/.dependencies/checkouts/swift-standards/Sources/Binary/Collection\ UInt8.swift /Users/admin/builder/spi-builder-workspace/.dependencies/checkouts/swift-standards/Sources/Binary/FixedWidthInteger+Binary.swift /Users/admin/builder/spi-builder-workspace/.dependencies/checkouts/swift-standards/Sources/Binary/Int.swift /Users/admin/builder/spi-builder-workspace/.dependencies/checkouts/swift-standards/Sources/Binary/Int16+Parser.swift (in target 'Binary' from project 'swift-standards')
/Users/admin/builder/spi-builder-workspace/.dependencies/checkouts/swift-standards/Sources/Binary/FixedWidthInteger+Binary.swift:235:27: error: ambiguous use of 'withUnsafeBytes'
233 |         guard bytes.count == MemoryLayout<Self>.size else { return nil }
234 |
235 |         let value = bytes.withUnsafeBytes { $0.load(as: Self.self) }
    |                           `- error: ambiguous use of 'withUnsafeBytes'
236 |
237 |         switch endianness {
/Users/admin/builder/spi-builder-workspace/.dependencies/checkouts/swift-standards/Sources/Binary/Array+Binary.Contiguous.swift:11:17: note: found this candidate
 9 |
10 |     @inlinable
11 |     public func withUnsafeBytes<R, E: Swift.Error>(
   |                 `- note: found this candidate
12 |         _ body: (UnsafeRawBufferPointer) throws(E) -> R
13 |     ) throws(E) -> R {
Swift.Array.withUnsafeBytes:2:24: note: found this candidate in module 'Swift'
1 | generic struct Array {
2 | @inlinable public func withUnsafeBytes<R>(_ body: (UnsafeRawBufferPointer) throws -> R) rethrows -> R}
  |                        `- note: found this candidate in module 'Swift'
3 |
Failed frontend command:
/Applications/Xcode-27.0.0-Release.Candidate.app/Contents/Developer/Toolchains/XcodeDefault.xctoolchain/usr/bin/swift-frontend -frontend -c /Users/admin/builder/spi-builder-workspace/.dependencies/checkouts/swift-standards/Sources/Binary/Array+Binary.Contiguous.swift /Users/admin/builder/spi-builder-workspace/.dependencies/checkouts/swift-standards/Sources/Binary/Array+Bytes.swift /Users/admin/builder/spi-builder-workspace/.dependencies/checkouts/swift-standards/Sources/Binary/Binary.Aligned.swift /Users/admin/builder/spi-builder-workspace/.dependencies/checkouts/swift-standards/Sources/Binary/Binary.Alignment.swift /Users/admin/builder/spi-builder-workspace/.dependencies/checkouts/swift-standards/Sources/Binary/Binary.Collection.Array.swift /Users/admin/builder/spi-builder-workspace/.dependencies/checkouts/swift-standards/Sources/Binary/Binary.Collection.Set.Algebra.Symmetric.swift /Users/admin/builder/spi-builder-workspace/.dependencies/checkouts/swift-standards/Sources/Binary/Binary.Collection.Set.Algebra.swift /Users/admin/builder/spi-builder-workspace/.dependencies/checkouts/swift-standards/Sources/Binary/Binary.Collection.Set.swift /Users/admin/builder/spi-builder-workspace/.dependencies/checkouts/swift-standards/Sources/Binary/Binary.Collection.swift /Users/admin/builder/spi-builder-workspace/.dependencies/checkouts/swift-standards/Sources/Binary/Binary.Contiguous+Subscript.swift /Users/admin/builder/spi-builder-workspace/.dependencies/checkouts/swift-standards/Sources/Binary/Binary.Contiguous.swift /Users/admin/builder/spi-builder-workspace/.dependencies/checkouts/swift-standards/Sources/Binary/Binary.Copy.swift /Users/admin/builder/spi-builder-workspace/.dependencies/checkouts/swift-standards/Sources/Binary/Binary.Count.swift /Users/admin/builder/spi-builder-workspace/.dependencies/checkouts/swift-standards/Sources/Binary/Binary.Cursor.swift /Users/admin/builder/spi-builder-workspace/.dependencies/checkouts/swift-standards/Sources/Binary/Binary.Endianness.swift /Users/admin/builder/spi-builder-workspace/.dependencies/checkouts/swift-standards/Sources/Binary/Binary.Error.Bit.swift /Users/admin/builder/spi-builder-workspace/.dependencies/checkouts/swift-standards/Sources/Binary/Binary.Error.Bounds.swift /Users/admin/builder/spi-builder-workspace/.dependencies/checkouts/swift-standards/Sources/Binary/Binary.Error.Invariant.swift /Users/admin/builder/spi-builder-workspace/.dependencies/checkouts/swift-standards/Sources/Binary/Binary.Error.Negative.swift /Users/admin/builder/spi-builder-workspace/.dependencies/checkouts/swift-standards/Sources/Binary/Binary.Error.Overflow.swift /Users/admin/builder/spi-builder-workspace/.dependencies/checkouts/swift-standards/Sources/Binary/Binary.Error.swift /Users/admin/builder/spi-builder-workspace/.dependencies/checkouts/swift-standards/Sources/Binary/Binary.Format.Bytes.Notation.swift /Users/admin/builder/spi-builder-workspace/.dependencies/checkouts/swift-standards/Sources/Binary/Binary.Format.Bytes.Unit.swift /Users/admin/builder/spi-builder-workspace/.dependencies/checkouts/swift-standards/Sources/Binary/Binary.Format.Bytes.Units.swift /Users/admin/builder/spi-builder-workspace/.dependencies/checkouts/swift-standards/Sources/Binary/Binary.Format.Bytes.swift /Users/admin/builder/spi-builder-workspace/.dependencies/checkouts/swift-standards/Sources/Binary/Binary.Format.Radix.swift /Users/admin/builder/spi-builder-workspace/.dependencies/checkouts/swift-standards/Sources/Binary/Binary.Format.swift /Users/admin/builder/spi-builder-workspace/.dependencies/checkouts/swift-standards/Sources/Binary/Binary.Mask.swift /Users/admin/builder/spi-builder-workspace/.dependencies/checkouts/swift-standards/Sources/Binary/Binary.Mutable+RangeAccess.swift /Users/admin/builder/spi-builder-workspace/.dependencies/checkouts/swift-standards/Sources/Binary/Binary.Mutable.swift /Users/admin/builder/spi-builder-workspace/.dependencies/checkouts/swift-standards/Sources/Binary/Binary.Pattern.swift /Users/admin/builder/spi-builder-workspace/.dependencies/checkouts/swift-standards/Sources/Binary/Binary.Position.swift /Users/admin/builder/spi-builder-workspace/.dependencies/checkouts/swift-standards/Sources/Binary/Binary.Reader.swift /Users/admin/builder/spi-builder-workspace/.dependencies/checkouts/swift-standards/Sources/Binary/Binary.Serializable.swift /Users/admin/builder/spi-builder-workspace/.dependencies/checkouts/swift-standards/Sources/Binary/Binary.Shift.swift /Users/admin/builder/spi-builder-workspace/.dependencies/checkouts/swift-standards/Sources/Binary/Binary.Space.swift /Users/admin/builder/spi-builder-workspace/.dependencies/checkouts/swift-standards/Sources/Binary/Binary.Zero.swift -primary-file /Users/admin/builder/spi-builder-workspace/.dependencies/checkouts/swift-standards/Sources/Binary/Binary.swift -primary-file /Users/admin/builder/spi-builder-workspace/.dependencies/checkouts/swift-standards/Sources/Binary/Bit.Order.swift -primary-file /Users/admin/builder/spi-builder-workspace/.dependencies/checkouts/swift-standards/Sources/Binary/Collection\ UInt8.swift -primary-file /Users/admin/builder/spi-builder-workspace/.dependencies/checkouts/swift-standards/Sources/Binary/FixedWidthInteger+Binary.swift -primary-file /Users/admin/builder/spi-builder-workspace/.dependencies/checkouts/swift-standards/Sources/Binary/Int.swift -primary-file /Users/admin/builder/spi-builder-workspace/.dependencies/checkouts/swift-standards/Sources/Binary/Int16+Parser.swift /Users/admin/builder/spi-builder-workspace/.dependencies/checkouts/swift-standards/Sources/Binary/Int16.swift /Users/admin/builder/spi-builder-workspace/.dependencies/checkouts/swift-standards/Sources/Binary/Int32+Parser.swift /Users/admin/builder/spi-builder-workspace/.dependencies/checkouts/swift-standards/Sources/Binary/Int32.swift /Users/admin/builder/spi-builder-workspace/.dependencies/checkouts/swift-standards/Sources/Binary/Int64+Parser.swift /Users/admin/builder/spi-builder-workspace/.dependencies/checkouts/swift-standards/Sources/Binary/Int64.swift /Users/admin/builder/spi-builder-workspace/.dependencies/checkouts/swift-standards/Sources/Binary/Int8+Parser.swift /Users/admin/builder/spi-builder-workspace/.dependencies/checkouts/swift-standards/Sources/Binary/Int8.swift /Users/admin/builder/spi-builder-workspace/.dependencies/checkouts/swift-standards/Sources/Binary/RangeReplaceableCollection+Bytes.swift /Users/admin/builder/spi-builder-workspace/.dependencies/checkouts/swift-standards/Sources/Binary/RawRepresentable+Format.swift /Users/admin/builder/spi-builder-workspace/.dependencies/checkouts/swift-standards/Sources/Binary/UInt.swift /Users/admin/builder/spi-builder-workspace/.dependencies/checkouts/swift-standards/Sources/Binary/UInt16+Parser.swift /Users/admin/builder/spi-builder-workspace/.dependencies/checkouts/swift-standards/Sources/Binary/UInt16.swift /Users/admin/builder/spi-builder-workspace/.dependencies/checkouts/swift-standards/Sources/Binary/UInt32+Parser.swift /Users/admin/builder/spi-builder-workspace/.dependencies/checkouts/swift-standards/Sources/Binary/UInt32.swift /Users/admin/builder/spi-builder-workspace/.dependencies/checkouts/swift-standards/Sources/Binary/UInt64+Parser.swift /Users/admin/builder/spi-builder-workspace/.dependencies/checkouts/swift-standards/Sources/Binary/UInt64.swift /Users/admin/builder/spi-builder-workspace/.dependencies/checkouts/swift-standards/Sources/Binary/UInt8+Parser.swift /Users/admin/builder/spi-builder-workspace/.dependencies/checkouts/swift-standards/Sources/Binary/exports.swift -supplementary-output-file-map /Users/admin/builder/spi-builder-workspace/.derivedData/Build/Intermediates.noindex/swift-standards.build/Debug-watchos/Binary-t.build/Objects-normal/arm64/supplementaryOutputs-107 -target arm64-apple-watchos26.0 -disable-cross-import-overlay-search -load-resolved-plugin /Applications/Xcode-27.0.0-Release.Candidate.app/Contents/Developer/Platforms/WatchOS.platform/Developer/usr/lib/swift/host/plugins/libSwiftMacros.dylib\#/Applications/Xcode-27.0.0-Release.Candidate.app/Contents/Developer/Platforms/WatchOS.platform/Developer/usr/bin/swift-plugin-server\#SwiftMacros -disable-implicit-swift-modules -Xcc -fno-implicit-modules -Xcc -fno-implicit-module-maps -explicit-swift-module-map-file /Users/admin/builder/spi-builder-workspace/.derivedData/Build/Intermediates.noindex/swift-standards.build/Debug-watchos/Binary-t.build/Objects-normal/arm64/Binary-dependencies-1.json -Xllvm -aarch64-use-tbi -enable-objc-interop -stack-check -sdk /Applications/Xcode-27.0.0-Release.Candidate.app/Contents/Developer/Platforms/WatchOS.platform/Developer/SDKs/WatchOS27.0.sdk -I /Users/admin/builder/spi-builder-workspace/.derivedData/Build/Products/Debug-watchos -Isystem /Applications/Xcode-27.0.0-Release.Candidate.app/Contents/Developer/Platforms/WatchOS.platform/Developer/usr/lib -F /Users/admin/builder/spi-builder-workspace/.derivedData/Build/Products/Debug-watchos/PackageFrameworks -F /Users/admin/builder/spi-builder-workspace/.derivedData/Build/Products/Debug-watchos -F /Applications/Xcode-27.0.0-Release.Candidate.app/Contents/Developer/Platforms/WatchOS.platform/Developer/Library/Frameworks -F /Applications/Xcode-27.0.0-Release.Candidate.app/Contents/Developer/Platforms/WatchOS.platform/Developer/SDKs/WatchOS27.0.sdk/Developer/Library/Frameworks -module-cache-path /Users/admin/builder/spi-builder-workspace/.derivedData/Build/Intermediates.noindex/SwiftExplicitPrecompiledModules -no-color-diagnostics -Xcc -fno-color-diagnostics -enable-testing -g -debug-info-format\=dwarf -dwarf-version\=5 -suppress-warnings -profile-generate -profile-coverage-mapping -swift-version 6 -Onone -D SWIFT_PACKAGE -D DEBUG -D SWIFT_MODULE_RESOURCE_BUNDLE_UNAVAILABLE -D Xcode -serialize-debugging-options -enable-upcoming-feature ExistentialAny -enable-upcoming-feature InternalImportsByDefault -enable-upcoming-feature MemberImportVisibility -enable-experimental-feature Lifetimes -enable-experimental-feature DebugDescriptionMacro -empty-abi-descriptor -user-module-version 0.30.1 -validate-clang-modules-once -clang-build-session-file /Users/admin/builder/spi-builder-workspace/.derivedData/ModuleCache.noindex/Session.modulevalidation -Xcc -working-directory -Xcc /Users/admin/builder/spi-builder-workspace/.swiftpm/xcode -enable-anonymous-context-mangled-names -file-compilation-dir /Users/admin/builder/spi-builder-workspace/.swiftpm/xcode -Xcc -fmodule-map-file\=/Users/admin/builder/spi-builder-workspace/.dependencies/checkouts/swift-numerics/Sources/_NumericsShims/include/module.modulemap -Xcc -D_LIBCPP_HARDENING_MODE\=_LIBCPP_HARDENING_MODE_DEBUG -Xcc -ivfsstatcache -Xcc /Users/admin/builder/spi-builder-workspace/.derivedData/SDKStatCaches.noindex/watchos27.0-24R360-e829b21a6f8c9b70876ba0858053c04477534ef55a1706bf4c1112bbb242f0a2.sdkstatcache -Xcc -fmodules-prune-interval\=86400 -Xcc -fmodules-prune-after\=345600 -Xcc -I/Users/admin/builder/spi-builder-workspace/.dependencies/checkouts/swift-numerics/Sources/_NumericsShims/include -Xcc -I/Users/admin/builder/spi-builder-workspace/.derivedData/Build/Products/Debug-watchos/include -Xcc -I/Users/admin/builder/spi-builder-workspace/.derivedData/Build/Intermediates.noindex/swift-standards.build/Debug-watchos/Binary-t.build/DerivedSources-normal/arm64 -Xcc -I/Users/admin/builder/spi-builder-workspace/.derivedData/Build/Intermediates.noindex/swift-standards.build/Debug-watchos/Binary-t.build/DerivedSources/arm64 -Xcc -I/Users/admin/builder/spi-builder-workspace/.derivedData/Build/Intermediates.noindex/swift-standards.build/Debug-watchos/Binary-t.build/DerivedSources -Xcc -DSWIFT_PACKAGE -Xcc -DDEBUG\=1 -no-auto-bridging-header-chaining -module-name Binary -package-name swift_standards -const-gather-protocols-file /Users/admin/builder/spi-builder-workspace/.derivedData/Build/Intermediates.noindex/swift-standards.build/Debug-watchos/Binary-t.build/Objects-normal/arm64/Binary_const_extract_protocols.json -disable-clang-spi -clang-target arm64-apple-watchos27.0 -target-sdk-version 27.0 -target-sdk-name watchos27.0 -in-process-plugin-server-path /Applications/Xcode-27.0.0-Release.Candidate.app/Contents/Developer/Toolchains/XcodeDefault.xctoolchain/usr/lib/swift/host/libSwiftInProcPluginServer.dylib -parse-as-library -o /Users/admin/builder/spi-builder-workspace/.derivedData/Build/Intermediates.noindex/swift-standards.build/Debug-watchos/Binary-t.build/Objects-normal/arm64/Binary.o -o /Users/admin/builder/spi-builder-workspace/.derivedData/Build/Intermediates.noindex/swift-standards.build/Debug-watchos/Binary-t.build/Objects-normal/arm64/Bit.Order.o -o /Users/admin/builder/spi-builder-workspace/.derivedData/Build/Intermediates.noindex/swift-standards.build/Debug-watchos/Binary-t.build/Objects-normal/arm64/Collection\ UInt8.o -o /Users/admin/builder/spi-builder-workspace/.derivedData/Build/Intermediates.noindex/swift-standards.build/Debug-watchos/Binary-t.build/Objects-normal/arm64/FixedWidthInteger+Binary.o -o /Users/admin/builder/spi-builder-workspace/.derivedData/Build/Intermediates.noindex/swift-standards.build/Debug-watchos/Binary-t.build/Objects-normal/arm64/Int.o -o /Users/admin/builder/spi-builder-workspace/.derivedData/Build/Intermediates.noindex/swift-standards.build/Debug-watchos/Binary-t.build/Objects-normal/arm64/Int16+Parser.o -debug-module-path /Users/admin/builder/spi-builder-workspace/.derivedData/Build/Intermediates.noindex/swift-standards.build/Debug-watchos/Binary-t.build/Objects-normal/arm64/Binary.swiftmodule -index-unit-output-path /swift-standards.build/Debug-watchos/Binary-t.build/Objects-normal/arm64/Binary.o -index-unit-output-path /swift-standards.build/Debug-watchos/Binary-t.build/Objects-normal/arm64/Bit.Order.o -index-unit-output-path /swift-standards.build/Debug-watchos/Binary-t.build/Objects-normal/arm64/Collection\ UInt8.o -index-unit-output-path /swift-standards.build/Debug-watchos/Binary-t.build/Objects-normal/arm64/FixedWidthInteger+Binary.o -index-unit-output-path /swift-standards.build/Debug-watchos/Binary-t.build/Objects-normal/arm64/Int.o -index-unit-output-path /swift-standards.build/Debug-watchos/Binary-t.build/Objects-normal/arm64/Int16+Parser.o -index-store-path /Users/admin/builder/spi-builder-workspace/.derivedData/Index.noindex/DataStore -index-system-modules
SwiftCompile normal arm64 /Users/admin/builder/spi-builder-workspace/.dependencies/checkouts/swift-standards/Sources/Binary/Binary.swift (in target 'Binary' from project 'swift-standards')
    cd /Users/admin/builder/spi-builder-workspace/.swiftpm/xcode
    builtin-SwiftPerFileCompile Binary.swift
SwiftCompile normal arm64 /Users/admin/builder/spi-builder-workspace/.dependencies/checkouts/swift-standards/Sources/Binary/Bit.Order.swift (in target 'Binary' from project 'swift-standards')
    cd /Users/admin/builder/spi-builder-workspace/.swiftpm/xcode
    builtin-SwiftPerFileCompile Bit.Order.swift
SwiftCompile normal arm64 /Users/admin/builder/spi-builder-workspace/.dependencies/checkouts/swift-standards/Sources/Binary/Collection\ UInt8.swift (in target 'Binary' from project 'swift-standards')
    cd /Users/admin/builder/spi-builder-workspace/.swiftpm/xcode
    builtin-SwiftPerFileCompile Collection\ UInt8.swift
SwiftCompile normal arm64 /Users/admin/builder/spi-builder-workspace/.dependencies/checkouts/swift-standards/Sources/Binary/FixedWidthInteger+Binary.swift (in target 'Binary' from project 'swift-standards')
    cd /Users/admin/builder/spi-builder-workspace/.swiftpm/xcode
    builtin-SwiftPerFileCompile FixedWidthInteger+Binary.swift
SwiftCompile normal arm64 /Users/admin/builder/spi-builder-workspace/.dependencies/checkouts/swift-standards/Sources/Binary/Int.swift (in target 'Binary' from project 'swift-standards')
    cd /Users/admin/builder/spi-builder-workspace/.swiftpm/xcode
    builtin-SwiftPerFileCompile Int.swift
SwiftCompile normal arm64 /Users/admin/builder/spi-builder-workspace/.dependencies/checkouts/swift-standards/Sources/Binary/Int16+Parser.swift (in target 'Binary' from project 'swift-standards')
    cd /Users/admin/builder/spi-builder-workspace/.swiftpm/xcode
    builtin-SwiftPerFileCompile Int16+Parser.swift
SwiftCompile normal arm64_32 Compiling\ Binary.Position.swift,\ Binary.Reader.swift,\ Binary.Serializable.swift,\ Binary.Shift.swift,\ Binary.Space.swift,\ Binary.Zero.swift /Users/admin/builder/spi-builder-workspace/.dependencies/checkouts/swift-standards/Sources/Binary/Binary.Position.swift /Users/admin/builder/spi-builder-workspace/.dependencies/checkouts/swift-standards/Sources/Binary/Binary.Reader.swift /Users/admin/builder/spi-builder-workspace/.dependencies/checkouts/swift-standards/Sources/Binary/Binary.Serializable.swift /Users/admin/builder/spi-builder-workspace/.dependencies/checkouts/swift-standards/Sources/Binary/Binary.Shift.swift /Users/admin/builder/spi-builder-workspace/.dependencies/checkouts/swift-standards/Sources/Binary/Binary.Space.swift /Users/admin/builder/spi-builder-workspace/.dependencies/checkouts/swift-standards/Sources/Binary/Binary.Zero.swift (in target 'Binary' from project 'swift-standards')
SwiftCompile normal arm64_32 /Users/admin/builder/spi-builder-workspace/.dependencies/checkouts/swift-standards/Sources/Binary/Binary.Position.swift (in target 'Binary' from project 'swift-standards')
    cd /Users/admin/builder/spi-builder-workspace/.swiftpm/xcode
    builtin-SwiftPerFileCompile Binary.Position.swift
SwiftCompile normal arm64_32 /Users/admin/builder/spi-builder-workspace/.dependencies/checkouts/swift-standards/Sources/Binary/Binary.Reader.swift (in target 'Binary' from project 'swift-standards')
    cd /Users/admin/builder/spi-builder-workspace/.swiftpm/xcode
    builtin-SwiftPerFileCompile Binary.Reader.swift
SwiftCompile normal arm64_32 /Users/admin/builder/spi-builder-workspace/.dependencies/checkouts/swift-standards/Sources/Binary/Binary.Serializable.swift (in target 'Binary' from project 'swift-standards')
    cd /Users/admin/builder/spi-builder-workspace/.swiftpm/xcode
    builtin-SwiftPerFileCompile Binary.Serializable.swift
SwiftCompile normal arm64_32 /Users/admin/builder/spi-builder-workspace/.dependencies/checkouts/swift-standards/Sources/Binary/Binary.Shift.swift (in target 'Binary' from project 'swift-standards')
    cd /Users/admin/builder/spi-builder-workspace/.swiftpm/xcode
    builtin-SwiftPerFileCompile Binary.Shift.swift
SwiftCompile normal arm64_32 /Users/admin/builder/spi-builder-workspace/.dependencies/checkouts/swift-standards/Sources/Binary/Binary.Space.swift (in target 'Binary' from project 'swift-standards')
    cd /Users/admin/builder/spi-builder-workspace/.swiftpm/xcode
    builtin-SwiftPerFileCompile Binary.Space.swift
SwiftCompile normal arm64_32 /Users/admin/builder/spi-builder-workspace/.dependencies/checkouts/swift-standards/Sources/Binary/Binary.Zero.swift (in target 'Binary' from project 'swift-standards')
    cd /Users/admin/builder/spi-builder-workspace/.swiftpm/xcode
    builtin-SwiftPerFileCompile Binary.Zero.swift
SwiftCompile normal arm64_32 Compiling\ Binary.Collection.Set.swift,\ Binary.Collection.swift,\ Binary.Contiguous+Subscript.swift,\ Binary.Contiguous.swift,\ Binary.Copy.swift,\ Binary.Count.swift /Users/admin/builder/spi-builder-workspace/.dependencies/checkouts/swift-standards/Sources/Binary/Binary.Collection.Set.swift /Users/admin/builder/spi-builder-workspace/.dependencies/checkouts/swift-standards/Sources/Binary/Binary.Collection.swift /Users/admin/builder/spi-builder-workspace/.dependencies/checkouts/swift-standards/Sources/Binary/Binary.Contiguous+Subscript.swift /Users/admin/builder/spi-builder-workspace/.dependencies/checkouts/swift-standards/Sources/Binary/Binary.Contiguous.swift /Users/admin/builder/spi-builder-workspace/.dependencies/checkouts/swift-standards/Sources/Binary/Binary.Copy.swift /Users/admin/builder/spi-builder-workspace/.dependencies/checkouts/swift-standards/Sources/Binary/Binary.Count.swift (in target 'Binary' from project 'swift-standards')
SwiftCompile normal arm64_32 /Users/admin/builder/spi-builder-workspace/.dependencies/checkouts/swift-standards/Sources/Binary/Binary.Collection.Set.swift (in target 'Binary' from project 'swift-standards')
    cd /Users/admin/builder/spi-builder-workspace/.swiftpm/xcode
    builtin-SwiftPerFileCompile Binary.Collection.Set.swift
SwiftCompile normal arm64_32 /Users/admin/builder/spi-builder-workspace/.dependencies/checkouts/swift-standards/Sources/Binary/Binary.Collection.swift (in target 'Binary' from project 'swift-standards')
    cd /Users/admin/builder/spi-builder-workspace/.swiftpm/xcode
    builtin-SwiftPerFileCompile Binary.Collection.swift
SwiftCompile normal arm64_32 /Users/admin/builder/spi-builder-workspace/.dependencies/checkouts/swift-standards/Sources/Binary/Binary.Contiguous+Subscript.swift (in target 'Binary' from project 'swift-standards')
    cd /Users/admin/builder/spi-builder-workspace/.swiftpm/xcode
    builtin-SwiftPerFileCompile Binary.Contiguous+Subscript.swift
SwiftCompile normal arm64_32 /Users/admin/builder/spi-builder-workspace/.dependencies/checkouts/swift-standards/Sources/Binary/Binary.Contiguous.swift (in target 'Binary' from project 'swift-standards')
    cd /Users/admin/builder/spi-builder-workspace/.swiftpm/xcode
    builtin-SwiftPerFileCompile Binary.Contiguous.swift
SwiftCompile normal arm64_32 /Users/admin/builder/spi-builder-workspace/.dependencies/checkouts/swift-standards/Sources/Binary/Binary.Copy.swift (in target 'Binary' from project 'swift-standards')
    cd /Users/admin/builder/spi-builder-workspace/.swiftpm/xcode
    builtin-SwiftPerFileCompile Binary.Copy.swift
SwiftCompile normal arm64_32 /Users/admin/builder/spi-builder-workspace/.dependencies/checkouts/swift-standards/Sources/Binary/Binary.Count.swift (in target 'Binary' from project 'swift-standards')
    cd /Users/admin/builder/spi-builder-workspace/.swiftpm/xcode
    builtin-SwiftPerFileCompile Binary.Count.swift
SwiftDriverJobDiscovery normal arm64_32 Compiling Quadrant.swift (in target 'Region' from project 'swift-standards')
SwiftCompile normal arm64_32 Compiling\ Binary.swift,\ Bit.Order.swift,\ Collection\ UInt8.swift,\ FixedWidthInteger+Binary.swift,\ Int.swift,\ Int16+Parser.swift /Users/admin/builder/spi-builder-workspace/.dependencies/checkouts/swift-standards/Sources/Binary/Binary.swift /Users/admin/builder/spi-builder-workspace/.dependencies/checkouts/swift-standards/Sources/Binary/Bit.Order.swift /Users/admin/builder/spi-builder-workspace/.dependencies/checkouts/swift-standards/Sources/Binary/Collection\ UInt8.swift /Users/admin/builder/spi-builder-workspace/.dependencies/checkouts/swift-standards/Sources/Binary/FixedWidthInteger+Binary.swift /Users/admin/builder/spi-builder-workspace/.dependencies/checkouts/swift-standards/Sources/Binary/Int.swift /Users/admin/builder/spi-builder-workspace/.dependencies/checkouts/swift-standards/Sources/Binary/Int16+Parser.swift (in target 'Binary' from project 'swift-standards')
SwiftCompile normal arm64_32 /Users/admin/builder/spi-builder-workspace/.dependencies/checkouts/swift-standards/Sources/Binary/Binary.swift (in target 'Binary' from project 'swift-standards')
    cd /Users/admin/builder/spi-builder-workspace/.swiftpm/xcode
    builtin-SwiftPerFileCompile Binary.swift
SwiftCompile normal arm64_32 /Users/admin/builder/spi-builder-workspace/.dependencies/checkouts/swift-standards/Sources/Binary/Bit.Order.swift (in target 'Binary' from project 'swift-standards')
    cd /Users/admin/builder/spi-builder-workspace/.swiftpm/xcode
    builtin-SwiftPerFileCompile Bit.Order.swift
SwiftCompile normal arm64_32 /Users/admin/builder/spi-builder-workspace/.dependencies/checkouts/swift-standards/Sources/Binary/Collection\ UInt8.swift (in target 'Binary' from project 'swift-standards')
    cd /Users/admin/builder/spi-builder-workspace/.swiftpm/xcode
    builtin-SwiftPerFileCompile Collection\ UInt8.swift
SwiftCompile normal arm64_32 /Users/admin/builder/spi-builder-workspace/.dependencies/checkouts/swift-standards/Sources/Binary/FixedWidthInteger+Binary.swift (in target 'Binary' from project 'swift-standards')
    cd /Users/admin/builder/spi-builder-workspace/.swiftpm/xcode
    builtin-SwiftPerFileCompile FixedWidthInteger+Binary.swift
SwiftCompile normal arm64_32 /Users/admin/builder/spi-builder-workspace/.dependencies/checkouts/swift-standards/Sources/Binary/Int.swift (in target 'Binary' from project 'swift-standards')
    cd /Users/admin/builder/spi-builder-workspace/.swiftpm/xcode
    builtin-SwiftPerFileCompile Int.swift
SwiftCompile normal arm64_32 /Users/admin/builder/spi-builder-workspace/.dependencies/checkouts/swift-standards/Sources/Binary/Int16+Parser.swift (in target 'Binary' from project 'swift-standards')
    cd /Users/admin/builder/spi-builder-workspace/.swiftpm/xcode
    builtin-SwiftPerFileCompile Int16+Parser.swift
SwiftDriverJobDiscovery normal arm64 Compiling Region.swift (in target 'Region' from project 'swift-standards')
SwiftCompile normal arm64 Compiling\ Int8.swift,\ RangeReplaceableCollection+Bytes.swift,\ RawRepresentable+Format.swift,\ UInt.swift,\ UInt16+Parser.swift,\ UInt16.swift /Users/admin/builder/spi-builder-workspace/.dependencies/checkouts/swift-standards/Sources/Binary/Int8.swift /Users/admin/builder/spi-builder-workspace/.dependencies/checkouts/swift-standards/Sources/Binary/RangeReplaceableCollection+Bytes.swift /Users/admin/builder/spi-builder-workspace/.dependencies/checkouts/swift-standards/Sources/Binary/RawRepresentable+Format.swift /Users/admin/builder/spi-builder-workspace/.dependencies/checkouts/swift-standards/Sources/Binary/UInt.swift /Users/admin/builder/spi-builder-workspace/.dependencies/checkouts/swift-standards/Sources/Binary/UInt16+Parser.swift /Users/admin/builder/spi-builder-workspace/.dependencies/checkouts/swift-standards/Sources/Binary/UInt16.swift (in target 'Binary' from project 'swift-standards')
SwiftCompile normal arm64 /Users/admin/builder/spi-builder-workspace/.dependencies/checkouts/swift-standards/Sources/Binary/Int8.swift (in target 'Binary' from project 'swift-standards')
    cd /Users/admin/builder/spi-builder-workspace/.swiftpm/xcode
    builtin-SwiftPerFileCompile Int8.swift
SwiftCompile normal arm64 /Users/admin/builder/spi-builder-workspace/.dependencies/checkouts/swift-standards/Sources/Binary/RangeReplaceableCollection+Bytes.swift (in target 'Binary' from project 'swift-standards')
    cd /Users/admin/builder/spi-builder-workspace/.swiftpm/xcode
    builtin-SwiftPerFileCompile RangeReplaceableCollection+Bytes.swift
SwiftCompile normal arm64 /Users/admin/builder/spi-builder-workspace/.dependencies/checkouts/swift-standards/Sources/Binary/RawRepresentable+Format.swift (in target 'Binary' from project 'swift-standards')
    cd /Users/admin/builder/spi-builder-workspace/.swiftpm/xcode
    builtin-SwiftPerFileCompile RawRepresentable+Format.swift
SwiftCompile normal arm64 /Users/admin/builder/spi-builder-workspace/.dependencies/checkouts/swift-standards/Sources/Binary/UInt.swift (in target 'Binary' from project 'swift-standards')
    cd /Users/admin/builder/spi-builder-workspace/.swiftpm/xcode
    builtin-SwiftPerFileCompile UInt.swift
SwiftCompile normal arm64 /Users/admin/builder/spi-builder-workspace/.dependencies/checkouts/swift-standards/Sources/Binary/UInt16+Parser.swift (in target 'Binary' from project 'swift-standards')
    cd /Users/admin/builder/spi-builder-workspace/.swiftpm/xcode
    builtin-SwiftPerFileCompile UInt16+Parser.swift
SwiftCompile normal arm64 /Users/admin/builder/spi-builder-workspace/.dependencies/checkouts/swift-standards/Sources/Binary/UInt16.swift (in target 'Binary' from project 'swift-standards')
    cd /Users/admin/builder/spi-builder-workspace/.swiftpm/xcode
    builtin-SwiftPerFileCompile UInt16.swift
SwiftDriverJobDiscovery normal arm64 Compiling Quadrant.swift (in target 'Region' from project 'swift-standards')
SwiftCompile normal arm64_32 Compiling\ Binary.Error.Overflow.swift,\ Binary.Error.swift,\ Binary.Format.Bytes.Notation.swift,\ Binary.Format.Bytes.Unit.swift,\ Binary.Format.Bytes.Units.swift,\ Binary.Format.Bytes.swift /Users/admin/builder/spi-builder-workspace/.dependencies/checkouts/swift-standards/Sources/Binary/Binary.Error.Overflow.swift /Users/admin/builder/spi-builder-workspace/.dependencies/checkouts/swift-standards/Sources/Binary/Binary.Error.swift /Users/admin/builder/spi-builder-workspace/.dependencies/checkouts/swift-standards/Sources/Binary/Binary.Format.Bytes.Notation.swift /Users/admin/builder/spi-builder-workspace/.dependencies/checkouts/swift-standards/Sources/Binary/Binary.Format.Bytes.Unit.swift /Users/admin/builder/spi-builder-workspace/.dependencies/checkouts/swift-standards/Sources/Binary/Binary.Format.Bytes.Units.swift /Users/admin/builder/spi-builder-workspace/.dependencies/checkouts/swift-standards/Sources/Binary/Binary.Format.Bytes.swift (in target 'Binary' from project 'swift-standards')
SwiftCompile normal arm64_32 /Users/admin/builder/spi-builder-workspace/.dependencies/checkouts/swift-standards/Sources/Binary/Binary.Error.Overflow.swift (in target 'Binary' from project 'swift-standards')
    cd /Users/admin/builder/spi-builder-workspace/.swiftpm/xcode
    builtin-SwiftPerFileCompile Binary.Error.Overflow.swift
SwiftCompile normal arm64_32 /Users/admin/builder/spi-builder-workspace/.dependencies/checkouts/swift-standards/Sources/Binary/Binary.Error.swift (in target 'Binary' from project 'swift-standards')
    cd /Users/admin/builder/spi-builder-workspace/.swiftpm/xcode
    builtin-SwiftPerFileCompile Binary.Error.swift
SwiftCompile normal arm64_32 /Users/admin/builder/spi-builder-workspace/.dependencies/checkouts/swift-standards/Sources/Binary/Binary.Format.Bytes.Notation.swift (in target 'Binary' from project 'swift-standards')
    cd /Users/admin/builder/spi-builder-workspace/.swiftpm/xcode
    builtin-SwiftPerFileCompile Binary.Format.Bytes.Notation.swift
SwiftCompile normal arm64_32 /Users/admin/builder/spi-builder-workspace/.dependencies/checkouts/swift-standards/Sources/Binary/Binary.Format.Bytes.Unit.swift (in target 'Binary' from project 'swift-standards')
    cd /Users/admin/builder/spi-builder-workspace/.swiftpm/xcode
    builtin-SwiftPerFileCompile Binary.Format.Bytes.Unit.swift
SwiftCompile normal arm64_32 /Users/admin/builder/spi-builder-workspace/.dependencies/checkouts/swift-standards/Sources/Binary/Binary.Format.Bytes.Units.swift (in target 'Binary' from project 'swift-standards')
    cd /Users/admin/builder/spi-builder-workspace/.swiftpm/xcode
    builtin-SwiftPerFileCompile Binary.Format.Bytes.Units.swift
SwiftCompile normal arm64_32 /Users/admin/builder/spi-builder-workspace/.dependencies/checkouts/swift-standards/Sources/Binary/Binary.Format.Bytes.swift (in target 'Binary' from project 'swift-standards')
    cd /Users/admin/builder/spi-builder-workspace/.swiftpm/xcode
    builtin-SwiftPerFileCompile Binary.Format.Bytes.swift
SwiftDriverJobDiscovery normal arm64 Compiling Edge.swift (in target 'Region' from project 'swift-standards')
SwiftDriver\ Compilation Region normal arm64 com.apple.xcode.tools.swift.compiler (in target 'Region' from project 'swift-standards')
    cd /Users/admin/builder/spi-builder-workspace/.swiftpm/xcode
    builtin-Swift-Compilation -- /Applications/Xcode-27.0.0-Release.Candidate.app/Contents/Developer/Toolchains/XcodeDefault.xctoolchain/usr/bin/swiftc -parse-as-library -module-name Region -Onone @/Users/admin/builder/spi-builder-workspace/.derivedData/Build/Intermediates.noindex/swift-standards.build/Debug-watchos/Region-t.build/Objects-normal/arm64/Region.SwiftFileList -DSWIFT_PACKAGE -DDEBUG -DSWIFT_MODULE_RESOURCE_BUNDLE_UNAVAILABLE -Xcc -fmodule-map-file\=/Users/admin/builder/spi-builder-workspace/.dependencies/checkouts/swift-numerics/Sources/_NumericsShims/include/module.modulemap -DXcode -enable-upcoming-feature ExistentialAny -enable-upcoming-feature InternalImportsByDefault -enable-upcoming-feature MemberImportVisibility -enable-experimental-feature Lifetimes -plugin-path /Applications/Xcode-27.0.0-Release.Candidate.app/Contents/Developer/Toolchains/XcodeDefault.xctoolchain/usr/lib/swift/host/plugins/testing -enable-experimental-feature DebugDescriptionMacro -sdk /Applications/Xcode-27.0.0-Release.Candidate.app/Contents/Developer/Platforms/WatchOS.platform/Developer/SDKs/WatchOS27.0.sdk -target arm64-apple-watchos26.0 -g -module-cache-path /Users/admin/builder/spi-builder-workspace/.derivedData/ModuleCache.noindex -Xfrontend -serialize-debugging-options -profile-coverage-mapping -profile-generate -enable-testing -suppress-warnings -index-store-path /Users/admin/builder/spi-builder-workspace/.derivedData/Index.noindex/DataStore -Xcc -D_LIBCPP_HARDENING_MODE\=_LIBCPP_HARDENING_MODE_DEBUG -swift-version 6 -I /Users/admin/builder/spi-builder-workspace/.derivedData/Build/Products/Debug-watchos -Isystem /Applications/Xcode-27.0.0-Release.Candidate.app/Contents/Developer/Platforms/WatchOS.platform/Developer/usr/lib -F /Users/admin/builder/spi-builder-workspace/.derivedData/Build/Products/Debug-watchos/PackageFrameworks -F /Users/admin/builder/spi-builder-workspace/.derivedData/Build/Products/Debug-watchos -F /Applications/Xcode-27.0.0-Release.Candidate.app/Contents/Developer/Platforms/WatchOS.platform/Developer/Library/Frameworks -F /Applications/Xcode-27.0.0-Release.Candidate.app/Contents/Developer/Platforms/WatchOS.platform/Developer/SDKs/WatchOS27.0.sdk/Developer/Library/Frameworks -c -j10 -enable-batch-mode -incremental -Xcc -ivfsstatcache -Xcc /Users/admin/builder/spi-builder-workspace/.derivedData/SDKStatCaches.noindex/watchos27.0-24R360-e829b21a6f8c9b70876ba0858053c04477534ef55a1706bf4c1112bbb242f0a2.sdkstatcache -output-file-map /Users/admin/builder/spi-builder-workspace/.derivedData/Build/Intermediates.noindex/swift-standards.build/Debug-watchos/Region-t.build/Objects-normal/arm64/Region-OutputFileMap.json -save-temps -no-color-diagnostics -explicit-module-build -module-cache-path /Users/admin/builder/spi-builder-workspace/.derivedData/Build/Intermediates.noindex/SwiftExplicitPrecompiledModules -clang-scanner-module-cache-path /Users/admin/builder/spi-builder-workspace/.derivedData/ModuleCache.noindex -sdk-module-cache-path /Users/admin/builder/spi-builder-workspace/.derivedData/SDKExplicitPrecompiledModules -emit-dependencies -emit-module -emit-module-path /Users/admin/builder/spi-builder-workspace/.derivedData/Build/Intermediates.noindex/swift-standards.build/Debug-watchos/Region-t.build/Objects-normal/arm64/Region.swiftmodule -serialize-diagnostics -dependency-scan-serialize-diagnostics-path /Users/admin/builder/spi-builder-workspace/.derivedData/Build/Intermediates.noindex/swift-standards.build/Debug-watchos/Region-t.build/Objects-normal/arm64/Region-dependency-scan.dia -user-module-version 0.30.1 -validate-clang-modules-once -clang-build-session-file /Users/admin/builder/spi-builder-workspace/.derivedData/ModuleCache.noindex/Session.modulevalidation -Xcc -fmodules-prune-interval\=86400 -Xcc -fmodules-prune-after\=345600 -package-name swift_standards -emit-const-values -const-gather-protocols-list /Users/admin/builder/spi-builder-workspace/.derivedData/Build/Intermediates.noindex/swift-standards.build/Debug-watchos/Region-t.build/Objects-normal/arm64/Region_const_extract_protocols.json -Xcc -I/Users/admin/builder/spi-builder-workspace/.dependencies/checkouts/swift-numerics/Sources/_NumericsShims/include -Xcc -I/Users/admin/builder/spi-builder-workspace/.derivedData/Build/Products/Debug-watchos/include -Xcc -I/Users/admin/builder/spi-builder-workspace/.derivedData/Build/Intermediates.noindex/swift-standards.build/Debug-watchos/Region-t.build/DerivedSources-normal/arm64 -Xcc -I/Users/admin/builder/spi-builder-workspace/.derivedData/Build/Intermediates.noindex/swift-standards.build/Debug-watchos/Region-t.build/DerivedSources/arm64 -Xcc -I/Users/admin/builder/spi-builder-workspace/.derivedData/Build/Intermediates.noindex/swift-standards.build/Debug-watchos/Region-t.build/DerivedSources -Xcc -DSWIFT_PACKAGE -Xcc -DDEBUG\=1 -emit-objc-header -emit-objc-header-path /Users/admin/builder/spi-builder-workspace/.derivedData/Build/Intermediates.noindex/swift-standards.build/Debug-watchos/Region-t.build/Objects-normal/arm64/Region-Swift.h -working-directory /Users/admin/builder/spi-builder-workspace/.swiftpm/xcode -experimental-emit-module-separately -disable-cmo
SwiftDriverJobDiscovery normal arm64_32 Compiling Corner.swift (in target 'Region' from project 'swift-standards')
SwiftDriver\ Compilation Region normal arm64_32 com.apple.xcode.tools.swift.compiler (in target 'Region' from project 'swift-standards')
    cd /Users/admin/builder/spi-builder-workspace/.swiftpm/xcode
    builtin-Swift-Compilation -- /Applications/Xcode-27.0.0-Release.Candidate.app/Contents/Developer/Toolchains/XcodeDefault.xctoolchain/usr/bin/swiftc -parse-as-library -module-name Region -Onone @/Users/admin/builder/spi-builder-workspace/.derivedData/Build/Intermediates.noindex/swift-standards.build/Debug-watchos/Region-t.build/Objects-normal/arm64_32/Region.SwiftFileList -DSWIFT_PACKAGE -DDEBUG -DSWIFT_MODULE_RESOURCE_BUNDLE_UNAVAILABLE -Xcc -fmodule-map-file\=/Users/admin/builder/spi-builder-workspace/.dependencies/checkouts/swift-numerics/Sources/_NumericsShims/include/module.modulemap -DXcode -enable-upcoming-feature ExistentialAny -enable-upcoming-feature InternalImportsByDefault -enable-upcoming-feature MemberImportVisibility -enable-experimental-feature Lifetimes -plugin-path /Applications/Xcode-27.0.0-Release.Candidate.app/Contents/Developer/Toolchains/XcodeDefault.xctoolchain/usr/lib/swift/host/plugins/testing -enable-experimental-feature DebugDescriptionMacro -sdk /Applications/Xcode-27.0.0-Release.Candidate.app/Contents/Developer/Platforms/WatchOS.platform/Developer/SDKs/WatchOS27.0.sdk -target arm64_32-apple-watchos26.0 -g -module-cache-path /Users/admin/builder/spi-builder-workspace/.derivedData/ModuleCache.noindex -Xfrontend -serialize-debugging-options -profile-coverage-mapping -profile-generate -enable-testing -suppress-warnings -index-store-path /Users/admin/builder/spi-builder-workspace/.derivedData/Index.noindex/DataStore -Xcc -D_LIBCPP_HARDENING_MODE\=_LIBCPP_HARDENING_MODE_DEBUG -swift-version 6 -I /Users/admin/builder/spi-builder-workspace/.derivedData/Build/Products/Debug-watchos -Isystem /Applications/Xcode-27.0.0-Release.Candidate.app/Contents/Developer/Platforms/WatchOS.platform/Developer/usr/lib -F /Users/admin/builder/spi-builder-workspace/.derivedData/Build/Products/Debug-watchos/PackageFrameworks -F /Users/admin/builder/spi-builder-workspace/.derivedData/Build/Products/Debug-watchos -F /Applications/Xcode-27.0.0-Release.Candidate.app/Contents/Developer/Platforms/WatchOS.platform/Developer/Library/Frameworks -F /Applications/Xcode-27.0.0-Release.Candidate.app/Contents/Developer/Platforms/WatchOS.platform/Developer/SDKs/WatchOS27.0.sdk/Developer/Library/Frameworks -c -j10 -enable-batch-mode -incremental -Xcc -ivfsstatcache -Xcc /Users/admin/builder/spi-builder-workspace/.derivedData/SDKStatCaches.noindex/watchos27.0-24R360-e829b21a6f8c9b70876ba0858053c04477534ef55a1706bf4c1112bbb242f0a2.sdkstatcache -output-file-map /Users/admin/builder/spi-builder-workspace/.derivedData/Build/Intermediates.noindex/swift-standards.build/Debug-watchos/Region-t.build/Objects-normal/arm64_32/Region-OutputFileMap.json -save-temps -no-color-diagnostics -explicit-module-build -module-cache-path /Users/admin/builder/spi-builder-workspace/.derivedData/Build/Intermediates.noindex/SwiftExplicitPrecompiledModules -clang-scanner-module-cache-path /Users/admin/builder/spi-builder-workspace/.derivedData/ModuleCache.noindex -sdk-module-cache-path /Users/admin/builder/spi-builder-workspace/.derivedData/SDKExplicitPrecompiledModules -emit-dependencies -emit-module -emit-module-path /Users/admin/builder/spi-builder-workspace/.derivedData/Build/Intermediates.noindex/swift-standards.build/Debug-watchos/Region-t.build/Objects-normal/arm64_32/Region.swiftmodule -serialize-diagnostics -dependency-scan-serialize-diagnostics-path /Users/admin/builder/spi-builder-workspace/.derivedData/Build/Intermediates.noindex/swift-standards.build/Debug-watchos/Region-t.build/Objects-normal/arm64_32/Region-dependency-scan.dia -user-module-version 0.30.1 -validate-clang-modules-once -clang-build-session-file /Users/admin/builder/spi-builder-workspace/.derivedData/ModuleCache.noindex/Session.modulevalidation -Xcc -fmodules-prune-interval\=86400 -Xcc -fmodules-prune-after\=345600 -package-name swift_standards -emit-const-values -const-gather-protocols-list /Users/admin/builder/spi-builder-workspace/.derivedData/Build/Intermediates.noindex/swift-standards.build/Debug-watchos/Region-t.build/Objects-normal/arm64_32/Region_const_extract_protocols.json -Xcc -I/Users/admin/builder/spi-builder-workspace/.dependencies/checkouts/swift-numerics/Sources/_NumericsShims/include -Xcc -I/Users/admin/builder/spi-builder-workspace/.derivedData/Build/Products/Debug-watchos/include -Xcc -I/Users/admin/builder/spi-builder-workspace/.derivedData/Build/Intermediates.noindex/swift-standards.build/Debug-watchos/Region-t.build/DerivedSources-normal/arm64_32 -Xcc -I/Users/admin/builder/spi-builder-workspace/.derivedData/Build/Intermediates.noindex/swift-standards.build/Debug-watchos/Region-t.build/DerivedSources/arm64_32 -Xcc -I/Users/admin/builder/spi-builder-workspace/.derivedData/Build/Intermediates.noindex/swift-standards.build/Debug-watchos/Region-t.build/DerivedSources -Xcc -DSWIFT_PACKAGE -Xcc -DDEBUG\=1 -emit-objc-header -emit-objc-header-path /Users/admin/builder/spi-builder-workspace/.derivedData/Build/Intermediates.noindex/swift-standards.build/Debug-watchos/Region-t.build/Objects-normal/arm64_32/Region-Swift.h -working-directory /Users/admin/builder/spi-builder-workspace/.swiftpm/xcode -experimental-emit-module-separately -disable-cmo
SwiftCompile normal arm64 Compiling\ UInt32+Parser.swift,\ UInt32.swift,\ UInt64+Parser.swift,\ UInt64.swift,\ UInt8+Parser.swift,\ exports.swift /Users/admin/builder/spi-builder-workspace/.dependencies/checkouts/swift-standards/Sources/Binary/UInt32+Parser.swift /Users/admin/builder/spi-builder-workspace/.dependencies/checkouts/swift-standards/Sources/Binary/UInt32.swift /Users/admin/builder/spi-builder-workspace/.dependencies/checkouts/swift-standards/Sources/Binary/UInt64+Parser.swift /Users/admin/builder/spi-builder-workspace/.dependencies/checkouts/swift-standards/Sources/Binary/UInt64.swift /Users/admin/builder/spi-builder-workspace/.dependencies/checkouts/swift-standards/Sources/Binary/UInt8+Parser.swift /Users/admin/builder/spi-builder-workspace/.dependencies/checkouts/swift-standards/Sources/Binary/exports.swift (in target 'Binary' from project 'swift-standards')
SwiftCompile normal arm64 /Users/admin/builder/spi-builder-workspace/.dependencies/checkouts/swift-standards/Sources/Binary/UInt32+Parser.swift (in target 'Binary' from project 'swift-standards')
    cd /Users/admin/builder/spi-builder-workspace/.swiftpm/xcode
    builtin-SwiftPerFileCompile UInt32+Parser.swift
SwiftCompile normal arm64 /Users/admin/builder/spi-builder-workspace/.dependencies/checkouts/swift-standards/Sources/Binary/UInt32.swift (in target 'Binary' from project 'swift-standards')
    cd /Users/admin/builder/spi-builder-workspace/.swiftpm/xcode
    builtin-SwiftPerFileCompile UInt32.swift
SwiftCompile normal arm64 /Users/admin/builder/spi-builder-workspace/.dependencies/checkouts/swift-standards/Sources/Binary/UInt64+Parser.swift (in target 'Binary' from project 'swift-standards')
    cd /Users/admin/builder/spi-builder-workspace/.swiftpm/xcode
    builtin-SwiftPerFileCompile UInt64+Parser.swift
SwiftCompile normal arm64 /Users/admin/builder/spi-builder-workspace/.dependencies/checkouts/swift-standards/Sources/Binary/UInt64.swift (in target 'Binary' from project 'swift-standards')
    cd /Users/admin/builder/spi-builder-workspace/.swiftpm/xcode
    builtin-SwiftPerFileCompile UInt64.swift
SwiftCompile normal arm64 /Users/admin/builder/spi-builder-workspace/.dependencies/checkouts/swift-standards/Sources/Binary/UInt8+Parser.swift (in target 'Binary' from project 'swift-standards')
    cd /Users/admin/builder/spi-builder-workspace/.swiftpm/xcode
    builtin-SwiftPerFileCompile UInt8+Parser.swift
SwiftCompile normal arm64 /Users/admin/builder/spi-builder-workspace/.dependencies/checkouts/swift-standards/Sources/Binary/exports.swift (in target 'Binary' from project 'swift-standards')
    cd /Users/admin/builder/spi-builder-workspace/.swiftpm/xcode
    builtin-SwiftPerFileCompile exports.swift
SwiftCompile normal arm64_32 Compiling\ UInt32+Parser.swift,\ UInt32.swift,\ UInt64+Parser.swift,\ UInt64.swift,\ UInt8+Parser.swift,\ exports.swift /Users/admin/builder/spi-builder-workspace/.dependencies/checkouts/swift-standards/Sources/Binary/UInt32+Parser.swift /Users/admin/builder/spi-builder-workspace/.dependencies/checkouts/swift-standards/Sources/Binary/UInt32.swift /Users/admin/builder/spi-builder-workspace/.dependencies/checkouts/swift-standards/Sources/Binary/UInt64+Parser.swift /Users/admin/builder/spi-builder-workspace/.dependencies/checkouts/swift-standards/Sources/Binary/UInt64.swift /Users/admin/builder/spi-builder-workspace/.dependencies/checkouts/swift-standards/Sources/Binary/UInt8+Parser.swift /Users/admin/builder/spi-builder-workspace/.dependencies/checkouts/swift-standards/Sources/Binary/exports.swift (in target 'Binary' from project 'swift-standards')
SwiftCompile normal arm64_32 /Users/admin/builder/spi-builder-workspace/.dependencies/checkouts/swift-standards/Sources/Binary/UInt32+Parser.swift (in target 'Binary' from project 'swift-standards')
    cd /Users/admin/builder/spi-builder-workspace/.swiftpm/xcode
    builtin-SwiftPerFileCompile UInt32+Parser.swift
SwiftCompile normal arm64_32 /Users/admin/builder/spi-builder-workspace/.dependencies/checkouts/swift-standards/Sources/Binary/UInt32.swift (in target 'Binary' from project 'swift-standards')
    cd /Users/admin/builder/spi-builder-workspace/.swiftpm/xcode
    builtin-SwiftPerFileCompile UInt32.swift
SwiftCompile normal arm64_32 /Users/admin/builder/spi-builder-workspace/.dependencies/checkouts/swift-standards/Sources/Binary/UInt64+Parser.swift (in target 'Binary' from project 'swift-standards')
    cd /Users/admin/builder/spi-builder-workspace/.swiftpm/xcode
    builtin-SwiftPerFileCompile UInt64+Parser.swift
SwiftCompile normal arm64_32 /Users/admin/builder/spi-builder-workspace/.dependencies/checkouts/swift-standards/Sources/Binary/UInt64.swift (in target 'Binary' from project 'swift-standards')
    cd /Users/admin/builder/spi-builder-workspace/.swiftpm/xcode
    builtin-SwiftPerFileCompile UInt64.swift
SwiftCompile normal arm64_32 /Users/admin/builder/spi-builder-workspace/.dependencies/checkouts/swift-standards/Sources/Binary/UInt8+Parser.swift (in target 'Binary' from project 'swift-standards')
    cd /Users/admin/builder/spi-builder-workspace/.swiftpm/xcode
    builtin-SwiftPerFileCompile UInt8+Parser.swift
SwiftCompile normal arm64_32 /Users/admin/builder/spi-builder-workspace/.dependencies/checkouts/swift-standards/Sources/Binary/exports.swift (in target 'Binary' from project 'swift-standards')
    cd /Users/admin/builder/spi-builder-workspace/.swiftpm/xcode
    builtin-SwiftPerFileCompile exports.swift
PruneExplicitPrecompiledModules /Users/admin/builder/spi-builder-workspace/.derivedData/SDKExplicitPrecompiledModules
PruneExplicitPrecompiledModules /Users/admin/builder/spi-builder-workspace/.derivedData/Build/Intermediates.noindex/ExplicitPrecompiledModules
PruneExplicitPrecompiledModules /Users/admin/builder/spi-builder-workspace/.derivedData/Build/Intermediates.noindex/SwiftExplicitPrecompiledModules
2026-09-24 20:29:13.287 xcodebuild[948:5381] [MT] IDERunDestination: Supported platforms for the buildables in the current scheme is empty.
** BUILD FAILED **
The following build commands failed:
	SwiftCompile normal arm64 Compiling\ Binary.swift,\ Bit.Order.swift,\ Collection\ UInt8.swift,\ FixedWidthInteger+Binary.swift,\ Int.swift,\ Int16+Parser.swift /Users/admin/builder/spi-builder-workspace/.dependencies/checkouts/swift-standards/Sources/Binary/Binary.swift /Users/admin/builder/spi-builder-workspace/.dependencies/checkouts/swift-standards/Sources/Binary/Bit.Order.swift /Users/admin/builder/spi-builder-workspace/.dependencies/checkouts/swift-standards/Sources/Binary/Collection\ UInt8.swift /Users/admin/builder/spi-builder-workspace/.dependencies/checkouts/swift-standards/Sources/Binary/FixedWidthInteger+Binary.swift /Users/admin/builder/spi-builder-workspace/.dependencies/checkouts/swift-standards/Sources/Binary/Int.swift /Users/admin/builder/spi-builder-workspace/.dependencies/checkouts/swift-standards/Sources/Binary/Int16+Parser.swift (in target 'Binary' from project 'swift-standards')
	SwiftCompile normal arm64 /Users/admin/builder/spi-builder-workspace/.dependencies/checkouts/swift-standards/Sources/Binary/FixedWidthInteger+Binary.swift (in target 'Binary' from project 'swift-standards')
	Building workspace swift-rfc-5321 with scheme swift-rfc-5321
(3 failures)
Command line invocation:
    /Applications/Xcode-27.0.0-Release.Candidate.app/Contents/Developer/usr/bin/xcodebuild -IDEClonedSourcePackagesDirPathOverride=/Users/admin/builder/spi-builder-workspace/.dependencies -resolvePackageDependencies
Resolve Package Graph
Resolved source packages:
  swift-memory-allocation: https://github.com/coenttb/swift-memory-allocation @ 0.2.0
  swift-syntax: https://github.com/swiftlang/swift-syntax @ 602.0.0
  swift-rfc-1035: https://github.com/swift-standards/swift-rfc-1035 @ 0.4.5
  swift-rfc-1123: https://github.com/swift-standards/swift-rfc-1123.git @ 0.5.4
  swift-standards: https://github.com/swift-standards/swift-standards @ 0.30.1
  swift-testing-performance: https://github.com/coenttb/swift-testing-performance @ 0.3.1
  swift-rfc-5321: /Users/admin/builder/spi-builder-workspace
  swift-numerics: https://github.com/apple/swift-numerics @ 1.1.1
  swift-incits-4-1986: https://github.com/swift-standards/swift-incits-4-1986.git @ 0.7.1
resolved source packages: swift-memory-allocation, swift-syntax, swift-rfc-1035, swift-rfc-1123, swift-standards, swift-testing-performance, swift-rfc-5321, swift-numerics, swift-incits-4-1986
2026-09-24 20:29:25.116 xcodebuild[1333:7513] [MT] IDERunDestination: Supported platforms for the buildables in the current scheme is empty.
{
  "dependencies" : [
    {
      "identity" : "swift-incits-4-1986",
      "requirement" : {
        "range" : [
          {
            "lower_bound" : "0.6.2",
            "upper_bound" : "1.0.0"
          }
        ]
      },
      "type" : "sourceControl",
      "url" : "https://github.com/swift-standards/swift-incits-4-1986.git"
    },
    {
      "identity" : "swift-rfc-1123",
      "requirement" : {
        "range" : [
          {
            "lower_bound" : "0.5.1",
            "upper_bound" : "1.0.0"
          }
        ]
      },
      "type" : "sourceControl",
      "url" : "https://github.com/swift-standards/swift-rfc-1123.git"
    }
  ],
  "manifest_display_name" : "swift-rfc-5321",
  "name" : "swift-rfc-5321",
  "path" : "/Users/admin/builder/spi-builder-workspace",
  "platforms" : [
    {
      "name" : "macos",
      "version" : "26.0"
    },
    {
      "name" : "ios",
      "version" : "26.0"
    },
    {
      "name" : "tvos",
      "version" : "26.0"
    },
    {
      "name" : "watchos",
      "version" : "26.0"
    }
  ],
  "products" : [
    {
      "name" : "RFC 5321",
      "targets" : [
        "RFC 5321"
      ],
      "type" : {
        "library" : [
          "automatic"
        ]
      }
    }
  ],
  "swift_languages_versions" : [
    "6"
  ],
  "targets" : [
    {
      "c99name" : "RFC_5321_Tests",
      "module_type" : "SwiftTarget",
      "name" : "RFC 5321 Tests",
      "path" : "Tests/RFC 5321 Tests",
      "sources" : [
        "RFC 5321 Tests.swift",
        "ReadmeVerificationTests.swift"
      ],
      "target_dependencies" : [
        "RFC 5321"
      ],
      "type" : "test"
    },
    {
      "c99name" : "RFC_5321",
      "module_type" : "SwiftTarget",
      "name" : "RFC 5321",
      "path" : "Sources/RFC 5321",
      "product_dependencies" : [
        "RFC 1123",
        "INCITS 4 1986"
      ],
      "product_memberships" : [
        "RFC 5321"
      ],
      "sources" : [
        "RFC_5321.EmailAddress.Error.swift",
        "RFC_5321.EmailAddress.LocalPart.Error.swift",
        "RFC_5321.EmailAddress.LocalPart.swift",
        "RFC_5321.EmailAddress.swift",
        "RFC_5321.swift",
        "exports.swift"
      ],
      "type" : "library"
    }
  ],
  "tools_version" : "6.2"
}
{
  "workspace" : {
    "name" : "swift-rfc-5321",
    "schemes" : [
      "swift-rfc-5321"
    ]
  }
}
2026-09-24 20:29:27.313 xcodebuild[1342:7587] [MT] IDERunDestination: Supported platforms for the buildables in the current scheme is empty.
Running build ...
env DEVELOPER_DIR=/Applications/Xcode-27.0.0-Release.Candidate.app xcrun xcodebuild -IDEClonedSourcePackagesDirPathOverride=$PWD/.dependencies -skipMacroValidation -skipPackagePluginValidation -derivedDataPath $PWD/.derivedData build -scheme swift-rfc-5321 -destination generic/platform=watchOS
Command line invocation:
    /Applications/Xcode-27.0.0-Release.Candidate.app/Contents/Developer/usr/bin/xcodebuild -IDEClonedSourcePackagesDirPathOverride=/Users/admin/builder/spi-builder-workspace/.dependencies -skipMacroValidation -skipPackagePluginValidation -derivedDataPath /Users/admin/builder/spi-builder-workspace/.derivedData build -scheme swift-rfc-5321 -destination generic/platform=watchOS
Resolve Package Graph
Resolved source packages:
  swift-rfc-1035: https://github.com/swift-standards/swift-rfc-1035 @ 0.4.5
  swift-rfc-5321: /Users/admin/builder/spi-builder-workspace
  swift-numerics: https://github.com/apple/swift-numerics @ 1.1.1
  swift-testing-performance: https://github.com/coenttb/swift-testing-performance @ 0.3.1
  swift-memory-allocation: https://github.com/coenttb/swift-memory-allocation @ 0.2.0
  swift-incits-4-1986: https://github.com/swift-standards/swift-incits-4-1986.git @ 0.7.1
  swift-syntax: https://github.com/swiftlang/swift-syntax @ 602.0.0
  swift-rfc-1123: https://github.com/swift-standards/swift-rfc-1123.git @ 0.5.4
  swift-standards: https://github.com/swift-standards/swift-standards @ 0.30.1
ComputePackagePrebuildTargetDependencyGraph
Prepare packages
CreateBuildRequest
SendProjectDescription
CreateBuildOperation
ComputeTargetDependencyGraph
note: Building targets in dependency order
note: Target dependency graph (31 targets)
    Target 'RFC 5321-product' in project 'swift-rfc-5321'
        ➜ Explicit dependency on target 'RFC 5321' in project 'swift-rfc-5321'
        ➜ Explicit dependency on target 'RFC 1123-product' in project 'swift-rfc-1123'
        ➜ Explicit dependency on target 'INCITS 4 1986-product' in project 'swift-incits-4-1986'
    Target 'RFC 5321' in project 'swift-rfc-5321'
        ➜ Explicit dependency on target 'RFC 1123-product' in project 'swift-rfc-1123'
        ➜ Explicit dependency on target 'INCITS 4 1986-product' in project 'swift-incits-4-1986'
    Target 'RFC 1123-product' in project 'swift-rfc-1123'
        ➜ Explicit dependency on target 'RFC 1123' in project 'swift-rfc-1123'
        ➜ Explicit dependency on target 'RFC 1035-product' in project 'swift-rfc-1035'
        ➜ Explicit dependency on target 'Standards-product' in project 'swift-standards'
        ➜ Explicit dependency on target 'INCITS 4 1986-product' in project 'swift-incits-4-1986'
    Target 'RFC 1123' in project 'swift-rfc-1123'
        ➜ Explicit dependency on target 'RFC 1035-product' in project 'swift-rfc-1035'
        ➜ Explicit dependency on target 'Standards-product' in project 'swift-standards'
        ➜ Explicit dependency on target 'INCITS 4 1986-product' in project 'swift-incits-4-1986'
    Target 'RFC 1035-product' in project 'swift-rfc-1035'
        ➜ Explicit dependency on target 'RFC 1035' in project 'swift-rfc-1035'
        ➜ Explicit dependency on target 'Standards-product' in project 'swift-standards'
        ➜ Explicit dependency on target 'INCITS 4 1986-product' in project 'swift-incits-4-1986'
    Target 'RFC 1035' in project 'swift-rfc-1035'
        ➜ Explicit dependency on target 'Standards-product' in project 'swift-standards'
        ➜ Explicit dependency on target 'INCITS 4 1986-product' in project 'swift-incits-4-1986'
    Target 'INCITS 4 1986-product' in project 'swift-incits-4-1986'
        ➜ Explicit dependency on target 'INCITS 4 1986' in project 'swift-incits-4-1986'
        ➜ Explicit dependency on target 'Standards-product' in project 'swift-standards'
    Target 'INCITS 4 1986' in project 'swift-incits-4-1986'
        ➜ Explicit dependency on target 'Standards-product' in project 'swift-standards'
    Target 'Standards-product' in project 'swift-standards'
        ➜ Explicit dependency on target 'Standards' in project 'swift-standards'
        ➜ Explicit dependency on target 'StandardLibraryExtensions' in project 'swift-standards'
        ➜ Explicit dependency on target 'Formatting' in project 'swift-standards'
        ➜ Explicit dependency on target 'StandardTime' in project 'swift-standards'
        ➜ Explicit dependency on target 'Locale' in project 'swift-standards'
        ➜ Explicit dependency on target 'Algebra' in project 'swift-standards'
        ➜ Explicit dependency on target 'Algebra Linear' in project 'swift-standards'
        ➜ Explicit dependency on target 'Affine' in project 'swift-standards'
        ➜ Explicit dependency on target 'Binary' in project 'swift-standards'
        ➜ Explicit dependency on target 'Dimension' in project 'swift-standards'
        ➜ Explicit dependency on target 'Positioning' in project 'swift-standards'
        ➜ Explicit dependency on target 'Symmetry' in project 'swift-standards'
        ➜ Explicit dependency on target 'Region' in project 'swift-standards'
        ➜ Explicit dependency on target 'Geometry' in project 'swift-standards'
        ➜ Explicit dependency on target 'Layout' in project 'swift-standards'
        ➜ Explicit dependency on target 'TernaryLogic' in project 'swift-standards'
        ➜ Explicit dependency on target 'Predicate' in project 'swift-standards'
        ➜ Explicit dependency on target 'Parsing' in project 'swift-standards'
        ➜ Explicit dependency on target 'StandardsCollections' in project 'swift-standards'
        ➜ Explicit dependency on target 'RealModule-product' in project 'swift-numerics'
    Target 'Standards' in project 'swift-standards'
        ➜ Explicit dependency on target 'StandardLibraryExtensions' in project 'swift-standards'
        ➜ Explicit dependency on target 'Formatting' in project 'swift-standards'
        ➜ Explicit dependency on target 'Dimension' in project 'swift-standards'
        ➜ Explicit dependency on target 'StandardTime' in project 'swift-standards'
        ➜ Explicit dependency on target 'Locale' in project 'swift-standards'
        ➜ Explicit dependency on target 'Algebra' in project 'swift-standards'
        ➜ Explicit dependency on target 'Algebra Linear' in project 'swift-standards'
        ➜ Explicit dependency on target 'Affine' in project 'swift-standards'
        ➜ Explicit dependency on target 'Parsing' in project 'swift-standards'
        ➜ Explicit dependency on target 'Binary' in project 'swift-standards'
        ➜ Explicit dependency on target 'Positioning' in project 'swift-standards'
        ➜ Explicit dependency on target 'Region' in project 'swift-standards'
        ➜ Explicit dependency on target 'Geometry' in project 'swift-standards'
        ➜ Explicit dependency on target 'Symmetry' in project 'swift-standards'
        ➜ Explicit dependency on target 'Layout' in project 'swift-standards'
        ➜ Explicit dependency on target 'TernaryLogic' in project 'swift-standards'
        ➜ Explicit dependency on target 'Predicate' in project 'swift-standards'
        ➜ Explicit dependency on target 'StandardsCollections' in project 'swift-standards'
        ➜ Explicit dependency on target 'RealModule-product' in project 'swift-numerics'
    Target 'StandardsCollections' in project 'swift-standards' (no dependencies)
    Target 'Predicate' in project 'swift-standards'
        ➜ Explicit dependency on target 'StandardLibraryExtensions' in project 'swift-standards'
        ➜ Explicit dependency on target 'TernaryLogic' in project 'swift-standards'
    Target 'TernaryLogic' in project 'swift-standards'
        ➜ Explicit dependency on target 'StandardLibraryExtensions' in project 'swift-standards'
    Target 'Layout' in project 'swift-standards'
        ➜ Explicit dependency on target 'StandardLibraryExtensions' in project 'swift-standards'
        ➜ Explicit dependency on target 'Formatting' in project 'swift-standards'
        ➜ Explicit dependency on target 'Dimension' in project 'swift-standards'
        ➜ Explicit dependency on target 'Positioning' in project 'swift-standards'
        ➜ Explicit dependency on target 'Algebra' in project 'swift-standards'
        ➜ Explicit dependency on target 'Algebra Linear' in project 'swift-standards'
        ➜ Explicit dependency on target 'Affine' in project 'swift-standards'
        ➜ Explicit dependency on target 'Region' in project 'swift-standards'
        ➜ Explicit dependency on target 'Geometry' in project 'swift-standards'
        ➜ Explicit dependency on target 'RealModule-product' in project 'swift-numerics'
    Target 'Symmetry' in project 'swift-standards'
        ➜ Explicit dependency on target 'StandardLibraryExtensions' in project 'swift-standards'
        ➜ Explicit dependency on target 'Formatting' in project 'swift-standards'
        ➜ Explicit dependency on target 'Dimension' in project 'swift-standards'
        ➜ Explicit dependency on target 'Algebra' in project 'swift-standards'
        ➜ Explicit dependency on target 'Algebra Linear' in project 'swift-standards'
        ➜ Explicit dependency on target 'Affine' in project 'swift-standards'
        ➜ Explicit dependency on target 'Region' in project 'swift-standards'
        ➜ Explicit dependency on target 'Geometry' in project 'swift-standards'
        ➜ Explicit dependency on target 'RealModule-product' in project 'swift-numerics'
    Target 'Geometry' in project 'swift-standards'
        ➜ Explicit dependency on target 'StandardLibraryExtensions' in project 'swift-standards'
        ➜ Explicit dependency on target 'Formatting' in project 'swift-standards'
        ➜ Explicit dependency on target 'Dimension' in project 'swift-standards'
        ➜ Explicit dependency on target 'Algebra' in project 'swift-standards'
        ➜ Explicit dependency on target 'Algebra Linear' in project 'swift-standards'
        ➜ Explicit dependency on target 'Affine' in project 'swift-standards'
        ➜ Explicit dependency on target 'Region' in project 'swift-standards'
        ➜ Explicit dependency on target 'RealModule-product' in project 'swift-numerics'
    Target 'Region' in project 'swift-standards'
        ➜ Explicit dependency on target 'StandardLibraryExtensions' in project 'swift-standards'
        ➜ Explicit dependency on target 'Formatting' in project 'swift-standards'
        ➜ Explicit dependency on target 'Dimension' in project 'swift-standards'
        ➜ Explicit dependency on target 'Algebra' in project 'swift-standards'
        ➜ Explicit dependency on target 'RealModule-product' in project 'swift-numerics'
    Target 'Positioning' in project 'swift-standards' (no dependencies)
    Target 'Binary' in project 'swift-standards'
        ➜ Explicit dependency on target 'StandardLibraryExtensions' in project 'swift-standards'
        ➜ Explicit dependency on target 'Formatting' in project 'swift-standards'
        ➜ Explicit dependency on target 'Dimension' in project 'swift-standards'
        ➜ Explicit dependency on target 'Algebra' in project 'swift-standards'
        ➜ Explicit dependency on target 'Parsing' in project 'swift-standards'
        ➜ Explicit dependency on target 'RealModule-product' in project 'swift-numerics'
    Target 'Parsing' in project 'swift-standards' (no dependencies)
    Target 'Affine' in project 'swift-standards'
        ➜ Explicit dependency on target 'StandardLibraryExtensions' in project 'swift-standards'
        ➜ Explicit dependency on target 'Formatting' in project 'swift-standards'
        ➜ Explicit dependency on target 'Dimension' in project 'swift-standards'
        ➜ Explicit dependency on target 'Algebra' in project 'swift-standards'
        ➜ Explicit dependency on target 'Algebra Linear' in project 'swift-standards'
        ➜ Explicit dependency on target 'RealModule-product' in project 'swift-numerics'
    Target 'Algebra Linear' in project 'swift-standards'
        ➜ Explicit dependency on target 'StandardLibraryExtensions' in project 'swift-standards'
        ➜ Explicit dependency on target 'Formatting' in project 'swift-standards'
        ➜ Explicit dependency on target 'Dimension' in project 'swift-standards'
        ➜ Explicit dependency on target 'Algebra' in project 'swift-standards'
        ➜ Explicit dependency on target 'RealModule-product' in project 'swift-numerics'
    Target 'Algebra' in project 'swift-standards'
        ➜ Explicit dependency on target 'StandardLibraryExtensions' in project 'swift-standards'
        ➜ Explicit dependency on target 'Formatting' in project 'swift-standards'
        ➜ Explicit dependency on target 'Dimension' in project 'swift-standards'
        ➜ Explicit dependency on target 'RealModule-product' in project 'swift-numerics'
    Target 'Locale' in project 'swift-standards'
        ➜ Explicit dependency on target 'StandardLibraryExtensions' in project 'swift-standards'
    Target 'StandardTime' in project 'swift-standards'
        ➜ Explicit dependency on target 'StandardLibraryExtensions' in project 'swift-standards'
        ➜ Explicit dependency on target 'Formatting' in project 'swift-standards'
        ➜ Explicit dependency on target 'Dimension' in project 'swift-standards'
        ➜ Explicit dependency on target 'RealModule-product' in project 'swift-numerics'
    Target 'Dimension' in project 'swift-standards'
        ➜ Explicit dependency on target 'StandardLibraryExtensions' in project 'swift-standards'
        ➜ Explicit dependency on target 'Formatting' in project 'swift-standards'
        ➜ Explicit dependency on target 'RealModule-product' in project 'swift-numerics'
    Target 'RealModule-product' in project 'swift-numerics'
        ➜ Explicit dependency on target 'RealModule' in project 'swift-numerics'
        ➜ Explicit dependency on target '_NumericsShims' in project 'swift-numerics'
    Target 'RealModule' in project 'swift-numerics'
        ➜ Explicit dependency on target '_NumericsShims' in project 'swift-numerics'
    Target '_NumericsShims' in project 'swift-numerics' (no dependencies)
    Target 'Formatting' in project 'swift-standards'
        ➜ Explicit dependency on target 'StandardLibraryExtensions' in project 'swift-standards'
    Target 'StandardLibraryExtensions' in project 'swift-standards' (no dependencies)
GatherProvisioningInputs
CreateBuildDescription
ClangStatCache /Applications/Xcode-27.0.0-Release.Candidate.app/Contents/Developer/Toolchains/XcodeDefault.xctoolchain/usr/bin/clang-stat-cache /Applications/Xcode-27.0.0-Release.Candidate.app/Contents/Developer/Platforms/WatchOS.platform/Developer/SDKs/WatchOS27.0.sdk /Users/admin/builder/spi-builder-workspace/.derivedData/SDKStatCaches.noindex/watchos27.0-24R360-e829b21a6f8c9b70876ba0858053c04477534ef55a1706bf4c1112bbb242f0a2.sdkstatcache
    cd /Users/admin/builder/spi-builder-workspace/.swiftpm/xcode
    /Applications/Xcode-27.0.0-Release.Candidate.app/Contents/Developer/Toolchains/XcodeDefault.xctoolchain/usr/bin/clang-stat-cache /Applications/Xcode-27.0.0-Release.Candidate.app/Contents/Developer/Platforms/WatchOS.platform/Developer/SDKs/WatchOS27.0.sdk -o /Users/admin/builder/spi-builder-workspace/.derivedData/SDKStatCaches.noindex/watchos27.0-24R360-e829b21a6f8c9b70876ba0858053c04477534ef55a1706bf4c1112bbb242f0a2.sdkstatcache
SwiftDriver Binary normal arm64 com.apple.xcode.tools.swift.compiler (in target 'Binary' from project 'swift-standards')
    cd /Users/admin/builder/spi-builder-workspace/.swiftpm/xcode
    builtin-SwiftDriver -- /Applications/Xcode-27.0.0-Release.Candidate.app/Contents/Developer/Toolchains/XcodeDefault.xctoolchain/usr/bin/swiftc -parse-as-library -module-name Binary -Onone @/Users/admin/builder/spi-builder-workspace/.derivedData/Build/Intermediates.noindex/swift-standards.build/Debug-watchos/Binary-t.build/Objects-normal/arm64/Binary.SwiftFileList -DSWIFT_PACKAGE -DDEBUG -DSWIFT_MODULE_RESOURCE_BUNDLE_UNAVAILABLE -Xcc -fmodule-map-file\=/Users/admin/builder/spi-builder-workspace/.dependencies/checkouts/swift-numerics/Sources/_NumericsShims/include/module.modulemap -DXcode -enable-upcoming-feature ExistentialAny -enable-upcoming-feature InternalImportsByDefault -enable-upcoming-feature MemberImportVisibility -enable-experimental-feature Lifetimes -plugin-path /Applications/Xcode-27.0.0-Release.Candidate.app/Contents/Developer/Toolchains/XcodeDefault.xctoolchain/usr/lib/swift/host/plugins/testing -enable-experimental-feature DebugDescriptionMacro -sdk /Applications/Xcode-27.0.0-Release.Candidate.app/Contents/Developer/Platforms/WatchOS.platform/Developer/SDKs/WatchOS27.0.sdk -target arm64-apple-watchos26.0 -g -module-cache-path /Users/admin/builder/spi-builder-workspace/.derivedData/ModuleCache.noindex -Xfrontend -serialize-debugging-options -profile-coverage-mapping -profile-generate -enable-testing -suppress-warnings -index-store-path /Users/admin/builder/spi-builder-workspace/.derivedData/Index.noindex/DataStore -Xcc -D_LIBCPP_HARDENING_MODE\=_LIBCPP_HARDENING_MODE_DEBUG -swift-version 6 -I /Users/admin/builder/spi-builder-workspace/.derivedData/Build/Products/Debug-watchos -Isystem /Applications/Xcode-27.0.0-Release.Candidate.app/Contents/Developer/Platforms/WatchOS.platform/Developer/usr/lib -F /Users/admin/builder/spi-builder-workspace/.derivedData/Build/Products/Debug-watchos/PackageFrameworks -F /Users/admin/builder/spi-builder-workspace/.derivedData/Build/Products/Debug-watchos -F /Applications/Xcode-27.0.0-Release.Candidate.app/Contents/Developer/Platforms/WatchOS.platform/Developer/Library/Frameworks -F /Applications/Xcode-27.0.0-Release.Candidate.app/Contents/Developer/Platforms/WatchOS.platform/Developer/SDKs/WatchOS27.0.sdk/Developer/Library/Frameworks -c -j10 -enable-batch-mode -incremental -Xcc -ivfsstatcache -Xcc /Users/admin/builder/spi-builder-workspace/.derivedData/SDKStatCaches.noindex/watchos27.0-24R360-e829b21a6f8c9b70876ba0858053c04477534ef55a1706bf4c1112bbb242f0a2.sdkstatcache -output-file-map /Users/admin/builder/spi-builder-workspace/.derivedData/Build/Intermediates.noindex/swift-standards.build/Debug-watchos/Binary-t.build/Objects-normal/arm64/Binary-OutputFileMap.json -save-temps -no-color-diagnostics -explicit-module-build -module-cache-path /Users/admin/builder/spi-builder-workspace/.derivedData/Build/Intermediates.noindex/SwiftExplicitPrecompiledModules -clang-scanner-module-cache-path /Users/admin/builder/spi-builder-workspace/.derivedData/ModuleCache.noindex -sdk-module-cache-path /Users/admin/builder/spi-builder-workspace/.derivedData/SDKExplicitPrecompiledModules -emit-dependencies -emit-module -emit-module-path /Users/admin/builder/spi-builder-workspace/.derivedData/Build/Intermediates.noindex/swift-standards.build/Debug-watchos/Binary-t.build/Objects-normal/arm64/Binary.swiftmodule -serialize-diagnostics -dependency-scan-serialize-diagnostics-path /Users/admin/builder/spi-builder-workspace/.derivedData/Build/Intermediates.noindex/swift-standards.build/Debug-watchos/Binary-t.build/Objects-normal/arm64/Binary-dependency-scan.dia -user-module-version 0.30.1 -validate-clang-modules-once -clang-build-session-file /Users/admin/builder/spi-builder-workspace/.derivedData/ModuleCache.noindex/Session.modulevalidation -Xcc -fmodules-prune-interval\=86400 -Xcc -fmodules-prune-after\=345600 -package-name swift_standards -emit-const-values -const-gather-protocols-list /Users/admin/builder/spi-builder-workspace/.derivedData/Build/Intermediates.noindex/swift-standards.build/Debug-watchos/Binary-t.build/Objects-normal/arm64/Binary_const_extract_protocols.json -Xcc -I/Users/admin/builder/spi-builder-workspace/.dependencies/checkouts/swift-numerics/Sources/_NumericsShims/include -Xcc -I/Users/admin/builder/spi-builder-workspace/.derivedData/Build/Products/Debug-watchos/include -Xcc -I/Users/admin/builder/spi-builder-workspace/.derivedData/Build/Intermediates.noindex/swift-standards.build/Debug-watchos/Binary-t.build/DerivedSources-normal/arm64 -Xcc -I/Users/admin/builder/spi-builder-workspace/.derivedData/Build/Intermediates.noindex/swift-standards.build/Debug-watchos/Binary-t.build/DerivedSources/arm64 -Xcc -I/Users/admin/builder/spi-builder-workspace/.derivedData/Build/Intermediates.noindex/swift-standards.build/Debug-watchos/Binary-t.build/DerivedSources -Xcc -DSWIFT_PACKAGE -Xcc -DDEBUG\=1 -emit-objc-header -emit-objc-header-path /Users/admin/builder/spi-builder-workspace/.derivedData/Build/Intermediates.noindex/swift-standards.build/Debug-watchos/Binary-t.build/Objects-normal/arm64/Binary-Swift.h -working-directory /Users/admin/builder/spi-builder-workspace/.swiftpm/xcode -experimental-emit-module-separately -disable-cmo
SwiftDriver Binary normal arm64_32 com.apple.xcode.tools.swift.compiler (in target 'Binary' from project 'swift-standards')
    cd /Users/admin/builder/spi-builder-workspace/.swiftpm/xcode
    builtin-SwiftDriver -- /Applications/Xcode-27.0.0-Release.Candidate.app/Contents/Developer/Toolchains/XcodeDefault.xctoolchain/usr/bin/swiftc -parse-as-library -module-name Binary -Onone @/Users/admin/builder/spi-builder-workspace/.derivedData/Build/Intermediates.noindex/swift-standards.build/Debug-watchos/Binary-t.build/Objects-normal/arm64_32/Binary.SwiftFileList -DSWIFT_PACKAGE -DDEBUG -DSWIFT_MODULE_RESOURCE_BUNDLE_UNAVAILABLE -Xcc -fmodule-map-file\=/Users/admin/builder/spi-builder-workspace/.dependencies/checkouts/swift-numerics/Sources/_NumericsShims/include/module.modulemap -DXcode -enable-upcoming-feature ExistentialAny -enable-upcoming-feature InternalImportsByDefault -enable-upcoming-feature MemberImportVisibility -enable-experimental-feature Lifetimes -plugin-path /Applications/Xcode-27.0.0-Release.Candidate.app/Contents/Developer/Toolchains/XcodeDefault.xctoolchain/usr/lib/swift/host/plugins/testing -enable-experimental-feature DebugDescriptionMacro -sdk /Applications/Xcode-27.0.0-Release.Candidate.app/Contents/Developer/Platforms/WatchOS.platform/Developer/SDKs/WatchOS27.0.sdk -target arm64_32-apple-watchos26.0 -g -module-cache-path /Users/admin/builder/spi-builder-workspace/.derivedData/ModuleCache.noindex -Xfrontend -serialize-debugging-options -profile-coverage-mapping -profile-generate -enable-testing -suppress-warnings -index-store-path /Users/admin/builder/spi-builder-workspace/.derivedData/Index.noindex/DataStore -Xcc -D_LIBCPP_HARDENING_MODE\=_LIBCPP_HARDENING_MODE_DEBUG -swift-version 6 -I /Users/admin/builder/spi-builder-workspace/.derivedData/Build/Products/Debug-watchos -Isystem /Applications/Xcode-27.0.0-Release.Candidate.app/Contents/Developer/Platforms/WatchOS.platform/Developer/usr/lib -F /Users/admin/builder/spi-builder-workspace/.derivedData/Build/Products/Debug-watchos/PackageFrameworks -F /Users/admin/builder/spi-builder-workspace/.derivedData/Build/Products/Debug-watchos -F /Applications/Xcode-27.0.0-Release.Candidate.app/Contents/Developer/Platforms/WatchOS.platform/Developer/Library/Frameworks -F /Applications/Xcode-27.0.0-Release.Candidate.app/Contents/Developer/Platforms/WatchOS.platform/Developer/SDKs/WatchOS27.0.sdk/Developer/Library/Frameworks -c -j10 -enable-batch-mode -incremental -Xcc -ivfsstatcache -Xcc /Users/admin/builder/spi-builder-workspace/.derivedData/SDKStatCaches.noindex/watchos27.0-24R360-e829b21a6f8c9b70876ba0858053c04477534ef55a1706bf4c1112bbb242f0a2.sdkstatcache -output-file-map /Users/admin/builder/spi-builder-workspace/.derivedData/Build/Intermediates.noindex/swift-standards.build/Debug-watchos/Binary-t.build/Objects-normal/arm64_32/Binary-OutputFileMap.json -save-temps -no-color-diagnostics -explicit-module-build -module-cache-path /Users/admin/builder/spi-builder-workspace/.derivedData/Build/Intermediates.noindex/SwiftExplicitPrecompiledModules -clang-scanner-module-cache-path /Users/admin/builder/spi-builder-workspace/.derivedData/ModuleCache.noindex -sdk-module-cache-path /Users/admin/builder/spi-builder-workspace/.derivedData/SDKExplicitPrecompiledModules -emit-dependencies -emit-module -emit-module-path /Users/admin/builder/spi-builder-workspace/.derivedData/Build/Intermediates.noindex/swift-standards.build/Debug-watchos/Binary-t.build/Objects-normal/arm64_32/Binary.swiftmodule -serialize-diagnostics -dependency-scan-serialize-diagnostics-path /Users/admin/builder/spi-builder-workspace/.derivedData/Build/Intermediates.noindex/swift-standards.build/Debug-watchos/Binary-t.build/Objects-normal/arm64_32/Binary-dependency-scan.dia -user-module-version 0.30.1 -validate-clang-modules-once -clang-build-session-file /Users/admin/builder/spi-builder-workspace/.derivedData/ModuleCache.noindex/Session.modulevalidation -Xcc -fmodules-prune-interval\=86400 -Xcc -fmodules-prune-after\=345600 -package-name swift_standards -emit-const-values -const-gather-protocols-list /Users/admin/builder/spi-builder-workspace/.derivedData/Build/Intermediates.noindex/swift-standards.build/Debug-watchos/Binary-t.build/Objects-normal/arm64_32/Binary_const_extract_protocols.json -Xcc -I/Users/admin/builder/spi-builder-workspace/.dependencies/checkouts/swift-numerics/Sources/_NumericsShims/include -Xcc -I/Users/admin/builder/spi-builder-workspace/.derivedData/Build/Products/Debug-watchos/include -Xcc -I/Users/admin/builder/spi-builder-workspace/.derivedData/Build/Intermediates.noindex/swift-standards.build/Debug-watchos/Binary-t.build/DerivedSources-normal/arm64_32 -Xcc -I/Users/admin/builder/spi-builder-workspace/.derivedData/Build/Intermediates.noindex/swift-standards.build/Debug-watchos/Binary-t.build/DerivedSources/arm64_32 -Xcc -I/Users/admin/builder/spi-builder-workspace/.derivedData/Build/Intermediates.noindex/swift-standards.build/Debug-watchos/Binary-t.build/DerivedSources -Xcc -DSWIFT_PACKAGE -Xcc -DDEBUG\=1 -emit-objc-header -emit-objc-header-path /Users/admin/builder/spi-builder-workspace/.derivedData/Build/Intermediates.noindex/swift-standards.build/Debug-watchos/Binary-t.build/Objects-normal/arm64_32/Binary-Swift.h -working-directory /Users/admin/builder/spi-builder-workspace/.swiftpm/xcode -experimental-emit-module-separately -disable-cmo
SwiftDriver Algebra normal arm64_32 com.apple.xcode.tools.swift.compiler (in target 'Algebra' from project 'swift-standards')
    cd /Users/admin/builder/spi-builder-workspace/.swiftpm/xcode
    builtin-SwiftDriver -- /Applications/Xcode-27.0.0-Release.Candidate.app/Contents/Developer/Toolchains/XcodeDefault.xctoolchain/usr/bin/swiftc -parse-as-library -module-name Algebra -Onone @/Users/admin/builder/spi-builder-workspace/.derivedData/Build/Intermediates.noindex/swift-standards.build/Debug-watchos/Algebra-t.build/Objects-normal/arm64_32/Algebra.SwiftFileList -DSWIFT_PACKAGE -DDEBUG -DSWIFT_MODULE_RESOURCE_BUNDLE_UNAVAILABLE -Xcc -fmodule-map-file\=/Users/admin/builder/spi-builder-workspace/.dependencies/checkouts/swift-numerics/Sources/_NumericsShims/include/module.modulemap -DXcode -enable-upcoming-feature ExistentialAny -enable-upcoming-feature InternalImportsByDefault -enable-upcoming-feature MemberImportVisibility -enable-experimental-feature Lifetimes -plugin-path /Applications/Xcode-27.0.0-Release.Candidate.app/Contents/Developer/Toolchains/XcodeDefault.xctoolchain/usr/lib/swift/host/plugins/testing -enable-experimental-feature DebugDescriptionMacro -sdk /Applications/Xcode-27.0.0-Release.Candidate.app/Contents/Developer/Platforms/WatchOS.platform/Developer/SDKs/WatchOS27.0.sdk -target arm64_32-apple-watchos26.0 -g -module-cache-path /Users/admin/builder/spi-builder-workspace/.derivedData/ModuleCache.noindex -Xfrontend -serialize-debugging-options -profile-coverage-mapping -profile-generate -enable-testing -suppress-warnings -index-store-path /Users/admin/builder/spi-builder-workspace/.derivedData/Index.noindex/DataStore -Xcc -D_LIBCPP_HARDENING_MODE\=_LIBCPP_HARDENING_MODE_DEBUG -swift-version 6 -I /Users/admin/builder/spi-builder-workspace/.derivedData/Build/Products/Debug-watchos -Isystem /Applications/Xcode-27.0.0-Release.Candidate.app/Contents/Developer/Platforms/WatchOS.platform/Developer/usr/lib -F /Users/admin/builder/spi-builder-workspace/.derivedData/Build/Products/Debug-watchos/PackageFrameworks -F /Users/admin/builder/spi-builder-workspace/.derivedData/Build/Products/Debug-watchos -F /Applications/Xcode-27.0.0-Release.Candidate.app/Contents/Developer/Platforms/WatchOS.platform/Developer/Library/Frameworks -F /Applications/Xcode-27.0.0-Release.Candidate.app/Contents/Developer/Platforms/WatchOS.platform/Developer/SDKs/WatchOS27.0.sdk/Developer/Library/Frameworks -c -j10 -enable-batch-mode -incremental -Xcc -ivfsstatcache -Xcc /Users/admin/builder/spi-builder-workspace/.derivedData/SDKStatCaches.noindex/watchos27.0-24R360-e829b21a6f8c9b70876ba0858053c04477534ef55a1706bf4c1112bbb242f0a2.sdkstatcache -output-file-map /Users/admin/builder/spi-builder-workspace/.derivedData/Build/Intermediates.noindex/swift-standards.build/Debug-watchos/Algebra-t.build/Objects-normal/arm64_32/Algebra-OutputFileMap.json -save-temps -no-color-diagnostics -explicit-module-build -module-cache-path /Users/admin/builder/spi-builder-workspace/.derivedData/Build/Intermediates.noindex/SwiftExplicitPrecompiledModules -clang-scanner-module-cache-path /Users/admin/builder/spi-builder-workspace/.derivedData/ModuleCache.noindex -sdk-module-cache-path /Users/admin/builder/spi-builder-workspace/.derivedData/SDKExplicitPrecompiledModules -emit-dependencies -emit-module -emit-module-path /Users/admin/builder/spi-builder-workspace/.derivedData/Build/Intermediates.noindex/swift-standards.build/Debug-watchos/Algebra-t.build/Objects-normal/arm64_32/Algebra.swiftmodule -serialize-diagnostics -dependency-scan-serialize-diagnostics-path /Users/admin/builder/spi-builder-workspace/.derivedData/Build/Intermediates.noindex/swift-standards.build/Debug-watchos/Algebra-t.build/Objects-normal/arm64_32/Algebra-dependency-scan.dia -user-module-version 0.30.1 -validate-clang-modules-once -clang-build-session-file /Users/admin/builder/spi-builder-workspace/.derivedData/ModuleCache.noindex/Session.modulevalidation -Xcc -fmodules-prune-interval\=86400 -Xcc -fmodules-prune-after\=345600 -package-name swift_standards -emit-const-values -const-gather-protocols-list /Users/admin/builder/spi-builder-workspace/.derivedData/Build/Intermediates.noindex/swift-standards.build/Debug-watchos/Algebra-t.build/Objects-normal/arm64_32/Algebra_const_extract_protocols.json -Xcc -I/Users/admin/builder/spi-builder-workspace/.dependencies/checkouts/swift-numerics/Sources/_NumericsShims/include -Xcc -I/Users/admin/builder/spi-builder-workspace/.derivedData/Build/Products/Debug-watchos/include -Xcc -I/Users/admin/builder/spi-builder-workspace/.derivedData/Build/Intermediates.noindex/swift-standards.build/Debug-watchos/Algebra-t.build/DerivedSources-normal/arm64_32 -Xcc -I/Users/admin/builder/spi-builder-workspace/.derivedData/Build/Intermediates.noindex/swift-standards.build/Debug-watchos/Algebra-t.build/DerivedSources/arm64_32 -Xcc -I/Users/admin/builder/spi-builder-workspace/.derivedData/Build/Intermediates.noindex/swift-standards.build/Debug-watchos/Algebra-t.build/DerivedSources -Xcc -DSWIFT_PACKAGE -Xcc -DDEBUG\=1 -emit-objc-header -emit-objc-header-path /Users/admin/builder/spi-builder-workspace/.derivedData/Build/Intermediates.noindex/swift-standards.build/Debug-watchos/Algebra-t.build/Objects-normal/arm64_32/Algebra-Swift.h -working-directory /Users/admin/builder/spi-builder-workspace/.swiftpm/xcode -experimental-emit-module-separately -disable-cmo
SwiftDriver Algebra normal arm64 com.apple.xcode.tools.swift.compiler (in target 'Algebra' from project 'swift-standards')
    cd /Users/admin/builder/spi-builder-workspace/.swiftpm/xcode
    builtin-SwiftDriver -- /Applications/Xcode-27.0.0-Release.Candidate.app/Contents/Developer/Toolchains/XcodeDefault.xctoolchain/usr/bin/swiftc -parse-as-library -module-name Algebra -Onone @/Users/admin/builder/spi-builder-workspace/.derivedData/Build/Intermediates.noindex/swift-standards.build/Debug-watchos/Algebra-t.build/Objects-normal/arm64/Algebra.SwiftFileList -DSWIFT_PACKAGE -DDEBUG -DSWIFT_MODULE_RESOURCE_BUNDLE_UNAVAILABLE -Xcc -fmodule-map-file\=/Users/admin/builder/spi-builder-workspace/.dependencies/checkouts/swift-numerics/Sources/_NumericsShims/include/module.modulemap -DXcode -enable-upcoming-feature ExistentialAny -enable-upcoming-feature InternalImportsByDefault -enable-upcoming-feature MemberImportVisibility -enable-experimental-feature Lifetimes -plugin-path /Applications/Xcode-27.0.0-Release.Candidate.app/Contents/Developer/Toolchains/XcodeDefault.xctoolchain/usr/lib/swift/host/plugins/testing -enable-experimental-feature DebugDescriptionMacro -sdk /Applications/Xcode-27.0.0-Release.Candidate.app/Contents/Developer/Platforms/WatchOS.platform/Developer/SDKs/WatchOS27.0.sdk -target arm64-apple-watchos26.0 -g -module-cache-path /Users/admin/builder/spi-builder-workspace/.derivedData/ModuleCache.noindex -Xfrontend -serialize-debugging-options -profile-coverage-mapping -profile-generate -enable-testing -suppress-warnings -index-store-path /Users/admin/builder/spi-builder-workspace/.derivedData/Index.noindex/DataStore -Xcc -D_LIBCPP_HARDENING_MODE\=_LIBCPP_HARDENING_MODE_DEBUG -swift-version 6 -I /Users/admin/builder/spi-builder-workspace/.derivedData/Build/Products/Debug-watchos -Isystem /Applications/Xcode-27.0.0-Release.Candidate.app/Contents/Developer/Platforms/WatchOS.platform/Developer/usr/lib -F /Users/admin/builder/spi-builder-workspace/.derivedData/Build/Products/Debug-watchos/PackageFrameworks -F /Users/admin/builder/spi-builder-workspace/.derivedData/Build/Products/Debug-watchos -F /Applications/Xcode-27.0.0-Release.Candidate.app/Contents/Developer/Platforms/WatchOS.platform/Developer/Library/Frameworks -F /Applications/Xcode-27.0.0-Release.Candidate.app/Contents/Developer/Platforms/WatchOS.platform/Developer/SDKs/WatchOS27.0.sdk/Developer/Library/Frameworks -c -j10 -enable-batch-mode -incremental -Xcc -ivfsstatcache -Xcc /Users/admin/builder/spi-builder-workspace/.derivedData/SDKStatCaches.noindex/watchos27.0-24R360-e829b21a6f8c9b70876ba0858053c04477534ef55a1706bf4c1112bbb242f0a2.sdkstatcache -output-file-map /Users/admin/builder/spi-builder-workspace/.derivedData/Build/Intermediates.noindex/swift-standards.build/Debug-watchos/Algebra-t.build/Objects-normal/arm64/Algebra-OutputFileMap.json -save-temps -no-color-diagnostics -explicit-module-build -module-cache-path /Users/admin/builder/spi-builder-workspace/.derivedData/Build/Intermediates.noindex/SwiftExplicitPrecompiledModules -clang-scanner-module-cache-path /Users/admin/builder/spi-builder-workspace/.derivedData/ModuleCache.noindex -sdk-module-cache-path /Users/admin/builder/spi-builder-workspace/.derivedData/SDKExplicitPrecompiledModules -emit-dependencies -emit-module -emit-module-path /Users/admin/builder/spi-builder-workspace/.derivedData/Build/Intermediates.noindex/swift-standards.build/Debug-watchos/Algebra-t.build/Objects-normal/arm64/Algebra.swiftmodule -serialize-diagnostics -dependency-scan-serialize-diagnostics-path /Users/admin/builder/spi-builder-workspace/.derivedData/Build/Intermediates.noindex/swift-standards.build/Debug-watchos/Algebra-t.build/Objects-normal/arm64/Algebra-dependency-scan.dia -user-module-version 0.30.1 -validate-clang-modules-once -clang-build-session-file /Users/admin/builder/spi-builder-workspace/.derivedData/ModuleCache.noindex/Session.modulevalidation -Xcc -fmodules-prune-interval\=86400 -Xcc -fmodules-prune-after\=345600 -package-name swift_standards -emit-const-values -const-gather-protocols-list /Users/admin/builder/spi-builder-workspace/.derivedData/Build/Intermediates.noindex/swift-standards.build/Debug-watchos/Algebra-t.build/Objects-normal/arm64/Algebra_const_extract_protocols.json -Xcc -I/Users/admin/builder/spi-builder-workspace/.dependencies/checkouts/swift-numerics/Sources/_NumericsShims/include -Xcc -I/Users/admin/builder/spi-builder-workspace/.derivedData/Build/Products/Debug-watchos/include -Xcc -I/Users/admin/builder/spi-builder-workspace/.derivedData/Build/Intermediates.noindex/swift-standards.build/Debug-watchos/Algebra-t.build/DerivedSources-normal/arm64 -Xcc -I/Users/admin/builder/spi-builder-workspace/.derivedData/Build/Intermediates.noindex/swift-standards.build/Debug-watchos/Algebra-t.build/DerivedSources/arm64 -Xcc -I/Users/admin/builder/spi-builder-workspace/.derivedData/Build/Intermediates.noindex/swift-standards.build/Debug-watchos/Algebra-t.build/DerivedSources -Xcc -DSWIFT_PACKAGE -Xcc -DDEBUG\=1 -emit-objc-header -emit-objc-header-path /Users/admin/builder/spi-builder-workspace/.derivedData/Build/Intermediates.noindex/swift-standards.build/Debug-watchos/Algebra-t.build/Objects-normal/arm64/Algebra-Swift.h -working-directory /Users/admin/builder/spi-builder-workspace/.swiftpm/xcode -experimental-emit-module-separately -disable-cmo
SwiftDriver Algebra\ Linear normal arm64 com.apple.xcode.tools.swift.compiler (in target 'Algebra Linear' from project 'swift-standards')
    cd /Users/admin/builder/spi-builder-workspace/.swiftpm/xcode
    builtin-SwiftDriver -- /Applications/Xcode-27.0.0-Release.Candidate.app/Contents/Developer/Toolchains/XcodeDefault.xctoolchain/usr/bin/swiftc -parse-as-library -module-name Algebra_Linear -Onone @/Users/admin/builder/spi-builder-workspace/.derivedData/Build/Intermediates.noindex/swift-standards.build/Debug-watchos/Algebra\ Linear-t.build/Objects-normal/arm64/Algebra\ Linear.SwiftFileList -DSWIFT_PACKAGE -DDEBUG -DSWIFT_MODULE_RESOURCE_BUNDLE_UNAVAILABLE -Xcc -fmodule-map-file\=/Users/admin/builder/spi-builder-workspace/.dependencies/checkouts/swift-numerics/Sources/_NumericsShims/include/module.modulemap -DXcode -enable-upcoming-feature ExistentialAny -enable-upcoming-feature InternalImportsByDefault -enable-upcoming-feature MemberImportVisibility -enable-experimental-feature Lifetimes -plugin-path /Applications/Xcode-27.0.0-Release.Candidate.app/Contents/Developer/Toolchains/XcodeDefault.xctoolchain/usr/lib/swift/host/plugins/testing -enable-experimental-feature DebugDescriptionMacro -sdk /Applications/Xcode-27.0.0-Release.Candidate.app/Contents/Developer/Platforms/WatchOS.platform/Developer/SDKs/WatchOS27.0.sdk -target arm64-apple-watchos26.0 -g -module-cache-path /Users/admin/builder/spi-builder-workspace/.derivedData/ModuleCache.noindex -Xfrontend -serialize-debugging-options -profile-coverage-mapping -profile-generate -enable-testing -suppress-warnings -index-store-path /Users/admin/builder/spi-builder-workspace/.derivedData/Index.noindex/DataStore -Xcc -D_LIBCPP_HARDENING_MODE\=_LIBCPP_HARDENING_MODE_DEBUG -swift-version 6 -I /Users/admin/builder/spi-builder-workspace/.derivedData/Build/Products/Debug-watchos -Isystem /Applications/Xcode-27.0.0-Release.Candidate.app/Contents/Developer/Platforms/WatchOS.platform/Developer/usr/lib -F /Users/admin/builder/spi-builder-workspace/.derivedData/Build/Products/Debug-watchos/PackageFrameworks -F /Users/admin/builder/spi-builder-workspace/.derivedData/Build/Products/Debug-watchos -F /Applications/Xcode-27.0.0-Release.Candidate.app/Contents/Developer/Platforms/WatchOS.platform/Developer/Library/Frameworks -F /Applications/Xcode-27.0.0-Release.Candidate.app/Contents/Developer/Platforms/WatchOS.platform/Developer/SDKs/WatchOS27.0.sdk/Developer/Library/Frameworks -c -j10 -enable-batch-mode -incremental -Xcc -ivfsstatcache -Xcc /Users/admin/builder/spi-builder-workspace/.derivedData/SDKStatCaches.noindex/watchos27.0-24R360-e829b21a6f8c9b70876ba0858053c04477534ef55a1706bf4c1112bbb242f0a2.sdkstatcache -output-file-map /Users/admin/builder/spi-builder-workspace/.derivedData/Build/Intermediates.noindex/swift-standards.build/Debug-watchos/Algebra\ Linear-t.build/Objects-normal/arm64/Algebra\ Linear-OutputFileMap.json -save-temps -no-color-diagnostics -explicit-module-build -module-cache-path /Users/admin/builder/spi-builder-workspace/.derivedData/Build/Intermediates.noindex/SwiftExplicitPrecompiledModules -clang-scanner-module-cache-path /Users/admin/builder/spi-builder-workspace/.derivedData/ModuleCache.noindex -sdk-module-cache-path /Users/admin/builder/spi-builder-workspace/.derivedData/SDKExplicitPrecompiledModules -emit-dependencies -emit-module -emit-module-path /Users/admin/builder/spi-builder-workspace/.derivedData/Build/Intermediates.noindex/swift-standards.build/Debug-watchos/Algebra\ Linear-t.build/Objects-normal/arm64/Algebra_Linear.swiftmodule -serialize-diagnostics -dependency-scan-serialize-diagnostics-path /Users/admin/builder/spi-builder-workspace/.derivedData/Build/Intermediates.noindex/swift-standards.build/Debug-watchos/Algebra\ Linear-t.build/Objects-normal/arm64/Algebra_Linear-dependency-scan.dia -user-module-version 0.30.1 -validate-clang-modules-once -clang-build-session-file /Users/admin/builder/spi-builder-workspace/.derivedData/ModuleCache.noindex/Session.modulevalidation -Xcc -fmodules-prune-interval\=86400 -Xcc -fmodules-prune-after\=345600 -package-name swift_standards -emit-const-values -const-gather-protocols-list /Users/admin/builder/spi-builder-workspace/.derivedData/Build/Intermediates.noindex/swift-standards.build/Debug-watchos/Algebra\ Linear-t.build/Objects-normal/arm64/Algebra\ Linear_const_extract_protocols.json -Xcc -I/Users/admin/builder/spi-builder-workspace/.dependencies/checkouts/swift-numerics/Sources/_NumericsShims/include -Xcc -I/Users/admin/builder/spi-builder-workspace/.derivedData/Build/Products/Debug-watchos/include -Xcc -I/Users/admin/builder/spi-builder-workspace/.derivedData/Build/Intermediates.noindex/swift-standards.build/Debug-watchos/Algebra\ Linear-t.build/DerivedSources-normal/arm64 -Xcc -I/Users/admin/builder/spi-builder-workspace/.derivedData/Build/Intermediates.noindex/swift-standards.build/Debug-watchos/Algebra\ Linear-t.build/DerivedSources/arm64 -Xcc -I/Users/admin/builder/spi-builder-workspace/.derivedData/Build/Intermediates.noindex/swift-standards.build/Debug-watchos/Algebra\ Linear-t.build/DerivedSources -Xcc -DSWIFT_PACKAGE -Xcc -DDEBUG\=1 -emit-objc-header -emit-objc-header-path /Users/admin/builder/spi-builder-workspace/.derivedData/Build/Intermediates.noindex/swift-standards.build/Debug-watchos/Algebra\ Linear-t.build/Objects-normal/arm64/Algebra\ Linear-Swift.h -working-directory /Users/admin/builder/spi-builder-workspace/.swiftpm/xcode -experimental-emit-module-separately -disable-cmo
SwiftDriver Algebra\ Linear normal arm64_32 com.apple.xcode.tools.swift.compiler (in target 'Algebra Linear' from project 'swift-standards')
    cd /Users/admin/builder/spi-builder-workspace/.swiftpm/xcode
    builtin-SwiftDriver -- /Applications/Xcode-27.0.0-Release.Candidate.app/Contents/Developer/Toolchains/XcodeDefault.xctoolchain/usr/bin/swiftc -parse-as-library -module-name Algebra_Linear -Onone @/Users/admin/builder/spi-builder-workspace/.derivedData/Build/Intermediates.noindex/swift-standards.build/Debug-watchos/Algebra\ Linear-t.build/Objects-normal/arm64_32/Algebra\ Linear.SwiftFileList -DSWIFT_PACKAGE -DDEBUG -DSWIFT_MODULE_RESOURCE_BUNDLE_UNAVAILABLE -Xcc -fmodule-map-file\=/Users/admin/builder/spi-builder-workspace/.dependencies/checkouts/swift-numerics/Sources/_NumericsShims/include/module.modulemap -DXcode -enable-upcoming-feature ExistentialAny -enable-upcoming-feature InternalImportsByDefault -enable-upcoming-feature MemberImportVisibility -enable-experimental-feature Lifetimes -plugin-path /Applications/Xcode-27.0.0-Release.Candidate.app/Contents/Developer/Toolchains/XcodeDefault.xctoolchain/usr/lib/swift/host/plugins/testing -enable-experimental-feature DebugDescriptionMacro -sdk /Applications/Xcode-27.0.0-Release.Candidate.app/Contents/Developer/Platforms/WatchOS.platform/Developer/SDKs/WatchOS27.0.sdk -target arm64_32-apple-watchos26.0 -g -module-cache-path /Users/admin/builder/spi-builder-workspace/.derivedData/ModuleCache.noindex -Xfrontend -serialize-debugging-options -profile-coverage-mapping -profile-generate -enable-testing -suppress-warnings -index-store-path /Users/admin/builder/spi-builder-workspace/.derivedData/Index.noindex/DataStore -Xcc -D_LIBCPP_HARDENING_MODE\=_LIBCPP_HARDENING_MODE_DEBUG -swift-version 6 -I /Users/admin/builder/spi-builder-workspace/.derivedData/Build/Products/Debug-watchos -Isystem /Applications/Xcode-27.0.0-Release.Candidate.app/Contents/Developer/Platforms/WatchOS.platform/Developer/usr/lib -F /Users/admin/builder/spi-builder-workspace/.derivedData/Build/Products/Debug-watchos/PackageFrameworks -F /Users/admin/builder/spi-builder-workspace/.derivedData/Build/Products/Debug-watchos -F /Applications/Xcode-27.0.0-Release.Candidate.app/Contents/Developer/Platforms/WatchOS.platform/Developer/Library/Frameworks -F /Applications/Xcode-27.0.0-Release.Candidate.app/Contents/Developer/Platforms/WatchOS.platform/Developer/SDKs/WatchOS27.0.sdk/Developer/Library/Frameworks -c -j10 -enable-batch-mode -incremental -Xcc -ivfsstatcache -Xcc /Users/admin/builder/spi-builder-workspace/.derivedData/SDKStatCaches.noindex/watchos27.0-24R360-e829b21a6f8c9b70876ba0858053c04477534ef55a1706bf4c1112bbb242f0a2.sdkstatcache -output-file-map /Users/admin/builder/spi-builder-workspace/.derivedData/Build/Intermediates.noindex/swift-standards.build/Debug-watchos/Algebra\ Linear-t.build/Objects-normal/arm64_32/Algebra\ Linear-OutputFileMap.json -save-temps -no-color-diagnostics -explicit-module-build -module-cache-path /Users/admin/builder/spi-builder-workspace/.derivedData/Build/Intermediates.noindex/SwiftExplicitPrecompiledModules -clang-scanner-module-cache-path /Users/admin/builder/spi-builder-workspace/.derivedData/ModuleCache.noindex -sdk-module-cache-path /Users/admin/builder/spi-builder-workspace/.derivedData/SDKExplicitPrecompiledModules -emit-dependencies -emit-module -emit-module-path /Users/admin/builder/spi-builder-workspace/.derivedData/Build/Intermediates.noindex/swift-standards.build/Debug-watchos/Algebra\ Linear-t.build/Objects-normal/arm64_32/Algebra_Linear.swiftmodule -serialize-diagnostics -dependency-scan-serialize-diagnostics-path /Users/admin/builder/spi-builder-workspace/.derivedData/Build/Intermediates.noindex/swift-standards.build/Debug-watchos/Algebra\ Linear-t.build/Objects-normal/arm64_32/Algebra_Linear-dependency-scan.dia -user-module-version 0.30.1 -validate-clang-modules-once -clang-build-session-file /Users/admin/builder/spi-builder-workspace/.derivedData/ModuleCache.noindex/Session.modulevalidation -Xcc -fmodules-prune-interval\=86400 -Xcc -fmodules-prune-after\=345600 -package-name swift_standards -emit-const-values -const-gather-protocols-list /Users/admin/builder/spi-builder-workspace/.derivedData/Build/Intermediates.noindex/swift-standards.build/Debug-watchos/Algebra\ Linear-t.build/Objects-normal/arm64_32/Algebra\ Linear_const_extract_protocols.json -Xcc -I/Users/admin/builder/spi-builder-workspace/.dependencies/checkouts/swift-numerics/Sources/_NumericsShims/include -Xcc -I/Users/admin/builder/spi-builder-workspace/.derivedData/Build/Products/Debug-watchos/include -Xcc -I/Users/admin/builder/spi-builder-workspace/.derivedData/Build/Intermediates.noindex/swift-standards.build/Debug-watchos/Algebra\ Linear-t.build/DerivedSources-normal/arm64_32 -Xcc -I/Users/admin/builder/spi-builder-workspace/.derivedData/Build/Intermediates.noindex/swift-standards.build/Debug-watchos/Algebra\ Linear-t.build/DerivedSources/arm64_32 -Xcc -I/Users/admin/builder/spi-builder-workspace/.derivedData/Build/Intermediates.noindex/swift-standards.build/Debug-watchos/Algebra\ Linear-t.build/DerivedSources -Xcc -DSWIFT_PACKAGE -Xcc -DDEBUG\=1 -emit-objc-header -emit-objc-header-path /Users/admin/builder/spi-builder-workspace/.derivedData/Build/Intermediates.noindex/swift-standards.build/Debug-watchos/Algebra\ Linear-t.build/Objects-normal/arm64_32/Algebra\ Linear-Swift.h -working-directory /Users/admin/builder/spi-builder-workspace/.swiftpm/xcode -experimental-emit-module-separately -disable-cmo
SwiftDriver Affine normal arm64_32 com.apple.xcode.tools.swift.compiler (in target 'Affine' from project 'swift-standards')
    cd /Users/admin/builder/spi-builder-workspace/.swiftpm/xcode
    builtin-SwiftDriver -- /Applications/Xcode-27.0.0-Release.Candidate.app/Contents/Developer/Toolchains/XcodeDefault.xctoolchain/usr/bin/swiftc -parse-as-library -module-name Affine -Onone @/Users/admin/builder/spi-builder-workspace/.derivedData/Build/Intermediates.noindex/swift-standards.build/Debug-watchos/Affine-t.build/Objects-normal/arm64_32/Affine.SwiftFileList -DSWIFT_PACKAGE -DDEBUG -DSWIFT_MODULE_RESOURCE_BUNDLE_UNAVAILABLE -Xcc -fmodule-map-file\=/Users/admin/builder/spi-builder-workspace/.dependencies/checkouts/swift-numerics/Sources/_NumericsShims/include/module.modulemap -DXcode -enable-upcoming-feature ExistentialAny -enable-upcoming-feature InternalImportsByDefault -enable-upcoming-feature MemberImportVisibility -enable-experimental-feature Lifetimes -plugin-path /Applications/Xcode-27.0.0-Release.Candidate.app/Contents/Developer/Toolchains/XcodeDefault.xctoolchain/usr/lib/swift/host/plugins/testing -enable-experimental-feature DebugDescriptionMacro -sdk /Applications/Xcode-27.0.0-Release.Candidate.app/Contents/Developer/Platforms/WatchOS.platform/Developer/SDKs/WatchOS27.0.sdk -target arm64_32-apple-watchos26.0 -g -module-cache-path /Users/admin/builder/spi-builder-workspace/.derivedData/ModuleCache.noindex -Xfrontend -serialize-debugging-options -profile-coverage-mapping -profile-generate -enable-testing -suppress-warnings -index-store-path /Users/admin/builder/spi-builder-workspace/.derivedData/Index.noindex/DataStore -Xcc -D_LIBCPP_HARDENING_MODE\=_LIBCPP_HARDENING_MODE_DEBUG -swift-version 6 -I /Users/admin/builder/spi-builder-workspace/.derivedData/Build/Products/Debug-watchos -Isystem /Applications/Xcode-27.0.0-Release.Candidate.app/Contents/Developer/Platforms/WatchOS.platform/Developer/usr/lib -F /Users/admin/builder/spi-builder-workspace/.derivedData/Build/Products/Debug-watchos/PackageFrameworks -F /Users/admin/builder/spi-builder-workspace/.derivedData/Build/Products/Debug-watchos -F /Applications/Xcode-27.0.0-Release.Candidate.app/Contents/Developer/Platforms/WatchOS.platform/Developer/Library/Frameworks -F /Applications/Xcode-27.0.0-Release.Candidate.app/Contents/Developer/Platforms/WatchOS.platform/Developer/SDKs/WatchOS27.0.sdk/Developer/Library/Frameworks -c -j10 -enable-batch-mode -incremental -Xcc -ivfsstatcache -Xcc /Users/admin/builder/spi-builder-workspace/.derivedData/SDKStatCaches.noindex/watchos27.0-24R360-e829b21a6f8c9b70876ba0858053c04477534ef55a1706bf4c1112bbb242f0a2.sdkstatcache -output-file-map /Users/admin/builder/spi-builder-workspace/.derivedData/Build/Intermediates.noindex/swift-standards.build/Debug-watchos/Affine-t.build/Objects-normal/arm64_32/Affine-OutputFileMap.json -save-temps -no-color-diagnostics -explicit-module-build -module-cache-path /Users/admin/builder/spi-builder-workspace/.derivedData/Build/Intermediates.noindex/SwiftExplicitPrecompiledModules -clang-scanner-module-cache-path /Users/admin/builder/spi-builder-workspace/.derivedData/ModuleCache.noindex -sdk-module-cache-path /Users/admin/builder/spi-builder-workspace/.derivedData/SDKExplicitPrecompiledModules -emit-dependencies -emit-module -emit-module-path /Users/admin/builder/spi-builder-workspace/.derivedData/Build/Intermediates.noindex/swift-standards.build/Debug-watchos/Affine-t.build/Objects-normal/arm64_32/Affine.swiftmodule -serialize-diagnostics -dependency-scan-serialize-diagnostics-path /Users/admin/builder/spi-builder-workspace/.derivedData/Build/Intermediates.noindex/swift-standards.build/Debug-watchos/Affine-t.build/Objects-normal/arm64_32/Affine-dependency-scan.dia -user-module-version 0.30.1 -validate-clang-modules-once -clang-build-session-file /Users/admin/builder/spi-builder-workspace/.derivedData/ModuleCache.noindex/Session.modulevalidation -Xcc -fmodules-prune-interval\=86400 -Xcc -fmodules-prune-after\=345600 -package-name swift_standards -emit-const-values -const-gather-protocols-list /Users/admin/builder/spi-builder-workspace/.derivedData/Build/Intermediates.noindex/swift-standards.build/Debug-watchos/Affine-t.build/Objects-normal/arm64_32/Affine_const_extract_protocols.json -Xcc -I/Users/admin/builder/spi-builder-workspace/.dependencies/checkouts/swift-numerics/Sources/_NumericsShims/include -Xcc -I/Users/admin/builder/spi-builder-workspace/.derivedData/Build/Products/Debug-watchos/include -Xcc -I/Users/admin/builder/spi-builder-workspace/.derivedData/Build/Intermediates.noindex/swift-standards.build/Debug-watchos/Affine-t.build/DerivedSources-normal/arm64_32 -Xcc -I/Users/admin/builder/spi-builder-workspace/.derivedData/Build/Intermediates.noindex/swift-standards.build/Debug-watchos/Affine-t.build/DerivedSources/arm64_32 -Xcc -I/Users/admin/builder/spi-builder-workspace/.derivedData/Build/Intermediates.noindex/swift-standards.build/Debug-watchos/Affine-t.build/DerivedSources -Xcc -DSWIFT_PACKAGE -Xcc -DDEBUG\=1 -emit-objc-header -emit-objc-header-path /Users/admin/builder/spi-builder-workspace/.derivedData/Build/Intermediates.noindex/swift-standards.build/Debug-watchos/Affine-t.build/Objects-normal/arm64_32/Affine-Swift.h -working-directory /Users/admin/builder/spi-builder-workspace/.swiftpm/xcode -experimental-emit-module-separately -disable-cmo
SwiftDriver Affine normal arm64 com.apple.xcode.tools.swift.compiler (in target 'Affine' from project 'swift-standards')
    cd /Users/admin/builder/spi-builder-workspace/.swiftpm/xcode
    builtin-SwiftDriver -- /Applications/Xcode-27.0.0-Release.Candidate.app/Contents/Developer/Toolchains/XcodeDefault.xctoolchain/usr/bin/swiftc -parse-as-library -module-name Affine -Onone @/Users/admin/builder/spi-builder-workspace/.derivedData/Build/Intermediates.noindex/swift-standards.build/Debug-watchos/Affine-t.build/Objects-normal/arm64/Affine.SwiftFileList -DSWIFT_PACKAGE -DDEBUG -DSWIFT_MODULE_RESOURCE_BUNDLE_UNAVAILABLE -Xcc -fmodule-map-file\=/Users/admin/builder/spi-builder-workspace/.dependencies/checkouts/swift-numerics/Sources/_NumericsShims/include/module.modulemap -DXcode -enable-upcoming-feature ExistentialAny -enable-upcoming-feature InternalImportsByDefault -enable-upcoming-feature MemberImportVisibility -enable-experimental-feature Lifetimes -plugin-path /Applications/Xcode-27.0.0-Release.Candidate.app/Contents/Developer/Toolchains/XcodeDefault.xctoolchain/usr/lib/swift/host/plugins/testing -enable-experimental-feature DebugDescriptionMacro -sdk /Applications/Xcode-27.0.0-Release.Candidate.app/Contents/Developer/Platforms/WatchOS.platform/Developer/SDKs/WatchOS27.0.sdk -target arm64-apple-watchos26.0 -g -module-cache-path /Users/admin/builder/spi-builder-workspace/.derivedData/ModuleCache.noindex -Xfrontend -serialize-debugging-options -profile-coverage-mapping -profile-generate -enable-testing -suppress-warnings -index-store-path /Users/admin/builder/spi-builder-workspace/.derivedData/Index.noindex/DataStore -Xcc -D_LIBCPP_HARDENING_MODE\=_LIBCPP_HARDENING_MODE_DEBUG -swift-version 6 -I /Users/admin/builder/spi-builder-workspace/.derivedData/Build/Products/Debug-watchos -Isystem /Applications/Xcode-27.0.0-Release.Candidate.app/Contents/Developer/Platforms/WatchOS.platform/Developer/usr/lib -F /Users/admin/builder/spi-builder-workspace/.derivedData/Build/Products/Debug-watchos/PackageFrameworks -F /Users/admin/builder/spi-builder-workspace/.derivedData/Build/Products/Debug-watchos -F /Applications/Xcode-27.0.0-Release.Candidate.app/Contents/Developer/Platforms/WatchOS.platform/Developer/Library/Frameworks -F /Applications/Xcode-27.0.0-Release.Candidate.app/Contents/Developer/Platforms/WatchOS.platform/Developer/SDKs/WatchOS27.0.sdk/Developer/Library/Frameworks -c -j10 -enable-batch-mode -incremental -Xcc -ivfsstatcache -Xcc /Users/admin/builder/spi-builder-workspace/.derivedData/SDKStatCaches.noindex/watchos27.0-24R360-e829b21a6f8c9b70876ba0858053c04477534ef55a1706bf4c1112bbb242f0a2.sdkstatcache -output-file-map /Users/admin/builder/spi-builder-workspace/.derivedData/Build/Intermediates.noindex/swift-standards.build/Debug-watchos/Affine-t.build/Objects-normal/arm64/Affine-OutputFileMap.json -save-temps -no-color-diagnostics -explicit-module-build -module-cache-path /Users/admin/builder/spi-builder-workspace/.derivedData/Build/Intermediates.noindex/SwiftExplicitPrecompiledModules -clang-scanner-module-cache-path /Users/admin/builder/spi-builder-workspace/.derivedData/ModuleCache.noindex -sdk-module-cache-path /Users/admin/builder/spi-builder-workspace/.derivedData/SDKExplicitPrecompiledModules -emit-dependencies -emit-module -emit-module-path /Users/admin/builder/spi-builder-workspace/.derivedData/Build/Intermediates.noindex/swift-standards.build/Debug-watchos/Affine-t.build/Objects-normal/arm64/Affine.swiftmodule -serialize-diagnostics -dependency-scan-serialize-diagnostics-path /Users/admin/builder/spi-builder-workspace/.derivedData/Build/Intermediates.noindex/swift-standards.build/Debug-watchos/Affine-t.build/Objects-normal/arm64/Affine-dependency-scan.dia -user-module-version 0.30.1 -validate-clang-modules-once -clang-build-session-file /Users/admin/builder/spi-builder-workspace/.derivedData/ModuleCache.noindex/Session.modulevalidation -Xcc -fmodules-prune-interval\=86400 -Xcc -fmodules-prune-after\=345600 -package-name swift_standards -emit-const-values -const-gather-protocols-list /Users/admin/builder/spi-builder-workspace/.derivedData/Build/Intermediates.noindex/swift-standards.build/Debug-watchos/Affine-t.build/Objects-normal/arm64/Affine_const_extract_protocols.json -Xcc -I/Users/admin/builder/spi-builder-workspace/.dependencies/checkouts/swift-numerics/Sources/_NumericsShims/include -Xcc -I/Users/admin/builder/spi-builder-workspace/.derivedData/Build/Products/Debug-watchos/include -Xcc -I/Users/admin/builder/spi-builder-workspace/.derivedData/Build/Intermediates.noindex/swift-standards.build/Debug-watchos/Affine-t.build/DerivedSources-normal/arm64 -Xcc -I/Users/admin/builder/spi-builder-workspace/.derivedData/Build/Intermediates.noindex/swift-standards.build/Debug-watchos/Affine-t.build/DerivedSources/arm64 -Xcc -I/Users/admin/builder/spi-builder-workspace/.derivedData/Build/Intermediates.noindex/swift-standards.build/Debug-watchos/Affine-t.build/DerivedSources -Xcc -DSWIFT_PACKAGE -Xcc -DDEBUG\=1 -emit-objc-header -emit-objc-header-path /Users/admin/builder/spi-builder-workspace/.derivedData/Build/Intermediates.noindex/swift-standards.build/Debug-watchos/Affine-t.build/Objects-normal/arm64/Affine-Swift.h -working-directory /Users/admin/builder/spi-builder-workspace/.swiftpm/xcode -experimental-emit-module-separately -disable-cmo
Ld /Users/admin/builder/spi-builder-workspace/.derivedData/Build/Intermediates.noindex/swift-standards.build/Debug-watchos/StandardTime-t.build/Objects-normal/arm64/Binary/StandardTime.o normal arm64 (in target 'StandardTime' from project 'swift-standards')
    cd /Users/admin/builder/spi-builder-workspace/.dependencies/checkouts/swift-standards
    /Applications/Xcode-27.0.0-Release.Candidate.app/Contents/Developer/Toolchains/XcodeDefault.xctoolchain/usr/bin/clang -Xlinker -reproducible -target arm64-apple-watchos26.0 -r -isysroot /Applications/Xcode-27.0.0-Release.Candidate.app/Contents/Developer/Platforms/WatchOS.platform/Developer/SDKs/WatchOS27.0.sdk -O0 -w -Xlinker -no_warn_duplicate_libraries -F/Users/admin/builder/spi-builder-workspace/.derivedData/Build/Intermediates.noindex/EagerLinkingTBDs/Debug-watchos -F/Users/admin/builder/spi-builder-workspace/.derivedData/Build/Products/Debug-watchos/PackageFrameworks -F/Users/admin/builder/spi-builder-workspace/.derivedData/Build/Products/Debug-watchos -iframework /Applications/Xcode-27.0.0-Release.Candidate.app/Contents/Developer/Platforms/WatchOS.platform/Developer/Library/Frameworks -iframework /Applications/Xcode-27.0.0-Release.Candidate.app/Contents/Developer/Platforms/WatchOS.platform/Developer/SDKs/WatchOS27.0.sdk/Developer/Library/Frameworks -filelist /Users/admin/builder/spi-builder-workspace/.derivedData/Build/Intermediates.noindex/swift-standards.build/Debug-watchos/StandardTime-t.build/Objects-normal/arm64/StandardTime.LinkFileList -nostdlib -Xlinker -object_path_lto -Xlinker /Users/admin/builder/spi-builder-workspace/.derivedData/Build/Intermediates.noindex/swift-standards.build/Debug-watchos/StandardTime-t.build/Objects-normal/arm64/StandardTime_lto.o -Xlinker -no_deduplicate -Xlinker -debug_variant -Xlinker -dependency_info -Xlinker /Users/admin/builder/spi-builder-workspace/.derivedData/Build/Intermediates.noindex/swift-standards.build/Debug-watchos/StandardTime-t.build/Objects-normal/arm64/StandardTime_dependency_info.dat -fobjc-link-runtime -L/Applications/Xcode-27.0.0-Release.Candidate.app/Contents/Developer/Toolchains/XcodeDefault.xctoolchain/usr/lib/swift/watchos -L/usr/lib/swift -Xlinker -add_ast_path -Xlinker /Users/admin/builder/spi-builder-workspace/.derivedData/Build/Intermediates.noindex/swift-standards.build/Debug-watchos/StandardTime-t.build/Objects-normal/arm64/StandardTime.swiftmodule -o /Users/admin/builder/spi-builder-workspace/.derivedData/Build/Intermediates.noindex/swift-standards.build/Debug-watchos/StandardTime-t.build/Objects-normal/arm64/Binary/StandardTime.o
Ld /Users/admin/builder/spi-builder-workspace/.derivedData/Build/Intermediates.noindex/swift-standards.build/Debug-watchos/StandardTime-t.build/Objects-normal/arm64_32/Binary/StandardTime.o normal arm64_32 (in target 'StandardTime' from project 'swift-standards')
    cd /Users/admin/builder/spi-builder-workspace/.dependencies/checkouts/swift-standards
    /Applications/Xcode-27.0.0-Release.Candidate.app/Contents/Developer/Toolchains/XcodeDefault.xctoolchain/usr/bin/clang -Xlinker -reproducible -target arm64_32-apple-watchos26.0 -r -isysroot /Applications/Xcode-27.0.0-Release.Candidate.app/Contents/Developer/Platforms/WatchOS.platform/Developer/SDKs/WatchOS27.0.sdk -O0 -w -Xlinker -no_warn_duplicate_libraries -F/Users/admin/builder/spi-builder-workspace/.derivedData/Build/Intermediates.noindex/EagerLinkingTBDs/Debug-watchos -F/Users/admin/builder/spi-builder-workspace/.derivedData/Build/Products/Debug-watchos/PackageFrameworks -F/Users/admin/builder/spi-builder-workspace/.derivedData/Build/Products/Debug-watchos -iframework /Applications/Xcode-27.0.0-Release.Candidate.app/Contents/Developer/Platforms/WatchOS.platform/Developer/Library/Frameworks -iframework /Applications/Xcode-27.0.0-Release.Candidate.app/Contents/Developer/Platforms/WatchOS.platform/Developer/SDKs/WatchOS27.0.sdk/Developer/Library/Frameworks -filelist /Users/admin/builder/spi-builder-workspace/.derivedData/Build/Intermediates.noindex/swift-standards.build/Debug-watchos/StandardTime-t.build/Objects-normal/arm64_32/StandardTime.LinkFileList -nostdlib -Xlinker -object_path_lto -Xlinker /Users/admin/builder/spi-builder-workspace/.derivedData/Build/Intermediates.noindex/swift-standards.build/Debug-watchos/StandardTime-t.build/Objects-normal/arm64_32/StandardTime_lto.o -Xlinker -no_deduplicate -Xlinker -debug_variant -Xlinker -dependency_info -Xlinker /Users/admin/builder/spi-builder-workspace/.derivedData/Build/Intermediates.noindex/swift-standards.build/Debug-watchos/StandardTime-t.build/Objects-normal/arm64_32/StandardTime_dependency_info.dat -fobjc-link-runtime -L/Applications/Xcode-27.0.0-Release.Candidate.app/Contents/Developer/Toolchains/XcodeDefault.xctoolchain/usr/lib/swift/watchos -L/usr/lib/swift -Xlinker -add_ast_path -Xlinker /Users/admin/builder/spi-builder-workspace/.derivedData/Build/Intermediates.noindex/swift-standards.build/Debug-watchos/StandardTime-t.build/Objects-normal/arm64_32/StandardTime.swiftmodule -o /Users/admin/builder/spi-builder-workspace/.derivedData/Build/Intermediates.noindex/swift-standards.build/Debug-watchos/StandardTime-t.build/Objects-normal/arm64_32/Binary/StandardTime.o
CreateUniversalBinary /Users/admin/builder/spi-builder-workspace/.derivedData/Build/Products/Debug-watchos/StandardTime.o normal arm64\ arm64_32 (in target 'StandardTime' from project 'swift-standards')
    cd /Users/admin/builder/spi-builder-workspace/.dependencies/checkouts/swift-standards
    /Applications/Xcode-27.0.0-Release.Candidate.app/Contents/Developer/Toolchains/XcodeDefault.xctoolchain/usr/bin/lipo -create /Users/admin/builder/spi-builder-workspace/.derivedData/Build/Intermediates.noindex/swift-standards.build/Debug-watchos/StandardTime-t.build/Objects-normal/arm64/Binary/StandardTime.o /Users/admin/builder/spi-builder-workspace/.derivedData/Build/Intermediates.noindex/swift-standards.build/Debug-watchos/StandardTime-t.build/Objects-normal/arm64_32/Binary/StandardTime.o -output /Users/admin/builder/spi-builder-workspace/.derivedData/Build/Products/Debug-watchos/StandardTime.o
ExtractAppIntentsMetadata (in target 'StandardTime' from project 'swift-standards')
    cd /Users/admin/builder/spi-builder-workspace/.dependencies/checkouts/swift-standards
    /Applications/Xcode-27.0.0-Release.Candidate.app/Contents/Developer/Toolchains/XcodeDefault.xctoolchain/usr/bin/appintentsmetadataprocessor --toolchain-dir /var/run/com.apple.security.cryptexd/mnt/com.apple.MobileAsset.MetalToolchain-v27.1.266.1.d3M387/Metal.xctoolchain --module-name StandardTime --sdk-root /Applications/Xcode-27.0.0-Release.Candidate.app/Contents/Developer/Platforms/WatchOS.platform/Developer/SDKs/WatchOS27.0.sdk --xcode-version 27A266a --platform-family watchOS --deployment-target 26.0 --bundle-identifier swift-standards.StandardTime --output /Users/admin/builder/spi-builder-workspace/.derivedData/Build/Products/Debug-watchos/StandardTime.appintents --target-triple arm64-apple-watchos26.0 --target-triple arm64_32-apple-watchos26.0 --binary-file /Users/admin/builder/spi-builder-workspace/.derivedData/Build/Products/Debug-watchos/StandardTime.o --dependency-file /Users/admin/builder/spi-builder-workspace/.derivedData/Build/Intermediates.noindex/swift-standards.build/Debug-watchos/StandardTime-t.build/Objects-normal/arm64/StandardTime_dependency_info.dat --dependency-file /Users/admin/builder/spi-builder-workspace/.derivedData/Build/Intermediates.noindex/swift-standards.build/Debug-watchos/StandardTime-t.build/Objects-normal/arm64_32/StandardTime_dependency_info.dat --stringsdata-file /Users/admin/builder/spi-builder-workspace/.derivedData/Build/Intermediates.noindex/swift-standards.build/Debug-watchos/StandardTime-t.build/Objects-normal/arm64/ExtractedAppShortcutsMetadata.stringsdata --stringsdata-file /Users/admin/builder/spi-builder-workspace/.derivedData/Build/Intermediates.noindex/swift-standards.build/Debug-watchos/StandardTime-t.build/Objects-normal/arm64_32/ExtractedAppShortcutsMetadata.stringsdata --source-file-list /Users/admin/builder/spi-builder-workspace/.derivedData/Build/Intermediates.noindex/swift-standards.build/Debug-watchos/StandardTime-t.build/Objects-normal/arm64/StandardTime.SwiftFileList --source-file-list /Users/admin/builder/spi-builder-workspace/.derivedData/Build/Intermediates.noindex/swift-standards.build/Debug-watchos/StandardTime-t.build/Objects-normal/arm64_32/StandardTime.SwiftFileList --metadata-file-list /Users/admin/builder/spi-builder-workspace/.derivedData/Build/Intermediates.noindex/swift-standards.build/Debug-watchos/StandardTime-t.build/StandardTime.DependencyMetadataFileList --static-metadata-file-list /Users/admin/builder/spi-builder-workspace/.derivedData/Build/Intermediates.noindex/swift-standards.build/Debug-watchos/StandardTime-t.build/StandardTime.DependencyStaticMetadataFileList --swift-const-vals-list /Users/admin/builder/spi-builder-workspace/.derivedData/Build/Intermediates.noindex/swift-standards.build/Debug-watchos/StandardTime-t.build/Objects-normal/arm64/StandardTime.SwiftConstValuesFileList --swift-const-vals-list /Users/admin/builder/spi-builder-workspace/.derivedData/Build/Intermediates.noindex/swift-standards.build/Debug-watchos/StandardTime-t.build/Objects-normal/arm64_32/StandardTime.SwiftConstValuesFileList --force --compile-time-extraction --deployment-aware-processing --no-app-shortcuts-localization
2026-09-24 20:29:31.342 appintentsmetadataprocessor[1353:7710] Starting appintentsmetadataprocessor export
2026-09-24 20:29:31.414 appintentsmetadataprocessor[1353:7710] Extracted no relevant App Intents symbols, skipping writing output
SwiftEmitModule normal arm64_32 Emitting\ module\ for\ Algebra_Linear (in target 'Algebra Linear' from project 'swift-standards')
SwiftCompile normal arm64_32 (in target 'Algebra Linear' from project 'swift-standards')
    cd /Users/admin/builder/spi-builder-workspace/.swiftpm/xcode

SwiftEmitModule normal arm64 Emitting\ module\ for\ Algebra_Linear (in target 'Algebra Linear' from project 'swift-standards')
SwiftCompile normal arm64 (in target 'Algebra Linear' from project 'swift-standards')
    cd /Users/admin/builder/spi-builder-workspace/.swiftpm/xcode

SwiftEmitModule normal arm64_32 Emitting\ module\ for\ Affine (in target 'Affine' from project 'swift-standards')
SwiftCompile normal arm64_32 (in target 'Affine' from project 'swift-standards')
    cd /Users/admin/builder/spi-builder-workspace/.swiftpm/xcode

SwiftEmitModule normal arm64 Emitting\ module\ for\ Affine (in target 'Affine' from project 'swift-standards')
SwiftCompile normal arm64 (in target 'Affine' from project 'swift-standards')
    cd /Users/admin/builder/spi-builder-workspace/.swiftpm/xcode

SwiftCompile normal arm64 Compiling\ Linear+Formatting.swift /Users/admin/builder/spi-builder-workspace/.dependencies/checkouts/swift-standards/Sources/Algebra\ Linear/Linear+Formatting.swift (in target 'Algebra Linear' from project 'swift-standards')
SwiftCompile normal arm64 /Users/admin/builder/spi-builder-workspace/.dependencies/checkouts/swift-standards/Sources/Algebra\ Linear/Linear+Formatting.swift (in target 'Algebra Linear' from project 'swift-standards')
    cd /Users/admin/builder/spi-builder-workspace/.swiftpm/xcode
    builtin-SwiftPerFileCompile Linear+Formatting.swift
SwiftCompile normal arm64 Compiling\ exports.swift /Users/admin/builder/spi-builder-workspace/.dependencies/checkouts/swift-standards/Sources/Algebra\ Linear/exports.swift (in target 'Algebra Linear' from project 'swift-standards')
SwiftCompile normal arm64 /Users/admin/builder/spi-builder-workspace/.dependencies/checkouts/swift-standards/Sources/Algebra\ Linear/exports.swift (in target 'Algebra Linear' from project 'swift-standards')
    cd /Users/admin/builder/spi-builder-workspace/.swiftpm/xcode
    builtin-SwiftPerFileCompile exports.swift
SwiftCompile normal arm64_32 Compiling\ Linear.Vector+Real.swift /Users/admin/builder/spi-builder-workspace/.dependencies/checkouts/swift-standards/Sources/Algebra\ Linear/Linear.Vector+Real.swift (in target 'Algebra Linear' from project 'swift-standards')
SwiftCompile normal arm64_32 /Users/admin/builder/spi-builder-workspace/.dependencies/checkouts/swift-standards/Sources/Algebra\ Linear/Linear.Vector+Real.swift (in target 'Algebra Linear' from project 'swift-standards')
    cd /Users/admin/builder/spi-builder-workspace/.swiftpm/xcode
    builtin-SwiftPerFileCompile Linear.Vector+Real.swift
SwiftCompile normal arm64_32 Compiling\ Linear+Arithmatic.swift /Users/admin/builder/spi-builder-workspace/.dependencies/checkouts/swift-standards/Sources/Algebra\ Linear/Linear+Arithmatic.swift (in target 'Algebra Linear' from project 'swift-standards')
SwiftCompile normal arm64_32 /Users/admin/builder/spi-builder-workspace/.dependencies/checkouts/swift-standards/Sources/Algebra\ Linear/Linear+Arithmatic.swift (in target 'Algebra Linear' from project 'swift-standards')
    cd /Users/admin/builder/spi-builder-workspace/.swiftpm/xcode
    builtin-SwiftPerFileCompile Linear+Arithmatic.swift
SwiftCompile normal arm64 Compiling\ Linear.swift /Users/admin/builder/spi-builder-workspace/.dependencies/checkouts/swift-standards/Sources/Algebra\ Linear/Linear.swift (in target 'Algebra Linear' from project 'swift-standards')
SwiftCompile normal arm64 /Users/admin/builder/spi-builder-workspace/.dependencies/checkouts/swift-standards/Sources/Algebra\ Linear/Linear.swift (in target 'Algebra Linear' from project 'swift-standards')
    cd /Users/admin/builder/spi-builder-workspace/.swiftpm/xcode
    builtin-SwiftPerFileCompile Linear.swift
SwiftCompile normal arm64_32 Compiling\ exports.swift /Users/admin/builder/spi-builder-workspace/.dependencies/checkouts/swift-standards/Sources/Algebra\ Linear/exports.swift (in target 'Algebra Linear' from project 'swift-standards')
SwiftCompile normal arm64_32 /Users/admin/builder/spi-builder-workspace/.dependencies/checkouts/swift-standards/Sources/Algebra\ Linear/exports.swift (in target 'Algebra Linear' from project 'swift-standards')
    cd /Users/admin/builder/spi-builder-workspace/.swiftpm/xcode
    builtin-SwiftPerFileCompile exports.swift
SwiftCompile normal arm64 Compiling\ Linear.Vector+Real.swift /Users/admin/builder/spi-builder-workspace/.dependencies/checkouts/swift-standards/Sources/Algebra\ Linear/Linear.Vector+Real.swift (in target 'Algebra Linear' from project 'swift-standards')
SwiftCompile normal arm64 /Users/admin/builder/spi-builder-workspace/.dependencies/checkouts/swift-standards/Sources/Algebra\ Linear/Linear.Vector+Real.swift (in target 'Algebra Linear' from project 'swift-standards')
    cd /Users/admin/builder/spi-builder-workspace/.swiftpm/xcode
    builtin-SwiftPerFileCompile Linear.Vector+Real.swift
SwiftDriverJobDiscovery normal arm64 Compiling exports.swift (in target 'Algebra Linear' from project 'swift-standards')
SwiftEmitModule normal arm64 Emitting\ module\ for\ Binary (in target 'Binary' from project 'swift-standards')
/Users/admin/builder/spi-builder-workspace/.dependencies/checkouts/swift-standards/Sources/Binary/FixedWidthInteger+Binary.swift:235:27: error: ambiguous use of 'withUnsafeBytes'
233 |         guard bytes.count == MemoryLayout<Self>.size else { return nil }
234 |
235 |         let value = bytes.withUnsafeBytes { $0.load(as: Self.self) }
    |                           `- error: ambiguous use of 'withUnsafeBytes'
236 |
237 |         switch endianness {
/Users/admin/builder/spi-builder-workspace/.dependencies/checkouts/swift-standards/Sources/Binary/Array+Binary.Contiguous.swift:11:17: note: found this candidate
 9 |
10 |     @inlinable
11 |     public func withUnsafeBytes<R, E: Swift.Error>(
   |                 `- note: found this candidate
12 |         _ body: (UnsafeRawBufferPointer) throws(E) -> R
13 |     ) throws(E) -> R {
Swift.Array.withUnsafeBytes:2:24: note: found this candidate in module 'Swift'
1 | generic struct Array {
2 | @inlinable public func withUnsafeBytes<R>(_ body: (UnsafeRawBufferPointer) throws -> R) rethrows -> R}
  |                        `- note: found this candidate in module 'Swift'
3 |
Failed frontend command:
SwiftCompile normal arm64 (in target 'Binary' from project 'swift-standards')
    cd /Users/admin/builder/spi-builder-workspace/.swiftpm/xcode

/Applications/Xcode-27.0.0-Release.Candidate.app/Contents/Developer/Toolchains/XcodeDefault.xctoolchain/usr/bin/swift-frontend -frontend -emit-module -experimental-skip-non-inlinable-function-bodies-without-types /Users/admin/builder/spi-builder-workspace/.dependencies/checkouts/swift-standards/Sources/Binary/Array+Binary.Contiguous.swift /Users/admin/builder/spi-builder-workspace/.dependencies/checkouts/swift-standards/Sources/Binary/Array+Bytes.swift /Users/admin/builder/spi-builder-workspace/.dependencies/checkouts/swift-standards/Sources/Binary/Binary.Aligned.swift /Users/admin/builder/spi-builder-workspace/.dependencies/checkouts/swift-standards/Sources/Binary/Binary.Alignment.swift /Users/admin/builder/spi-builder-workspace/.dependencies/checkouts/swift-standards/Sources/Binary/Binary.Collection.Array.swift /Users/admin/builder/spi-builder-workspace/.dependencies/checkouts/swift-standards/Sources/Binary/Binary.Collection.Set.Algebra.Symmetric.swift /Users/admin/builder/spi-builder-workspace/.dependencies/checkouts/swift-standards/Sources/Binary/Binary.Collection.Set.Algebra.swift /Users/admin/builder/spi-builder-workspace/.dependencies/checkouts/swift-standards/Sources/Binary/Binary.Collection.Set.swift /Users/admin/builder/spi-builder-workspace/.dependencies/checkouts/swift-standards/Sources/Binary/Binary.Collection.swift /Users/admin/builder/spi-builder-workspace/.dependencies/checkouts/swift-standards/Sources/Binary/Binary.Contiguous+Subscript.swift /Users/admin/builder/spi-builder-workspace/.dependencies/checkouts/swift-standards/Sources/Binary/Binary.Contiguous.swift /Users/admin/builder/spi-builder-workspace/.dependencies/checkouts/swift-standards/Sources/Binary/Binary.Copy.swift /Users/admin/builder/spi-builder-workspace/.dependencies/checkouts/swift-standards/Sources/Binary/Binary.Count.swift /Users/admin/builder/spi-builder-workspace/.dependencies/checkouts/swift-standards/Sources/Binary/Binary.Cursor.swift /Users/admin/builder/spi-builder-workspace/.dependencies/checkouts/swift-standards/Sources/Binary/Binary.Endianness.swift /Users/admin/builder/spi-builder-workspace/.dependencies/checkouts/swift-standards/Sources/Binary/Binary.Error.Bit.swift /Users/admin/builder/spi-builder-workspace/.dependencies/checkouts/swift-standards/Sources/Binary/Binary.Error.Bounds.swift /Users/admin/builder/spi-builder-workspace/.dependencies/checkouts/swift-standards/Sources/Binary/Binary.Error.Invariant.swift /Users/admin/builder/spi-builder-workspace/.dependencies/checkouts/swift-standards/Sources/Binary/Binary.Error.Negative.swift /Users/admin/builder/spi-builder-workspace/.dependencies/checkouts/swift-standards/Sources/Binary/Binary.Error.Overflow.swift /Users/admin/builder/spi-builder-workspace/.dependencies/checkouts/swift-standards/Sources/Binary/Binary.Error.swift /Users/admin/builder/spi-builder-workspace/.dependencies/checkouts/swift-standards/Sources/Binary/Binary.Format.Bytes.Notation.swift /Users/admin/builder/spi-builder-workspace/.dependencies/checkouts/swift-standards/Sources/Binary/Binary.Format.Bytes.Unit.swift /Users/admin/builder/spi-builder-workspace/.dependencies/checkouts/swift-standards/Sources/Binary/Binary.Format.Bytes.Units.swift /Users/admin/builder/spi-builder-workspace/.dependencies/checkouts/swift-standards/Sources/Binary/Binary.Format.Bytes.swift /Users/admin/builder/spi-builder-workspace/.dependencies/checkouts/swift-standards/Sources/Binary/Binary.Format.Radix.swift /Users/admin/builder/spi-builder-workspace/.dependencies/checkouts/swift-standards/Sources/Binary/Binary.Format.swift /Users/admin/builder/spi-builder-workspace/.dependencies/checkouts/swift-standards/Sources/Binary/Binary.Mask.swift /Users/admin/builder/spi-builder-workspace/.dependencies/checkouts/swift-standards/Sources/Binary/Binary.Mutable+RangeAccess.swift /Users/admin/builder/spi-builder-workspace/.dependencies/checkouts/swift-standards/Sources/Binary/Binary.Mutable.swift /Users/admin/builder/spi-builder-workspace/.dependencies/checkouts/swift-standards/Sources/Binary/Binary.Pattern.swift /Users/admin/builder/spi-builder-workspace/.dependencies/checkouts/swift-standards/Sources/Binary/Binary.Position.swift /Users/admin/builder/spi-builder-workspace/.dependencies/checkouts/swift-standards/Sources/Binary/Binary.Reader.swift /Users/admin/builder/spi-builder-workspace/.dependencies/checkouts/swift-standards/Sources/Binary/Binary.Serializable.swift /Users/admin/builder/spi-builder-workspace/.dependencies/checkouts/swift-standards/Sources/Binary/Binary.Shift.swift /Users/admin/builder/spi-builder-workspace/.dependencies/checkouts/swift-standards/Sources/Binary/Binary.Space.swift /Users/admin/builder/spi-builder-workspace/.dependencies/checkouts/swift-standards/Sources/Binary/Binary.Zero.swift /Users/admin/builder/spi-builder-workspace/.dependencies/checkouts/swift-standards/Sources/Binary/Binary.swift /Users/admin/builder/spi-builder-workspace/.dependencies/checkouts/swift-standards/Sources/Binary/Bit.Order.swift /Users/admin/builder/spi-builder-workspace/.dependencies/checkouts/swift-standards/Sources/Binary/Collection\ UInt8.swift /Users/admin/builder/spi-builder-workspace/.dependencies/checkouts/swift-standards/Sources/Binary/FixedWidthInteger+Binary.swift /Users/admin/builder/spi-builder-workspace/.dependencies/checkouts/swift-standards/Sources/Binary/Int.swift /Users/admin/builder/spi-builder-workspace/.dependencies/checkouts/swift-standards/Sources/Binary/Int16+Parser.swift /Users/admin/builder/spi-builder-workspace/.dependencies/checkouts/swift-standards/Sources/Binary/Int16.swift /Users/admin/builder/spi-builder-workspace/.dependencies/checkouts/swift-standards/Sources/Binary/Int32+Parser.swift /Users/admin/builder/spi-builder-workspace/.dependencies/checkouts/swift-standards/Sources/Binary/Int32.swift /Users/admin/builder/spi-builder-workspace/.dependencies/checkouts/swift-standards/Sources/Binary/Int64+Parser.swift /Users/admin/builder/spi-builder-workspace/.dependencies/checkouts/swift-standards/Sources/Binary/Int64.swift /Users/admin/builder/spi-builder-workspace/.dependencies/checkouts/swift-standards/Sources/Binary/Int8+Parser.swift /Users/admin/builder/spi-builder-workspace/.dependencies/checkouts/swift-standards/Sources/Binary/Int8.swift /Users/admin/builder/spi-builder-workspace/.dependencies/checkouts/swift-standards/Sources/Binary/RangeReplaceableCollection+Bytes.swift /Users/admin/builder/spi-builder-workspace/.dependencies/checkouts/swift-standards/Sources/Binary/RawRepresentable+Format.swift /Users/admin/builder/spi-builder-workspace/.dependencies/checkouts/swift-standards/Sources/Binary/UInt.swift /Users/admin/builder/spi-builder-workspace/.dependencies/checkouts/swift-standards/Sources/Binary/UInt16+Parser.swift /Users/admin/builder/spi-builder-workspace/.dependencies/checkouts/swift-standards/Sources/Binary/UInt16.swift /Users/admin/builder/spi-builder-workspace/.dependencies/checkouts/swift-standards/Sources/Binary/UInt32+Parser.swift /Users/admin/builder/spi-builder-workspace/.dependencies/checkouts/swift-standards/Sources/Binary/UInt32.swift /Users/admin/builder/spi-builder-workspace/.dependencies/checkouts/swift-standards/Sources/Binary/UInt64+Parser.swift /Users/admin/builder/spi-builder-workspace/.dependencies/checkouts/swift-standards/Sources/Binary/UInt64.swift /Users/admin/builder/spi-builder-workspace/.dependencies/checkouts/swift-standards/Sources/Binary/UInt8+Parser.swift /Users/admin/builder/spi-builder-workspace/.dependencies/checkouts/swift-standards/Sources/Binary/exports.swift -target arm64-apple-watchos26.0 -disable-cross-import-overlay-search -load-resolved-plugin /Applications/Xcode-27.0.0-Release.Candidate.app/Contents/Developer/Platforms/WatchOS.platform/Developer/usr/lib/swift/host/plugins/libSwiftMacros.dylib\#/Applications/Xcode-27.0.0-Release.Candidate.app/Contents/Developer/Platforms/WatchOS.platform/Developer/usr/bin/swift-plugin-server\#SwiftMacros -disable-implicit-swift-modules -Xcc -fno-implicit-modules -Xcc -fno-implicit-module-maps -explicit-swift-module-map-file /Users/admin/builder/spi-builder-workspace/.derivedData/Build/Intermediates.noindex/swift-standards.build/Debug-watchos/Binary-t.build/Objects-normal/arm64/Binary-dependencies-2.json -Xllvm -aarch64-use-tbi -enable-objc-interop -stack-check -sdk /Applications/Xcode-27.0.0-Release.Candidate.app/Contents/Developer/Platforms/WatchOS.platform/Developer/SDKs/WatchOS27.0.sdk -I /Users/admin/builder/spi-builder-workspace/.derivedData/Build/Products/Debug-watchos -Isystem /Applications/Xcode-27.0.0-Release.Candidate.app/Contents/Developer/Platforms/WatchOS.platform/Developer/usr/lib -F /Users/admin/builder/spi-builder-workspace/.derivedData/Build/Products/Debug-watchos/PackageFrameworks -F /Users/admin/builder/spi-builder-workspace/.derivedData/Build/Products/Debug-watchos -F /Applications/Xcode-27.0.0-Release.Candidate.app/Contents/Developer/Platforms/WatchOS.platform/Developer/Library/Frameworks -F /Applications/Xcode-27.0.0-Release.Candidate.app/Contents/Developer/Platforms/WatchOS.platform/Developer/SDKs/WatchOS27.0.sdk/Developer/Library/Frameworks -module-cache-path /Users/admin/builder/spi-builder-workspace/.derivedData/Build/Intermediates.noindex/SwiftExplicitPrecompiledModules -no-color-diagnostics -Xcc -fno-color-diagnostics -enable-testing -g -debug-info-format\=dwarf -dwarf-version\=5 -suppress-warnings -profile-generate -profile-coverage-mapping -swift-version 6 -Onone -D SWIFT_PACKAGE -D DEBUG -D SWIFT_MODULE_RESOURCE_BUNDLE_UNAVAILABLE -D Xcode -serialize-debugging-options -enable-upcoming-feature ExistentialAny -enable-upcoming-feature InternalImportsByDefault -enable-upcoming-feature MemberImportVisibility -enable-experimental-feature Lifetimes -enable-experimental-feature DebugDescriptionMacro -empty-abi-descriptor -user-module-version 0.30.1 -validate-clang-modules-once -clang-build-session-file /Users/admin/builder/spi-builder-workspace/.derivedData/ModuleCache.noindex/Session.modulevalidation -Xcc -working-directory -Xcc /Users/admin/builder/spi-builder-workspace/.swiftpm/xcode -enable-anonymous-context-mangled-names -file-compilation-dir /Users/admin/builder/spi-builder-workspace/.swiftpm/xcode -Xcc -fmodule-map-file\=/Users/admin/builder/spi-builder-workspace/.dependencies/checkouts/swift-numerics/Sources/_NumericsShims/include/module.modulemap -Xcc -D_LIBCPP_HARDENING_MODE\=_LIBCPP_HARDENING_MODE_DEBUG -Xcc -ivfsstatcache -Xcc /Users/admin/builder/spi-builder-workspace/.derivedData/SDKStatCaches.noindex/watchos27.0-24R360-e829b21a6f8c9b70876ba0858053c04477534ef55a1706bf4c1112bbb242f0a2.sdkstatcache -Xcc -fmodules-prune-interval\=86400 -Xcc -fmodules-prune-after\=345600 -Xcc -I/Users/admin/builder/spi-builder-workspace/.dependencies/checkouts/swift-numerics/Sources/_NumericsShims/include -Xcc -I/Users/admin/builder/spi-builder-workspace/.derivedData/Build/Products/Debug-watchos/include -Xcc -I/Users/admin/builder/spi-builder-workspace/.derivedData/Build/Intermediates.noindex/swift-standards.build/Debug-watchos/Binary-t.build/DerivedSources-normal/arm64 -Xcc -I/Users/admin/builder/spi-builder-workspace/.derivedData/Build/Intermediates.noindex/swift-standards.build/Debug-watchos/Binary-t.build/DerivedSources/arm64 -Xcc -I/Users/admin/builder/spi-builder-workspace/.derivedData/Build/Intermediates.noindex/swift-standards.build/Debug-watchos/Binary-t.build/DerivedSources -Xcc -DSWIFT_PACKAGE -Xcc -DDEBUG\=1 -no-auto-bridging-header-chaining -module-name Binary -package-name swift_standards -const-gather-protocols-file /Users/admin/builder/spi-builder-workspace/.derivedData/Build/Intermediates.noindex/swift-standards.build/Debug-watchos/Binary-t.build/Objects-normal/arm64/Binary_const_extract_protocols.json -disable-clang-spi -clang-target arm64-apple-watchos27.0 -target-sdk-version 27.0 -target-sdk-name watchos27.0 -in-process-plugin-server-path /Applications/Xcode-27.0.0-Release.Candidate.app/Contents/Developer/Toolchains/XcodeDefault.xctoolchain/usr/lib/swift/host/libSwiftInProcPluginServer.dylib -emit-module-doc-path /Users/admin/builder/spi-builder-workspace/.derivedData/Build/Intermediates.noindex/swift-standards.build/Debug-watchos/Binary-t.build/Objects-normal/arm64/Binary.swiftdoc -emit-module-source-info-path /Users/admin/builder/spi-builder-workspace/.derivedData/Build/Intermediates.noindex/swift-standards.build/Debug-watchos/Binary-t.build/Objects-normal/arm64/Binary.swiftsourceinfo -emit-objc-header-path /Users/admin/builder/spi-builder-workspace/.derivedData/Build/Intermediates.noindex/swift-standards.build/Debug-watchos/Binary-t.build/Objects-normal/arm64/Binary-Swift.h -serialize-diagnostics-path /Users/admin/builder/spi-builder-workspace/.derivedData/Build/Intermediates.noindex/swift-standards.build/Debug-watchos/Binary-t.build/Objects-normal/arm64/Binary-primary-emit-module.dia -emit-dependencies-path /Users/admin/builder/spi-builder-workspace/.derivedData/Build/Intermediates.noindex/swift-standards.build/Debug-watchos/Binary-t.build/Objects-normal/arm64/Binary-primary-emit-module.d -parse-as-library -o /Users/admin/builder/spi-builder-workspace/.derivedData/Build/Intermediates.noindex/swift-standards.build/Debug-watchos/Binary-t.build/Objects-normal/arm64/Binary.swiftmodule -emit-abi-descriptor-path /Users/admin/builder/spi-builder-workspace/.derivedData/Build/Intermediates.noindex/swift-standards.build/Debug-watchos/Binary-t.build/Objects-normal/arm64/Binary.abi.json
SwiftDriverJobDiscovery normal arm64 Compiling Linear+Formatting.swift (in target 'Algebra Linear' from project 'swift-standards')
SwiftEmitModule normal arm64_32 Emitting\ module\ for\ Binary (in target 'Binary' from project 'swift-standards')
SwiftCompile normal arm64_32 (in target 'Binary' from project 'swift-standards')
    cd /Users/admin/builder/spi-builder-workspace/.swiftpm/xcode

SwiftDriverJobDiscovery normal arm64_32 Compiling exports.swift (in target 'Algebra Linear' from project 'swift-standards')
SwiftCompile normal arm64 Compiling\ Array+Binary.Contiguous.swift,\ Array+Bytes.swift,\ Binary.Aligned.swift,\ Binary.Alignment.swift,\ Binary.Collection.Array.swift,\ Binary.Collection.Set.Algebra.Symmetric.swift,\ Binary.Collection.Set.Algebra.swift /Users/admin/builder/spi-builder-workspace/.dependencies/checkouts/swift-standards/Sources/Binary/Array+Binary.Contiguous.swift /Users/admin/builder/spi-builder-workspace/.dependencies/checkouts/swift-standards/Sources/Binary/Array+Bytes.swift /Users/admin/builder/spi-builder-workspace/.dependencies/checkouts/swift-standards/Sources/Binary/Binary.Aligned.swift /Users/admin/builder/spi-builder-workspace/.dependencies/checkouts/swift-standards/Sources/Binary/Binary.Alignment.swift /Users/admin/builder/spi-builder-workspace/.dependencies/checkouts/swift-standards/Sources/Binary/Binary.Collection.Array.swift /Users/admin/builder/spi-builder-workspace/.dependencies/checkouts/swift-standards/Sources/Binary/Binary.Collection.Set.Algebra.Symmetric.swift /Users/admin/builder/spi-builder-workspace/.dependencies/checkouts/swift-standards/Sources/Binary/Binary.Collection.Set.Algebra.swift (in target 'Binary' from project 'swift-standards')
SwiftCompile normal arm64 /Users/admin/builder/spi-builder-workspace/.dependencies/checkouts/swift-standards/Sources/Binary/Array+Binary.Contiguous.swift (in target 'Binary' from project 'swift-standards')
    cd /Users/admin/builder/spi-builder-workspace/.swiftpm/xcode
    builtin-SwiftPerFileCompile Array+Binary.Contiguous.swift
SwiftCompile normal arm64 /Users/admin/builder/spi-builder-workspace/.dependencies/checkouts/swift-standards/Sources/Binary/Array+Bytes.swift (in target 'Binary' from project 'swift-standards')
    cd /Users/admin/builder/spi-builder-workspace/.swiftpm/xcode
    builtin-SwiftPerFileCompile Array+Bytes.swift
SwiftCompile normal arm64 /Users/admin/builder/spi-builder-workspace/.dependencies/checkouts/swift-standards/Sources/Binary/Binary.Aligned.swift (in target 'Binary' from project 'swift-standards')
    cd /Users/admin/builder/spi-builder-workspace/.swiftpm/xcode
    builtin-SwiftPerFileCompile Binary.Aligned.swift
SwiftCompile normal arm64 /Users/admin/builder/spi-builder-workspace/.dependencies/checkouts/swift-standards/Sources/Binary/Binary.Alignment.swift (in target 'Binary' from project 'swift-standards')
    cd /Users/admin/builder/spi-builder-workspace/.swiftpm/xcode
    builtin-SwiftPerFileCompile Binary.Alignment.swift
SwiftCompile normal arm64 /Users/admin/builder/spi-builder-workspace/.dependencies/checkouts/swift-standards/Sources/Binary/Binary.Collection.Array.swift (in target 'Binary' from project 'swift-standards')
    cd /Users/admin/builder/spi-builder-workspace/.swiftpm/xcode
    builtin-SwiftPerFileCompile Binary.Collection.Array.swift
SwiftCompile normal arm64 /Users/admin/builder/spi-builder-workspace/.dependencies/checkouts/swift-standards/Sources/Binary/Binary.Collection.Set.Algebra.Symmetric.swift (in target 'Binary' from project 'swift-standards')
    cd /Users/admin/builder/spi-builder-workspace/.swiftpm/xcode
    builtin-SwiftPerFileCompile Binary.Collection.Set.Algebra.Symmetric.swift
SwiftCompile normal arm64 /Users/admin/builder/spi-builder-workspace/.dependencies/checkouts/swift-standards/Sources/Binary/Binary.Collection.Set.Algebra.swift (in target 'Binary' from project 'swift-standards')
    cd /Users/admin/builder/spi-builder-workspace/.swiftpm/xcode
    builtin-SwiftPerFileCompile Binary.Collection.Set.Algebra.swift
SwiftDriverJobDiscovery normal arm64 Compiling Linear.swift (in target 'Algebra Linear' from project 'swift-standards')
SwiftCompile normal arm64 Compiling\ Binary.Cursor.swift,\ Binary.Endianness.swift,\ Binary.Error.Bit.swift,\ Binary.Error.Bounds.swift,\ Binary.Error.Invariant.swift,\ Binary.Error.Negative.swift /Users/admin/builder/spi-builder-workspace/.dependencies/checkouts/swift-standards/Sources/Binary/Binary.Cursor.swift /Users/admin/builder/spi-builder-workspace/.dependencies/checkouts/swift-standards/Sources/Binary/Binary.Endianness.swift /Users/admin/builder/spi-builder-workspace/.dependencies/checkouts/swift-standards/Sources/Binary/Binary.Error.Bit.swift /Users/admin/builder/spi-builder-workspace/.dependencies/checkouts/swift-standards/Sources/Binary/Binary.Error.Bounds.swift /Users/admin/builder/spi-builder-workspace/.dependencies/checkouts/swift-standards/Sources/Binary/Binary.Error.Invariant.swift /Users/admin/builder/spi-builder-workspace/.dependencies/checkouts/swift-standards/Sources/Binary/Binary.Error.Negative.swift (in target 'Binary' from project 'swift-standards')
SwiftCompile normal arm64 /Users/admin/builder/spi-builder-workspace/.dependencies/checkouts/swift-standards/Sources/Binary/Binary.Cursor.swift (in target 'Binary' from project 'swift-standards')
    cd /Users/admin/builder/spi-builder-workspace/.swiftpm/xcode
    builtin-SwiftPerFileCompile Binary.Cursor.swift
SwiftCompile normal arm64 /Users/admin/builder/spi-builder-workspace/.dependencies/checkouts/swift-standards/Sources/Binary/Binary.Endianness.swift (in target 'Binary' from project 'swift-standards')
    cd /Users/admin/builder/spi-builder-workspace/.swiftpm/xcode
    builtin-SwiftPerFileCompile Binary.Endianness.swift
SwiftCompile normal arm64 /Users/admin/builder/spi-builder-workspace/.dependencies/checkouts/swift-standards/Sources/Binary/Binary.Error.Bit.swift (in target 'Binary' from project 'swift-standards')
    cd /Users/admin/builder/spi-builder-workspace/.swiftpm/xcode
    builtin-SwiftPerFileCompile Binary.Error.Bit.swift
SwiftCompile normal arm64 /Users/admin/builder/spi-builder-workspace/.dependencies/checkouts/swift-standards/Sources/Binary/Binary.Error.Bounds.swift (in target 'Binary' from project 'swift-standards')
    cd /Users/admin/builder/spi-builder-workspace/.swiftpm/xcode
    builtin-SwiftPerFileCompile Binary.Error.Bounds.swift
SwiftCompile normal arm64 /Users/admin/builder/spi-builder-workspace/.dependencies/checkouts/swift-standards/Sources/Binary/Binary.Error.Invariant.swift (in target 'Binary' from project 'swift-standards')
    cd /Users/admin/builder/spi-builder-workspace/.swiftpm/xcode
    builtin-SwiftPerFileCompile Binary.Error.Invariant.swift
SwiftCompile normal arm64 /Users/admin/builder/spi-builder-workspace/.dependencies/checkouts/swift-standards/Sources/Binary/Binary.Error.Negative.swift (in target 'Binary' from project 'swift-standards')
    cd /Users/admin/builder/spi-builder-workspace/.swiftpm/xcode
    builtin-SwiftPerFileCompile Binary.Error.Negative.swift
SwiftDriverJobDiscovery normal arm64_32 Compiling Linear.Vector+Real.swift (in target 'Algebra Linear' from project 'swift-standards')
SwiftCompile normal arm64_32 Compiling\ Binary.Format.Radix.swift,\ Binary.Format.swift,\ Binary.Mask.swift,\ Binary.Mutable+RangeAccess.swift,\ Binary.Mutable.swift,\ Binary.Pattern.swift /Users/admin/builder/spi-builder-workspace/.dependencies/checkouts/swift-standards/Sources/Binary/Binary.Format.Radix.swift /Users/admin/builder/spi-builder-workspace/.dependencies/checkouts/swift-standards/Sources/Binary/Binary.Format.swift /Users/admin/builder/spi-builder-workspace/.dependencies/checkouts/swift-standards/Sources/Binary/Binary.Mask.swift /Users/admin/builder/spi-builder-workspace/.dependencies/checkouts/swift-standards/Sources/Binary/Binary.Mutable+RangeAccess.swift /Users/admin/builder/spi-builder-workspace/.dependencies/checkouts/swift-standards/Sources/Binary/Binary.Mutable.swift /Users/admin/builder/spi-builder-workspace/.dependencies/checkouts/swift-standards/Sources/Binary/Binary.Pattern.swift (in target 'Binary' from project 'swift-standards')
SwiftCompile normal arm64_32 /Users/admin/builder/spi-builder-workspace/.dependencies/checkouts/swift-standards/Sources/Binary/Binary.Format.Radix.swift (in target 'Binary' from project 'swift-standards')
    cd /Users/admin/builder/spi-builder-workspace/.swiftpm/xcode
    builtin-SwiftPerFileCompile Binary.Format.Radix.swift
SwiftCompile normal arm64_32 /Users/admin/builder/spi-builder-workspace/.dependencies/checkouts/swift-standards/Sources/Binary/Binary.Format.swift (in target 'Binary' from project 'swift-standards')
    cd /Users/admin/builder/spi-builder-workspace/.swiftpm/xcode
    builtin-SwiftPerFileCompile Binary.Format.swift
SwiftCompile normal arm64_32 /Users/admin/builder/spi-builder-workspace/.dependencies/checkouts/swift-standards/Sources/Binary/Binary.Mask.swift (in target 'Binary' from project 'swift-standards')
    cd /Users/admin/builder/spi-builder-workspace/.swiftpm/xcode
    builtin-SwiftPerFileCompile Binary.Mask.swift
SwiftCompile normal arm64_32 /Users/admin/builder/spi-builder-workspace/.dependencies/checkouts/swift-standards/Sources/Binary/Binary.Mutable+RangeAccess.swift (in target 'Binary' from project 'swift-standards')
    cd /Users/admin/builder/spi-builder-workspace/.swiftpm/xcode
    builtin-SwiftPerFileCompile Binary.Mutable+RangeAccess.swift
SwiftCompile normal arm64_32 /Users/admin/builder/spi-builder-workspace/.dependencies/checkouts/swift-standards/Sources/Binary/Binary.Mutable.swift (in target 'Binary' from project 'swift-standards')
    cd /Users/admin/builder/spi-builder-workspace/.swiftpm/xcode
    builtin-SwiftPerFileCompile Binary.Mutable.swift
SwiftCompile normal arm64_32 /Users/admin/builder/spi-builder-workspace/.dependencies/checkouts/swift-standards/Sources/Binary/Binary.Pattern.swift (in target 'Binary' from project 'swift-standards')
    cd /Users/admin/builder/spi-builder-workspace/.swiftpm/xcode
    builtin-SwiftPerFileCompile Binary.Pattern.swift
SwiftDriverJobDiscovery normal arm64 Compiling Linear.Vector+Real.swift (in target 'Algebra Linear' from project 'swift-standards')
SwiftCompile normal arm64_32 Compiling\ Int16.swift,\ Int32+Parser.swift,\ Int32.swift,\ Int64+Parser.swift,\ Int64.swift,\ Int8+Parser.swift /Users/admin/builder/spi-builder-workspace/.dependencies/checkouts/swift-standards/Sources/Binary/Int16.swift /Users/admin/builder/spi-builder-workspace/.dependencies/checkouts/swift-standards/Sources/Binary/Int32+Parser.swift /Users/admin/builder/spi-builder-workspace/.dependencies/checkouts/swift-standards/Sources/Binary/Int32.swift /Users/admin/builder/spi-builder-workspace/.dependencies/checkouts/swift-standards/Sources/Binary/Int64+Parser.swift /Users/admin/builder/spi-builder-workspace/.dependencies/checkouts/swift-standards/Sources/Binary/Int64.swift /Users/admin/builder/spi-builder-workspace/.dependencies/checkouts/swift-standards/Sources/Binary/Int8+Parser.swift (in target 'Binary' from project 'swift-standards')
SwiftCompile normal arm64_32 /Users/admin/builder/spi-builder-workspace/.dependencies/checkouts/swift-standards/Sources/Binary/Int16.swift (in target 'Binary' from project 'swift-standards')
    cd /Users/admin/builder/spi-builder-workspace/.swiftpm/xcode
    builtin-SwiftPerFileCompile Int16.swift
SwiftCompile normal arm64_32 /Users/admin/builder/spi-builder-workspace/.dependencies/checkouts/swift-standards/Sources/Binary/Int32+Parser.swift (in target 'Binary' from project 'swift-standards')
    cd /Users/admin/builder/spi-builder-workspace/.swiftpm/xcode
    builtin-SwiftPerFileCompile Int32+Parser.swift
SwiftCompile normal arm64_32 /Users/admin/builder/spi-builder-workspace/.dependencies/checkouts/swift-standards/Sources/Binary/Int32.swift (in target 'Binary' from project 'swift-standards')
    cd /Users/admin/builder/spi-builder-workspace/.swiftpm/xcode
    builtin-SwiftPerFileCompile Int32.swift
SwiftCompile normal arm64_32 /Users/admin/builder/spi-builder-workspace/.dependencies/checkouts/swift-standards/Sources/Binary/Int64+Parser.swift (in target 'Binary' from project 'swift-standards')
    cd /Users/admin/builder/spi-builder-workspace/.swiftpm/xcode
    builtin-SwiftPerFileCompile Int64+Parser.swift
SwiftCompile normal arm64_32 /Users/admin/builder/spi-builder-workspace/.dependencies/checkouts/swift-standards/Sources/Binary/Int64.swift (in target 'Binary' from project 'swift-standards')
    cd /Users/admin/builder/spi-builder-workspace/.swiftpm/xcode
    builtin-SwiftPerFileCompile Int64.swift
SwiftCompile normal arm64_32 /Users/admin/builder/spi-builder-workspace/.dependencies/checkouts/swift-standards/Sources/Binary/Int8+Parser.swift (in target 'Binary' from project 'swift-standards')
    cd /Users/admin/builder/spi-builder-workspace/.swiftpm/xcode
    builtin-SwiftPerFileCompile Int8+Parser.swift
SwiftDriverJobDiscovery normal arm64_32 Compiling Linear+Arithmatic.swift (in target 'Algebra Linear' from project 'swift-standards')
SwiftCompile normal arm64 Compiling\ Binary.Position.swift,\ Binary.Reader.swift,\ Binary.Serializable.swift,\ Binary.Shift.swift,\ Binary.Space.swift,\ Binary.Zero.swift /Users/admin/builder/spi-builder-workspace/.dependencies/checkouts/swift-standards/Sources/Binary/Binary.Position.swift /Users/admin/builder/spi-builder-workspace/.dependencies/checkouts/swift-standards/Sources/Binary/Binary.Reader.swift /Users/admin/builder/spi-builder-workspace/.dependencies/checkouts/swift-standards/Sources/Binary/Binary.Serializable.swift /Users/admin/builder/spi-builder-workspace/.dependencies/checkouts/swift-standards/Sources/Binary/Binary.Shift.swift /Users/admin/builder/spi-builder-workspace/.dependencies/checkouts/swift-standards/Sources/Binary/Binary.Space.swift /Users/admin/builder/spi-builder-workspace/.dependencies/checkouts/swift-standards/Sources/Binary/Binary.Zero.swift (in target 'Binary' from project 'swift-standards')
SwiftCompile normal arm64 /Users/admin/builder/spi-builder-workspace/.dependencies/checkouts/swift-standards/Sources/Binary/Binary.Position.swift (in target 'Binary' from project 'swift-standards')
    cd /Users/admin/builder/spi-builder-workspace/.swiftpm/xcode
    builtin-SwiftPerFileCompile Binary.Position.swift
SwiftCompile normal arm64 /Users/admin/builder/spi-builder-workspace/.dependencies/checkouts/swift-standards/Sources/Binary/Binary.Reader.swift (in target 'Binary' from project 'swift-standards')
    cd /Users/admin/builder/spi-builder-workspace/.swiftpm/xcode
    builtin-SwiftPerFileCompile Binary.Reader.swift
SwiftCompile normal arm64 /Users/admin/builder/spi-builder-workspace/.dependencies/checkouts/swift-standards/Sources/Binary/Binary.Serializable.swift (in target 'Binary' from project 'swift-standards')
    cd /Users/admin/builder/spi-builder-workspace/.swiftpm/xcode
    builtin-SwiftPerFileCompile Binary.Serializable.swift
SwiftCompile normal arm64 /Users/admin/builder/spi-builder-workspace/.dependencies/checkouts/swift-standards/Sources/Binary/Binary.Shift.swift (in target 'Binary' from project 'swift-standards')
    cd /Users/admin/builder/spi-builder-workspace/.swiftpm/xcode
    builtin-SwiftPerFileCompile Binary.Shift.swift
SwiftCompile normal arm64 /Users/admin/builder/spi-builder-workspace/.dependencies/checkouts/swift-standards/Sources/Binary/Binary.Space.swift (in target 'Binary' from project 'swift-standards')
    cd /Users/admin/builder/spi-builder-workspace/.swiftpm/xcode
    builtin-SwiftPerFileCompile Binary.Space.swift
SwiftCompile normal arm64 /Users/admin/builder/spi-builder-workspace/.dependencies/checkouts/swift-standards/Sources/Binary/Binary.Zero.swift (in target 'Binary' from project 'swift-standards')
    cd /Users/admin/builder/spi-builder-workspace/.swiftpm/xcode
    builtin-SwiftPerFileCompile Binary.Zero.swift
SwiftDriverJobDiscovery normal arm64_32 Emitting module for Affine (in target 'Affine' from project 'swift-standards')
SwiftDriver\ Compilation\ Requirements Affine normal arm64_32 com.apple.xcode.tools.swift.compiler (in target 'Affine' from project 'swift-standards')
    cd /Users/admin/builder/spi-builder-workspace/.swiftpm/xcode
    builtin-Swift-Compilation-Requirements -- /Applications/Xcode-27.0.0-Release.Candidate.app/Contents/Developer/Toolchains/XcodeDefault.xctoolchain/usr/bin/swiftc -parse-as-library -module-name Affine -Onone @/Users/admin/builder/spi-builder-workspace/.derivedData/Build/Intermediates.noindex/swift-standards.build/Debug-watchos/Affine-t.build/Objects-normal/arm64_32/Affine.SwiftFileList -DSWIFT_PACKAGE -DDEBUG -DSWIFT_MODULE_RESOURCE_BUNDLE_UNAVAILABLE -Xcc -fmodule-map-file\=/Users/admin/builder/spi-builder-workspace/.dependencies/checkouts/swift-numerics/Sources/_NumericsShims/include/module.modulemap -DXcode -enable-upcoming-feature ExistentialAny -enable-upcoming-feature InternalImportsByDefault -enable-upcoming-feature MemberImportVisibility -enable-experimental-feature Lifetimes -plugin-path /Applications/Xcode-27.0.0-Release.Candidate.app/Contents/Developer/Toolchains/XcodeDefault.xctoolchain/usr/lib/swift/host/plugins/testing -enable-experimental-feature DebugDescriptionMacro -sdk /Applications/Xcode-27.0.0-Release.Candidate.app/Contents/Developer/Platforms/WatchOS.platform/Developer/SDKs/WatchOS27.0.sdk -target arm64_32-apple-watchos26.0 -g -module-cache-path /Users/admin/builder/spi-builder-workspace/.derivedData/ModuleCache.noindex -Xfrontend -serialize-debugging-options -profile-coverage-mapping -profile-generate -enable-testing -suppress-warnings -index-store-path /Users/admin/builder/spi-builder-workspace/.derivedData/Index.noindex/DataStore -Xcc -D_LIBCPP_HARDENING_MODE\=_LIBCPP_HARDENING_MODE_DEBUG -swift-version 6 -I /Users/admin/builder/spi-builder-workspace/.derivedData/Build/Products/Debug-watchos -Isystem /Applications/Xcode-27.0.0-Release.Candidate.app/Contents/Developer/Platforms/WatchOS.platform/Developer/usr/lib -F /Users/admin/builder/spi-builder-workspace/.derivedData/Build/Products/Debug-watchos/PackageFrameworks -F /Users/admin/builder/spi-builder-workspace/.derivedData/Build/Products/Debug-watchos -F /Applications/Xcode-27.0.0-Release.Candidate.app/Contents/Developer/Platforms/WatchOS.platform/Developer/Library/Frameworks -F /Applications/Xcode-27.0.0-Release.Candidate.app/Contents/Developer/Platforms/WatchOS.platform/Developer/SDKs/WatchOS27.0.sdk/Developer/Library/Frameworks -c -j10 -enable-batch-mode -incremental -Xcc -ivfsstatcache -Xcc /Users/admin/builder/spi-builder-workspace/.derivedData/SDKStatCaches.noindex/watchos27.0-24R360-e829b21a6f8c9b70876ba0858053c04477534ef55a1706bf4c1112bbb242f0a2.sdkstatcache -output-file-map /Users/admin/builder/spi-builder-workspace/.derivedData/Build/Intermediates.noindex/swift-standards.build/Debug-watchos/Affine-t.build/Objects-normal/arm64_32/Affine-OutputFileMap.json -save-temps -no-color-diagnostics -explicit-module-build -module-cache-path /Users/admin/builder/spi-builder-workspace/.derivedData/Build/Intermediates.noindex/SwiftExplicitPrecompiledModules -clang-scanner-module-cache-path /Users/admin/builder/spi-builder-workspace/.derivedData/ModuleCache.noindex -sdk-module-cache-path /Users/admin/builder/spi-builder-workspace/.derivedData/SDKExplicitPrecompiledModules -emit-dependencies -emit-module -emit-module-path /Users/admin/builder/spi-builder-workspace/.derivedData/Build/Intermediates.noindex/swift-standards.build/Debug-watchos/Affine-t.build/Objects-normal/arm64_32/Affine.swiftmodule -serialize-diagnostics -dependency-scan-serialize-diagnostics-path /Users/admin/builder/spi-builder-workspace/.derivedData/Build/Intermediates.noindex/swift-standards.build/Debug-watchos/Affine-t.build/Objects-normal/arm64_32/Affine-dependency-scan.dia -user-module-version 0.30.1 -validate-clang-modules-once -clang-build-session-file /Users/admin/builder/spi-builder-workspace/.derivedData/ModuleCache.noindex/Session.modulevalidation -Xcc -fmodules-prune-interval\=86400 -Xcc -fmodules-prune-after\=345600 -package-name swift_standards -emit-const-values -const-gather-protocols-list /Users/admin/builder/spi-builder-workspace/.derivedData/Build/Intermediates.noindex/swift-standards.build/Debug-watchos/Affine-t.build/Objects-normal/arm64_32/Affine_const_extract_protocols.json -Xcc -I/Users/admin/builder/spi-builder-workspace/.dependencies/checkouts/swift-numerics/Sources/_NumericsShims/include -Xcc -I/Users/admin/builder/spi-builder-workspace/.derivedData/Build/Products/Debug-watchos/include -Xcc -I/Users/admin/builder/spi-builder-workspace/.derivedData/Build/Intermediates.noindex/swift-standards.build/Debug-watchos/Affine-t.build/DerivedSources-normal/arm64_32 -Xcc -I/Users/admin/builder/spi-builder-workspace/.derivedData/Build/Intermediates.noindex/swift-standards.build/Debug-watchos/Affine-t.build/DerivedSources/arm64_32 -Xcc -I/Users/admin/builder/spi-builder-workspace/.derivedData/Build/Intermediates.noindex/swift-standards.build/Debug-watchos/Affine-t.build/DerivedSources -Xcc -DSWIFT_PACKAGE -Xcc -DDEBUG\=1 -emit-objc-header -emit-objc-header-path /Users/admin/builder/spi-builder-workspace/.derivedData/Build/Intermediates.noindex/swift-standards.build/Debug-watchos/Affine-t.build/Objects-normal/arm64_32/Affine-Swift.h -working-directory /Users/admin/builder/spi-builder-workspace/.swiftpm/xcode -experimental-emit-module-separately -disable-cmo
SwiftDriverJobDiscovery normal arm64 Emitting module for Affine (in target 'Affine' from project 'swift-standards')
SwiftDriver\ Compilation\ Requirements Affine normal arm64 com.apple.xcode.tools.swift.compiler (in target 'Affine' from project 'swift-standards')
    cd /Users/admin/builder/spi-builder-workspace/.swiftpm/xcode
    builtin-Swift-Compilation-Requirements -- /Applications/Xcode-27.0.0-Release.Candidate.app/Contents/Developer/Toolchains/XcodeDefault.xctoolchain/usr/bin/swiftc -parse-as-library -module-name Affine -Onone @/Users/admin/builder/spi-builder-workspace/.derivedData/Build/Intermediates.noindex/swift-standards.build/Debug-watchos/Affine-t.build/Objects-normal/arm64/Affine.SwiftFileList -DSWIFT_PACKAGE -DDEBUG -DSWIFT_MODULE_RESOURCE_BUNDLE_UNAVAILABLE -Xcc -fmodule-map-file\=/Users/admin/builder/spi-builder-workspace/.dependencies/checkouts/swift-numerics/Sources/_NumericsShims/include/module.modulemap -DXcode -enable-upcoming-feature ExistentialAny -enable-upcoming-feature InternalImportsByDefault -enable-upcoming-feature MemberImportVisibility -enable-experimental-feature Lifetimes -plugin-path /Applications/Xcode-27.0.0-Release.Candidate.app/Contents/Developer/Toolchains/XcodeDefault.xctoolchain/usr/lib/swift/host/plugins/testing -enable-experimental-feature DebugDescriptionMacro -sdk /Applications/Xcode-27.0.0-Release.Candidate.app/Contents/Developer/Platforms/WatchOS.platform/Developer/SDKs/WatchOS27.0.sdk -target arm64-apple-watchos26.0 -g -module-cache-path /Users/admin/builder/spi-builder-workspace/.derivedData/ModuleCache.noindex -Xfrontend -serialize-debugging-options -profile-coverage-mapping -profile-generate -enable-testing -suppress-warnings -index-store-path /Users/admin/builder/spi-builder-workspace/.derivedData/Index.noindex/DataStore -Xcc -D_LIBCPP_HARDENING_MODE\=_LIBCPP_HARDENING_MODE_DEBUG -swift-version 6 -I /Users/admin/builder/spi-builder-workspace/.derivedData/Build/Products/Debug-watchos -Isystem /Applications/Xcode-27.0.0-Release.Candidate.app/Contents/Developer/Platforms/WatchOS.platform/Developer/usr/lib -F /Users/admin/builder/spi-builder-workspace/.derivedData/Build/Products/Debug-watchos/PackageFrameworks -F /Users/admin/builder/spi-builder-workspace/.derivedData/Build/Products/Debug-watchos -F /Applications/Xcode-27.0.0-Release.Candidate.app/Contents/Developer/Platforms/WatchOS.platform/Developer/Library/Frameworks -F /Applications/Xcode-27.0.0-Release.Candidate.app/Contents/Developer/Platforms/WatchOS.platform/Developer/SDKs/WatchOS27.0.sdk/Developer/Library/Frameworks -c -j10 -enable-batch-mode -incremental -Xcc -ivfsstatcache -Xcc /Users/admin/builder/spi-builder-workspace/.derivedData/SDKStatCaches.noindex/watchos27.0-24R360-e829b21a6f8c9b70876ba0858053c04477534ef55a1706bf4c1112bbb242f0a2.sdkstatcache -output-file-map /Users/admin/builder/spi-builder-workspace/.derivedData/Build/Intermediates.noindex/swift-standards.build/Debug-watchos/Affine-t.build/Objects-normal/arm64/Affine-OutputFileMap.json -save-temps -no-color-diagnostics -explicit-module-build -module-cache-path /Users/admin/builder/spi-builder-workspace/.derivedData/Build/Intermediates.noindex/SwiftExplicitPrecompiledModules -clang-scanner-module-cache-path /Users/admin/builder/spi-builder-workspace/.derivedData/ModuleCache.noindex -sdk-module-cache-path /Users/admin/builder/spi-builder-workspace/.derivedData/SDKExplicitPrecompiledModules -emit-dependencies -emit-module -emit-module-path /Users/admin/builder/spi-builder-workspace/.derivedData/Build/Intermediates.noindex/swift-standards.build/Debug-watchos/Affine-t.build/Objects-normal/arm64/Affine.swiftmodule -serialize-diagnostics -dependency-scan-serialize-diagnostics-path /Users/admin/builder/spi-builder-workspace/.derivedData/Build/Intermediates.noindex/swift-standards.build/Debug-watchos/Affine-t.build/Objects-normal/arm64/Affine-dependency-scan.dia -user-module-version 0.30.1 -validate-clang-modules-once -clang-build-session-file /Users/admin/builder/spi-builder-workspace/.derivedData/ModuleCache.noindex/Session.modulevalidation -Xcc -fmodules-prune-interval\=86400 -Xcc -fmodules-prune-after\=345600 -package-name swift_standards -emit-const-values -const-gather-protocols-list /Users/admin/builder/spi-builder-workspace/.derivedData/Build/Intermediates.noindex/swift-standards.build/Debug-watchos/Affine-t.build/Objects-normal/arm64/Affine_const_extract_protocols.json -Xcc -I/Users/admin/builder/spi-builder-workspace/.dependencies/checkouts/swift-numerics/Sources/_NumericsShims/include -Xcc -I/Users/admin/builder/spi-builder-workspace/.derivedData/Build/Products/Debug-watchos/include -Xcc -I/Users/admin/builder/spi-builder-workspace/.derivedData/Build/Intermediates.noindex/swift-standards.build/Debug-watchos/Affine-t.build/DerivedSources-normal/arm64 -Xcc -I/Users/admin/builder/spi-builder-workspace/.derivedData/Build/Intermediates.noindex/swift-standards.build/Debug-watchos/Affine-t.build/DerivedSources/arm64 -Xcc -I/Users/admin/builder/spi-builder-workspace/.derivedData/Build/Intermediates.noindex/swift-standards.build/Debug-watchos/Affine-t.build/DerivedSources -Xcc -DSWIFT_PACKAGE -Xcc -DDEBUG\=1 -emit-objc-header -emit-objc-header-path /Users/admin/builder/spi-builder-workspace/.derivedData/Build/Intermediates.noindex/swift-standards.build/Debug-watchos/Affine-t.build/Objects-normal/arm64/Affine-Swift.h -working-directory /Users/admin/builder/spi-builder-workspace/.swiftpm/xcode -experimental-emit-module-separately -disable-cmo
Copy /Users/admin/builder/spi-builder-workspace/.derivedData/Build/Products/Debug-watchos/Affine.swiftmodule/arm64_32-apple-watchos.swiftmodule /Users/admin/builder/spi-builder-workspace/.derivedData/Build/Intermediates.noindex/swift-standards.build/Debug-watchos/Affine-t.build/Objects-normal/arm64_32/Affine.swiftmodule (in target 'Affine' from project 'swift-standards')
    cd /Users/admin/builder/spi-builder-workspace/.dependencies/checkouts/swift-standards
    builtin-copy -exclude .DS_Store -exclude CVS -exclude .svn -exclude .git -exclude .hg -resolve-src-symlinks -rename /Users/admin/builder/spi-builder-workspace/.derivedData/Build/Intermediates.noindex/swift-standards.build/Debug-watchos/Affine-t.build/Objects-normal/arm64_32/Affine.swiftmodule /Users/admin/builder/spi-builder-workspace/.derivedData/Build/Products/Debug-watchos/Affine.swiftmodule/arm64_32-apple-watchos.swiftmodule
SwiftMergeGeneratedHeaders /Users/admin/builder/spi-builder-workspace/.derivedData/Build/Intermediates.noindex/GeneratedModuleMaps-watchos/Affine-Swift.h /Users/admin/builder/spi-builder-workspace/.derivedData/Build/Intermediates.noindex/swift-standards.build/Debug-watchos/Affine-t.build/Objects-normal/arm64/Affine-Swift.h /Users/admin/builder/spi-builder-workspace/.derivedData/Build/Intermediates.noindex/swift-standards.build/Debug-watchos/Affine-t.build/Objects-normal/arm64_32/Affine-Swift.h (in target 'Affine' from project 'swift-standards')
    cd /Users/admin/builder/spi-builder-workspace/.dependencies/checkouts/swift-standards
    builtin-swiftHeaderTool -arch arm64 /Users/admin/builder/spi-builder-workspace/.derivedData/Build/Intermediates.noindex/swift-standards.build/Debug-watchos/Affine-t.build/Objects-normal/arm64/Affine-Swift.h -arch arm64_32 /Users/admin/builder/spi-builder-workspace/.derivedData/Build/Intermediates.noindex/swift-standards.build/Debug-watchos/Affine-t.build/Objects-normal/arm64_32/Affine-Swift.h -o /Users/admin/builder/spi-builder-workspace/.derivedData/Build/Intermediates.noindex/GeneratedModuleMaps-watchos/Affine-Swift.h
Copy /Users/admin/builder/spi-builder-workspace/.derivedData/Build/Products/Debug-watchos/Affine.swiftmodule/arm64_32-apple-watchos.swiftdoc /Users/admin/builder/spi-builder-workspace/.derivedData/Build/Intermediates.noindex/swift-standards.build/Debug-watchos/Affine-t.build/Objects-normal/arm64_32/Affine.swiftdoc (in target 'Affine' from project 'swift-standards')
    cd /Users/admin/builder/spi-builder-workspace/.dependencies/checkouts/swift-standards
    builtin-copy -exclude .DS_Store -exclude CVS -exclude .svn -exclude .git -exclude .hg -resolve-src-symlinks -rename /Users/admin/builder/spi-builder-workspace/.derivedData/Build/Intermediates.noindex/swift-standards.build/Debug-watchos/Affine-t.build/Objects-normal/arm64_32/Affine.swiftdoc /Users/admin/builder/spi-builder-workspace/.derivedData/Build/Products/Debug-watchos/Affine.swiftmodule/arm64_32-apple-watchos.swiftdoc
Copy /Users/admin/builder/spi-builder-workspace/.derivedData/Build/Products/Debug-watchos/Affine.swiftmodule/arm64_32-apple-watchos.abi.json /Users/admin/builder/spi-builder-workspace/.derivedData/Build/Intermediates.noindex/swift-standards.build/Debug-watchos/Affine-t.build/Objects-normal/arm64_32/Affine.abi.json (in target 'Affine' from project 'swift-standards')
    cd /Users/admin/builder/spi-builder-workspace/.dependencies/checkouts/swift-standards
    builtin-copy -exclude .DS_Store -exclude CVS -exclude .svn -exclude .git -exclude .hg -resolve-src-symlinks -rename /Users/admin/builder/spi-builder-workspace/.derivedData/Build/Intermediates.noindex/swift-standards.build/Debug-watchos/Affine-t.build/Objects-normal/arm64_32/Affine.abi.json /Users/admin/builder/spi-builder-workspace/.derivedData/Build/Products/Debug-watchos/Affine.swiftmodule/arm64_32-apple-watchos.abi.json
Copy /Users/admin/builder/spi-builder-workspace/.derivedData/Build/Products/Debug-watchos/Affine.swiftmodule/arm64-apple-watchos.swiftmodule /Users/admin/builder/spi-builder-workspace/.derivedData/Build/Intermediates.noindex/swift-standards.build/Debug-watchos/Affine-t.build/Objects-normal/arm64/Affine.swiftmodule (in target 'Affine' from project 'swift-standards')
    cd /Users/admin/builder/spi-builder-workspace/.dependencies/checkouts/swift-standards
    builtin-copy -exclude .DS_Store -exclude CVS -exclude .svn -exclude .git -exclude .hg -resolve-src-symlinks -rename /Users/admin/builder/spi-builder-workspace/.derivedData/Build/Intermediates.noindex/swift-standards.build/Debug-watchos/Affine-t.build/Objects-normal/arm64/Affine.swiftmodule /Users/admin/builder/spi-builder-workspace/.derivedData/Build/Products/Debug-watchos/Affine.swiftmodule/arm64-apple-watchos.swiftmodule
Copy /Users/admin/builder/spi-builder-workspace/.derivedData/Build/Products/Debug-watchos/Affine.swiftmodule/arm64-apple-watchos.swiftdoc /Users/admin/builder/spi-builder-workspace/.derivedData/Build/Intermediates.noindex/swift-standards.build/Debug-watchos/Affine-t.build/Objects-normal/arm64/Affine.swiftdoc (in target 'Affine' from project 'swift-standards')
    cd /Users/admin/builder/spi-builder-workspace/.dependencies/checkouts/swift-standards
    builtin-copy -exclude .DS_Store -exclude CVS -exclude .svn -exclude .git -exclude .hg -resolve-src-symlinks -rename /Users/admin/builder/spi-builder-workspace/.derivedData/Build/Intermediates.noindex/swift-standards.build/Debug-watchos/Affine-t.build/Objects-normal/arm64/Affine.swiftdoc /Users/admin/builder/spi-builder-workspace/.derivedData/Build/Products/Debug-watchos/Affine.swiftmodule/arm64-apple-watchos.swiftdoc
Copy /Users/admin/builder/spi-builder-workspace/.derivedData/Build/Products/Debug-watchos/Affine.swiftmodule/arm64-apple-watchos.abi.json /Users/admin/builder/spi-builder-workspace/.derivedData/Build/Intermediates.noindex/swift-standards.build/Debug-watchos/Affine-t.build/Objects-normal/arm64/Affine.abi.json (in target 'Affine' from project 'swift-standards')
    cd /Users/admin/builder/spi-builder-workspace/.dependencies/checkouts/swift-standards
    builtin-copy -exclude .DS_Store -exclude CVS -exclude .svn -exclude .git -exclude .hg -resolve-src-symlinks -rename /Users/admin/builder/spi-builder-workspace/.derivedData/Build/Intermediates.noindex/swift-standards.build/Debug-watchos/Affine-t.build/Objects-normal/arm64/Affine.abi.json /Users/admin/builder/spi-builder-workspace/.derivedData/Build/Products/Debug-watchos/Affine.swiftmodule/arm64-apple-watchos.abi.json
Copy /Users/admin/builder/spi-builder-workspace/.derivedData/Build/Products/Debug-watchos/Affine.swiftmodule/Project/arm64_32-apple-watchos.swiftsourceinfo /Users/admin/builder/spi-builder-workspace/.derivedData/Build/Intermediates.noindex/swift-standards.build/Debug-watchos/Affine-t.build/Objects-normal/arm64_32/Affine.swiftsourceinfo (in target 'Affine' from project 'swift-standards')
    cd /Users/admin/builder/spi-builder-workspace/.dependencies/checkouts/swift-standards
    builtin-copy -exclude .DS_Store -exclude CVS -exclude .svn -exclude .git -exclude .hg -resolve-src-symlinks -rename /Users/admin/builder/spi-builder-workspace/.derivedData/Build/Intermediates.noindex/swift-standards.build/Debug-watchos/Affine-t.build/Objects-normal/arm64_32/Affine.swiftsourceinfo /Users/admin/builder/spi-builder-workspace/.derivedData/Build/Products/Debug-watchos/Affine.swiftmodule/Project/arm64_32-apple-watchos.swiftsourceinfo
Copy /Users/admin/builder/spi-builder-workspace/.derivedData/Build/Products/Debug-watchos/Affine.swiftmodule/Project/arm64-apple-watchos.swiftsourceinfo /Users/admin/builder/spi-builder-workspace/.derivedData/Build/Intermediates.noindex/swift-standards.build/Debug-watchos/Affine-t.build/Objects-normal/arm64/Affine.swiftsourceinfo (in target 'Affine' from project 'swift-standards')
    cd /Users/admin/builder/spi-builder-workspace/.dependencies/checkouts/swift-standards
    builtin-copy -exclude .DS_Store -exclude CVS -exclude .svn -exclude .git -exclude .hg -resolve-src-symlinks -rename /Users/admin/builder/spi-builder-workspace/.derivedData/Build/Intermediates.noindex/swift-standards.build/Debug-watchos/Affine-t.build/Objects-normal/arm64/Affine.swiftsourceinfo /Users/admin/builder/spi-builder-workspace/.derivedData/Build/Products/Debug-watchos/Affine.swiftmodule/Project/arm64-apple-watchos.swiftsourceinfo
SwiftCompile normal arm64_32 Compiling\ Binary.Position.swift,\ Binary.Reader.swift,\ Binary.Serializable.swift,\ Binary.Shift.swift,\ Binary.Space.swift,\ Binary.Zero.swift /Users/admin/builder/spi-builder-workspace/.dependencies/checkouts/swift-standards/Sources/Binary/Binary.Position.swift /Users/admin/builder/spi-builder-workspace/.dependencies/checkouts/swift-standards/Sources/Binary/Binary.Reader.swift /Users/admin/builder/spi-builder-workspace/.dependencies/checkouts/swift-standards/Sources/Binary/Binary.Serializable.swift /Users/admin/builder/spi-builder-workspace/.dependencies/checkouts/swift-standards/Sources/Binary/Binary.Shift.swift /Users/admin/builder/spi-builder-workspace/.dependencies/checkouts/swift-standards/Sources/Binary/Binary.Space.swift /Users/admin/builder/spi-builder-workspace/.dependencies/checkouts/swift-standards/Sources/Binary/Binary.Zero.swift (in target 'Binary' from project 'swift-standards')
SwiftCompile normal arm64_32 /Users/admin/builder/spi-builder-workspace/.dependencies/checkouts/swift-standards/Sources/Binary/Binary.Position.swift (in target 'Binary' from project 'swift-standards')
    cd /Users/admin/builder/spi-builder-workspace/.swiftpm/xcode
    builtin-SwiftPerFileCompile Binary.Position.swift
SwiftCompile normal arm64_32 /Users/admin/builder/spi-builder-workspace/.dependencies/checkouts/swift-standards/Sources/Binary/Binary.Reader.swift (in target 'Binary' from project 'swift-standards')
    cd /Users/admin/builder/spi-builder-workspace/.swiftpm/xcode
    builtin-SwiftPerFileCompile Binary.Reader.swift
SwiftCompile normal arm64_32 /Users/admin/builder/spi-builder-workspace/.dependencies/checkouts/swift-standards/Sources/Binary/Binary.Serializable.swift (in target 'Binary' from project 'swift-standards')
    cd /Users/admin/builder/spi-builder-workspace/.swiftpm/xcode
    builtin-SwiftPerFileCompile Binary.Serializable.swift
SwiftCompile normal arm64_32 /Users/admin/builder/spi-builder-workspace/.dependencies/checkouts/swift-standards/Sources/Binary/Binary.Shift.swift (in target 'Binary' from project 'swift-standards')
    cd /Users/admin/builder/spi-builder-workspace/.swiftpm/xcode
    builtin-SwiftPerFileCompile Binary.Shift.swift
SwiftCompile normal arm64_32 /Users/admin/builder/spi-builder-workspace/.dependencies/checkouts/swift-standards/Sources/Binary/Binary.Space.swift (in target 'Binary' from project 'swift-standards')
    cd /Users/admin/builder/spi-builder-workspace/.swiftpm/xcode
    builtin-SwiftPerFileCompile Binary.Space.swift
SwiftCompile normal arm64_32 /Users/admin/builder/spi-builder-workspace/.dependencies/checkouts/swift-standards/Sources/Binary/Binary.Zero.swift (in target 'Binary' from project 'swift-standards')
    cd /Users/admin/builder/spi-builder-workspace/.swiftpm/xcode
    builtin-SwiftPerFileCompile Binary.Zero.swift
SwiftCompile normal arm64_32 Compiling\ Array+Binary.Contiguous.swift,\ Array+Bytes.swift,\ Binary.Aligned.swift,\ Binary.Alignment.swift,\ Binary.Collection.Array.swift,\ Binary.Collection.Set.Algebra.Symmetric.swift,\ Binary.Collection.Set.Algebra.swift /Users/admin/builder/spi-builder-workspace/.dependencies/checkouts/swift-standards/Sources/Binary/Array+Binary.Contiguous.swift /Users/admin/builder/spi-builder-workspace/.dependencies/checkouts/swift-standards/Sources/Binary/Array+Bytes.swift /Users/admin/builder/spi-builder-workspace/.dependencies/checkouts/swift-standards/Sources/Binary/Binary.Aligned.swift /Users/admin/builder/spi-builder-workspace/.dependencies/checkouts/swift-standards/Sources/Binary/Binary.Alignment.swift /Users/admin/builder/spi-builder-workspace/.dependencies/checkouts/swift-standards/Sources/Binary/Binary.Collection.Array.swift /Users/admin/builder/spi-builder-workspace/.dependencies/checkouts/swift-standards/Sources/Binary/Binary.Collection.Set.Algebra.Symmetric.swift /Users/admin/builder/spi-builder-workspace/.dependencies/checkouts/swift-standards/Sources/Binary/Binary.Collection.Set.Algebra.swift (in target 'Binary' from project 'swift-standards')
SwiftCompile normal arm64_32 /Users/admin/builder/spi-builder-workspace/.dependencies/checkouts/swift-standards/Sources/Binary/Array+Binary.Contiguous.swift (in target 'Binary' from project 'swift-standards')
    cd /Users/admin/builder/spi-builder-workspace/.swiftpm/xcode
    builtin-SwiftPerFileCompile Array+Binary.Contiguous.swift
SwiftCompile normal arm64_32 /Users/admin/builder/spi-builder-workspace/.dependencies/checkouts/swift-standards/Sources/Binary/Array+Bytes.swift (in target 'Binary' from project 'swift-standards')
    cd /Users/admin/builder/spi-builder-workspace/.swiftpm/xcode
    builtin-SwiftPerFileCompile Array+Bytes.swift
SwiftCompile normal arm64_32 /Users/admin/builder/spi-builder-workspace/.dependencies/checkouts/swift-standards/Sources/Binary/Binary.Aligned.swift (in target 'Binary' from project 'swift-standards')
    cd /Users/admin/builder/spi-builder-workspace/.swiftpm/xcode
    builtin-SwiftPerFileCompile Binary.Aligned.swift
SwiftCompile normal arm64_32 /Users/admin/builder/spi-builder-workspace/.dependencies/checkouts/swift-standards/Sources/Binary/Binary.Alignment.swift (in target 'Binary' from project 'swift-standards')
    cd /Users/admin/builder/spi-builder-workspace/.swiftpm/xcode
    builtin-SwiftPerFileCompile Binary.Alignment.swift
SwiftCompile normal arm64_32 /Users/admin/builder/spi-builder-workspace/.dependencies/checkouts/swift-standards/Sources/Binary/Binary.Collection.Array.swift (in target 'Binary' from project 'swift-standards')
    cd /Users/admin/builder/spi-builder-workspace/.swiftpm/xcode
    builtin-SwiftPerFileCompile Binary.Collection.Array.swift
SwiftCompile normal arm64_32 /Users/admin/builder/spi-builder-workspace/.dependencies/checkouts/swift-standards/Sources/Binary/Binary.Collection.Set.Algebra.Symmetric.swift (in target 'Binary' from project 'swift-standards')
    cd /Users/admin/builder/spi-builder-workspace/.swiftpm/xcode
    builtin-SwiftPerFileCompile Binary.Collection.Set.Algebra.Symmetric.swift
SwiftCompile normal arm64_32 /Users/admin/builder/spi-builder-workspace/.dependencies/checkouts/swift-standards/Sources/Binary/Binary.Collection.Set.Algebra.swift (in target 'Binary' from project 'swift-standards')
    cd /Users/admin/builder/spi-builder-workspace/.swiftpm/xcode
    builtin-SwiftPerFileCompile Binary.Collection.Set.Algebra.swift
SwiftCompile normal arm64 Compiling\ Binary.Collection.Set.swift,\ Binary.Collection.swift,\ Binary.Contiguous+Subscript.swift,\ Binary.Contiguous.swift,\ Binary.Copy.swift,\ Binary.Count.swift /Users/admin/builder/spi-builder-workspace/.dependencies/checkouts/swift-standards/Sources/Binary/Binary.Collection.Set.swift /Users/admin/builder/spi-builder-workspace/.dependencies/checkouts/swift-standards/Sources/Binary/Binary.Collection.swift /Users/admin/builder/spi-builder-workspace/.dependencies/checkouts/swift-standards/Sources/Binary/Binary.Contiguous+Subscript.swift /Users/admin/builder/spi-builder-workspace/.dependencies/checkouts/swift-standards/Sources/Binary/Binary.Contiguous.swift /Users/admin/builder/spi-builder-workspace/.dependencies/checkouts/swift-standards/Sources/Binary/Binary.Copy.swift /Users/admin/builder/spi-builder-workspace/.dependencies/checkouts/swift-standards/Sources/Binary/Binary.Count.swift (in target 'Binary' from project 'swift-standards')
SwiftCompile normal arm64 /Users/admin/builder/spi-builder-workspace/.dependencies/checkouts/swift-standards/Sources/Binary/Binary.Collection.Set.swift (in target 'Binary' from project 'swift-standards')
    cd /Users/admin/builder/spi-builder-workspace/.swiftpm/xcode
    builtin-SwiftPerFileCompile Binary.Collection.Set.swift
SwiftCompile normal arm64 /Users/admin/builder/spi-builder-workspace/.dependencies/checkouts/swift-standards/Sources/Binary/Binary.Collection.swift (in target 'Binary' from project 'swift-standards')
    cd /Users/admin/builder/spi-builder-workspace/.swiftpm/xcode
    builtin-SwiftPerFileCompile Binary.Collection.swift
SwiftCompile normal arm64 /Users/admin/builder/spi-builder-workspace/.dependencies/checkouts/swift-standards/Sources/Binary/Binary.Contiguous+Subscript.swift (in target 'Binary' from project 'swift-standards')
    cd /Users/admin/builder/spi-builder-workspace/.swiftpm/xcode
    builtin-SwiftPerFileCompile Binary.Contiguous+Subscript.swift
SwiftCompile normal arm64 /Users/admin/builder/spi-builder-workspace/.dependencies/checkouts/swift-standards/Sources/Binary/Binary.Contiguous.swift (in target 'Binary' from project 'swift-standards')
    cd /Users/admin/builder/spi-builder-workspace/.swiftpm/xcode
    builtin-SwiftPerFileCompile Binary.Contiguous.swift
SwiftCompile normal arm64 /Users/admin/builder/spi-builder-workspace/.dependencies/checkouts/swift-standards/Sources/Binary/Binary.Copy.swift (in target 'Binary' from project 'swift-standards')
    cd /Users/admin/builder/spi-builder-workspace/.swiftpm/xcode
    builtin-SwiftPerFileCompile Binary.Copy.swift
SwiftCompile normal arm64 /Users/admin/builder/spi-builder-workspace/.dependencies/checkouts/swift-standards/Sources/Binary/Binary.Count.swift (in target 'Binary' from project 'swift-standards')
    cd /Users/admin/builder/spi-builder-workspace/.swiftpm/xcode
    builtin-SwiftPerFileCompile Binary.Count.swift
SwiftCompile normal arm64_32 Compiling\ Binary.Collection.Set.swift,\ Binary.Collection.swift,\ Binary.Contiguous+Subscript.swift,\ Binary.Contiguous.swift,\ Binary.Copy.swift,\ Binary.Count.swift /Users/admin/builder/spi-builder-workspace/.dependencies/checkouts/swift-standards/Sources/Binary/Binary.Collection.Set.swift /Users/admin/builder/spi-builder-workspace/.dependencies/checkouts/swift-standards/Sources/Binary/Binary.Collection.swift /Users/admin/builder/spi-builder-workspace/.dependencies/checkouts/swift-standards/Sources/Binary/Binary.Contiguous+Subscript.swift /Users/admin/builder/spi-builder-workspace/.dependencies/checkouts/swift-standards/Sources/Binary/Binary.Contiguous.swift /Users/admin/builder/spi-builder-workspace/.dependencies/checkouts/swift-standards/Sources/Binary/Binary.Copy.swift /Users/admin/builder/spi-builder-workspace/.dependencies/checkouts/swift-standards/Sources/Binary/Binary.Count.swift (in target 'Binary' from project 'swift-standards')
SwiftCompile normal arm64_32 /Users/admin/builder/spi-builder-workspace/.dependencies/checkouts/swift-standards/Sources/Binary/Binary.Collection.Set.swift (in target 'Binary' from project 'swift-standards')
    cd /Users/admin/builder/spi-builder-workspace/.swiftpm/xcode
    builtin-SwiftPerFileCompile Binary.Collection.Set.swift
SwiftCompile normal arm64_32 /Users/admin/builder/spi-builder-workspace/.dependencies/checkouts/swift-standards/Sources/Binary/Binary.Collection.swift (in target 'Binary' from project 'swift-standards')
    cd /Users/admin/builder/spi-builder-workspace/.swiftpm/xcode
    builtin-SwiftPerFileCompile Binary.Collection.swift
SwiftCompile normal arm64_32 /Users/admin/builder/spi-builder-workspace/.dependencies/checkouts/swift-standards/Sources/Binary/Binary.Contiguous+Subscript.swift (in target 'Binary' from project 'swift-standards')
    cd /Users/admin/builder/spi-builder-workspace/.swiftpm/xcode
    builtin-SwiftPerFileCompile Binary.Contiguous+Subscript.swift
SwiftCompile normal arm64_32 /Users/admin/builder/spi-builder-workspace/.dependencies/checkouts/swift-standards/Sources/Binary/Binary.Contiguous.swift (in target 'Binary' from project 'swift-standards')
    cd /Users/admin/builder/spi-builder-workspace/.swiftpm/xcode
    builtin-SwiftPerFileCompile Binary.Contiguous.swift
SwiftCompile normal arm64_32 /Users/admin/builder/spi-builder-workspace/.dependencies/checkouts/swift-standards/Sources/Binary/Binary.Copy.swift (in target 'Binary' from project 'swift-standards')
    cd /Users/admin/builder/spi-builder-workspace/.swiftpm/xcode
    builtin-SwiftPerFileCompile Binary.Copy.swift
SwiftCompile normal arm64_32 /Users/admin/builder/spi-builder-workspace/.dependencies/checkouts/swift-standards/Sources/Binary/Binary.Count.swift (in target 'Binary' from project 'swift-standards')
    cd /Users/admin/builder/spi-builder-workspace/.swiftpm/xcode
    builtin-SwiftPerFileCompile Binary.Count.swift
PruneExplicitPrecompiledModules /Users/admin/builder/spi-builder-workspace/.derivedData/Build/Intermediates.noindex/ExplicitPrecompiledModules
PruneExplicitPrecompiledModules /Users/admin/builder/spi-builder-workspace/.derivedData/Build/Intermediates.noindex/SwiftExplicitPrecompiledModules
PruneExplicitPrecompiledModules /Users/admin/builder/spi-builder-workspace/.derivedData/SDKExplicitPrecompiledModules
2026-09-24 20:29:29.318 xcodebuild[1344:7622] [MT] IDERunDestination: Supported platforms for the buildables in the current scheme is empty.
** BUILD FAILED **
The following build commands failed:
	SwiftCompile normal arm64 (in target 'Binary' from project 'swift-standards')
	SwiftEmitModule normal arm64 Emitting\ module\ for\ Binary (in target 'Binary' from project 'swift-standards')
	Building workspace swift-rfc-5321 with scheme swift-rfc-5321
(3 failures)
BUILD FAILURE 6.4 watchOS