Build Information
Failed to build SeggWatSDK, reference main (495f29), with Swift 6.2 for macOS (SPM) on 30 Oct 2026 11:09:48 UTC.
Build Command
env DEVELOPER_DIR=/Applications/Xcode-26.3.0.app xcrun swift build --arch arm64Build Log
========================================
RunAll
========================================
Builder version: 5.1.4
Interrupt handler set up.
========================================
Checkout
========================================
Clone URL: https://github.com/SeggWat/ios-sdk-seggwat.git
Reference: main
Initialized empty Git repository in /Users/admin/builder/spi-builder-workspace/.git/
From https://github.com/SeggWat/ios-sdk-seggwat
* branch main -> FETCH_HEAD
* [new branch] main -> origin/main
HEAD is now at 495f299 docs: require 1.3.0 in the package snippet
Cloned https://github.com/SeggWat/ios-sdk-seggwat.git
Revision (git rev-parse @):
495f299ef374ca47ed9e58a44d92fb3d2001b09e
SUCCESS checkout https://github.com/SeggWat/ios-sdk-seggwat.git at main
========================================
Build
========================================
Selected platform: macosSpm
Swift version: 6.2
Building package at path: $PWD
https://github.com/SeggWat/ios-sdk-seggwat.git
Running build ...
env DEVELOPER_DIR=/Applications/Xcode-26.3.0.app xcrun swift build --arch arm64
Building for debugging...
[0/6] Write sources
[1/6] Copying Info.plist
[2/6] Copying Localizable.strings
[5/6] Write swift-version--3CB7CFEC50E0D141.txt
[7/31] Compiling SeggWatSDK ScreenshotPreviewView.swift
/Users/admin/builder/spi-builder-workspace/Sources/SeggWatSDK/ReviewPrompt.swift:2:8: error: no such module 'UIKit'
1 | import StoreKit
2 | import UIKit
| `- error: no such module 'UIKit'
3 |
4 | /// Routes users after a rating: happy users get the App Store review prompt,
[8/31] Compiling SeggWatSDK SeggWatButton.swift
/Users/admin/builder/spi-builder-workspace/Sources/SeggWatSDK/ReviewPrompt.swift:2:8: error: no such module 'UIKit'
1 | import StoreKit
2 | import UIKit
| `- error: no such module 'UIKit'
3 |
4 | /// Routes users after a rating: happy users get the App Store review prompt,
[9/33] Compiling SeggWatSDK SeggWatError.swift
/Users/admin/builder/spi-builder-workspace/Sources/SeggWatSDK/ReviewPrompt.swift:2:8: error: no such module 'UIKit'
1 | import StoreKit
2 | import UIKit
| `- error: no such module 'UIKit'
3 |
4 | /// Routes users after a rating: happy users get the App Store review prompt,
[10/33] Compiling SeggWatSDK SeggWatOptions.swift
/Users/admin/builder/spi-builder-workspace/Sources/SeggWatSDK/ReviewPrompt.swift:2:8: error: no such module 'UIKit'
1 | import StoreKit
2 | import UIKit
| `- error: no such module 'UIKit'
3 |
4 | /// Routes users after a rating: happy users get the App Store review prompt,
[11/33] Compiling SeggWatSDK Validator.swift
/Users/admin/builder/spi-builder-workspace/Sources/SeggWatSDK/ReviewPrompt.swift:2:8: error: no such module 'UIKit'
1 | import StoreKit
2 | import UIKit
| `- error: no such module 'UIKit'
3 |
4 | /// Routes users after a rating: happy users get the App Store review prompt,
[12/33] Compiling SeggWatSDK APIClient.swift
/Users/admin/builder/spi-builder-workspace/Sources/SeggWatSDK/ReviewPrompt.swift:2:8: error: no such module 'UIKit'
1 | import StoreKit
2 | import UIKit
| `- error: no such module 'UIKit'
3 |
4 | /// Routes users after a rating: happy users get the App Store review prompt,
[13/33] Compiling SeggWatSDK AppAttest.swift
/Users/admin/builder/spi-builder-workspace/Sources/SeggWatSDK/ReviewPrompt.swift:2:8: error: no such module 'UIKit'
1 | import StoreKit
2 | import UIKit
| `- error: no such module 'UIKit'
3 |
4 | /// Routes users after a rating: happy users get the App Store review prompt,
[14/33] Compiling SeggWatSDK ChatPayload.swift
/Users/admin/builder/spi-builder-workspace/Sources/SeggWatSDK/ReviewPrompt.swift:2:8: error: no such module 'UIKit'
1 | import StoreKit
2 | import UIKit
| `- error: no such module 'UIKit'
3 |
4 | /// Routes users after a rating: happy users get the App Store review prompt,
[15/33] Compiling SeggWatSDK SeggWatChatView.swift
/Users/admin/builder/spi-builder-workspace/Sources/SeggWatSDK/ReviewPrompt.swift:2:8: error: no such module 'UIKit'
1 | import StoreKit
2 | import UIKit
| `- error: no such module 'UIKit'
3 |
4 | /// Routes users after a rating: happy users get the App Store review prompt,
[16/33] Compiling SeggWatSDK SeggWatFeedbackView.swift
/Users/admin/builder/spi-builder-workspace/Sources/SeggWatSDK/ReviewPrompt.swift:2:8: error: no such module 'UIKit'
1 | import StoreKit
2 | import UIKit
| `- error: no such module 'UIKit'
3 |
4 | /// Routes users after a rating: happy users get the App Store review prompt,
[17/33] Compiling SeggWatSDK SeggWatFeedbackModifier.swift
/Users/admin/builder/spi-builder-workspace/Sources/SeggWatSDK/ReviewPrompt.swift:2:8: error: no such module 'UIKit'
1 | import StoreKit
2 | import UIKit
| `- error: no such module 'UIKit'
3 |
4 | /// Routes users after a rating: happy users get the App Store review prompt,
[18/33] Compiling SeggWatSDK PoweredByView.swift
/Users/admin/builder/spi-builder-workspace/Sources/SeggWatSDK/ReviewPrompt.swift:2:8: error: no such module 'UIKit'
1 | import StoreKit
2 | import UIKit
| `- error: no such module 'UIKit'
3 |
4 | /// Routes users after a rating: happy users get the App Store review prompt,
[19/33] Compiling SeggWatSDK DeviceToken.swift
/Users/admin/builder/spi-builder-workspace/Sources/SeggWatSDK/ReviewPrompt.swift:2:8: error: no such module 'UIKit'
1 | import StoreKit
2 | import UIKit
| `- error: no such module 'UIKit'
3 |
4 | /// Routes users after a rating: happy users get the App Store review prompt,
[20/33] Compiling SeggWatSDK FeedbackPayload.swift
/Users/admin/builder/spi-builder-workspace/Sources/SeggWatSDK/ReviewPrompt.swift:2:8: error: no such module 'UIKit'
1 | import StoreKit
2 | import UIKit
| `- error: no such module 'UIKit'
3 |
4 | /// Routes users after a rating: happy users get the App Store review prompt,
[21/33] Compiling SeggWatSDK MultipartFormData.swift
/Users/admin/builder/spi-builder-workspace/Sources/SeggWatSDK/ReviewPrompt.swift:2:8: error: no such module 'UIKit'
1 | import StoreKit
2 | import UIKit
| `- error: no such module 'UIKit'
3 |
4 | /// Routes users after a rating: happy users get the App Store review prompt,
[22/33] Compiling SeggWatSDK ScreenshotCapture.swift
/Users/admin/builder/spi-builder-workspace/Sources/SeggWatSDK/ReviewPrompt.swift:2:8: error: no such module 'UIKit'
1 | import StoreKit
2 | import UIKit
| `- error: no such module 'UIKit'
3 |
4 | /// Routes users after a rating: happy users get the App Store review prompt,
[23/33] Compiling SeggWatSDK SeggWat+Push.swift
/Users/admin/builder/spi-builder-workspace/Sources/SeggWatSDK/ReviewPrompt.swift:2:8: error: no such module 'UIKit'
1 | import StoreKit
2 | import UIKit
| `- error: no such module 'UIKit'
3 |
4 | /// Routes users after a rating: happy users get the App Store review prompt,
[24/33] Compiling SeggWatSDK SeggWat.swift
/Users/admin/builder/spi-builder-workspace/Sources/SeggWatSDK/ReviewPrompt.swift:2:8: error: no such module 'UIKit'
1 | import StoreKit
2 | import UIKit
| `- error: no such module 'UIKit'
3 |
4 | /// Routes users after a rating: happy users get the App Store review prompt,
[25/33] Compiling SeggWatSDK RatingPayload.swift
/Users/admin/builder/spi-builder-workspace/Sources/SeggWatSDK/ReviewPrompt.swift:2:8: error: no such module 'UIKit'
1 | import StoreKit
2 | import UIKit
| `- error: no such module 'UIKit'
3 |
4 | /// Routes users after a rating: happy users get the App Store review prompt,
[26/33] Compiling SeggWatSDK Localizer.swift
/Users/admin/builder/spi-builder-workspace/Sources/SeggWatSDK/ReviewPrompt.swift:2:8: error: no such module 'UIKit'
1 | import StoreKit
2 | import UIKit
| `- error: no such module 'UIKit'
3 |
4 | /// Routes users after a rating: happy users get the App Store review prompt,
[27/33] Compiling SeggWatSDK RateLimiter.swift
/Users/admin/builder/spi-builder-workspace/Sources/SeggWatSDK/ReviewPrompt.swift:2:8: error: no such module 'UIKit'
1 | import StoreKit
2 | import UIKit
| `- error: no such module 'UIKit'
3 |
4 | /// Routes users after a rating: happy users get the App Store review prompt,
[28/33] Compiling SeggWatSDK SuccessView.swift
/Users/admin/builder/spi-builder-workspace/Sources/SeggWatSDK/ReviewPrompt.swift:2:8: error: no such module 'UIKit'
1 | import StoreKit
2 | import UIKit
| `- error: no such module 'UIKit'
3 |
4 | /// Routes users after a rating: happy users get the App Store review prompt,
[29/33] Compiling SeggWatSDK resource_bundle_accessor.swift
/Users/admin/builder/spi-builder-workspace/Sources/SeggWatSDK/ReviewPrompt.swift:2:8: error: no such module 'UIKit'
1 | import StoreKit
2 | import UIKit
| `- error: no such module 'UIKit'
3 |
4 | /// Routes users after a rating: happy users get the App Store review prompt,
error: emit-module command failed with exit code 1 (use -v to see invocation)
[30/33] Emitting module SeggWatSDK
/Users/admin/builder/spi-builder-workspace/Sources/SeggWatSDK/ReviewPrompt.swift:2:8: error: no such module 'UIKit'
1 | import StoreKit
2 | import UIKit
| `- error: no such module 'UIKit'
3 |
4 | /// Routes users after a rating: happy users get the App Store review prompt,
[31/33] Compiling SeggWatSDK ReviewPrompt.swift
/Users/admin/builder/spi-builder-workspace/Sources/SeggWatSDK/ReviewPrompt.swift:2:8: error: no such module 'UIKit'
1 | import StoreKit
2 | import UIKit
| `- error: no such module 'UIKit'
3 |
4 | /// Routes users after a rating: happy users get the App Store review prompt,
[32/33] Compiling SeggWatSDK AnnotationEditorView.swift
/Users/admin/builder/spi-builder-workspace/Sources/SeggWatSDK/ReviewPrompt.swift:2:8: error: no such module 'UIKit'
1 | import StoreKit
2 | import UIKit
| `- error: no such module 'UIKit'
3 |
4 | /// Routes users after a rating: happy users get the App Store review prompt,
[33/33] Compiling SeggWatSDK AnnotationToolbar.swift
/Users/admin/builder/spi-builder-workspace/Sources/SeggWatSDK/ReviewPrompt.swift:2:8: error: no such module 'UIKit'
1 | import StoreKit
2 | import UIKit
| `- error: no such module 'UIKit'
3 |
4 | /// Routes users after a rating: happy users get the App Store review prompt,
BUILD FAILURE 6.2 macosSpm