The Swift Package Index logo.Swift Package Index

Build Information

Failed to build GoogleApiServiceControlV1, reference main (3223bb), with Swift 6.2 for Android on 11 Oct 2026 21:23:37 UTC.

Build Command

bash -c docker run --pull=always --rm -v "checkouts-54344847-0":/host -w "$PWD" -e JAVA_HOME="/root/.sdkman/candidates/java/current" -e SPI_BUILD="1" -e SPI_PROCESSING="1" registry.gitlab.com/saguaro1/spi-images:android-6.2-latest swift build --swift-sdk aarch64-unknown-linux-android28 2>&1

Build Log

========================================
RunAll
========================================
Builder version: 5.1.1
Interrupt handler set up.
========================================
Checkout
========================================
Clone URL: https://github.com/googleapis/swift-google-api-servicecontrol-v1.git
Reference: main
Initialized empty Git repository in /host/spi-builder-workspace/.git/
hint: Using 'master' as the name for the initial branch. This default branch name
hint: is subject to change. To configure the initial branch name to use in all
hint: of your new repositories, which will suppress this warning, call:
hint:
hint: 	git config --global init.defaultBranch <name>
hint:
hint: Names commonly chosen instead of 'master' are 'main', 'trunk' and
hint: 'development'. The just-created branch can be renamed via this command:
hint:
hint: 	git branch -m <name>
From https://github.com/googleapis/swift-google-api-servicecontrol-v1
 * branch            main       -> FETCH_HEAD
 * [new branch]      main       -> origin/main
HEAD is now at 3223bbe chore: release circa 2026-10-07 (#1382)
Cloned https://github.com/googleapis/swift-google-api-servicecontrol-v1.git
Revision (git rev-parse @):
3223bbee12ced5d8d83d6fa151b46d6413ded238
SPI manifest file found: $PWD/.spi.yml
SUCCESS checkout https://github.com/googleapis/swift-google-api-servicecontrol-v1.git at main
========================================
Build
========================================
Selected platform:         android
Swift version:             6.2
Building package at path:  $PWD
https://github.com/googleapis/swift-google-api-servicecontrol-v1.git
Running build ...
bash -c docker run --pull=always --rm -v "checkouts-54344847-0":/host -w "$PWD" -e JAVA_HOME="/root/.sdkman/candidates/java/current" -e SPI_BUILD="1" -e SPI_PROCESSING="1" registry.gitlab.com/saguaro1/spi-images:android-6.2-latest swift build --swift-sdk aarch64-unknown-linux-android28 2>&1
android-6.2-latest: Pulling from saguaro1/spi-images
Digest: sha256:a839c9ce201f1dacc8eb056626ec7ab0a1c6d53d7b77c83feda395f4507c51be
Status: Image is up to date for registry.gitlab.com/saguaro1/spi-images:android-6.2-latest
Fetching https://github.com/googleapis/swift-google-gax
Fetching https://github.com/googleapis/swift-google-auth
Fetching https://github.com/googleapis/swift-google-logging-type
Fetching https://github.com/googleapis/swift-google-rpc
Fetching https://github.com/googleapis/swift-google-wkt
Fetching https://github.com/apple/swift-log
[1/422] Fetching swift-google-rpc
[423/8679] Fetching swift-google-rpc, swift-log
[424/9702] Fetching swift-google-rpc, swift-log, swift-google-wkt
[486/10725] Fetching swift-google-rpc, swift-log, swift-google-wkt, swift-google-auth
[639/10893] Fetching swift-google-rpc, swift-log, swift-google-wkt, swift-google-auth, swift-google-logging-type
Fetched https://github.com/googleapis/swift-google-wkt from cache (0.41s)
[3595/9870] Fetching swift-google-rpc, swift-log, swift-google-auth, swift-google-logging-type
Fetching https://github.com/googleapis/swift-google-api
[8798/11618] Fetching swift-google-rpc, swift-log, swift-google-auth, swift-google-logging-type, swift-google-gax
Fetched https://github.com/googleapis/swift-google-logging-type from cache (0.50s)
Fetched https://github.com/googleapis/swift-google-auth from cache (0.50s)
Fetched https://github.com/googleapis/swift-google-gax from cache (0.50s)
Fetched https://github.com/googleapis/swift-google-rpc from cache (0.51s)
Fetched https://github.com/apple/swift-log from cache (0.51s)
[1/1063] Fetching swift-google-api
Fetched https://github.com/googleapis/swift-google-api from cache (0.47s)
Computing version for https://github.com/googleapis/swift-google-wkt
Computed https://github.com/googleapis/swift-google-wkt at 0.5.0 (1.03s)
Fetching https://github.com/swift-extras/swift-extras-base64
[1/954] Fetching swift-extras-base64
Fetched https://github.com/swift-extras/swift-extras-base64 from cache (0.41s)
Computing version for https://github.com/googleapis/swift-google-rpc
Computed https://github.com/googleapis/swift-google-rpc at 0.5.0 (0.56s)
Computing version for https://github.com/googleapis/swift-google-gax
Computed https://github.com/googleapis/swift-google-gax at 0.5.0 (0.16s)
Fetching https://github.com/apple/swift-nio
Fetching https://github.com/swift-server/async-http-client.git
[1/16464] Fetching async-http-client
[16465/102838] Fetching async-http-client, swift-nio
Fetched https://github.com/swift-server/async-http-client.git from cache (3.08s)
Fetched https://github.com/apple/swift-nio from cache (3.11s)
Computing version for https://github.com/googleapis/swift-google-logging-type
Computed https://github.com/googleapis/swift-google-logging-type at 0.5.0 (3.27s)
Computing version for https://github.com/googleapis/swift-google-auth
Computed https://github.com/googleapis/swift-google-auth at 0.5.0 (0.14s)
Fetching https://github.com/apple/swift-system.git
Fetching https://github.com/vapor/jwt-kit.git
[1/7241] Fetching swift-system
[2246/17495] Fetching swift-system, jwt-kit
Fetched https://github.com/apple/swift-system.git from cache (0.85s)
Fetched https://github.com/vapor/jwt-kit.git from cache (0.85s)
Computing version for https://github.com/googleapis/swift-google-api
Computed https://github.com/googleapis/swift-google-api at 0.5.0 (1.01s)
Computing version for https://github.com/swift-extras/swift-extras-base64
Computed https://github.com/swift-extras/swift-extras-base64 at 1.2.0 (0.13s)
Computing version for https://github.com/swift-server/async-http-client.git
Computed https://github.com/swift-server/async-http-client.git at 1.36.2 (0.16s)
Fetching https://github.com/apple/swift-atomics.git
Fetching https://github.com/apple/swift-algorithms.git
Fetching https://github.com/apple/swift-nio-extras.git
Fetching https://github.com/apple/swift-service-context.git
Fetching https://github.com/apple/swift-nio-transport-services.git
Fetching https://github.com/apple/swift-configuration.git
[1/1501] Fetching swift-service-context
[212/5429] Fetching swift-service-context, swift-configuration
[1749/12132] Fetching swift-service-context, swift-configuration, swift-nio-extras
[1750/18296] Fetching swift-service-context, swift-configuration, swift-nio-extras, swift-algorithms
[2058/21163] Fetching swift-service-context, swift-configuration, swift-nio-extras, swift-algorithms, swift-nio-transport-services
[18093/23052] Fetching swift-service-context, swift-configuration, swift-nio-extras, swift-algorithms, swift-nio-transport-services, swift-atomics
Fetched https://github.com/apple/swift-configuration.git from cache (0.47s)
[16049/19124] Fetching swift-service-context, swift-nio-extras, swift-algorithms, swift-nio-transport-services, swift-atomics
Fetching https://github.com/apple/swift-nio-http2.git
Fetched https://github.com/apple/swift-nio-transport-services.git from cache (0.50s)
Fetching https://github.com/apple/swift-distributed-tracing.git
[14973/16257] Fetching swift-service-context, swift-nio-extras, swift-algorithms, swift-atomics
Fetched https://github.com/apple/swift-service-context.git from cache (0.58s)
Fetched https://github.com/apple/swift-atomics.git from cache (0.58s)
Fetched https://github.com/apple/swift-algorithms.git from cache (0.58s)
Fetched https://github.com/apple/swift-nio-extras.git from cache (0.58s)
Fetching https://github.com/apple/swift-nio-ssl.git
[1/6551] Fetching swift-distributed-tracing
[2360/23422] Fetching swift-distributed-tracing, swift-nio-ssl
[7565/35716] Fetching swift-distributed-tracing, swift-nio-ssl, swift-nio-http2
Fetched https://github.com/apple/swift-distributed-tracing.git from cache (0.55s)
[1304/29165] Fetching swift-nio-ssl, swift-nio-http2
Fetched https://github.com/apple/swift-nio-http2.git from cache (1.02s)
Fetched https://github.com/apple/swift-nio-ssl.git from cache (1.18s)
Computing version for https://github.com/apple/swift-service-context.git
Computed https://github.com/apple/swift-service-context.git at 1.3.0 (1.90s)
Computing version for https://github.com/apple/swift-algorithms.git
Computed https://github.com/apple/swift-algorithms.git at 1.2.1 (0.88s)
Fetching https://github.com/apple/swift-numerics.git
[1/6742] Fetching swift-numerics
Fetched https://github.com/apple/swift-numerics.git from cache (0.51s)
Computing version for https://github.com/apple/swift-log
Computed https://github.com/apple/swift-log at 1.16.1 (0.67s)
Computing version for https://github.com/apple/swift-distributed-tracing.git
Computed https://github.com/apple/swift-distributed-tracing.git at 1.5.0 (0.14s)
Computing version for https://github.com/apple/swift-atomics.git
Computed https://github.com/apple/swift-atomics.git at 1.3.1 (0.13s)
Computing version for https://github.com/apple/swift-numerics.git
Computed https://github.com/apple/swift-numerics.git at 1.1.1 (0.13s)
Computing version for https://github.com/apple/swift-nio
Computed https://github.com/apple/swift-nio at 2.104.0 (0.34s)
Fetching https://github.com/apple/swift-collections.git
[1/28703] Fetching swift-collections
Fetched https://github.com/apple/swift-collections.git from cache (1.21s)
Computing version for https://github.com/apple/swift-configuration.git
Computed https://github.com/apple/swift-configuration.git at 1.2.2 (2.02s)
Fetching https://github.com/swift-server/swift-service-lifecycle
[1/2867] Fetching swift-service-lifecycle
Fetched https://github.com/swift-server/swift-service-lifecycle from cache (0.49s)
Computing version for https://github.com/apple/swift-nio-transport-services.git
Computed https://github.com/apple/swift-nio-transport-services.git at 1.28.0 (0.64s)
Computing version for https://github.com/swift-server/swift-service-lifecycle
Computed https://github.com/swift-server/swift-service-lifecycle at 2.12.1 (0.14s)
Fetching https://github.com/apple/swift-async-algorithms.git
[1/6820] Fetching swift-async-algorithms
Fetched https://github.com/apple/swift-async-algorithms.git from cache (0.61s)
Computing version for https://github.com/apple/swift-async-algorithms.git
Computed https://github.com/apple/swift-async-algorithms.git at 1.1.7 (0.82s)
Computing version for https://github.com/apple/swift-collections.git
Computed https://github.com/apple/swift-collections.git at 1.7.2 (0.24s)
Computing version for https://github.com/apple/swift-nio-http2.git
Computed https://github.com/apple/swift-nio-http2.git at 1.46.0 (0.16s)
Computing version for https://github.com/vapor/jwt-kit.git
Computed https://github.com/vapor/jwt-kit.git at 5.7.1 (0.14s)
Fetching https://github.com/apple/swift-crypto.git
Fetching https://github.com/apple/swift-certificates.git
[1/18629] Fetching swift-crypto
[374/26242] Fetching swift-crypto, swift-certificates
Fetched https://github.com/apple/swift-certificates.git from cache (0.55s)
[2050/18629] Fetching swift-crypto
Fetched https://github.com/apple/swift-crypto.git from cache (1.20s)
Computing version for https://github.com/apple/swift-crypto.git
Computed https://github.com/apple/swift-crypto.git at 4.5.2 (1.81s)
Fetching https://github.com/apple/swift-asn1.git
[1/2009] Fetching swift-asn1
Fetched https://github.com/apple/swift-asn1.git from cache (0.39s)
Computing version for https://github.com/apple/swift-asn1.git
Computed https://github.com/apple/swift-asn1.git at 1.7.3 (0.58s)
Computing version for https://github.com/apple/swift-certificates.git
Computed https://github.com/apple/swift-certificates.git at 1.21.0 (0.21s)
Computing version for https://github.com/apple/swift-nio-ssl.git
Computed https://github.com/apple/swift-nio-ssl.git at 2.37.5 (0.19s)
Computing version for https://github.com/apple/swift-system.git
Computed https://github.com/apple/swift-system.git at 1.8.1 (0.18s)
Computing version for https://github.com/apple/swift-nio-extras.git
Computed https://github.com/apple/swift-nio-extras.git at 1.35.1 (0.27s)
Fetching https://github.com/apple/swift-http-types.git
Fetching https://github.com/apple/swift-http-structured-headers.git
[1/1253] Fetching swift-http-structured-headers
[52/3192] Fetching swift-http-structured-headers, swift-http-types
Fetched https://github.com/apple/swift-http-structured-headers.git from cache (0.41s)
Fetched https://github.com/apple/swift-http-types.git from cache (0.41s)
Computing version for https://github.com/apple/swift-http-structured-headers.git
Computed https://github.com/apple/swift-http-structured-headers.git at 1.7.0 (0.56s)
Computing version for https://github.com/apple/swift-http-types.git
Computed https://github.com/apple/swift-http-types.git at 1.8.0 (0.17s)
Creating working copy for https://github.com/apple/swift-collections.git
Working copy of https://github.com/apple/swift-collections.git resolved at 1.7.2
Creating working copy for https://github.com/apple/swift-nio-extras.git
Working copy of https://github.com/apple/swift-nio-extras.git resolved at 1.35.1
Creating working copy for https://github.com/apple/swift-configuration.git
Working copy of https://github.com/apple/swift-configuration.git resolved at 1.2.2
Creating working copy for https://github.com/apple/swift-log
Working copy of https://github.com/apple/swift-log resolved at 1.16.1
Creating working copy for https://github.com/apple/swift-distributed-tracing.git
Working copy of https://github.com/apple/swift-distributed-tracing.git resolved at 1.5.0
Creating working copy for https://github.com/swift-extras/swift-extras-base64
Working copy of https://github.com/swift-extras/swift-extras-base64 resolved at 1.2.0
Creating working copy for https://github.com/googleapis/swift-google-gax
Working copy of https://github.com/googleapis/swift-google-gax resolved at 0.5.0
Creating working copy for https://github.com/vapor/jwt-kit.git
Working copy of https://github.com/vapor/jwt-kit.git resolved at 5.7.1
Creating working copy for https://github.com/googleapis/swift-google-api
Working copy of https://github.com/googleapis/swift-google-api resolved at 0.5.0
Creating working copy for https://github.com/swift-server/async-http-client.git
Working copy of https://github.com/swift-server/async-http-client.git resolved at 1.36.2
Creating working copy for https://github.com/apple/swift-http-structured-headers.git
Working copy of https://github.com/apple/swift-http-structured-headers.git resolved at 1.7.0
Creating working copy for https://github.com/apple/swift-algorithms.git
Working copy of https://github.com/apple/swift-algorithms.git resolved at 1.2.1
Creating working copy for https://github.com/apple/swift-nio-http2.git
Working copy of https://github.com/apple/swift-nio-http2.git resolved at 1.46.0
Creating working copy for https://github.com/apple/swift-nio
Working copy of https://github.com/apple/swift-nio resolved at 2.104.0
Creating working copy for https://github.com/googleapis/swift-google-logging-type
Working copy of https://github.com/googleapis/swift-google-logging-type resolved at 0.5.0
Creating working copy for https://github.com/apple/swift-certificates.git
Working copy of https://github.com/apple/swift-certificates.git resolved at 1.21.0
Creating working copy for https://github.com/apple/swift-http-types.git
Working copy of https://github.com/apple/swift-http-types.git resolved at 1.8.0
Creating working copy for https://github.com/apple/swift-nio-ssl.git
Working copy of https://github.com/apple/swift-nio-ssl.git resolved at 2.37.5
Creating working copy for https://github.com/apple/swift-crypto.git
Working copy of https://github.com/apple/swift-crypto.git resolved at 4.5.2
Creating working copy for https://github.com/apple/swift-atomics.git
Working copy of https://github.com/apple/swift-atomics.git resolved at 1.3.1
Creating working copy for https://github.com/apple/swift-asn1.git
Working copy of https://github.com/apple/swift-asn1.git resolved at 1.7.3
Creating working copy for https://github.com/apple/swift-async-algorithms.git
Working copy of https://github.com/apple/swift-async-algorithms.git resolved at 1.1.7
Creating working copy for https://github.com/googleapis/swift-google-rpc
Working copy of https://github.com/googleapis/swift-google-rpc resolved at 0.5.0
Creating working copy for https://github.com/apple/swift-service-context.git
Working copy of https://github.com/apple/swift-service-context.git resolved at 1.3.0
Creating working copy for https://github.com/googleapis/swift-google-wkt
Working copy of https://github.com/googleapis/swift-google-wkt resolved at 0.5.0
Creating working copy for https://github.com/swift-server/swift-service-lifecycle
Working copy of https://github.com/swift-server/swift-service-lifecycle resolved at 2.12.1
Creating working copy for https://github.com/apple/swift-numerics.git
Working copy of https://github.com/apple/swift-numerics.git resolved at 1.1.1
Creating working copy for https://github.com/googleapis/swift-google-auth
Working copy of https://github.com/googleapis/swift-google-auth resolved at 0.5.0
Creating working copy for https://github.com/apple/swift-system.git
Working copy of https://github.com/apple/swift-system.git resolved at 1.8.1
Creating working copy for https://github.com/apple/swift-nio-transport-services.git
Working copy of https://github.com/apple/swift-nio-transport-services.git resolved at 1.28.0
Building for debugging...
[0/910] Write sources
[13/910] Compiling aesni-x86-linux.S
[14/910] Compiling CNIOExtrasZlib adler32.c
[15/910] Write sources
[19/910] Compiling _NumericsShims _NumericsShims.c
[20/910] Write sources
[50/910] Compiling _AtomicsShims.c
[50/910] Write swift-version--11D90AFD9DD3AB2.txt
[52/910] Compiling CXKCPShims shims.c
[53/910] Compiling SimpleFIPS202.c
[54/910] Compiling KeccakSponge.c
[56/918] Emitting module _CertificateInternals
[56/918] Compiling x_name.cc
[57/918] Compiling x_spki.cc
[57/918] Compiling x_pubkey.cc
[57/918] Compiling x_req.cc
[60/918] Compiling x_sig.cc
[62/988] Compiling InternalCollectionsUtilities _UnsafeBitSet+_Word.swift
[63/988] Compiling InternalCollectionsUtilities _UnsafeBitSet.swift
[66/990] Compiling InternalCollectionsUtilities UnsafeBufferPointer+Extras.swift
[67/990] Compiling InternalCollectionsUtilities UnsafeMutableBufferPointer+Extras.swift
[68/993] Compiling ServiceContextModule ServiceContext.swift
[69/993] Emitting module ServiceContextModule
[70/993] Compiling ServiceContextModule ServiceContextKey.swift
[71/994] Compiling InternalCollectionsUtilities FixedWidthInteger+roundUpToPowerOfTwo.swift
[72/994] Compiling InternalCollectionsUtilities Integer rank.swift
[73/994] Compiling _NIOBase64 Base64.swift
[74/994] Emitting module _NIOBase64
[76/996] Emitting module InternalCollectionsUtilities
[79/996] Compiling InternalCollectionsUtilities UInt+first and last set bit.swift
[80/996] Compiling InternalCollectionsUtilities UInt+reversed.swift
[81/996] Compiling InternalCollectionsUtilities BorrowingIteratorProtocol+Equality.swift
[82/996] Compiling InternalCollectionsUtilities BorrowingIteratorProtocol+Extras.swift
[83/996] Compiling InternalCollectionsUtilities Debugging.swift
[84/996] Compiling InternalCollectionsUtilities Descriptions.swift
[85/996] Compiling InternalCollectionsUtilities Iterable+CopyContents.swift
[86/996] Compiling InternalCollectionsUtilities Iterable+Equality.swift
[87/996] Compiling InternalCollectionsUtilities LifetimeOverride.swift
[88/996] Compiling InternalCollectionsUtilities MutableRef.swift
[89/996] Compiling SwiftASN1 DER.swift
[90/996] Compiling SwiftASN1 Errors.swift
[91/996] Compiling InternalCollectionsUtilities RandomAccessCollection+Offsets.swift
[92/996] Compiling InternalCollectionsUtilities Span+Extras.swift
[94/996] Compiling RealModule RelaxedArithmetic.swift
[95/996] Emitting module RealModule
[96/996] Compiling RealModule Float16+Real.swift
[99/996] Compiling RealModule Real.swift
[100/996] Compiling RealModule RealFunctions.swift
[103/996] Compiling RealModule Float80+Real.swift
[104/996] Compiling Logging LoggingSystem.swift
[105/999] Compiling InternalCollectionsUtilities Strideable+LimitHelpers.swift
[106/999] Compiling InternalCollectionsUtilities String+Padding.swift
[107/999] Compiling InternalCollectionsUtilities TemporaryAllocation.swift
[108/999] Compiling InternalCollectionsUtilities _UnsafeBitSet+Index.swift
[109/1001] Compiling InternalCollectionsUtilities UnsafeMutablePointer+Extras.swift
[110/1001] Compiling InternalCollectionsUtilities UnsafeMutableRawBufferPointer+Extras.swift
[111/1001] Compiling InternalCollectionsUtilities UnsafePointer+Extras.swift
[112/1002] Compiling InternalCollectionsUtilities UnsafeRawBufferPointer+Extras.swift
[113/1002] Compiling InternalCollectionsUtilities _SortedCollection.swift
[114/1002] Compiling InternalCollectionsUtilities _UniqueCollection.swift
[115/1004] Compiling _NIODataStructures PriorityQueue.swift
[116/1007] Compiling _NIODataStructures _TinyArray.swift
[118/1010] Wrapping AST for _NIOBase64 for debugging
[123/1010] Compiling _CertificateInternals _TinyArray.swift
[125/1011] Compiling Logging Logger.swift
[125/1011] Wrapping AST for ServiceContextModule for debugging
[127/1015] Compiling Instrumentation NoOpInstrument.swift
[128/1015] Emitting module _NIODataStructures
[129/1015] Compiling Instrumentation MultiplexInstrument.swift
[130/1015] Compiling _NIODataStructures Heap.swift
[130/1015] Wrapping AST for RealModule for debugging
[132/1015] Compiling Logging Logger+Attributes.swift
[133/1015] Compiling Logging Logger+With.swift
[136/1015] Compiling SpanPreview OutputSpan+InputSpanHelpers.swift
[137/1015] Compiling SpanPreview MutableSpan+InputSpanHelpers.swift
[138/1016] Emitting module SpanPreview
[139/1016] Compiling SpanPreview InputSpan.swift
[139/1017] Wrapping AST for _CertificateInternals for debugging
[140/1017] Wrapping AST for InternalCollectionsUtilities for debugging
[143/1017] Compiling Instrumentation Instrument.swift
[144/1017] Emitting module Instrumentation
[145/1017] Compiling KeccakHash.c
[150/1017] Compiling ExtrasBase64 Base64+Span.swift
[150/1017] Compiling CSystem shims.c
[151/1017] Wrapping AST for _NIODataStructures for debugging
[152/1017] Wrapping AST for SpanPreview for debugging
[153/1056] Compiling CNIOWindows shim.c
[154/1059] Compiling CNIOWindows WSAStartup.c
[155/1082] Compiling CNIOWASI CNIOWASI.c
[156/1096] Compiling CNIOPosix event_loop_id.c
[157/1096] Compiling CNIOOpenBSD shim.c
[158/1096] Compiling CNIOLinux shim.c
[159/1096] Compiling CNIOLinux liburing_shims.c
[160/1096] Compiling KeccakP-1600-opt64.c
[162/1096] Compiling SystemPackage IOCompletion.swift
[163/1096] Compiling SystemPackage IORequest.swift
[164/1096] Compiling SystemPackage IORing+Util.swift
[165/1096] Compiling SystemPackage IORing.swift
[166/1096] Compiling SystemPackage RawIORequest.swift
[166/1101] Compiling CNIOLLHTTP c_nio_http.c
[168/1101] Compiling SystemPackage FileFlags.swift
[169/1101] Compiling SystemPackage FileMode.swift
[170/1101] Compiling SystemPackage Mocking.swift
[171/1101] Compiling SystemPackage RawBuffer.swift
[172/1101] Compiling SystemPackage Syscalls.swift
[173/1101] Compiling SystemPackage WindowsSyscallAdapters.swift
[174/1101] Compiling SystemPackage MachPort.swift
[175/1101] Compiling SystemPackage PlatformString.swift
[176/1101] Compiling SystemPackage SystemString.swift
[177/1101] Compiling SystemPackage Util+StringArray.swift
[178/1101] Compiling SystemPackage Util.swift
[179/1101] Compiling SystemPackage UtilConsumers.swift
[180/1101] Compiling SystemPackage WinSDK+Overlay.swift
[180/1106] Compiling CNIOLLHTTP c_nio_api.c
[181/1106] Compiling CNIOFreeBSD shim.c
[182/1106] Compiling CNIOExtrasZlib zutil.c
[184/1106] Emitting module SwiftASN1
[184/1106] Compiling CNIOLLHTTP c_nio_llhttp.c
[185/1106] Compiling CNIOExtrasZlib trees.c
[186/1106] Compiling CNIOExtrasZlib inftrees.c
[188/1106] Compiling SystemPackage FileType.swift
[189/1106] Compiling SystemPackage Identifiers.swift
[190/1106] Compiling SystemPackage Stat.swift
[196/1106] Compiling SystemPackage Backcompat.swift
[197/1106] Compiling SystemPackage CInterop.swift
[198/1106] Compiling SystemPackage Constants.swift
[199/1106] Compiling SystemPackage Exports.swift
[199/1106] Compiling CNIOExtrasZlib inflate.c
[200/1106] Compiling SystemPackage FilePathComponents.swift
[201/1106] Compiling SystemPackage FilePathParsing.swift
[202/1106] Compiling SystemPackage FilePathString.swift
[203/1106] Compiling SystemPackage FilePathSyntax.swift
[206/1106] Compiling CNIOExtrasZlib inffast.c
[207/1106] Compiling CNIOExtrasZlib crc32.c
[208/1106] Compiling CNIODarwin shim.c
[209/1106] Compiling CNIOExtrasZlib deflate.c
[210/1106] Compiling fiat_p256_adx_sqr.S
[212/1106] Compiling SystemPackage FilePathTemp.swift
[213/1106] Compiling SystemPackage FilePathTempPosix.swift
[214/1106] Compiling SystemPackage FilePathTempWindows.swift
[215/1106] Compiling SystemPackage FilePathWindows.swift
[216/1106] Compiling SystemPackage FilePermissions.swift
[217/1106] Compiling SystemPackage FilePathComponentView.swift
[218/1106] Compiling SystemPackage Errno.swift
[219/1106] Compiling SystemPackage ErrnoWindows.swift
[220/1106] Compiling SystemPackage FileDescriptor.swift
[221/1106] Compiling SystemPackage FileHelpers.swift
[222/1106] Compiling SystemPackage FileOperations.swift
[223/1106] Compiling SystemPackage FilePath.swift
[223/1106] Compiling fiat_p256_adx_mul.S
[224/1106] Compiling fiat_curve25519_adx_square.S
[225/1106] Compiling fiat_curve25519_adx_mul.S
[227/1106] Compiling ExtrasBase64 Base32.swift
[228/1106] Compiling ExtrasBase64 Base32+Span.swift
[228/1106] Compiling CNIOBoringSSLShims shims.c
[235/1106] Emitting module SystemPackage
[258/1107] Emitting module Logging
[259/1107] Compiling Instrumentation Locks.swift
[260/1107] Compiling Instrumentation InstrumentationSystem.swift
[285/1117] Compiling Logging MetadataProvider.swift
[286/1118] Wrapping AST for SystemPackage for debugging
[287/1118] Wrapping AST for SwiftASN1 for debugging
[288/1118] Wrapping AST for Logging for debugging
[289/1118] Wrapping AST for Instrumentation for debugging
[291/1118] Compiling Tracing InstrumentationSystem+Tracing.swift
[292/1119] Compiling Tracing TracingTime.swift
[293/1119] Compiling Tracing TracerProtocol.swift
[293/1119] Compiling tls_record.cc
[295/1119] Compiling Tracing WithTracer.swift
[296/1119] Compiling Tracing TracerProtocol+Legacy.swift
[297/1119] Compiling Tracing Tracer.swift
[297/1119] Compiling tls_method.cc
[299/1119] Compiling Tracing NoOpTracer.swift
[300/1119] Emitting module Tracing
[301/1119] Compiling Tracing SpanProtocol.swift
[302/1120] Compiling tls13_both.cc
[303/1120] Wrapping AST for Tracing for debugging
[304/1120] Compiling tls13_server.cc
[306/1120] Emitting module DequeModule
[306/1120] Compiling tls13_enc.cc
[308/1120] Compiling DequeModule UniqueDeque+Replacements.swift
[309/1120] Compiling DequeModule UniqueDeque.swift
[310/1120] Compiling DequeModule _DequeSlot.swift
[311/1120] Compiling DequeModule _UnsafeDequeHandle.swift
[312/1120] Compiling DequeModule _UnsafeDequeSegments.swift
[313/1121] Compiling tls13_client.cc
[314/1121] Compiling t1_enc.cc
[315/1164] Wrapping AST for DequeModule for debugging
[316/1164] Compiling ssl_x509.cc
[317/1164] Compiling ssl_stat.cc
[319/1164] Emitting module Configuration
[319/1169] Compiling ssl_versions.cc
[320/1169] Compiling ssl_transcript.cc
[322/1169] Emitting module ExtrasBase64
[322/1169] Compiling ssl_session.cc
[323/1169] Compiling ssl_file.cc
[325/1169] Compiling Configuration EnvironmentKeyEncoder.swift
[326/1169] Compiling Configuration EnvironmentVariablesProvider.swift
[327/1169] Compiling Configuration CommonProviderFileSystem.swift
[328/1169] Compiling Configuration DirectoryFilesProvider.swift
[329/1169] Compiling Configuration FileProvider.swift
[330/1169] Compiling Configuration FileProviderSnapshot.swift
[331/1169] Compiling ExtrasBase64 Base64.swift
[331/1170] Compiling ssl_privkey.cc
[333/1170] Compiling ssl_lib.cc
[334/1170] Compiling ssl_credential.cc
[335/1170] Compiling ssl_key_share.cc
[336/1189] Wrapping AST for ExtrasBase64 for debugging
[337/1201] Compiling ssl_cipher.cc
[338/1201] Compiling ssl_cert.cc
[339/1201] Compiling ssl_buffer.cc
[340/1201] Compiling ssl_asn1.cc
[341/1201] Compiling ssl_aead_ctx.cc
[343/1201] Compiling GoogleWKT WKTEmpty.swift
[344/1201] Compiling GoogleWKT WKTFieldMask.swift
[345/1201] Compiling GoogleWKT WKTFloatValue.swift
[346/1201] Compiling GoogleWKT WKTInt32Value.swift
[347/1201] Compiling GoogleWKT WKTInt64Value.swift
[348/1201] Compiling GoogleWKT WKTRecursive.swift
[349/1201] Compiling GoogleWKT WKTValue.swift
[350/1201] Compiling GoogleWKT WKTApi.swift
[351/1201] Compiling GoogleWKT WKTEnum.swift
[352/1201] Compiling GoogleWKT WKTEnumValue.swift
[353/1201] Compiling GoogleWKT WKTField.swift
[354/1201] Compiling GoogleWKT WKTMethod.swift
[355/1201] Compiling GoogleWKT WKTMixin.swift
[356/1201] Compiling GoogleWKT WKTOption.swift
[357/1201] Compiling GoogleWKT WKTStringValue.swift
[358/1201] Compiling GoogleWKT WKTTimestamp.swift
[359/1201] Compiling GoogleWKT WKTUInt32Value.swift
[360/1201] Compiling GoogleWKT WKTUInt64Value.swift
[361/1201] Compiling Configuration JSONSnapshot.swift
[362/1201] Compiling Configuration PropertyListSnapshot.swift
[363/1201] Compiling Configuration ReloadingFileProvider.swift
[364/1201] Compiling Configuration ReloadingFileProviderMetrics.swift
[365/1201] Compiling Configuration YAMLSnapshot.swift
[366/1201] Compiling Configuration InMemoryProvider.swift
[367/1201] Emitting module GoogleWKT
[368/1205] Compiling Configuration CombineLatestManyStorage.swift
[369/1205] Compiling Configuration AsyncSequences.swift
[370/1205] Compiling Configuration FoundationExtensions.swift
[371/1205] Compiling Configuration Span.swift
[372/1205] Compiling Configuration ConfigBytesFromStringDecoder.swift
[372/1205] Compiling s3_pkt.cc
[382/1205] Compiling GoogleWKT WKTDoubleValue.swift
[383/1205] Compiling GoogleWKT WKTDuration.swift
[386/1205] Compiling GoogleWKT UnknownFields.swift
[387/1205] Compiling GoogleWKT WKTAny.swift
[388/1205] Compiling GoogleWKT WKTAnyError.swift
[389/1205] Compiling GoogleWKT WKTBoolValue.swift
[390/1205] Compiling GoogleWKT WKTBytesValue.swift
[398/1205] Compiling s3_lib.cc
[400/1205] Compiling GoogleWKT WKTSourceContext.swift
[401/1205] Compiling GoogleWKT WKTSyntax.swift
[402/1205] Compiling GoogleWKT WKTType.swift
[403/1205] Compiling GoogleWKT PackageVersion.swift
[403/1205] Compiling s3_both.cc
[409/1205] Compiling Configuration ConfigSnapshotReader+methods.swift
[410/1205] Compiling Configuration ConfigSnapshotReader.swift
[411/1205] Compiling GoogleWKT AnyPackable.swift
[412/1205] Compiling GoogleWKT DecodeToDefault.swift
[413/1205] Compiling GoogleWKT DiscoveryBase64.swift
[414/1205] Compiling GoogleWKT ProtoJSONDecoder.swift
[415/1205] Compiling GoogleWKT ProtoJSONEncoder.swift
[416/1205] Compiling handshake_client.cc
[424/1207] Compiling handshake_server.cc
[425/1207] Compiling handshake.cc
[426/1218] Wrapping AST for Configuration for debugging
[427/1226] Compiling handoff.cc
[429/1237] Compiling GoogleCloudLoggingType PackageVersion.swift
[430/1243] Compiling GoogleCloudLoggingType LogSeverity.swift
[430/1284] Wrapping AST for GoogleWKT for debugging
[432/1296] Emitting module GoogleCloudLoggingType
[433/1296] Compiling GoogleCloudLoggingType HttpRequest.swift
[435/1297] Compiling GoogleApi AuthRequirement.swift
[436/1297] Compiling GoogleApi Authentication.swift
[436/1299] Wrapping AST for GoogleCloudLoggingType for debugging
[438/1299] Compiling GoogleApi AuthenticationRule.swift
[439/1299] Compiling GoogleApi Backend.swift
[440/1299] Emitting module GoogleRpc
[441/1299] Compiling GoogleApi Advice.swift
[442/1299] Compiling GoogleApi AuthProvider.swift
[443/1299] Compiling GoogleApi CppSettings.swift
[444/1299] Compiling GoogleApi CustomHttpPattern.swift
[445/1299] Compiling GoogleRpc RetryInfo.swift
[446/1299] Compiling GoogleRpc Status.swift
[446/1299] Compiling encrypted_client_hello.cc
[447/1299] Compiling dtls_record.cc
[448/1299] Compiling d1_srtp.cc
[450/1299] Compiling GoogleApi Distribution.swift
[451/1299] Compiling GoogleApi Documentation.swift
[452/1299] Compiling GoogleApi BatchingDescriptorProto.swift
[453/1299] Compiling GoogleApi BatchingSettingsProto.swift
[454/1299] Compiling GoogleApi BackendRule.swift
[455/1299] Compiling GoogleApi BatchingConfigProto.swift
[455/1300] Compiling extensions.cc
[457/1300] Compiling md5-x86_64-linux.S
[458/1300] Compiling md5-x86_64-apple.S
[459/1300] Compiling md5-586-linux.S
[460/1300] Compiling md5-586-apple.S
[461/1300] Wrapping AST for GoogleRpc for debugging
[462/1300] Compiling dtls_method.cc
[463/1300] Compiling chacha20_poly1305_x86_64-apple.S
[464/1300] Compiling chacha20_poly1305_x86_64-linux.S
[465/1300] Compiling chacha20_poly1305_armv8-win.S
[466/1300] Compiling chacha20_poly1305_armv8-linux.S
[467/1300] Compiling chacha20_poly1305_armv8-apple.S
[468/1300] Compiling chacha-x86_64-linux.S
[469/1300] Compiling chacha-x86-linux.S
[469/1300] Compiling chacha-x86_64-apple.S
[471/1300] Compiling chacha-x86-apple.S
[471/1300] Compiling chacha-armv8-win.S
[473/1300] Compiling chacha-armv8-apple.S
[474/1300] Compiling chacha-armv8-linux.S
[475/1300] Compiling chacha-armv4-linux.S
[476/1300] Compiling aes128gcmsiv-x86_64-linux.S
[477/1300] Compiling x86_64-mont5-linux.S
[478/1300] Compiling aes128gcmsiv-x86_64-apple.S
[479/1300] Compiling x86_64-mont5-apple.S
[480/1300] Compiling x86_64-mont-linux.S
[481/1300] Compiling x86_64-mont-apple.S
[482/1300] Compiling x86-mont-linux.S
[483/1300] Compiling x86-mont-apple.S
[484/1300] Compiling vpaes-x86_64-linux.S
[485/1300] Compiling vpaes-x86_64-apple.S
[486/1300] Compiling err_data.cc
[487/1300] Compiling vpaes-x86-linux.S
[488/1300] Compiling vpaes-x86-apple.S
[489/1300] Compiling vpaes-armv8-win.S
[490/1300] Compiling bio_ssl.cc
[491/1300] Compiling d1_pkt.cc
[493/1300] Compiling GoogleApi Monitoring.swift
[494/1300] Compiling GoogleApi NodeSettings.swift
[495/1300] Compiling GoogleApi OAuthRequirements.swift
[496/1300] Compiling GoogleApi PackageVersion.swift
[497/1300] Compiling GoogleApi Page.swift
[498/1300] Compiling GoogleApi PhpSettings.swift
[499/1300] Compiling GoogleApi ProjectProperties.swift
[500/1300] Compiling GoogleApi Property.swift
[501/1300] Compiling GoogleApi Publishing.swift
[502/1300] Compiling GoogleApi PythonSettings.swift
[502/1300] Compiling vpaes-armv8-linux.S
[503/1304] Compiling vpaes-armv8-apple.S
[504/1308] Compiling sha512-x86_64-linux.S
[505/1309] Compiling sha512-x86_64-apple.S
[506/1309] Compiling vpaes-armv7-linux.S
[507/1309] Compiling sha512-armv8-win.S
[508/1309] Compiling sha512-armv8-apple.S
[509/1309] Compiling sha512-armv8-linux.S
[510/1309] Compiling sha512-armv4-linux.S
[511/1309] Compiling sha512-586-linux.S
[512/1309] Compiling sha512-586-apple.S
[513/1309] Compiling sha256-x86_64-linux.S
[513/1309] Compiling sha256-x86_64-apple.S
[515/1309] Compiling sha256-armv8-win.S
[516/1309] Compiling sha256-armv8-apple.S
[517/1309] Compiling sha256-armv4-linux.S
[518/1309] Compiling sha256-armv8-linux.S
[519/1309] Compiling sha256-586-apple.S
[520/1309] Compiling sha256-586-linux.S
[521/1309] Compiling sha1-x86_64-apple.S
[522/1309] Compiling sha1-armv8-win.S
[523/1309] Compiling sha1-x86_64-linux.S
[524/1309] Compiling sha1-armv8-apple.S
[525/1309] Compiling sha1-armv4-large-linux.S
[527/1309] Compiling GoogleApi Quota.swift
[528/1309] Compiling GoogleApi QuotaLimit.swift
[529/1309] Compiling GoogleApi ResourceDescriptor.swift
[530/1309] Compiling GoogleApi ResourceReference.swift
[531/1309] Compiling GoogleApi RoutingParameter.swift
[532/1309] Compiling GoogleApi RoutingRule.swift
[533/1309] Compiling GoogleApi RubySettings.swift
[534/1309] Compiling GoogleApi SelectiveGapicGeneration.swift
[535/1309] Compiling GoogleApi Service.swift
[535/1309] Compiling sha1-586-linux.S
[536/1309] Compiling sha1-586-apple.S
[537/1309] Compiling sha1-armv8-linux.S
[539/1309] Emitting module GoogleApi
[549/1309] Compiling rsaz-avx2-linux.S
[550/1309] Compiling rsaz-avx2-apple.S
[551/1309] Compiling p256_beeu-x86_64-asm-linux.S
[552/1309] Compiling rdrand-x86_64-linux.S
[553/1309] Compiling rdrand-x86_64-apple.S
[554/1309] Compiling p256_beeu-x86_64-asm-apple.S
[555/1309] Compiling p256_beeu-armv8-asm-apple.S
[556/1309] Compiling p256_beeu-armv8-asm-linux.S
[557/1309] Compiling p256_beeu-armv8-asm-win.S
[558/1309] Compiling p256-x86_64-asm-linux.S
[559/1309] Compiling p256-x86_64-asm-apple.S
[560/1309] Compiling p256-armv8-asm-apple.S
[561/1309] Compiling p256-armv8-asm-win.S
[562/1309] Compiling ghashv8-armv8-win.S
[563/1309] Compiling p256-armv8-asm-linux.S
[564/1309] Compiling ghashv8-armv8-apple.S
[565/1309] Compiling ghashv8-armv7-linux.S
[566/1309] Compiling ghashv8-armv8-linux.S
[567/1309] Compiling ghash-x86_64-linux.S
[568/1309] Compiling ghash-x86_64-apple.S
[569/1309] Compiling ghash-x86-linux.S
[570/1309] Compiling ghash-ssse3-x86_64-linux.S
[571/1309] Compiling ghash-x86-apple.S
[572/1309] Compiling ghash-ssse3-x86_64-apple.S
[573/1309] Compiling ghash-ssse3-x86-linux.S
[574/1309] Compiling d1_both.cc
[575/1309] Compiling ghash-ssse3-x86-apple.S
[576/1309] Compiling ghash-neon-armv8-win.S
[576/1309] Compiling d1_lib.cc
[578/1309] Compiling ghash-neon-armv8-linux.S
[579/1309] Compiling ghash-neon-armv8-apple.S
[580/1309] Compiling ghash-armv4-linux.S
[581/1309] Compiling co-586-linux.S
[582/1309] Compiling co-586-apple.S
[583/1309] Compiling bsaes-armv7-linux.S
[584/1309] Compiling bn-armv8-linux.S
[585/1309] Compiling bn-armv8-win.S
[586/1309] Compiling bn-586-linux.S
[587/1309] Compiling bn-armv8-apple.S
[588/1309] Compiling armv8-mont-win.S
[588/1309] Compiling bn-586-apple.S
[590/1309] Compiling armv8-mont-apple.S
[591/1309] Compiling armv4-mont-linux.S
[592/1309] Compiling aesv8-gcm-armv8-win.S
[593/1309] Compiling armv8-mont-linux.S
[594/1309] Compiling aesv8-armv8-win.S
[595/1309] Compiling aesv8-gcm-armv8-apple.S
[596/1309] Compiling aesv8-gcm-armv8-linux.S
[597/1309] Compiling aesv8-armv8-linux.S
[598/1309] Compiling aesv8-armv8-apple.S
[599/1309] Compiling aesv8-armv7-linux.S
[600/1309] Compiling aesni-x86_64-apple.S
[601/1309] Compiling aesni-x86_64-linux.S
[603/1309] Compiling GoogleApi FieldPolicy.swift
[604/1309] Compiling GoogleApi FlowControlLimitExceededBehaviorProto.swift
[605/1309] Compiling GoogleApi GoSettings.swift
[606/1309] Compiling GoogleApi Http.swift
[607/1309] Compiling GoogleApi HttpBody.swift
[608/1309] Compiling GoogleApi HttpRule.swift
[609/1309] Compiling GoogleApi JavaSettings.swift
[610/1309] Compiling GoogleApi JwtLocation.swift
[611/1309] Compiling GoogleApi LabelDescriptor.swift
[612/1309] Compiling GoogleApi LaunchStage.swift
[613/1309] Compiling GoogleApi LogDescriptor.swift
[614/1309] Compiling GoogleApi Logging.swift
[615/1309] Compiling GoogleApi MethodPolicy.swift
[616/1309] Compiling GoogleApi MethodSettings.swift
[617/1309] Compiling GoogleApi Metric.swift
[618/1309] Compiling GoogleApi MetricDescriptor.swift
[619/1309] Compiling GoogleApi MetricRule.swift
[620/1309] Compiling GoogleApi MonitoredResource.swift
[621/1309] Compiling GoogleApi MonitoredResourceDescriptor.swift
[622/1309] Compiling GoogleApi MonitoredResourceMetadata.swift
[622/1309] Compiling aesni-x86-apple.S
[623/1309] Compiling aesni-gcm-x86_64-linux.S
[624/1309] Compiling aes-gcm-avx2-x86_64-linux.S
[625/1309] Compiling aesni-gcm-x86_64-apple.S
[626/1309] Compiling aes-gcm-avx10-x86_64-apple.S
[627/1309] Compiling aes-gcm-avx10-x86_64-linux.S
[628/1309] Compiling aes-gcm-avx2-x86_64-apple.S
[636/1309] Compiling GoogleApi Endpoint.swift
[637/1309] Compiling GoogleApi ErrorReason.swift
[638/1309] Compiling GoogleApi FieldBehavior.swift
[639/1309] Compiling GoogleApi FieldInfo.swift
[640/1309] Compiling GoogleApi Billing.swift
[641/1309] Compiling GoogleApi ChangeType.swift
[642/1309] Compiling GoogleApi ClientLibraryDestination.swift
[643/1309] Compiling GoogleApi ClientLibraryOrganization.swift
[644/1309] Compiling GoogleApi ClientLibrarySettings.swift
[645/1309] Compiling GoogleApi CommonLanguageSettings.swift
[646/1309] Compiling GoogleApi ConfigChange.swift
[647/1309] Compiling GoogleApi Context.swift
[648/1309] Compiling GoogleApi ContextRule.swift
[649/1309] Compiling GoogleApi Control.swift
[650/1309] Compiling GoogleApi SourceInfo.swift
[651/1309] Compiling GoogleApi SystemParameter.swift
[652/1309] Compiling GoogleApi SystemParameterRule.swift
[653/1309] Compiling GoogleApi SystemParameters.swift
[654/1309] Compiling GoogleApi TypeReference.swift
[655/1309] Compiling GoogleApi Usage.swift
[656/1309] Compiling GoogleApi UsageRule.swift
[657/1309] Compiling GoogleApi Visibility.swift
[658/1309] Compiling GoogleApi VisibilityRule.swift
[659/1310] Compiling x_val.cc
[660/1310] Compiling x_attrib.cc
[661/1310] Wrapping AST for GoogleApi for debugging
[662/1310] Compiling x_crl.cc
[663/1310] Compiling x_exten.cc
[664/1310] Compiling x_x509.cc
[665/1310] Compiling x_x509a.cc
[666/1310] Compiling x_all.cc
[667/1310] Compiling x_algor.cc
[668/1310] Compiling x509rset.cc
[669/1310] Compiling x509spki.cc
[670/1310] Compiling x509name.cc
[670/1310] Compiling x509cset.cc
[672/1310] Compiling x509_vfy.cc
[673/1310] Compiling x509_vpm.cc
[674/1310] Compiling x509_v3.cc
[675/1310] Compiling x509_trs.cc
[676/1310] Compiling x509_set.cc
[677/1310] Compiling x509_txt.cc
[678/1310] Compiling x509_req.cc
[679/1310] Compiling x509_ext.cc
[680/1310] Compiling x509_lu.cc
[681/1310] Compiling x509_obj.cc
[682/1310] Compiling x509_def.cc
[683/1310] Compiling x509_d2.cc
[684/1310] Compiling x509_cmp.cc
[685/1310] Compiling x509_att.cc
[686/1310] Compiling x509.cc
[687/1310] Compiling v3_skey.cc
[688/1310] Compiling v3_utl.cc
[689/1310] Compiling v3_purp.cc
[690/1310] Compiling v3_prn.cc
[691/1310] Compiling v3_pmaps.cc
[692/1310] Compiling v3_ocsp.cc
[693/1310] Compiling v3_pcons.cc
[694/1310] Compiling v3_ncons.cc
[695/1310] Compiling v3_lib.cc
[696/1310] Compiling v3_int.cc
[697/1310] Compiling v3_ia5.cc
[698/1310] Compiling v3_info.cc
[699/1310] Compiling v3_genn.cc
[700/1310] Compiling v3_extku.cc
[701/1310] Compiling v3_cpols.cc
[702/1310] Compiling v3_conf.cc
[703/1310] Compiling v3_crld.cc
[704/1310] Compiling v3_bcons.cc
[705/1310] Compiling v3_bitst.cc
[706/1310] Compiling v3_enum.cc
[707/1310] Compiling v3_alt.cc
[708/1310] Compiling t_req.cc
[709/1310] Compiling v3_akey.cc
[710/1310] Compiling v3_akeya.cc
[711/1310] Compiling t_crl.cc
[712/1310] Compiling t_x509a.cc
[713/1310] Compiling rsa_pss.cc
[714/1310] Compiling t_x509.cc
[715/1310] Compiling i2d_pr.cc
[716/1310] Compiling policy.cc
[717/1310] Compiling name_print.cc
[718/1310] Compiling by_file.cc
[719/1310] Compiling by_dir.cc
[720/1310] Compiling asn1_gen.cc
[721/1310] Compiling algorithm.cc
[722/1310] Compiling a_verify.cc
[723/1310] Compiling a_sign.cc
[724/1310] Compiling a_digest.cc
[725/1310] Compiling thread_pthread.cc
[726/1310] Compiling thread_win.cc
[727/1310] Compiling voprf.cc
[728/1310] Compiling thread_none.cc
[729/1310] Compiling trust_token.cc
[730/1310] Compiling pmbtoken.cc
[731/1310] Compiling thread.cc
[732/1310] Compiling stack.cc
[733/1310] Compiling siphash.cc
[734/1310] Compiling sha512.cc
[735/1310] Compiling sha256.cc
[736/1310] Compiling sha1.cc
[737/1310] Compiling slhdsa.cc
[738/1310] Compiling rsa_print.cc
[739/1310] Compiling spake2plus.cc
[740/1310] Compiling rsa_extra.cc
[741/1310] Compiling refcount.cc
[742/1310] Compiling rsa_crypt.cc
[743/1310] Compiling rc4.cc
[744/1310] Compiling rsa_asn1.cc
[745/1310] Compiling urandom.cc
[746/1310] Compiling trusty.cc
[747/1310] Compiling windows.cc
[748/1310] Compiling rand.cc
[749/1310] Compiling passive.cc
[750/1310] Compiling ios.cc
[751/1310] Compiling poly1305_arm_asm.S
[752/1310] Compiling getentropy.cc
[753/1310] Compiling fork_detect.cc
[754/1310] Compiling forkunsafe.cc
[755/1310] Compiling deterministic.cc
[756/1310] Compiling poly1305_vec.cc
[757/1310] Compiling pool.cc
[758/1310] Compiling poly1305.cc
[759/1310] Compiling poly1305_arm.cc
[760/1310] Compiling pkcs8.cc
[761/1310] Compiling p5_pbev2.cc
[762/1310] Compiling pkcs8_x509.cc
[763/1310] Compiling pkcs7_x509.cc
[764/1310] Compiling pkcs7.cc
[765/1310] Compiling pem_xaux.cc
[766/1310] Compiling pem_x509.cc
[767/1310] Compiling pem_pkey.cc
[768/1310] Compiling mlkem.cc
[769/1310] Compiling obj_xref.cc
[770/1310] Compiling pem_oth.cc
[771/1310] Compiling pem_pk8.cc
[772/1310] Compiling pem_lib.cc
[773/1310] Compiling pem_all.cc
[774/1310] Compiling pem_info.cc
[775/1310] Compiling obj.cc
[776/1310] Compiling poly_rq_mul.S
[777/1310] Compiling lhash.cc
[778/1310] Compiling mldsa.cc
[779/1310] Compiling mem.cc
[780/1310] Compiling fips_shared_support.cc
[781/1310] Compiling md4.cc
[782/1310] Compiling md5.cc
[783/1310] Compiling kyber.cc
[784/1310] Compiling hrss.cc
[785/1310] Compiling ex_data.cc
[786/1310] Compiling hpke.cc
[786/1310] Compiling sign.cc
[788/1310] Compiling scrypt.cc
[789/1310] Compiling print.cc
[790/1310] Compiling pbkdf.cc
[791/1310] Compiling p_x25519.cc
[792/1310] Compiling p_x25519_asn1.cc
[793/1310] Compiling p_rsa_asn1.cc
[794/1310] Compiling p_rsa.cc
[795/1310] Compiling p_ed25519_asn1.cc
[796/1310] Compiling p_hkdf.cc
[797/1310] Compiling p_ed25519.cc
[798/1310] Compiling p_ec.cc
[799/1310] Compiling p_ec_asn1.cc
[800/1310] Compiling p_dh.cc
[801/1310] Compiling p_dsa_asn1.cc
[802/1310] Compiling p_dh_asn1.cc
[803/1310] Compiling evp_ctx.cc
[804/1310] Compiling evp_asn1.cc
[805/1310] Compiling evp.cc
[806/1310] Compiling engine.cc
[807/1310] Compiling err.cc
[808/1310] Compiling ecdh.cc
[809/1310] Compiling hash_to_curve.cc
[810/1310] Compiling ecdsa_asn1.cc
[811/1310] Compiling ec_derive.cc
[812/1310] Compiling dsa.cc
[813/1310] Compiling ec_asn1.cc
[814/1310] Compiling params.cc
[815/1310] Compiling digest_extra.cc
[816/1310] Compiling x25519-asm-arm.S
[817/1310] Compiling dsa_asn1.cc
[818/1310] Compiling des.cc
[819/1310] Compiling bcm.cc
[820/1310] Compiling dh_asn1.cc
[821/1310] Compiling curve25519_64_adx.cc
[822/1310] Compiling spake25519.cc
[823/1310] Compiling cpu_intel.cc
[824/1310] Compiling crypto.cc
[825/1310] Compiling cpu_arm_linux.cc
[826/1310] Compiling cpu_arm_freebsd.cc
[827/1310] Compiling curve25519.cc
[828/1310] Compiling cpu_aarch64_win.cc
[829/1310] Compiling cpu_aarch64_sysreg.cc
[830/1310] Compiling cpu_aarch64_openbsd.cc
[831/1310] Compiling cpu_aarch64_linux.cc
[832/1310] Compiling cpu_aarch64_apple.cc
[833/1310] Compiling cpu_aarch64_fuchsia.cc
[834/1310] Compiling conf.cc
[835/1310] Compiling tls_cbc.cc
[836/1310] Compiling get_cipher.cc
[837/1310] Compiling e_rc2.cc
[838/1310] Compiling e_rc4.cc
[839/1310] Compiling e_tls.cc
[840/1310] Compiling e_des.cc
[841/1310] Compiling e_null.cc
[842/1310] Compiling e_chacha20poly1305.cc
[843/1310] Compiling derive_key.cc
[844/1310] Compiling e_aesgcmsiv.cc
[845/1310] Compiling e_aesctrhmac.cc
[846/1310] Compiling chacha.cc
[847/1310] Compiling unicode.cc
[848/1310] Compiling cbb.cc
[849/1310] Compiling buf.cc
[850/1310] Compiling ber.cc
[851/1310] Compiling cbs.cc
[852/1310] Compiling asn1_compat.cc
[853/1310] Compiling bn_asn1.cc
[854/1310] Compiling convert.cc
[855/1310] Compiling blake2.cc
[856/1310] Compiling socket_helper.cc
[857/1310] Compiling socket.cc
[858/1310] Compiling printf.cc
[859/1310] Compiling pair.cc
[860/1310] Compiling hexdump.cc
[861/1310] Compiling fd.cc
[862/1310] Compiling file.cc
[863/1310] Compiling connect.cc
[864/1310] Compiling bio_mem.cc
[865/1310] Compiling errno.cc
[866/1310] Compiling base64.cc
[867/1310] Compiling bio.cc
[868/1310] Compiling tasn_typ.cc
[869/1310] Compiling tasn_utl.cc
[870/1310] Compiling tasn_fre.cc
[871/1310] Compiling tasn_new.cc
[872/1310] Compiling tasn_enc.cc
[873/1310] Compiling posix_time.cc
[874/1310] Compiling f_string.cc
[875/1310] Compiling f_int.cc
[876/1310] Compiling tasn_dec.cc
[877/1310] Compiling asn1_par.cc
[878/1310] Compiling asn_pack.cc
[879/1310] Compiling asn1_lib.cc
[880/1310] Compiling a_utctm.cc
[881/1310] Compiling a_type.cc
[882/1310] Compiling a_octet.cc
[883/1310] Compiling a_strnid.cc
[884/1310] Compiling a_strex.cc
[885/1310] Compiling a_time.cc
[886/1310] Compiling a_object.cc
[887/1310] Compiling a_mbstr.cc
[888/1310] Compiling a_i2d_fp.cc
[889/1310] Compiling a_int.cc
[889/1310] Compiling a_dup.cc
[891/1310] Compiling a_d2i_fp.cc
[892/1310] Compiling CGoogleGaxCRC32C CGoogleGaxCRC32C.c
[893/1310] Compiling a_gentm.cc
[894/1310] Compiling fiat_p256_adx_mul.S
[895/1310] Compiling a_bitstr.cc
[896/1310] Compiling fiat_p256_adx_sqr.S
[897/1310] Compiling fiat_curve25519_adx_square.S
[898/1310] Compiling fiat_curve25519_adx_mul.S
[899/1310] Compiling md5-x86_64-linux.S
[900/1310] Compiling md5-x86_64-apple.S
[901/1310] Compiling md5-586-linux.S
[902/1310] Compiling md5-586-apple.S
[903/1310] Compiling chacha20_poly1305_x86_64-linux.S
[904/1310] Compiling chacha20_poly1305_x86_64-apple.S
[905/1310] Compiling chacha20_poly1305_armv8-win.S
[906/1310] Compiling chacha20_poly1305_armv8-apple.S
[907/1310] Compiling CCryptoBoringSSLShims shims.c
[908/1310] Compiling chacha20_poly1305_armv8-linux.S
[909/1310] Compiling a_bool.cc
[910/1310] Compiling chacha-x86_64-linux.S
[911/1310] Compiling chacha-x86_64-apple.S
[912/1310] Compiling chacha-x86-linux.S
[913/1310] Compiling chacha-x86-apple.S
[914/1310] Compiling chacha-armv8-win.S
[915/1310] Compiling chacha-armv4-linux.S
[916/1310] Compiling aes128gcmsiv-x86_64-linux.S
[917/1310] Compiling chacha-armv8-linux.S
[918/1310] Compiling chacha-armv8-apple.S
[919/1310] Compiling x86_64-mont5-linux.S
[920/1310] Compiling aes128gcmsiv-x86_64-apple.S
[921/1310] Compiling x86_64-mont-apple.S
[922/1310] Compiling x86_64-mont5-apple.S
[923/1310] Compiling x86_64-mont-linux.S
[923/1310] Compiling x86-mont-linux.S
[925/1310] Compiling x86-mont-apple.S
[926/1310] Compiling vpaes-x86_64-linux.S
[927/1310] Compiling vpaes-x86_64-apple.S
[928/1310] Compiling vpaes-x86-linux.S
[929/1310] Compiling vpaes-x86-apple.S
[930/1310] Compiling vpaes-armv8-win.S
[931/1310] Compiling vpaes-armv8-apple.S
[932/1310] Compiling sha512-x86_64-linux.S
[933/1310] Compiling vpaes-armv7-linux.S
[934/1310] Compiling vpaes-armv8-linux.S
[935/1310] Compiling err_data.cc
[936/1310] Compiling sha512-x86_64-apple.S
[937/1310] Compiling sha512-armv8-linux.S
[938/1310] Compiling sha512-armv8-apple.S
[939/1310] Compiling sha512-armv4-linux.S
[940/1310] Compiling sha512-armv8-win.S
[941/1310] Compiling sha512-586-linux.S
[942/1310] Compiling sha512-586-apple.S
[943/1310] Compiling sha256-x86_64-apple.S
[944/1310] Compiling sha256-x86_64-linux.S
[945/1310] Compiling sha256-armv8-apple.S
[946/1310] Compiling sha256-armv8-win.S
[947/1310] Compiling sha256-armv8-linux.S
[948/1310] Compiling sha256-armv4-linux.S
[949/1310] Compiling sha256-586-apple.S
[949/1310] Compiling sha256-586-linux.S
[951/1310] Compiling sha1-x86_64-apple.S
[952/1310] Compiling sha1-x86_64-linux.S
[953/1310] Compiling sha1-armv8-win.S
[954/1310] Compiling sha1-armv4-large-linux.S
[955/1310] Compiling sha1-armv8-apple.S
[955/1310] Compiling sha1-586-apple.S
[957/1310] Compiling sha1-armv8-linux.S
[958/1310] Compiling sha1-586-linux.S
[959/1310] Compiling rsaz-avx2-linux.S
[960/1310] Compiling rdrand-x86_64-linux.S
[961/1310] Compiling rdrand-x86_64-apple.S
[962/1310] Compiling rsaz-avx2-apple.S
[963/1310] Compiling p256_beeu-x86_64-asm-linux.S
[964/1310] Compiling p256_beeu-x86_64-asm-apple.S
[965/1310] Compiling p256_beeu-armv8-asm-win.S
[966/1310] Compiling p256_beeu-armv8-asm-linux.S
[967/1310] Compiling p256-x86_64-asm-apple.S
[968/1310] Compiling p256_beeu-armv8-asm-apple.S
[969/1310] Compiling p256-x86_64-asm-linux.S
[970/1310] Compiling p256-armv8-asm-win.S
[971/1310] Compiling p256-armv8-asm-linux.S
[972/1310] Compiling p256-armv8-asm-apple.S
[973/1310] Compiling ghashv8-armv8-win.S
[974/1310] Compiling ghashv8-armv7-linux.S
[975/1310] Compiling ghashv8-armv8-apple.S
[976/1310] Compiling ghashv8-armv8-linux.S
[977/1310] Compiling ghash-x86_64-linux.S
[978/1310] Compiling ghash-x86_64-apple.S
[979/1310] Compiling ghash-x86-linux.S
[980/1310] Compiling ghash-ssse3-x86_64-linux.S
[980/1310] Compiling ghash-x86-apple.S
[982/1310] Compiling ghash-ssse3-x86_64-apple.S
[983/1310] Compiling ghash-ssse3-x86-linux.S
[984/1310] Compiling ghash-neon-armv8-win.S
[985/1310] Compiling ghash-ssse3-x86-apple.S
[986/1310] Compiling ghash-neon-armv8-linux.S
[987/1310] Compiling ghash-neon-armv8-apple.S
[988/1310] Compiling co-586-linux.S
[989/1310] Compiling ghash-armv4-linux.S
[990/1310] Compiling co-586-apple.S
[991/1310] Compiling bn-armv8-linux.S
[992/1310] Compiling bsaes-armv7-linux.S
[993/1310] Compiling bn-armv8-win.S
[994/1310] Compiling bn-586-linux.S
[995/1310] Compiling bn-armv8-apple.S
[996/1310] Compiling bn-586-apple.S
[997/1310] Compiling armv8-mont-linux.S
[998/1310] Compiling armv8-mont-apple.S
[999/1310] Compiling armv8-mont-win.S
[1000/1310] Compiling aesv8-gcm-armv8-win.S
[1001/1310] Compiling armv4-mont-linux.S
[1002/1310] Compiling aesv8-armv8-win.S
[1003/1310] Compiling aesv8-armv8-linux.S
[1004/1310] Compiling aesv8-gcm-armv8-apple.S
[1005/1310] Compiling aesv8-armv8-apple.S
[1006/1310] Compiling aesv8-gcm-armv8-linux.S
[1007/1310] Compiling aesni-x86-linux.S
[1008/1310] Compiling aesni-x86_64-apple.S
[1009/1310] Compiling aesv8-armv7-linux.S
[1010/1310] Compiling aesni-x86_64-linux.S
[1011/1310] Compiling aesni-gcm-x86_64-linux.S
[1012/1310] Compiling aes-gcm-avx512-x86_64-apple.S
[1013/1310] Compiling aes-gcm-avx2-x86_64-linux.S
[1014/1310] Compiling aesni-gcm-x86_64-apple.S
[1015/1310] Compiling aesni-x86-apple.S
[1016/1310] Compiling aes-gcm-avx512-x86_64-linux.S
[1017/1310] Compiling aes-gcm-avx2-x86_64-apple.S
[1018/1310] Compiling xwing.cc
[1019/1310] Compiling x_spki.cc
[1020/1310] Compiling x_x509a.cc
[1021/1310] Compiling x_sig.cc
[1022/1310] Compiling x_req.cc
[1023/1310] Compiling x_x509.cc
[1024/1310] Compiling c-nioatomics.c
[1025/1310] Compiling c-atomics.c
[1026/1310] Compiling x_name.cc
[1027/1310] Compiling x_exten.cc
[1028/1317] Compiling x_pubkey.cc
[1030/1317] Compiling NIOConcurrencyHelpers NIOLock.swift
[1030/1317] Compiling x_attrib.cc
[1031/1317] Compiling x_all.cc
[1032/1317] Compiling x_crl.cc
[1033/1317] Compiling x_algor.cc
[1035/1317] Compiling NIOConcurrencyHelpers lock.swift
[1036/1317] Compiling NIOConcurrencyHelpers NIOLockedValueBox.swift
[1037/1317] Compiling NIOConcurrencyHelpers atomics.swift
[1038/1317] Compiling NIOConcurrencyHelpers NIOThreadPoolWorkAvailable.swift
[1039/1317] Compiling NIOConcurrencyHelpers NIOAtomic.swift
[1040/1317] Emitting module NIOConcurrencyHelpers
[1041/1318] Wrapping AST for NIOConcurrencyHelpers for debugging
[1042/1318] Compiling x509spki.cc
[1043/1318] Compiling x509rset.cc
[1044/1318] Compiling x509name.cc
[1045/1318] Compiling x509cset.cc
[1046/1318] Compiling x509_vfy.cc
[1047/1318] Compiling x509_vpm.cc
[1048/1318] Compiling x509_txt.cc
[1049/1318] Compiling x509_v3.cc
[1050/1318] Compiling x509_trs.cc
[1051/1318] Compiling x509_req.cc
[1052/1318] Compiling x509_set.cc
[1053/1318] Compiling x509_lu.cc
[1054/1318] Compiling x509_obj.cc
[1055/1318] Compiling x509_ext.cc
[1056/1318] Compiling x509_d2.cc
[1057/1318] Compiling x509_def.cc
[1058/1318] Compiling v3_utl.cc
[1059/1318] Compiling v3_skey.cc
[1060/1318] Compiling x509.cc
[1061/1318] Compiling x509_att.cc
[1062/1318] Compiling x509_cmp.cc
[1063/1318] Compiling v3_purp.cc
[1064/1318] Compiling v3_prn.cc
[1065/1318] Compiling v3_pmaps.cc
[1066/1318] Compiling v3_int.cc
[1067/1318] Compiling v3_ncons.cc
[1068/1318] Compiling v3_lib.cc
[1069/1318] Compiling v3_info.cc
[1070/1318] Compiling v3_pcons.cc
[1071/1318] Compiling v3_ocsp.cc
[1072/1318] Compiling v3_ia5.cc
[1073/1318] Compiling v3_genn.cc
[1074/1318] Compiling v3_extku.cc
[1075/1318] Compiling v3_enum.cc
[1076/1318] Compiling v3_cpols.cc
[1077/1318] Compiling v3_crld.cc
[1078/1318] Compiling v3_bcons.cc
[1079/1318] Compiling v3_bitst.cc
[1080/1318] Compiling v3_akeya.cc
[1081/1318] Compiling v3_conf.cc
[1082/1318] Compiling v3_alt.cc
[1083/1318] Compiling t_req.cc
[1084/1318] Compiling t_x509a.cc
[1085/1318] Compiling v3_akey.cc
[1086/1318] Compiling t_x509.cc
[1087/1318] Compiling t_crl.cc
[1088/1318] Compiling i2d_pr.cc
[1089/1318] Compiling rsa_pss.cc
[1090/1318] Compiling name_print.cc
[1091/1318] Compiling policy.cc
[1092/1318] Compiling asn1_gen.cc
[1093/1318] Compiling by_dir.cc
[1094/1318] Compiling algorithm.cc
[1095/1318] Compiling a_verify.cc
[1096/1318] Compiling a_sign.cc
[1097/1318] Compiling by_file.cc
[1098/1318] Compiling thread_win.cc
[1099/1318] Compiling trust_token.cc
[1100/1318] Compiling voprf.cc
[1101/1318] Compiling thread.cc
[1102/1318] Compiling thread_none.cc
[1103/1318] Compiling thread_pthread.cc
[1104/1318] Compiling pmbtoken.cc
[1105/1318] Compiling a_digest.cc
[1106/1318] Compiling stack.cc
[1107/1318] Compiling siphash.cc
[1108/1318] Compiling sha1.cc
[1109/1318] Compiling rsa_print.cc
[1110/1318] Compiling spake2plus.cc
[1111/1318] Compiling slhdsa.cc
[1112/1318] Compiling sha256.cc
[1113/1318] Compiling sha512.cc
[1114/1318] Compiling rsa_extra.cc
[1115/1318] Compiling rsa_crypt.cc
[1116/1318] Compiling refcount.cc
[1117/1318] Compiling windows.cc
[1118/1318] Compiling rc4.cc
[1119/1318] Compiling rand.cc
[1120/1318] Compiling passive.cc
[1121/1318] Compiling trusty.cc
[1122/1318] Compiling urandom.cc
[1123/1318] Compiling ios.cc
[1124/1318] Compiling getentropy.cc
[1125/1318] Compiling rsa_asn1.cc
[1126/1318] Compiling poly1305_arm_asm.S
[1127/1318] Compiling forkunsafe.cc
[1128/1318] Compiling fork_detect.cc
[1129/1318] Compiling deterministic.cc
[1130/1318] Compiling poly1305_arm.cc
[1131/1318] Compiling poly1305_vec.cc
[1132/1318] Compiling pool.cc
[1133/1318] Compiling poly1305.cc
[1134/1318] Compiling pkcs8_x509.cc
[1135/1318] Compiling pkcs8.cc
[1136/1318] Compiling p5_pbev2.cc
[1137/1318] Compiling pkcs7.cc
[1138/1318] Compiling pem_xaux.cc
[1139/1318] Compiling pkcs7_x509.cc
[1140/1318] Compiling pem_pkey.cc
[1141/1318] Compiling pem_x509.cc
[1142/1318] Compiling pem_info.cc
[1143/1318] Compiling pem_oth.cc
[1144/1318] Compiling pem_lib.cc
[1145/1318] Compiling pem_pk8.cc
[1146/1318] Compiling mlkem.cc
[1147/1318] Compiling obj_xref.cc
[1148/1318] Compiling mldsa.cc
[1149/1318] Compiling pem_all.cc
[1150/1318] Compiling poly_rq_mul.S
[1151/1318] Compiling mem.cc
[1152/1318] Compiling lhash.cc
[1153/1318] Compiling fips_shared_support.cc
[1154/1318] Compiling obj.cc
[1155/1318] Compiling md4.cc
[1156/1318] Compiling md5.cc
[1157/1318] Compiling fuzzer_mode.cc
[1158/1318] Compiling hrss.cc
[1159/1318] Compiling kyber.cc
[1160/1318] Compiling ex_data.cc
[1161/1318] Compiling scrypt.cc
[1162/1318] Compiling hpke.cc
[1163/1318] Compiling print.cc
[1164/1318] Compiling pbkdf.cc
[1165/1318] Compiling sign.cc
[1166/1318] Compiling p_x25519.cc
[1167/1318] Compiling p_x25519_asn1.cc
[1168/1318] Compiling p_ed25519_asn1.cc
[1169/1318] Compiling p_rsa_asn1.cc
[1170/1318] Compiling p_hkdf.cc
[1171/1318] Compiling p_rsa.cc
[1172/1318] Compiling p_ed25519.cc
[1173/1318] Compiling p_ec.cc
[1174/1318] Compiling p_dsa_asn1.cc
[1175/1318] Compiling p_dh.cc
[1176/1318] Compiling p_dh_asn1.cc
[1177/1318] Compiling p_ec_asn1.cc
[1178/1318] Compiling err.cc
[1179/1318] Compiling ecdsa_p1363.cc
[1179/1318] Compiling evp.cc
[1181/1318] Compiling evp_asn1.cc
[1182/1318] Compiling engine.cc
[1183/1318] Compiling ecdsa_asn1.cc
[1184/1318] Compiling evp_ctx.cc
[1185/1318] Compiling ecdh.cc
[1186/1318] Compiling ec_derive.cc
[1187/1318] Compiling dsa.cc
[1188/1318] Compiling ec_asn1.cc
[1189/1318] Compiling dsa_asn1.cc
[1190/1318] Compiling hash_to_curve.cc
[1191/1318] Compiling params.cc
[1192/1318] Compiling x25519-asm-arm.S
[1193/1318] Compiling digest_extra.cc
[1194/1318] Compiling dh_asn1.cc
[1195/1318] Compiling des.cc
[1196/1318] Compiling crypto.cc
[1197/1318] Compiling curve25519_64_adx.cc
[1198/1318] Compiling spake25519.cc
[1199/1318] Compiling curve25519.cc
[1200/1318] Compiling cpu_intel.cc
[1201/1318] Compiling cpu_aarch64_sysreg.cc
[1202/1318] Compiling cpu_aarch64_openbsd.cc
[1203/1318] Compiling cpu_arm_linux.cc
[1204/1318] Compiling cpu_aarch64_win.cc
[1205/1318] Compiling cpu_arm_freebsd.cc
[1206/1318] Compiling cpu_aarch64_apple.cc
[1207/1318] Compiling cpu_aarch64_fuchsia.cc
[1208/1318] Compiling conf.cc
[1209/1318] Compiling cpu_aarch64_linux.cc
[1210/1318] Compiling e_tls.cc
[1211/1318] Compiling tls_cbc.cc
[1212/1318] Compiling get_cipher.cc
[1213/1318] Compiling e_rc4.cc
[1214/1318] Compiling cms.cc
[1215/1318] Compiling e_null.cc
[1216/1318] Compiling e_rc2.cc
[1217/1318] Compiling e_des.cc
[1218/1318] Compiling e_aesgcmsiv.cc
[1219/1318] Compiling e_chacha20poly1305.cc
[1219/1318] Compiling e_aeseax.cc
[1221/1318] Compiling e_aesctrhmac.cc
[1222/1318] Compiling derive_key.cc
[1223/1318] Compiling chacha.cc
[1224/1318] Compiling cbs.cc
[1225/1318] Compiling unicode.cc
[1226/1318] Compiling sqrt.cc
[1227/1318] Compiling buf.cc
[1228/1318] Compiling exponentiation.cc
[1229/1318] Compiling ber.cc
[1230/1318] Compiling asn1_compat.cc
[1231/1318] Compiling cbb.cc
[1232/1318] Compiling div.cc
[1233/1318] Compiling printf.cc
[1234/1318] Compiling blake2.cc
[1235/1318] Compiling convert.cc
[1236/1318] Compiling pair.cc
[1237/1318] Compiling hexdump.cc
[1238/1318] Compiling bn_asn1.cc
[1239/1318] Compiling fd.cc
[1240/1318] Compiling file.cc
[1241/1318] Compiling errno.cc
[1242/1318] Compiling base64.cc
[1243/1318] Compiling bio.cc
[1244/1318] Compiling tasn_typ.cc
[1245/1318] Compiling bio_mem.cc
[1246/1318] Compiling tasn_utl.cc
[1247/1318] Compiling tasn_fre.cc
[1248/1318] Compiling tasn_new.cc
[1249/1318] Compiling tasn_enc.cc
[1250/1318] Compiling bcm.cc
[1251/1318] Compiling posix_time.cc
[1252/1318] Compiling f_int.cc
[1253/1318] Compiling f_string.cc
[1254/1318] Compiling asn_pack.cc
[1255/1318] Compiling asn1_par.cc
[1256/1318] Compiling tasn_dec.cc
[1257/1318] Compiling a_time.cc
[1258/1318] Compiling asn1_lib.cc
[1259/1318] Compiling a_strnid.cc
[1260/1318] Compiling a_type.cc
[1261/1318] Compiling a_octet.cc
[1262/1318] Compiling a_utctm.cc
[1263/1318] Compiling a_mbstr.cc
[1264/1318] Compiling a_strex.cc
[1265/1318] Compiling a_i2d_fp.cc
[1266/1318] Compiling a_object.cc
[1267/1318] Compiling CAsyncHTTPClient CAsyncHTTPClient.c
[1267/1318] Write sources
[1271/1318] Compiling a_bool.cc
[1272/1336] Compiling a_int.cc
[1273/1361] Compiling a_dup.cc
[1274/1361] Compiling a_d2i_fp.cc
[1275/1361] Compiling a_gentm.cc
[1277/1361] Compiling Algorithms Partition.swift
[1278/1361] Compiling Algorithms Permutations.swift
[1279/1363] Compiling Algorithms AdjacentPairs.swift
[1280/1363] Compiling Algorithms Chain.swift
[1280/1363] Compiling aes.cc
[1282/1363] Compiling Atomics IntegerOperations.swift
[1283/1363] Compiling Atomics Unmanaged extensions.swift
[1284/1363] Compiling Algorithms Split.swift
[1285/1363] Compiling Algorithms Stride.swift
[1286/1363] Compiling Algorithms Suffix.swift
[1287/1366] Compiling Algorithms Grouped.swift
[1288/1366] Compiling Algorithms Indexed.swift
[1289/1366] Compiling Algorithms Chunked.swift
[1290/1366] Compiling Algorithms Combinations.swift
[1291/1366] Compiling Algorithms FlattenCollection.swift
[1291/1366] Compiling a_bitstr.cc
[1293/1374] Compiling Algorithms RandomSample.swift
[1294/1374] Compiling Algorithms Reductions.swift
[1295/1374] Compiling Algorithms Rotate.swift
[1296/1374] Compiling Algorithms Trim.swift
[1297/1374] Compiling Algorithms Unique.swift
[1298/1374] Compiling Algorithms Windows.swift
[1303/1374] Compiling Algorithms Keyed.swift
[1304/1374] Compiling Algorithms MinMax.swift
[1305/1374] Compiling CryptoBoringWrapper RandomBytes.swift
[1306/1374] Compiling CryptoBoringWrapper EllipticCurve.swift
[1307/1374] Compiling CryptoBoringWrapper FiniteFieldArithmeticContext.swift
[1308/1374] Compiling Algorithms Intersperse.swift
[1309/1374] Compiling Algorithms Compacted.swift
[1311/1374] Compiling Algorithms Cycle.swift
[1312/1374] Compiling Algorithms EitherSequence.swift
[1313/1374] Compiling Algorithms FirstNonNil.swift
[1322/1374] Compiling CryptoBoringWrapper EllipticCurvePoint.swift
[1323/1374] Compiling CryptoBoringWrapper BoringSSLAEAD.swift
[1324/1374] Emitting module CryptoBoringWrapper
[1325/1374] Compiling CryptoBoringWrapper ArbitraryPrecisionInteger.swift
[1326/1374] Compiling CryptoBoringWrapper CryptoKitErrors_boring.swift
[1330/1375] Emitting module Atomics
[1335/1376] Wrapping AST for CryptoBoringWrapper for debugging
[1336/1376] Wrapping AST for Atomics for debugging
[1338/1376] Emitting module Algorithms
[1339/1525] Wrapping AST for Algorithms for debugging
[1341/1525] Compiling NIOCore NIOCoreSendableMetatype.swift
[1342/1525] Compiling NIOCore NIODecodedAsyncSequence.swift
[1343/1525] Compiling NIOCore NIOLoopBound.swift
[1344/1525] Compiling Crypto Insecure_HashFunctions.swift
[1345/1525] Compiling NIOCore NIOScheduledCallback.swift
[1346/1525] Compiling NIOCore NIOSendable.swift
[1347/1525] Compiling NIOCore NIOSplitLinesMessageDecoder.swift
[1348/1525] Compiling NIOCore NIOTransportAccessibleChannelCore.swift
[1349/1525] Compiling NIOCore RecvByteBufferAllocator.swift
[1350/1533] Compiling Crypto HKDF.swift
[1351/1533] Compiling Crypto AESWrap.swift
[1352/1533] Compiling Crypto AESWrap_boring.swift
[1353/1533] Compiling Crypto Ed25519_boring.swift
[1354/1533] Compiling Crypto NISTCurvesKeys_boring.swift
[1355/1533] Compiling Crypto X25519Keys_boring.swift
[1356/1533] Compiling Crypto Curve25519.swift
[1357/1533] Compiling Crypto Ed25519Keys.swift
[1358/1533] Compiling Crypto NISTCurvesKeys.swift
[1359/1533] Compiling Crypto X25519Keys.swift
[1360/1533] Compiling Crypto SymmetricKeys.swift
[1361/1533] Compiling Crypto HMAC.swift
[1362/1544] Compiling NIOCore EventLoopFuture+Deprecated.swift
[1363/1544] Compiling NIOCore EventLoopFuture+WithEventLoop.swift
[1364/1544] Compiling NIOCore EventLoopFuture.swift
[1365/1544] Compiling NIOCore FileDescriptor.swift
[1366/1544] Compiling NIOCore FileHandle.swift
[1367/1544] Compiling NIOCore FileRegion.swift
[1368/1544] Compiling NIOCore GlobalSingletons.swift
[1369/1544] Compiling NIOCore IO.swift
[1370/1544] Compiling NIOCore IOData.swift
[1371/1544] Emitting module Crypto
[1372/1544] Compiling NIOCore AddressedEnvelope.swift
[1373/1544] Compiling NIOCore AsyncAwaitSupport.swift
[1374/1544] Compiling NIOCore AsyncChannel.swift
[1375/1544] Compiling NIOCore AsyncChannelHandler.swift
[1376/1544] Compiling NIOCore AsyncChannelInboundStream.swift
[1377/1544] Compiling NIOCore AsyncChannelOutboundWriter.swift
[1378/1544] Compiling NIOCore NIOAsyncSequenceProducer.swift
[1379/1544] Compiling NIOCore NIOAsyncSequenceProducerStrategies.swift
[1380/1544] Compiling NIOCore NIOAsyncWriter.swift
[1381/1544] Compiling NIOCore NIOThrowingAsyncSequenceProducer.swift
[1382/1544] Compiling NIOCore BSDSocketAPI.swift
[1383/1544] Compiling NIOCore ByteBuffer-aux.swift
[1384/1544] Compiling NIOCore IPProtocol.swift
[1385/1544] Compiling NIOCore IntegerBitPacking.swift
[1386/1544] Compiling NIOCore IntegerTypes.swift
[1387/1544] Compiling NIOCore Interfaces.swift
[1388/1544] Compiling NIOCore Linux.swift
[1389/1544] Compiling NIOCore MarkedCircularBuffer.swift
[1390/1544] Compiling NIOCore MulticastChannel.swift
[1391/1544] Compiling NIOCore NIOAny.swift
[1392/1544] Compiling NIOCore NIOCloseOnErrorHandler.swift
[1393/1544] Compiling NIOCore CircularBuffer.swift
[1394/1544] Compiling NIOCore Codec.swift
[1395/1544] Compiling NIOCore ConvenienceOptionSupport.swift
[1396/1544] Compiling NIOCore DeadChannel.swift
[1397/1544] Compiling NIOCore DispatchQueue+WithFuture.swift
[1398/1544] Compiling NIOCore EventLoop+Deprecated.swift
[1399/1544] Compiling NIOCore EventLoop+SerialExecutor.swift
[1400/1544] Compiling NIOCore EventLoop.swift
[1401/1544] Compiling NIOCore EventLoopFuture+AssumeIsolated.swift
[1402/1544] Compiling NIOCore ByteBuffer-binaryEncodedLengthPrefix.swift
[1403/1544] Compiling NIOCore ByteBuffer-conversions.swift
[1404/1544] Compiling NIOCore ByteBuffer-core.swift
[1405/1544] Compiling NIOCore ByteBuffer-hex.swift
[1406/1544] Compiling NIOCore ByteBuffer-int.swift
[1407/1544] Compiling NIOCore ByteBuffer-lengthPrefix.swift
[1408/1544] Compiling NIOCore ByteBuffer-multi-int.swift
[1409/1544] Compiling NIOCore ByteBuffer-quicBinaryEncodingStrategy.swift
[1410/1544] Compiling NIOCore ByteBuffer-views.swift
[1411/1544] Compiling NIOCore Channel.swift
[1412/1544] Compiling NIOCore ChannelHandler.swift
[1413/1544] Compiling NIOCore ChannelHandlers.swift
[1414/1544] Compiling NIOCore ChannelInvoker.swift
[1415/1544] Compiling NIOCore ChannelOption.swift
[1416/1544] Compiling NIOCore ChannelPipeline.swift
[1426/1544] Compiling Crypto Signature.swift
[1427/1544] Compiling Crypto CryptoKitErrors_boring.swift
[1428/1544] Compiling Crypto Optional+withUnsafeBytes_boring.swift
[1429/1544] Compiling Crypto RNG_boring.swift
[1430/1544] Compiling Crypto SafeCompare_boring.swift
[1431/1544] Compiling Crypto Zeroization_boring.swift
[1432/1544] Compiling Crypto _CryptoModuleAnchor.swift
[1433/1544] Compiling Crypto PrettyBytes.swift
[1434/1544] Compiling Crypto SafeCompare.swift
[1435/1544] Compiling Crypto SecureBytes.swift
[1436/1544] Compiling Crypto Zeroization.swift
[1464/1544] Compiling NIOCore SingleStepByteToMessageDecoder.swift
[1465/1544] Compiling NIOCore SocketAddresses.swift
[1466/1544] Compiling NIOCore SocketOptionProvider.swift
[1467/1544] Compiling NIOCore SystemCallHelpers.swift
[1468/1544] Compiling NIOCore TimeAmount+Duration.swift
[1469/1544] Compiling NIOCore TypeAssistedChannelHandler.swift
[1470/1544] Compiling NIOCore UniversalBootstrapSupport.swift
[1471/1544] Compiling NIOCore Utilities.swift
[1472/1545] Wrapping AST for Crypto for debugging
[1482/1607] Compiling CryptoExtras ARCServer.swift
[1483/1607] Compiling CryptoExtras ChaCha20CTR_boring.swift
[1484/1607] Compiling CryptoExtras ChaCha20CTR.swift
[1485/1607] Compiling CryptoExtras BoringSSLSHA512256Context.swift
[1486/1607] Compiling CryptoExtras BoringSSLSHA512256HashFunction.swift
[1487/1607] Compiling CryptoExtras SHA512256.swift
[1488/1607] Compiling CryptoExtras SHA512256Digest.swift
[1489/1607] Compiling CryptoExtras Curve25519+PEM.swift
[1490/1607] Compiling CryptoExtras ObjectIdentifier.swift
[1500/1615] Compiling CryptoExtras Data+Extensions.swift
[1501/1615] Compiling CryptoExtras DigestType.swift
[1502/1615] Compiling CryptoExtras Error.swift
[1503/1615] Compiling CryptoExtras I2OSP.swift
[1504/1615] Compiling CryptoExtras IntegerEncoding.swift
[1505/1615] Compiling CryptoExtras PEMDocument.swift
[1506/1615] Compiling CryptoExtras PrettyBytes.swift
[1507/1615] Compiling CryptoExtras SubjectPublicKeyInfo.swift
[1508/1615] Compiling CryptoExtras ThreadOps.swift
[1509/1615] Compiling CryptoExtras ThreadPosix.swift
[1510/1615] Compiling CryptoExtras ThreadSpecific.swift
[1511/1615] Compiling CryptoExtras ThreadWindows.swift
[1512/1615] Compiling CryptoExtras DLEQ.swift
[1513/1615] Compiling CryptoExtras Prover.swift
[1514/1615] Compiling CryptoExtras Verifier.swift
[1515/1615] Compiling CryptoExtras ZKPToolbox.swift
[1516/1615] Emitting module CryptoExtras
[1517/1615] Compiling CryptoExtras AES_CBC.swift
[1518/1615] Compiling CryptoExtras AES_CFB.swift
[1519/1615] Compiling CryptoExtras AES_CTR.swift
[1520/1615] Compiling CryptoExtras AES_GCM_SIV.swift
[1521/1615] Compiling CryptoExtras Block Function.swift
[1522/1615] Compiling CryptoExtras AES_CBC_boring.swift
[1523/1615] Compiling CryptoExtras AES_CFB_boring.swift
[1524/1615] Compiling CryptoExtras AES_CTR_boring.swift
[1525/1615] Compiling CryptoExtras AES_GCM_SIV_boring.swift
[1526/1615] Compiling CryptoExtras PKCS8DERRepresentation.swift
[1527/1615] Compiling CryptoExtras PKCS8PrivateKey.swift
[1528/1615] Compiling CryptoExtras RFC8410AlgorithmIdentifier.swift
[1529/1615] Compiling CryptoExtras ECToolbox_boring.swift
[1530/1615] Compiling CryptoExtras ECToolbox.swift
[1531/1615] Compiling CryptoExtras HashToField.swift
[1532/1615] Compiling CryptoExtras KDF.swift
[1533/1615] Compiling CryptoExtras PBKDF2_boring.swift
[1534/1615] Compiling CryptoExtras PBKDF2_commoncrypto.swift
[1535/1615] Compiling CryptoExtras CMAC.swift
[1536/1615] Compiling CryptoExtras ARC+API.swift
[1537/1615] Compiling CryptoExtras ARC.swift
[1538/1615] Compiling CryptoExtras ARCCredential.swift
[1539/1615] Compiling CryptoExtras ARCEncoding.swift
[1540/1615] Compiling CryptoExtras ARCPrecredential.swift
[1541/1615] Compiling CryptoExtras ARCPresentation.swift
[1542/1615] Compiling CryptoExtras ARCRequest.swift
[1543/1615] Compiling CryptoExtras ARCResponse.swift
[1544/1615] Compiling CryptoExtras BoringSSLPassphraseCallbackManager.swift
[1545/1615] Compiling CryptoExtras RSA+BlindSigning.swift
[1546/1615] Compiling CryptoExtras RSA.swift
[1547/1615] Compiling CryptoExtras RSA_boring.swift
[1548/1615] Compiling CryptoExtras Reexport.swift
[1549/1615] Compiling CryptoExtras Zeroization_boring.swift
[1550/1615] Compiling CryptoExtras BoringSSLHelpers.swift
[1551/1615] Compiling CryptoExtras CryptoKitErrors_boring.swift
[1552/1615] Compiling CryptoExtras PBKDF2.swift
[1553/1615] Compiling CryptoExtras Scrypt_boring.swift
[1554/1615] Compiling CryptoExtras Scrypt.swift
[1555/1615] Compiling CryptoExtras OPRF.swift
[1556/1615] Compiling CryptoExtras OPRFClient.swift
[1557/1615] Compiling CryptoExtras OPRFServer.swift
[1558/1615] Compiling CryptoExtras VOPRF+API.swift
[1559/1615] Compiling CryptoExtras VOPRFClient.swift
[1560/1615] Compiling CryptoExtras VOPRFServer.swift
[1561/1616] Wrapping AST for CryptoExtras for debugging
[1563/1618] Emitting module _CryptoExtras
[1564/1618] Compiling _CryptoExtras Exports.swift
[1565/1619] Wrapping AST for _CryptoExtras for debugging
[1567/1714] Emitting module NIOCore
[1568/1714] Compiling X509 CMSSignerIdentifier.swift
[1569/1714] Compiling X509 CMSSignerInfo.swift
[1570/1714] Compiling X509 CMSVersion.swift
[1571/1714] Compiling X509 Curve25519+DER.swift
[1572/1714] Compiling X509 CustomPrivateKey.swift
[1573/1714] Compiling X509 Digests.swift
[1574/1714] Compiling X509 DistinguishedName.swift
[1575/1714] Compiling X509 CommonName.swift
[1576/1714] Compiling X509 CountryName.swift
[1577/1714] Compiling X509 CertificateSerialNumber.swift
[1578/1714] Compiling X509 CertificateVersion.swift
[1579/1714] Compiling X509 CMSAttribute.swift
[1580/1714] Compiling X509 CMSContentInfo.swift
[1581/1714] Compiling X509 CMSEncapsulatedContentInfo.swift
[1582/1714] Compiling X509 CMSIssuerAndSerialNumber.swift
[1583/1714] Compiling X509 CMSOperations.swift
[1584/1714] Compiling X509 CMSSignature.swift
[1585/1714] Compiling X509 CMSSignedData.swift
[1586/1718] Wrapping AST for NIOCore for debugging
[1588/1772] Compiling NIOFoundationEssentialsCompat Codable+ByteBuffer.swift
[1589/1772] Emitting module NIOFoundationEssentialsCompat
[1590/1772] Emitting module NIOEmbedded
[1591/1772] Compiling NIOEmbedded AsyncTestingEventLoop.swift
[1592/1772] Compiling NIOFoundationEssentialsCompat ByteBuffer-foundation.swift
[1593/1773] Wrapping AST for NIOFoundationEssentialsCompat for debugging
[1595/1773] Compiling NIOEmbedded AsyncTestingChannel.swift
[1596/1773] Compiling NIOEmbedded Embedded.swift
[1597/1774] Wrapping AST for NIOEmbedded for debugging
[1599/1774] Compiling NIOPosix BaseStreamSocketChannel.swift
[1600/1774] Compiling NIOPosix Bootstrap.swift
[1601/1774] Compiling NIOPosix ControlMessage.swift
[1602/1774] Compiling NIOPosix DatagramVectorReadManager.swift
[1603/1774] Compiling NIOPosix Errors+Any.swift
[1604/1774] Compiling NIOPosix FileDescriptor.swift
[1605/1774] Compiling NIOPosix GetaddrinfoResolver.swift
[1606/1774] Compiling NIOPosix HappyEyeballs.swift
[1607/1774] Compiling NIOPosix IO.swift
[1608/1774] Compiling NIOPosix IntegerBitPacking.swift
[1609/1774] Compiling NIOPosix IntegerTypes.swift
[1610/1774] Compiling NIOPosix Linux.swift
[1611/1774] Compiling NIOPosix LinuxCPUSet.swift
[1612/1774] Compiling NIOPosix LinuxUring.swift
[1613/1787] Compiling NIOPosix SelectorUring.swift
[1614/1787] Compiling NIOPosix SelectorWSAPoll.swift
[1615/1787] Compiling NIOPosix ServerSocket.swift
[1616/1787] Compiling NIOPosix Socket.swift
[1617/1787] Compiling NIOPosix SocketChannel.swift
[1618/1787] Compiling NIOPosix SocketProtocols.swift
[1619/1787] Compiling NIOPosix StructuredConcurrencyHelpers.swift
[1620/1787] Compiling NIOPosix System.swift
[1621/1787] Compiling X509 AuthorityInformationAccess.swift
[1622/1787] Compiling X509 AuthorityKeyIdentifier.swift
[1623/1787] Compiling X509 BasicConstraints.swift
[1624/1787] Compiling X509 ExtendedKeyUsage.swift
[1625/1787] Compiling X509 ExtensionIdentifiers.swift
[1626/1787] Compiling X509 KeyUsage.swift
[1627/1787] Compiling NIOPosix MultiThreadedEventLoopGroup.swift
[1628/1787] Compiling NIOPosix NIOPosixSendableMetatype.swift
[1629/1787] Compiling NIOPosix NIORandomizedDNSResolver.swift
[1630/1787] Compiling NIOPosix NIOThreadPool.swift
[1631/1787] Compiling NIOPosix NonBlockingFileIO.swift
[1632/1787] Compiling NIOPosix PendingDatagramWritesManager.swift
[1633/1787] Compiling NIOPosix PendingWritesManager.swift
[1634/1787] Compiling NIOPosix Selectable.swift
[1635/1787] Compiling NIOPosix SelectableChannel.swift
[1636/1787] Compiling NIOPosix SelectableEventLoop.swift
[1637/1787] Compiling NIOPosix SelectorEpoll.swift
[1638/1787] Compiling NIOPosix SelectorGeneric.swift
[1639/1787] Compiling NIOPosix SelectorKqueue.swift
[1640/1787] Compiling X509 OCSPExtensionID.swift
[1641/1787] Compiling X509 OCSPNonce.swift
[1642/1787] Compiling X509 OCSPPolicy.swift
[1643/1787] Compiling X509 OCSPRequest.swift
[1644/1787] Compiling X509 OCSPResponse.swift
[1645/1787] Compiling X509 OCSPResponseBytes.swift
[1646/1787] Compiling X509 OCSPResponseData.swift
[1647/1787] Compiling X509 OCSPResponseStatus.swift
[1648/1787] Compiling X509 OCSPSignature.swift
[1649/1787] Compiling X509 OCSPSingleRequest.swift
[1650/1787] Compiling X509 OCSPSingleResponse.swift
[1651/1787] Compiling X509 OCSPTBSRequest.swift
[1652/1787] Compiling X509 OCSPVersion.swift
[1653/1787] Compiling X509 OneOfPolicies.swift
[1654/1787] Compiling X509 PolicyBuilder.swift
[1655/1787] Compiling X509 BasicConstraintsPolicy.swift
[1656/1787] Compiling X509 DNSNames.swift
[1657/1787] Compiling X509 ExpiryPolicy.swift
[1658/1787] Compiling X509 IPConstraints.swift
[1659/1787] Compiling X509 NameConstraintsPolicy.swift
[1660/1787] Compiling X509 RFC5280Policy.swift
[1661/1787] Compiling X509 URIConstraints.swift
[1662/1787] Compiling X509 VersionPolicy.swift
[1663/1787] Compiling X509 ServerIdentityPolicy.swift
[1664/1787] Compiling X509 TrustRootLoading.swift
[1665/1787] Compiling X509 UnverifiedChain.swift
[1666/1787] Compiling NIOPosix PipeChannel.swift
[1667/1787] Compiling NIOPosix PipePair.swift
[1668/1787] Compiling NIOPosix Pool.swift
[1669/1787] Compiling NIOPosix PosixSingletons+ConcurrencyTakeOver.swift
[1670/1787] Compiling NIOPosix PosixSingletons.swift
[1671/1787] Compiling NIOPosix RawSocketBootstrap.swift
[1672/1787] Compiling NIOPosix Resolver.swift
[1680/1794] Compiling NIOPosix Windows.swift
[1681/1794] Compiling X509 SubjectAlternativeName.swift
[1682/1794] Compiling X509 SubjectKeyIdentifier.swift
[1683/1794] Compiling X509 Extension.swift
[1684/1794] Compiling X509 Extensions.swift
[1685/1794] Compiling X509 ExtensionsBuilder.swift
[1686/1794] Compiling X509 GeneralName.swift
[1687/1794] Compiling X509 Lock.swift
[1688/1794] Compiling X509 LockedValueBox.swift
[1689/1794] Compiling X509 BasicOCSPResponse.swift
[1690/1794] Compiling X509 DirectoryString.swift
[1691/1794] Compiling X509 OCSPCertID.swift
[1692/1794] Compiling X509 OCSPCertStatus.swift
[1693/1794] Compiling NIOPosix BSDSocketAPICommon.swift
[1694/1794] Compiling NIOPosix BSDSocketAPIPosix.swift
[1695/1794] Compiling NIOPosix BSDSocketAPIWindows.swift
[1696/1794] Compiling NIOPosix BaseSocket.swift
[1697/1794] Compiling NIOPosix BaseSocketChannel+AccessibleTransport.swift
[1698/1794] Compiling NIOPosix BaseSocketChannel+SocketOptionProvider.swift
[1699/1794] Compiling NIOPosix BaseSocketChannel.swift
[1714/1794] Emitting module NIOPosix
[1715/1794] Compiling NIOPosix Thread.swift
[1716/1794] Compiling NIOPosix ThreadPosix.swift
[1717/1794] Compiling NIOPosix ThreadWindows.swift
[1718/1794] Compiling NIOPosix Utilities.swift
[1719/1794] Compiling NIOPosix VsockAddress.swift
[1720/1794] Compiling NIOPosix VsockChannelEvents.swift
[1750/1795] Wrapping AST for NIOPosix for debugging
[1752/1797] Emitting module NIO
[1753/1797] Compiling NIO Exports.swift
[1755/1798] Emitting module X509
[1755/1807] Wrapping AST for NIO for debugging
[1757/1837] Compiling NIOFoundationCompat Exports.swift
[1758/1837] Compiling NIOTLS TLSEvents.swift
[1759/1837] Compiling NIOSOCKS SelectedAuthenticationMethod.swift
[1760/1838] Compiling NIOSOCKS ClientStateMachine.swift
[1761/1838] Emitting module NIOFoundationCompat
[1762/1838] Compiling NIOTLS NIOTypedApplicationProtocolNegotiationHandler.swift
[1763/1838] Compiling NIOFoundationCompat JSONSerialization+ByteBuffer.swift
[1764/1838] Compiling NIOFoundationCompat WaitSpinningRunLoop.swift
[1765/1839] Emitting module NIOTLS
[1766/1839] Compiling NIOSOCKS SOCKSResponse.swift
[1767/1839] Wrapping AST for NIOFoundationCompat for debugging
[1769/1839] Compiling NIOSOCKS ServerStateMachine.swift
[1770/1839] Compiling NIOSOCKS SOCKSClientHandler.swift
[1771/1839] Compiling NIOSOCKS SOCKSServerHandshakeHandler.swift
[1772/1839] Compiling NIOSOCKS AuthenticationMethod.swift
[1773/1841] Compiling NIOHTTP1 HTTPServerRequestMethodQueue.swift
[1774/1841] Compiling NIOHTTP1 HTTPServerUpgradeHandler.swift
[1775/1841] Compiling NIOSOCKS Messages.swift
[1776/1841] Compiling NIOSOCKS SOCKSRequest.swift
[1777/1841] Compiling NIOTLS SNIHandler.swift
[1778/1841] Compiling NIOTLS ApplicationProtocolNegotiationHandler.swift
[1779/1841] Compiling NIOTLS ProtocolNegotiationHandlerStateMachine.swift
[1780/1841] Compiling NIOSOCKS Errors.swift
[1781/1841] Compiling NIOSOCKS Helpers.swift
[1783/1841] Compiling NIOSOCKS ClientGreeting.swift
[1788/1842] Emitting module NIOSOCKS
[1790/1843] Compiling X509 ValidatedCertificateChain.swift
[1791/1843] Compiling X509 VerificationDiagnostic.swift
[1792/1843] Compiling X509 Verifier.swift
[1793/1843] Compiling X509 VerifierPolicy.swift
[1794/1843] Compiling X509 AlgorithmIdentifier.swift
[1795/1843] Compiling X509 ECDSASignature.swift
[1796/1843] Compiling X509 RSAPKCS1PublicKey.swift
[1797/1843] Compiling X509 SubjectPublicKeyInfo.swift
[1798/1843] Compiling X509 TBSCertificate.swift
[1799/1843] Compiling X509 Time.swift
[1800/1843] Compiling X509 TimeCalculations.swift
[1801/1843] Compiling X509 Validity.swift
[1802/1843] Compiling X509 X509SendableMetatype.swift
[1805/1844] Compiling NIOHTTP1 NIOTypedHTTPClientUpgradeHandler.swift
[1806/1844] Compiling NIOHTTP1 NIOTypedHTTPClientUpgraderStateMachine.swift
[1806/1844] Wrapping AST for NIOTLS for debugging
[1806/1844] Wrapping AST for NIOSOCKS for debugging
[1809/1874] Emitting module NIOHTTP1
[1809/1874] Wrapping AST for X509 for debugging
[1811/1919] Compiling JWTKit ECDSA.swift
[1812/1919] Compiling JWTKit ECDSACurve.swift
[1813/1941] Compiling JWTKit ECDSACurveType.swift
[1814/1941] Compiling JWTKit ECDSAError.swift
[1815/1941] Compiling JWTKit MLDSAType.swift
[1816/1941] Compiling JWTKit JWTKeyCollection+UnsecuredNone.swift
[1817/1941] Compiling JWTKit UnsecuredNoneSigner.swift
[1818/1941] Compiling JWTKit JWTKeyCollection+RSA.swift
[1819/1941] Compiling JWTKit RSA.swift
[1820/1941] Compiling JWTKit RSAError.swift
[1821/1941] Compiling JWTKit RSASigner.swift
[1822/1941] Compiling JWTKit Base64URL.swift
[1823/1941] Compiling JWTKit CryptoSigner.swift
[1824/1941] Compiling JWTKit SubjectClaim.swift
[1825/1941] Compiling JWTKit TenantIDClaim.swift
[1826/1950] Compiling JWTKit JWTSerializer.swift
[1827/1950] Compiling JWTKit JWTSigner.swift
[1828/1950] Compiling JWTKit JWTKeyCollection+MLDSA.swift
[1829/1950] Compiling JWTKit MLDSA.swift
[1830/1950] Compiling JWTKit MLDSA65+MLDSAKey.swift
[1831/1950] Compiling JWTKit MLDSA87+MLDSAKey.swift
[1832/1950] Compiling JWTKit MLDSAError.swift
[1833/1950] Compiling JWTKit MLDSAKey.swift
[1834/1950] Compiling JWTKit MLDSASigner.swift
[1835/1950] Emitting module JWTKit
[1836/1950] Compiling JWTKit HMAC.swift
[1837/1950] Compiling JWTKit HMACError.swift
[1838/1950] Compiling JWTKit HMACSigner.swift
[1839/1950] Compiling JWTKit JWTKeyCollection+HMAC.swift
[1840/1950] Compiling JWTKit Insecure.swift
[1841/1950] Compiling JWTKit JWK.swift
[1842/1950] Compiling JWTKit JWKIdentifier.swift
[1843/1950] Compiling JWTKit JWKS.swift
[1844/1950] Compiling JWTKit JWKSigner.swift
[1845/1950] Compiling JWTKit AudienceClaim.swift
[1846/1950] Compiling JWTKit BoolClaim.swift
[1847/1950] Compiling JWTKit ExpirationClaim.swift
[1848/1950] Compiling JWTKit GoogleHostedDomainClaim.swift
[1849/1950] Compiling JWTKit IDClaim.swift
[1850/1950] Compiling JWTKit IssuedAtClaim.swift
[1851/1950] Compiling JWTKit IssuerClaim.swift
[1852/1950] Compiling JWTKit JWTClaim.swift
[1853/1950] Compiling JWTKit JWTMultiValueClaim.swift
[1854/1950] Compiling JWTKit JWTUnixEpochClaim.swift
[1855/1950] Compiling JWTKit LocaleClaim.swift
[1856/1950] Compiling JWTKit NotBeforeClaim.swift
[1863/1950] Compiling JWTKit ECDSAKeyTypes.swift
[1864/1950] Compiling JWTKit ECDSASigner.swift
[1880/1961] Wrapping AST for NIOHTTP1 for debugging
[1882/1971] Compiling NIOHPACK HPACKEncoder.swift
[1883/1971] Compiling NIOHPACK HPACKErrors.swift
[1887/1972] Emitting module NIOSSL
[1892/1972] Compiling JWTKit JWTAlgorithm.swift
[1893/1972] Compiling JWTKit JWTError.swift
[1894/1972] Compiling JWTKit JWTHeader+CommonFields.swift
[1895/1972] Compiling JWTKit JWTHeader.swift
[1896/1972] Compiling JWTKit JWTHeaderField.swift
[1897/1972] Compiling JWTKit JWTKeyCollection.swift
[1898/1972] Compiling JWTKit JWTParser+MandatoryVerificationFields.swift
[1899/1972] Compiling JWTKit JWTParser.swift
[1900/1972] Compiling JWTKit JWTPayload.swift
[1901/1972] Compiling JWTKit ECDSASigningAlgorithm.swift
[1902/1972] Compiling JWTKit JWTKeyCollection+ECDSA.swift
[1903/1972] Compiling JWTKit P256+CurveType.swift
[1904/1972] Compiling JWTKit P384+CurveType.swift
[1905/1972] Compiling JWTKit P521+CurveType.swift
[1906/1972] Compiling JWTKit EdDSA.swift
[1907/1972] Compiling JWTKit EdDSACurve.swift
[1908/1972] Compiling JWTKit EdDSAError.swift
[1909/1972] Compiling JWTKit EdDSASigner.swift
[1910/1972] Compiling JWTKit JWTKeyCollection+EdDSA.swift
[1911/1972] Compiling NIOHPACK IndexedHeaderTable.swift
[1912/1973] Compiling NIOHPACK StaticHeaderTable.swift
[1913/1973] Compiling NIOHTTPCompression HTTPDecompressor.swift
[1914/1973] Compiling NIOHPACK IntegerCoding.swift
[1915/1973] Compiling NIOHTTPCompression HTTPDecompression.swift
[1916/1973] Compiling NIOHPACK DynamicHeaderTable.swift
[1917/1973] Compiling NIOHPACK HPACKDecoder.swift
[1918/1973] Compiling NIOHTTPCompression HTTPCompression.swift
[1919/1973] Emitting module NIOHTTPCompression
[1928/1973] Compiling NIOHPACK HuffmanTables.swift
[1929/1973] Compiling NIOHTTPCompression HTTPRequestCompressor.swift
[1930/1973] Compiling NIOHTTPCompression HTTPResponseCompressor.swift
[1931/1973] Compiling NIOHPACK HuffmanCoding.swift
[1933/1974] Emitting module NIOHPACK
[1936/1974] Compiling NIOHPACK HPACKHeader.swift
[1937/1974] Compiling NIOHPACK HeaderTables.swift
[1938/1975] Wrapping AST for NIOHTTPCompression for debugging
[1939/1975] Wrapping AST for NIOHPACK for debugging
[1941/2038] Compiling JWTKit CustomizedJSONCoders.swift
[1942/2038] Compiling JWTKit Utilities.swift
[1943/2038] Compiling JWTKit AppleIdentityToken.swift
[1944/2038] Compiling JWTKit FirebaseAuthIdentityToken.swift
[1945/2038] Compiling JWTKit GoogleIdentityToken.swift
[1946/2038] Compiling JWTKit MicrosoftIdentityToken.swift
[1947/2038] Compiling JWTKit EmptyPolicy.swift
[1948/2038] Compiling JWTKit ValidationTimePayload.swift
[1949/2038] Compiling JWTKit X5CVerifier.swift
[1950/2039] Compiling NIOHTTP2 HasRemoteSettings.swift
[1951/2039] Compiling NIOHTTP2 LocallyQuiescingState.swift
[1952/2039] Compiling NIOHTTP2 QuiescingState.swift
[1953/2039] Compiling NIOHTTP2 RemotelyQuiescingState.swift
[1955/2040] Wrapping AST for JWTKit for debugging
[1956/2040] Wrapping AST for NIOSSL for debugging
[1958/2040] Emitting module NIOHTTP2
[1959/2048] Compiling NIOHTTP2 DOSHeuristics.swift
[1960/2048] Compiling NIOHTTP2 Error+Any.swift
[1961/2048] Compiling NIOHTTP2 ConcurrentStreamBuffer.swift
[1962/2048] Compiling NIOHTTP2 ControlFrameBuffer.swift
[1963/2048] Compiling NIOHTTP2 OutboundFlowControlBuffer.swift
[1964/2048] Compiling NIOHTTP2 OutboundFrameBuffer.swift
[1965/2048] Compiling NIOHTTP2 GlitchesMonitor.swift
[1966/2048] Compiling NIOHTTP2 HPACKHeaders+Validation.swift
[1967/2048] Compiling NIOHTTP2 HTTP2ChannelHandler+InboundStreamMultiplexer.swift
[1968/2048] Compiling NIOHTTP2 ConnectionStateMachine.swift
[1969/2048] Compiling NIOHTTP2 ConnectionStreamsState.swift
[1970/2048] Compiling NIOHTTP2 MayReceiveFrames.swift
[1971/2048] Compiling NIOHTTP2 ReceivingDataState.swift
[1972/2048] Compiling NIOHTTP2 ReceivingGoAwayState.swift
[1973/2048] Compiling NIOHTTP2 ReceivingHeadersState.swift
[1974/2048] Compiling NIOHTTP2 ReceivingPushPromiseState.swift
[1975/2048] Compiling NIOHTTP2 ReceivingRstStreamState.swift
[1976/2048] Compiling NIOHTTP2 ReceivingWindowUpdateState.swift
[1977/2048] Compiling NIOHTTP2 NIOHTTP2ServerConnectionManagementHandler.swift
[1978/2048] Compiling NIOHTTP2 StreamChannelFlowController.swift
[1979/2048] Compiling NIOHTTP2 StreamChannelList.swift
[1980/2048] Compiling NIOHTTP2 StreamMap.swift
[1981/2048] Compiling NIOHTTP2 StreamStateMachine.swift
[1982/2048] Compiling NIOHTTP2 Timer.swift
[1983/2048] Compiling NIOHTTP2 UnsafeTransfer.swift
[1984/2048] Compiling NIOHTTP2 WatermarkedFlowController.swift
[1985/2048] Compiling NIOHTTP2 MaySendFrames.swift
[1986/2048] Compiling NIOHTTP2 SendingDataState.swift
[1987/2048] Compiling NIOHTTP2 SendingGoawayState.swift
[1988/2048] Compiling NIOHTTP2 SendingHeadersState.swift
[1989/2048] Compiling NIOHTTP2 SendingPushPromiseState.swift
[1990/2048] Compiling NIOHTTP2 SendingRstStreamState.swift
[1991/2048] Compiling NIOHTTP2 SendingWindowUpdateState.swift
[1992/2048] Compiling NIOHTTP2 HTTP2SettingsState.swift
[1993/2048] Compiling NIOHTTP2 HasExtendedConnectSettings.swift
[1994/2048] Compiling NIOHTTP2 HTTP2StreamMultiplexer.swift
[1995/2048] Compiling NIOHTTP2 HTTP2ToHTTP1Codec.swift
[1996/2048] Compiling NIOHTTP2 HTTP2UserEvents.swift
[1997/2048] Compiling NIOHTTP2 InboundEventBuffer.swift
[1998/2048] Compiling NIOHTTP2 InboundWindowManager.swift
[1999/2048] Compiling NIOHTTP2 MultiplexerAbstractChannel.swift
[2000/2048] Compiling NIOHTTP2 NIOHTTP2FrameDelegate.swift
[2001/2048] Compiling NIOHTTP2 NIOHTTP2ServerConnectionManagementHandler+StateMachine.swift
[2002/2048] Compiling NIOHTTP2 HasFlowControlWindows.swift
[2003/2048] Compiling NIOHTTP2 HasLocalSettings.swift
[2008/2048] Compiling NIOHTTP2 SendAndReceiveGoawayState.swift
[2009/2048] Compiling NIOHTTP2 StateMachineResult.swift
[2010/2048] Compiling NIOHTTP2 ContentLengthVerifier.swift
[2011/2048] Compiling NIOHTTP2 HTTP2ChannelHandler+InlineStreamMultiplexer.swift
[2012/2048] Compiling NIOHTTP2 HTTP2ChannelHandler.swift
[2013/2048] Compiling NIOHTTP2 HTTP2CommonInboundStreamMultiplexer.swift
[2014/2048] Compiling NIOHTTP2 HTTP2ConnectionStateChange.swift
[2015/2048] Compiling NIOHTTP2 HTTP2Error.swift
[2016/2048] Compiling NIOHTTP2 HTTP2ErrorCode.swift
[2017/2048] Compiling NIOHTTP2 HTTP2FlowControlWindow.swift
[2018/2048] Compiling NIOHTTP2 HTTP2Frame.swift
[2019/2048] Compiling NIOHTTP2 HTTP2FrameEncoder.swift
[2020/2048] Compiling NIOHTTP2 HTTP2FrameParser.swift
[2021/2048] Compiling NIOHTTP2 HTTP2PingData.swift
[2022/2048] Compiling NIOHTTP2 HTTP2PipelineHelpers.swift
[2023/2048] Compiling NIOHTTP2 HTTP2Settings.swift
[2024/2048] Compiling NIOHTTP2 HTTP2Stream.swift
[2025/2048] Compiling NIOHTTP2 HTTP2StreamChannel+OutboundStreamMultiplexer.swift
[2026/2048] Compiling NIOHTTP2 HTTP2StreamChannel.swift
[2027/2048] Compiling NIOHTTP2 HTTP2StreamDelegate.swift
[2028/2048] Compiling NIOHTTP2 HTTP2StreamID.swift
[2029/2049] Wrapping AST for NIOHTTP2 for debugging
[2031/2113] Emitting module AsyncHTTPClient
[2032/2121] Compiling AsyncHTTPClient HTTPClientResponse.swift
[2033/2121] Compiling AsyncHTTPClient SingleIteratorPrecondition.swift
[2034/2121] Compiling AsyncHTTPClient Transaction+StateMachine.swift
[2035/2121] Compiling AsyncHTTPClient Transaction.swift
[2036/2121] Compiling AsyncHTTPClient Base64.swift
[2037/2121] Compiling AsyncHTTPClient BasicAuth.swift
[2038/2121] Compiling AsyncHTTPClient BestEffortHashableTLSConfiguration.swift
[2039/2121] Compiling AsyncHTTPClient Configuration+BrowserLike.swift
[2040/2121] Compiling AsyncHTTPClient ConnectionPool.swift
[2041/2121] Compiling AsyncHTTPClient RequestValidation.swift
[2042/2121] Compiling AsyncHTTPClient SSLContextCache.swift
[2043/2121] Compiling AsyncHTTPClient Scheme.swift
[2044/2121] Compiling AsyncHTTPClient Singleton.swift
[2045/2121] Compiling AsyncHTTPClient StringConvertibleInstances.swift
[2046/2121] Compiling AsyncHTTPClient StructuredConcurrencyHelpers.swift
[2047/2121] Compiling AsyncHTTPClient TracingSupport.swift
[2048/2121] Compiling AsyncHTTPClient Utils.swift
[2049/2121] Compiling AsyncHTTPClient RequestOptions.swift
[2050/2121] Compiling AsyncHTTPClient HTTPConnectionPool+Backoff.swift
[2051/2121] Compiling AsyncHTTPClient HTTPConnectionPool+HTTP1Connections.swift
[2052/2121] Compiling AsyncHTTPClient HTTPConnectionPool+HTTP1StateMachine.swift
[2053/2121] Compiling AsyncHTTPClient HTTPConnectionPool+HTTP2Connections.swift
[2054/2121] Compiling AsyncHTTPClient HTTPConnectionPool+HTTP2StateMachine.swift
[2055/2121] Compiling AsyncHTTPClient HTTPConnectionPool+RequestQueue.swift
[2056/2121] Compiling AsyncHTTPClient HTTPConnectionPool+StateMachine.swift
[2057/2121] Compiling AsyncHTTPClient ConnectionTarget.swift
[2058/2121] Compiling AsyncHTTPClient HTTPConnectionEvent.swift
[2059/2121] Compiling AsyncHTTPClient HTTPConnectionPool+Factory.swift
[2060/2121] Compiling AsyncHTTPClient HTTPConnectionPool+Manager.swift
[2061/2121] Compiling AsyncHTTPClient HTTPConnectionPool.swift
[2062/2121] Compiling AsyncHTTPClient HTTPExecutableRequest.swift
[2063/2121] Compiling AsyncHTTPClient HTTPRequestStateMachine+Demand.swift
[2064/2121] Compiling AsyncHTTPClient HTTPRequestStateMachine.swift
[2065/2121] Compiling AsyncHTTPClient RequestBodyLength.swift
[2066/2121] Compiling AsyncHTTPClient RequestFramingMetadata.swift
[2067/2121] Compiling AsyncHTTPClient AnyAsyncSequence.swift
[2068/2121] Compiling AsyncHTTPClient AnyAsyncSequenceProucerDelete.swift
[2069/2121] Compiling AsyncHTTPClient AsyncLazySequence.swift
[2070/2121] Compiling AsyncHTTPClient HTTPClient+execute.swift
[2071/2121] Compiling AsyncHTTPClient HTTPClient+shutdown.swift
[2072/2121] Compiling AsyncHTTPClient HTTPClient+tracing.swift
[2073/2121] Compiling AsyncHTTPClient HTTPClientRequest+Prepared.swift
[2074/2121] Compiling AsyncHTTPClient HTTPClientRequest+auth.swift
[2075/2121] Compiling AsyncHTTPClient HTTPClientRequest.swift
[2076/2121] Compiling AsyncHTTPClient DeconstructedURL.swift
[2077/2121] Compiling AsyncHTTPClient FileDownloadDelegate.swift
[2078/2121] Compiling AsyncHTTPClient FoundationExtensions.swift
[2079/2121] Compiling AsyncHTTPClient HTTPClient+HTTPCookie.swift
[2080/2121] Compiling AsyncHTTPClient HTTPClient+Proxy.swift
[2081/2121] Compiling AsyncHTTPClient HTTPClient+StructuredConcurrency.swift
[2082/2121] Compiling AsyncHTTPClient HTTPClient.swift
[2083/2121] Compiling AsyncHTTPClient HTTPClientConfiguration+SwiftConfiguration.swift
[2084/2121] Compiling AsyncHTTPClient HTTPHandler.swift
[2085/2121] Compiling AsyncHTTPClient LRUCache.swift
[2086/2121] Compiling AsyncHTTPClient NIOLoopBound+Execute.swift
[2087/2121] Compiling AsyncHTTPClient NWErrorHandler.swift
[2088/2121] Compiling AsyncHTTPClient NWWaitingHandler.swift
[2089/2121] Compiling AsyncHTTPClient TLSConfiguration.swift
[2090/2121] Compiling AsyncHTTPClient RedirectState.swift
[2091/2121] Compiling AsyncHTTPClient RequestBag+StateMachine.swift
[2092/2121] Compiling AsyncHTTPClient RequestBag+Tracing.swift
[2093/2121] Compiling AsyncHTTPClient RequestBag.swift
[2094/2121] Compiling AsyncHTTPClient HTTP1ProxyConnectHandler.swift
[2095/2121] Compiling AsyncHTTPClient SOCKSEventsHandler.swift
[2096/2121] Compiling AsyncHTTPClient TLSEventsHandler.swift
[2097/2121] Compiling AsyncHTTPClient HTTP1ClientChannelHandler.swift
[2098/2121] Compiling AsyncHTTPClient HTTP1Connection.swift
[2099/2121] Compiling AsyncHTTPClient HTTP1ConnectionStateMachine.swift
[2100/2121] Compiling AsyncHTTPClient HTTP2ClientRequestHandler.swift
[2101/2121] Compiling AsyncHTTPClient HTTP2Connection.swift
[2102/2121] Compiling AsyncHTTPClient HTTP2IdleHandler.swift
[2103/2122] Wrapping AST for AsyncHTTPClient for debugging
[2105/2145] Compiling GoogleAuth ServiceAccountCredentials.swift
[2106/2145] Compiling GoogleAuth ServiceAccountData.swift
[2107/2145] Compiling GoogleAuth ServiceAccountTokenProvider.swift
[2108/2148] Compiling GoogleAuth AnonymousCredentials.swift
[2109/2148] Compiling GoogleAuth ApiKeyCredentials.swift
[2110/2148] Compiling GoogleAuth ExternalAccountCredentials.swift
[2111/2148] Compiling GoogleAuth CredentialParserRegistry.swift
[2112/2148] Compiling GoogleAuth Credentials.swift
[2113/2148] Compiling GoogleAuth CredentialsError.swift
[2114/2148] Compiling GoogleAuth SubjectTokenProvider.swift
[2115/2148] Compiling GoogleAuth MDSAccessTokenProvider.swift
[2116/2148] Compiling GoogleAuth MDSCredentials.swift
[2117/2148] Compiling GoogleAuth AuthHTTPClient.swift
[2118/2148] Compiling GoogleAuth AuthHTTPError.swift
[2119/2148] Compiling GoogleAuth RetryEngine.swift
[2120/2148] Compiling GoogleAuth UserAccountData.swift
[2121/2148] Compiling GoogleAuth UserAccountTokenProvider.swift
[2122/2148] Compiling GoogleAuth UserCredentials.swift
[2123/2148] Compiling GoogleAuth ADC.swift
[2124/2148] Compiling GoogleAuth ADCPath.swift
[2125/2148] Compiling GoogleAuth ADCResolver.swift
[2126/2148] Compiling GoogleAuth AuthHeaders.swift
[2127/2148] Emitting module GoogleAuth
[2128/2148] Compiling GoogleAuth STSHandler.swift
[2129/2148] Compiling GoogleAuth TokenCache.swift
[2130/2148] Compiling GoogleAuth PackageVersion.swift
[2131/2149] Wrapping AST for GoogleAuth for debugging
[2133/2207] Compiling GoogleGax AIP194+PollingErrorPolicy.swift
[2134/2207] Compiling GoogleGax AIP194+RetryPolicy.swift
[2135/2207] Compiling GoogleGax AIP194.swift
[2136/2207] Compiling GoogleGax AdaptiveThrottler.swift
[2137/2207] Compiling GoogleGax AlwaysPoll.swift
[2138/2207] Compiling GoogleGax AlwaysRetry.swift
[2139/2207] Compiling GoogleGax ApiClientHeader.swift
[2140/2207] Compiling GoogleGax BackoffPolicy.swift
[2141/2207] Compiling GoogleGax BasePollingErrorPolicy.swift
[2142/2215] Emitting module GoogleGax
[2143/2215] Compiling GoogleGax LimitedAttemptCount+PollingErrorPolicy.swift
[2144/2215] Compiling GoogleGax LimitedAttemptCount+RetryPolicy.swift
[2145/2215] Compiling GoogleGax LimitedAttemptCount.swift
[2146/2215] Compiling GoogleGax LimitedElapsedTime+PollingErrorPolicy.swift
[2147/2215] Compiling GoogleGax LimitedElapsedTime+RetryPolicy.swift
[2148/2215] Compiling GoogleGax LimitedElapsedTime.swift
[2149/2215] Compiling GoogleGax LongRunningOperations.swift
[2150/2215] Compiling GoogleGax NeverRetry.swift
[2151/2215] Compiling GoogleGax RequestOptions.swift
[2152/2215] Compiling GoogleGax RetryLoop.swift
[2153/2215] Compiling GoogleGax RetryPolicy.swift
[2154/2215] Compiling GoogleGax RetryResult.swift
[2155/2215] Compiling GoogleGax RetryState.swift
[2156/2215] Compiling GoogleGax RetryThrottler.swift
[2157/2215] Compiling GoogleGax RetryThrottlerError.swift
[2158/2215] Compiling GoogleGax RoutingMatcher.swift
[2159/2215] Compiling GoogleGax Pagination.swift
/host/spi-builder-workspace/.build/checkouts/swift-google-gax/Sources/GoogleGax/Pagination.swift:44:22: error: cannot convert '@Sendable (String) async throws -> (response: ResponseType, items: [Item], nextToken: String)' to 'nonisolated(nonsending) @Sendable (String) async throws -> (response: ResponseType, items: [Item], nextToken: String)' because crossing of an isolation boundary requires parameter and result types to conform to 'Sendable' protocol
 42 |   ) where ResponseType: _PaginatedResponse<Item> {
 43 |     self.initialPageToken = initialPageToken ?? ""
 44 |     self.fetchPage = { token in
    |                      |- error: cannot convert '@Sendable (String) async throws -> (response: ResponseType, items: [Item], nextToken: String)' to 'nonisolated(nonsending) @Sendable (String) async throws -> (response: ResponseType, items: [Item], nextToken: String)' because crossing of an isolation boundary requires parameter and result types to conform to 'Sendable' protocol
    |                      `- note: type 'Item' does not conform to 'Sendable' protocol
 45 |       let response = try await listRpc(token)
 46 |       return (response, response._getPaginatedItems(), response._nextPageToken())
[2160/2215] Compiling GoogleGax PollingBackoffPolicy.swift
/host/spi-builder-workspace/.build/checkouts/swift-google-gax/Sources/GoogleGax/Pagination.swift:44:22: error: cannot convert '@Sendable (String) async throws -> (response: ResponseType, items: [Item], nextToken: String)' to 'nonisolated(nonsending) @Sendable (String) async throws -> (response: ResponseType, items: [Item], nextToken: String)' because crossing of an isolation boundary requires parameter and result types to conform to 'Sendable' protocol
 42 |   ) where ResponseType: _PaginatedResponse<Item> {
 43 |     self.initialPageToken = initialPageToken ?? ""
 44 |     self.fetchPage = { token in
    |                      |- error: cannot convert '@Sendable (String) async throws -> (response: ResponseType, items: [Item], nextToken: String)' to 'nonisolated(nonsending) @Sendable (String) async throws -> (response: ResponseType, items: [Item], nextToken: String)' because crossing of an isolation boundary requires parameter and result types to conform to 'Sendable' protocol
    |                      `- note: type 'Item' does not conform to 'Sendable' protocol
 45 |       let response = try await listRpc(token)
 46 |       return (response, response._getPaginatedItems(), response._nextPageToken())
[2161/2215] Compiling GoogleGax PollingErrorPolicy.swift
/host/spi-builder-workspace/.build/checkouts/swift-google-gax/Sources/GoogleGax/Pagination.swift:44:22: error: cannot convert '@Sendable (String) async throws -> (response: ResponseType, items: [Item], nextToken: String)' to 'nonisolated(nonsending) @Sendable (String) async throws -> (response: ResponseType, items: [Item], nextToken: String)' because crossing of an isolation boundary requires parameter and result types to conform to 'Sendable' protocol
 42 |   ) where ResponseType: _PaginatedResponse<Item> {
 43 |     self.initialPageToken = initialPageToken ?? ""
 44 |     self.fetchPage = { token in
    |                      |- error: cannot convert '@Sendable (String) async throws -> (response: ResponseType, items: [Item], nextToken: String)' to 'nonisolated(nonsending) @Sendable (String) async throws -> (response: ResponseType, items: [Item], nextToken: String)' because crossing of an isolation boundary requires parameter and result types to conform to 'Sendable' protocol
    |                      `- note: type 'Item' does not conform to 'Sendable' protocol
 45 |       let response = try await listRpc(token)
 46 |       return (response, response._getPaginatedItems(), response._nextPageToken())
[2162/2215] Compiling GoogleGax PollingResult.swift
/host/spi-builder-workspace/.build/checkouts/swift-google-gax/Sources/GoogleGax/Pagination.swift:44:22: error: cannot convert '@Sendable (String) async throws -> (response: ResponseType, items: [Item], nextToken: String)' to 'nonisolated(nonsending) @Sendable (String) async throws -> (response: ResponseType, items: [Item], nextToken: String)' because crossing of an isolation boundary requires parameter and result types to conform to 'Sendable' protocol
 42 |   ) where ResponseType: _PaginatedResponse<Item> {
 43 |     self.initialPageToken = initialPageToken ?? ""
 44 |     self.fetchPage = { token in
    |                      |- error: cannot convert '@Sendable (String) async throws -> (response: ResponseType, items: [Item], nextToken: String)' to 'nonisolated(nonsending) @Sendable (String) async throws -> (response: ResponseType, items: [Item], nextToken: String)' because crossing of an isolation boundary requires parameter and result types to conform to 'Sendable' protocol
    |                      `- note: type 'Item' does not conform to 'Sendable' protocol
 45 |       let response = try await listRpc(token)
 46 |       return (response, response._getPaginatedItems(), response._nextPageToken())
[2163/2215] Compiling GoogleGax PollingState.swift
/host/spi-builder-workspace/.build/checkouts/swift-google-gax/Sources/GoogleGax/Pagination.swift:44:22: error: cannot convert '@Sendable (String) async throws -> (response: ResponseType, items: [Item], nextToken: String)' to 'nonisolated(nonsending) @Sendable (String) async throws -> (response: ResponseType, items: [Item], nextToken: String)' because crossing of an isolation boundary requires parameter and result types to conform to 'Sendable' protocol
 42 |   ) where ResponseType: _PaginatedResponse<Item> {
 43 |     self.initialPageToken = initialPageToken ?? ""
 44 |     self.fetchPage = { token in
    |                      |- error: cannot convert '@Sendable (String) async throws -> (response: ResponseType, items: [Item], nextToken: String)' to 'nonisolated(nonsending) @Sendable (String) async throws -> (response: ResponseType, items: [Item], nextToken: String)' because crossing of an isolation boundary requires parameter and result types to conform to 'Sendable' protocol
    |                      `- note: type 'Item' does not conform to 'Sendable' protocol
 45 |       let response = try await listRpc(token)
 46 |       return (response, response._getPaginatedItems(), response._nextPageToken())
[2164/2215] Compiling GoogleGax ProtobufConversionError.swift
/host/spi-builder-workspace/.build/checkouts/swift-google-gax/Sources/GoogleGax/Pagination.swift:44:22: error: cannot convert '@Sendable (String) async throws -> (response: ResponseType, items: [Item], nextToken: String)' to 'nonisolated(nonsending) @Sendable (String) async throws -> (response: ResponseType, items: [Item], nextToken: String)' because crossing of an isolation boundary requires parameter and result types to conform to 'Sendable' protocol
 42 |   ) where ResponseType: _PaginatedResponse<Item> {
 43 |     self.initialPageToken = initialPageToken ?? ""
 44 |     self.fetchPage = { token in
    |                      |- error: cannot convert '@Sendable (String) async throws -> (response: ResponseType, items: [Item], nextToken: String)' to 'nonisolated(nonsending) @Sendable (String) async throws -> (response: ResponseType, items: [Item], nextToken: String)' because crossing of an isolation boundary requires parameter and result types to conform to 'Sendable' protocol
    |                      `- note: type 'Item' does not conform to 'Sendable' protocol
 45 |       let response = try await listRpc(token)
 46 |       return (response, response._getPaginatedItems(), response._nextPageToken())
[2165/2215] Compiling GoogleGax QueryParameter.swift
/host/spi-builder-workspace/.build/checkouts/swift-google-gax/Sources/GoogleGax/Pagination.swift:44:22: error: cannot convert '@Sendable (String) async throws -> (response: ResponseType, items: [Item], nextToken: String)' to 'nonisolated(nonsending) @Sendable (String) async throws -> (response: ResponseType, items: [Item], nextToken: String)' because crossing of an isolation boundary requires parameter and result types to conform to 'Sendable' protocol
 42 |   ) where ResponseType: _PaginatedResponse<Item> {
 43 |     self.initialPageToken = initialPageToken ?? ""
 44 |     self.fetchPage = { token in
    |                      |- error: cannot convert '@Sendable (String) async throws -> (response: ResponseType, items: [Item], nextToken: String)' to 'nonisolated(nonsending) @Sendable (String) async throws -> (response: ResponseType, items: [Item], nextToken: String)' because crossing of an isolation boundary requires parameter and result types to conform to 'Sendable' protocol
    |                      `- note: type 'Item' does not conform to 'Sendable' protocol
 45 |       let response = try await listRpc(token)
 46 |       return (response, response._getPaginatedItems(), response._nextPageToken())
[2166/2215] Compiling GoogleGax RequestError.swift
/host/spi-builder-workspace/.build/checkouts/swift-google-gax/Sources/GoogleGax/Pagination.swift:44:22: error: cannot convert '@Sendable (String) async throws -> (response: ResponseType, items: [Item], nextToken: String)' to 'nonisolated(nonsending) @Sendable (String) async throws -> (response: ResponseType, items: [Item], nextToken: String)' because crossing of an isolation boundary requires parameter and result types to conform to 'Sendable' protocol
 42 |   ) where ResponseType: _PaginatedResponse<Item> {
 43 |     self.initialPageToken = initialPageToken ?? ""
 44 |     self.fetchPage = { token in
    |                      |- error: cannot convert '@Sendable (String) async throws -> (response: ResponseType, items: [Item], nextToken: String)' to 'nonisolated(nonsending) @Sendable (String) async throws -> (response: ResponseType, items: [Item], nextToken: String)' because crossing of an isolation boundary requires parameter and result types to conform to 'Sendable' protocol
    |                      `- note: type 'Item' does not conform to 'Sendable' protocol
 45 |       let response = try await listRpc(token)
 46 |       return (response, response._getPaginatedItems(), response._nextPageToken())
[2167/2215] Compiling GoogleGax BaseRetryPolicy.swift
[2168/2215] Compiling GoogleGax BindingError.swift
[2169/2215] Compiling GoogleGax CRC32C.swift
[2170/2215] Compiling GoogleGax CircuitBreaker.swift
[2171/2215] Compiling GoogleGax ClientError.swift
[2172/2215] Compiling GoogleGax ClientOptions.swift
[2173/2215] Compiling GoogleGax ContinueOnIO+PollingErrorPolicy.swift
[2174/2215] Compiling GoogleGax ContinueOnIO+RetryPolicy.swift
[2175/2215] Compiling GoogleGax HTTPClientProtocol.swift
[2176/2215] Compiling GoogleGax HTTPClientRequest.swift
[2177/2215] Compiling GoogleGax HTTPClientResponse.swift
[2178/2215] Compiling GoogleGax HTTPHeaders.swift
[2179/2215] Compiling GoogleGax HTTPResponseBody.swift
[2180/2215] Compiling GoogleGax HeaderNames.swift
[2181/2215] Compiling GoogleGax Host.swift
[2182/2215] Compiling GoogleGax InProgressResult.swift
[2183/2215] Compiling GoogleGax ContinueOnIO.swift
[2184/2215] Compiling GoogleGax CredentialsProtocol.swift
[2185/2215] Compiling GoogleGax ErrorWrapper.swift
[2186/2215] Compiling GoogleGax ExponentialBackoff+BackoffPolicy.swift
[2187/2215] Compiling GoogleGax ExponentialBackoff+PollingBackoffPolicy.swift
[2188/2215] Compiling GoogleGax ExponentialBackoff.swift
[2189/2215] Compiling GoogleGax HTTPClient.swift
[2190/2215] Compiling GoogleGax HTTPClientHolder.swift
[2191/2215] Compiling GoogleGax ServiceError.swift
[2192/2215] Compiling GoogleGax StatusDetail.swift
[2193/2215] Compiling GoogleGax StrictIdempotency.swift
[2194/2215] Compiling GoogleGax ThrottleResult.swift
[2195/2215] Compiling GoogleGax TooManyRequests+PollingErrorPolicy.swift
[2196/2215] Compiling GoogleGax TooManyRequests+RetryPolicy.swift
[2197/2215] Compiling GoogleGax TooManyRequests.swift
[2198/2215] Compiling GoogleGax PackageVersion.swift
BUILD FAILURE 6.2 android