Build Information
Failed to build FlameGraph, reference master (e1e8e9), with Swift 6.4 for macOS (Xcode) using Xcode 27.0 on 15 Sep 2026 23:36:47 UTC.
Build Command
env DEVELOPER_DIR=/Applications/Xcode-27.0.0-Release.Candidate.app xcrun xcodebuild -IDEClonedSourcePackagesDirPathOverride=$PWD/.dependencies -skipMacroValidation -skipPackagePluginValidation -derivedDataPath $PWD/.derivedData build -scheme FlameGraph-Package -destination platform=macOS,arch=arm64Build Log
========================================
RunAll
========================================
Builder version: 5.1.0
Interrupt handler set up.
========================================
Checkout
========================================
Clone URL: https://github.com/lennet/flamegraph.git
Reference: master
Initialized empty Git repository in /Users/admin/builder/spi-builder-workspace/.git/
From https://github.com/lennet/flamegraph
* branch master -> FETCH_HEAD
* [new branch] master -> origin/master
HEAD is now at e1e8e96 bumped version number
Cloned https://github.com/lennet/flamegraph.git
Revision (git rev-parse @):
e1e8e963b2f1b23b0dbba7c0d08fce1b2ef1f572
SUCCESS checkout https://github.com/lennet/flamegraph.git at master
========================================
Build
========================================
Selected platform: macosXcodebuild
Swift version: 6.4
Building package at path: $PWD
https://github.com/lennet/flamegraph.git
Command line invocation:
/Applications/Xcode-27.0.0-Release.Candidate.app/Contents/Developer/usr/bin/xcodebuild -IDEClonedSourcePackagesDirPathOverride=/Users/admin/builder/spi-builder-workspace/.dependencies -resolvePackageDependencies
Resolve Package Graph
Fetching from https://github.com/hartbit/Yaap.git
Creating working copy of package ‘Yaap’
Checking out master (034072a) of package ‘Yaap’
Resolve Package Graph
Resolved source packages:
Yaap: https://github.com/hartbit/Yaap.git @ master (034072a)
FlameGraph: /Users/admin/builder/spi-builder-workspace
resolved source packages: Yaap, FlameGraph
2026-09-15 19:35:50.879 xcodebuild[529:3057] [MT] IDERunDestination: Supported platforms for the buildables in the current scheme is empty.
{
"dependencies" : [
{
"identity" : "yaap",
"requirement" : {
"branch" : [
"master"
]
},
"type" : "sourceControl",
"url" : "https://github.com/hartbit/Yaap.git"
}
],
"manifest_display_name" : "FlameGraph",
"name" : "FlameGraph",
"path" : "/Users/admin/builder/spi-builder-workspace",
"platforms" : [
],
"products" : [
{
"name" : "FlameGraph",
"targets" : [
"FlameGraph"
],
"type" : {
"executable" : null
}
},
{
"name" : "FlameGraphCore",
"targets" : [
"FlameGraphCore"
],
"type" : {
"library" : [
"automatic"
]
}
}
],
"targets" : [
{
"c99name" : "FlameGraphTests",
"module_type" : "SwiftTarget",
"name" : "FlameGraphTests",
"path" : "Tests/FlameGraphTests",
"sources" : [
"FlameGraphTests.swift",
"XCTestManifests.swift"
],
"target_dependencies" : [
"FlameGraph"
],
"type" : "test"
},
{
"c99name" : "FlameGraphCoreTests",
"module_type" : "SwiftTarget",
"name" : "FlameGraphCoreTests",
"path" : "Tests/FlameGraphCoreTests",
"sources" : [
"SymbolTests.swift",
"TraceParserTests.swift"
],
"target_dependencies" : [
"FlameGraphCore"
],
"type" : "test"
},
{
"c99name" : "FlameGraphCore",
"module_type" : "SwiftTarget",
"name" : "FlameGraphCore",
"path" : "Sources/FlameGraphCore",
"product_memberships" : [
"FlameGraph",
"FlameGraphCore"
],
"sources" : [
"CallGraphNode.swift",
"ImageRenderer.swift",
"Renderer/BaseRenderer.swift",
"Renderer/CGBasedRenderer.swift",
"Renderer/HTMLRenderer.swift",
"Renderer/PDFRenderer.swift",
"Renderer/Renderer.swift",
"Symbol.swift",
"TraceParser.swift"
],
"type" : "library"
},
{
"c99name" : "FlameGraph",
"module_type" : "SwiftTarget",
"name" : "FlameGraph",
"path" : "Sources/FlameGraph",
"product_dependencies" : [
"Yaap"
],
"product_memberships" : [
"FlameGraph"
],
"sources" : [
"Errors.swift",
"main.swift"
],
"target_dependencies" : [
"FlameGraphCore"
],
"type" : "executable"
}
],
"tools_version" : "5.0"
}
{
"workspace" : {
"name" : "FlameGraph",
"schemes" : [
"FlameGraph",
"FlameGraph-Package",
"FlameGraphCore"
]
}
}
2026-09-15 19:36:32.140 xcodebuild[683:4324] [MT] IDERunDestination: Supported platforms for the buildables in the current scheme is empty.
Running build ...
env DEVELOPER_DIR=/Applications/Xcode-27.0.0-Release.Candidate.app xcrun xcodebuild -IDEClonedSourcePackagesDirPathOverride=$PWD/.dependencies -skipMacroValidation -skipPackagePluginValidation -derivedDataPath $PWD/.derivedData build -scheme FlameGraph-Package -destination platform=macOS,arch=arm64
Command line invocation:
/Applications/Xcode-27.0.0-Release.Candidate.app/Contents/Developer/usr/bin/xcodebuild -IDEClonedSourcePackagesDirPathOverride=/Users/admin/builder/spi-builder-workspace/.dependencies -skipMacroValidation -skipPackagePluginValidation -derivedDataPath /Users/admin/builder/spi-builder-workspace/.derivedData build -scheme FlameGraph-Package -destination platform=macOS,arch=arm64
Resolve Package Graph
Resolve Package Graph
Resolved source packages:
FlameGraph: /Users/admin/builder/spi-builder-workspace
Yaap: https://github.com/hartbit/Yaap.git @ master (034072a)
ComputePackagePrebuildTargetDependencyGraph
Prepare packages
CreateBuildRequest
SendProjectDescription
CreateBuildOperation
ComputeTargetDependencyGraph
note: Building targets in dependency order
note: Target dependency graph (5 targets)
Target 'FlameGraph-product' in project 'FlameGraph'
➜ Explicit dependency on target 'FlameGraphCore' in project 'FlameGraph'
➜ Explicit dependency on target 'Yaap-product' in project 'Yaap'
Target 'Yaap-product' in project 'Yaap'
➜ Explicit dependency on target 'Yaap' in project 'Yaap'
Target 'Yaap' in project 'Yaap' (no dependencies)
Target 'FlameGraphCore-product' in project 'FlameGraph'
➜ Explicit dependency on target 'FlameGraphCore' in project 'FlameGraph'
Target 'FlameGraphCore' in project 'FlameGraph' (no dependencies)
GatherProvisioningInputs
CreateBuildDescription
ExecuteExternalTool /Applications/Xcode-27.0.0-Release.Candidate.app/Contents/Developer/Toolchains/XcodeDefault.xctoolchain/usr/bin/clang -v -E -dM -isysroot /Applications/Xcode-27.0.0-Release.Candidate.app/Contents/Developer/Platforms/MacOSX.platform/Developer/SDKs/MacOSX27.0.sdk -x c -c /dev/null
ExecuteExternalTool /Applications/Xcode-27.0.0-Release.Candidate.app/Contents/Developer/Toolchains/XcodeDefault.xctoolchain/usr/bin/swiftc --version
ExecuteExternalTool /Applications/Xcode-27.0.0-Release.Candidate.app/Contents/Developer/Toolchains/XcodeDefault.xctoolchain/usr/bin/ld -version_details
Build description signature: 43e7f5b104417246346b19a7055411f7
Build description path: /Users/admin/builder/spi-builder-workspace/.derivedData/Build/Intermediates.noindex/XCBuildData/43e7f5b104417246346b19a7055411f7.xcbuilddata
CreateBuildDirectory /Users/admin/builder/spi-builder-workspace/.derivedData/SDKExplicitPrecompiledModules
cd /Users/admin/builder/spi-builder-workspace/.swiftpm/xcode
builtin-create-build-directory /Users/admin/builder/spi-builder-workspace/.derivedData/SDKExplicitPrecompiledModules
CreateBuildDirectory /Users/admin/builder/spi-builder-workspace/.derivedData/ModuleCache.noindex
cd /Users/admin/builder/spi-builder-workspace/.swiftpm/xcode
builtin-create-build-directory /Users/admin/builder/spi-builder-workspace/.derivedData/ModuleCache.noindex
CreateBuildDirectory /Users/admin/builder/spi-builder-workspace/.derivedData/CompilationCache.noindex
cd /Users/admin/builder/spi-builder-workspace/.swiftpm/xcode
builtin-create-build-directory /Users/admin/builder/spi-builder-workspace/.derivedData/CompilationCache.noindex
CreateBuildDirectory /Users/admin/builder/spi-builder-workspace/.derivedData/Build/Intermediates.noindex
cd /Users/admin/builder/spi-builder-workspace/.swiftpm/xcode
builtin-create-build-directory /Users/admin/builder/spi-builder-workspace/.derivedData/Build/Intermediates.noindex
CreateBuildDirectory /Users/admin/builder/spi-builder-workspace/.derivedData/Build/Products
cd /Users/admin/builder/spi-builder-workspace/.swiftpm/xcode
builtin-create-build-directory /Users/admin/builder/spi-builder-workspace/.derivedData/Build/Products
ClangStatCache /Applications/Xcode-27.0.0-Release.Candidate.app/Contents/Developer/Toolchains/XcodeDefault.xctoolchain/usr/bin/clang-stat-cache /Applications/Xcode-27.0.0-Release.Candidate.app/Contents/Developer/Platforms/MacOSX.platform/Developer/SDKs/MacOSX27.0.sdk /Users/admin/builder/spi-builder-workspace/.derivedData/SDKStatCaches.noindex/macosx27.0-26A425-e829b21a6f8c9b70876ba0858053c0446a22442a12e9d48fe1a705f55a1adfc4.sdkstatcache
cd /Users/admin/builder/spi-builder-workspace/.swiftpm/xcode
/Applications/Xcode-27.0.0-Release.Candidate.app/Contents/Developer/Toolchains/XcodeDefault.xctoolchain/usr/bin/clang-stat-cache /Applications/Xcode-27.0.0-Release.Candidate.app/Contents/Developer/Platforms/MacOSX.platform/Developer/SDKs/MacOSX27.0.sdk -o /Users/admin/builder/spi-builder-workspace/.derivedData/SDKStatCaches.noindex/macosx27.0-26A425-e829b21a6f8c9b70876ba0858053c0446a22442a12e9d48fe1a705f55a1adfc4.sdkstatcache
CreateBuildDirectory /Users/admin/builder/spi-builder-workspace/.derivedData/Build/Intermediates.noindex/SwiftExplicitPrecompiledModules
cd /Users/admin/builder/spi-builder-workspace/.swiftpm/xcode
builtin-create-build-directory /Users/admin/builder/spi-builder-workspace/.derivedData/Build/Intermediates.noindex/SwiftExplicitPrecompiledModules
CreateBuildDirectory /Users/admin/builder/spi-builder-workspace/.derivedData/Build/Intermediates.noindex/ExplicitPrecompiledModules
cd /Users/admin/builder/spi-builder-workspace/.swiftpm/xcode
builtin-create-build-directory /Users/admin/builder/spi-builder-workspace/.derivedData/Build/Intermediates.noindex/ExplicitPrecompiledModules
CreateBuildDirectory /Users/admin/builder/spi-builder-workspace/.derivedData/Build/Intermediates.noindex/PrecompiledHeaders
cd /Users/admin/builder/spi-builder-workspace/.swiftpm/xcode
builtin-create-build-directory /Users/admin/builder/spi-builder-workspace/.derivedData/Build/Intermediates.noindex/PrecompiledHeaders
CreateBuildDirectory /Users/admin/builder/spi-builder-workspace/.derivedData/Build/Intermediates.noindex/EagerLinkingTBDs/Debug
cd /Users/admin/builder/spi-builder-workspace/.swiftpm/xcode
builtin-create-build-directory /Users/admin/builder/spi-builder-workspace/.derivedData/Build/Intermediates.noindex/EagerLinkingTBDs/Debug
CreateBuildDirectory /Users/admin/builder/spi-builder-workspace/.derivedData/Build/Products/Debug
cd /Users/admin/builder/spi-builder-workspace/.swiftpm/xcode
builtin-create-build-directory /Users/admin/builder/spi-builder-workspace/.derivedData/Build/Products/Debug
CreateBuildDirectory /Users/admin/builder/spi-builder-workspace/.derivedData/Build/Products/Debug/PackageFrameworks
cd /Users/admin/builder/spi-builder-workspace/.swiftpm/xcode
builtin-create-build-directory /Users/admin/builder/spi-builder-workspace/.derivedData/Build/Products/Debug/PackageFrameworks
WriteAuxiliaryFile /Users/admin/builder/spi-builder-workspace/.derivedData/Build/Intermediates.noindex/Yaap.build/Debug/Yaap-t.build/Yaap.modulemap (in target 'Yaap' from project 'Yaap')
cd /Users/admin/builder/spi-builder-workspace/.dependencies/checkouts/Yaap
write-file /Users/admin/builder/spi-builder-workspace/.derivedData/Build/Intermediates.noindex/Yaap.build/Debug/Yaap-t.build/Yaap.modulemap
WriteAuxiliaryFile /Users/admin/builder/spi-builder-workspace/.derivedData/Build/Intermediates.noindex/Yaap.build/Debug/Yaap-t.build/Yaap.DependencyMetadataFileList (in target 'Yaap' from project 'Yaap')
cd /Users/admin/builder/spi-builder-workspace/.dependencies/checkouts/Yaap
write-file /Users/admin/builder/spi-builder-workspace/.derivedData/Build/Intermediates.noindex/Yaap.build/Debug/Yaap-t.build/Yaap.DependencyMetadataFileList
WriteAuxiliaryFile /Users/admin/builder/spi-builder-workspace/.derivedData/Build/Intermediates.noindex/Yaap.build/Debug/Yaap-t.build/Yaap.DependencyStaticMetadataFileList (in target 'Yaap' from project 'Yaap')
cd /Users/admin/builder/spi-builder-workspace/.dependencies/checkouts/Yaap
write-file /Users/admin/builder/spi-builder-workspace/.derivedData/Build/Intermediates.noindex/Yaap.build/Debug/Yaap-t.build/Yaap.DependencyStaticMetadataFileList
WriteAuxiliaryFile /Users/admin/builder/spi-builder-workspace/.derivedData/Build/Intermediates.noindex/Yaap.build/Debug/Yaap-t.build/Objects-normal/arm64/Yaap_const_extract_protocols.json (in target 'Yaap' from project 'Yaap')
cd /Users/admin/builder/spi-builder-workspace/.dependencies/checkouts/Yaap
write-file /Users/admin/builder/spi-builder-workspace/.derivedData/Build/Intermediates.noindex/Yaap.build/Debug/Yaap-t.build/Objects-normal/arm64/Yaap_const_extract_protocols.json
WriteAuxiliaryFile /Users/admin/builder/spi-builder-workspace/.derivedData/Build/Intermediates.noindex/Yaap.build/Debug/Yaap-t.build/Objects-normal/arm64/Yaap.SwiftFileList (in target 'Yaap' from project 'Yaap')
cd /Users/admin/builder/spi-builder-workspace/.dependencies/checkouts/Yaap
write-file /Users/admin/builder/spi-builder-workspace/.derivedData/Build/Intermediates.noindex/Yaap.build/Debug/Yaap-t.build/Objects-normal/arm64/Yaap.SwiftFileList
WriteAuxiliaryFile /Users/admin/builder/spi-builder-workspace/.derivedData/Build/Intermediates.noindex/Yaap.build/Debug/Yaap-t.build/Objects-normal/arm64/Yaap.SwiftConstValuesFileList (in target 'Yaap' from project 'Yaap')
cd /Users/admin/builder/spi-builder-workspace/.dependencies/checkouts/Yaap
write-file /Users/admin/builder/spi-builder-workspace/.derivedData/Build/Intermediates.noindex/Yaap.build/Debug/Yaap-t.build/Objects-normal/arm64/Yaap.SwiftConstValuesFileList
WriteAuxiliaryFile /Users/admin/builder/spi-builder-workspace/.derivedData/Build/Intermediates.noindex/Yaap.build/Debug/Yaap-t.build/Objects-normal/arm64/Yaap-OutputFileMap.json (in target 'Yaap' from project 'Yaap')
cd /Users/admin/builder/spi-builder-workspace/.dependencies/checkouts/Yaap
write-file /Users/admin/builder/spi-builder-workspace/.derivedData/Build/Intermediates.noindex/Yaap.build/Debug/Yaap-t.build/Objects-normal/arm64/Yaap-OutputFileMap.json
WriteAuxiliaryFile /Users/admin/builder/spi-builder-workspace/.derivedData/Build/Intermediates.noindex/Yaap.build/Debug/Yaap-t.build/Objects-normal/arm64/Yaap.LinkFileList (in target 'Yaap' from project 'Yaap')
cd /Users/admin/builder/spi-builder-workspace/.dependencies/checkouts/Yaap
write-file /Users/admin/builder/spi-builder-workspace/.derivedData/Build/Intermediates.noindex/Yaap.build/Debug/Yaap-t.build/Objects-normal/arm64/Yaap.LinkFileList
WriteAuxiliaryFile /Users/admin/builder/spi-builder-workspace/.derivedData/Build/Intermediates.noindex/FlameGraph.build/Debug/FlameGraphCore-t.build/Objects-normal/arm64/FlameGraphCore_const_extract_protocols.json (in target 'FlameGraphCore' from project 'FlameGraph')
cd /Users/admin/builder/spi-builder-workspace
write-file /Users/admin/builder/spi-builder-workspace/.derivedData/Build/Intermediates.noindex/FlameGraph.build/Debug/FlameGraphCore-t.build/Objects-normal/arm64/FlameGraphCore_const_extract_protocols.json
WriteAuxiliaryFile /Users/admin/builder/spi-builder-workspace/.derivedData/Build/Intermediates.noindex/FlameGraph.build/Debug/FlameGraphCore-t.build/Objects-normal/arm64/FlameGraphCore.SwiftFileList (in target 'FlameGraphCore' from project 'FlameGraph')
cd /Users/admin/builder/spi-builder-workspace
write-file /Users/admin/builder/spi-builder-workspace/.derivedData/Build/Intermediates.noindex/FlameGraph.build/Debug/FlameGraphCore-t.build/Objects-normal/arm64/FlameGraphCore.SwiftFileList
WriteAuxiliaryFile /Users/admin/builder/spi-builder-workspace/.derivedData/Build/Intermediates.noindex/FlameGraph.build/Debug/FlameGraphCore-t.build/Objects-normal/arm64/FlameGraphCore.SwiftConstValuesFileList (in target 'FlameGraphCore' from project 'FlameGraph')
cd /Users/admin/builder/spi-builder-workspace
write-file /Users/admin/builder/spi-builder-workspace/.derivedData/Build/Intermediates.noindex/FlameGraph.build/Debug/FlameGraphCore-t.build/Objects-normal/arm64/FlameGraphCore.SwiftConstValuesFileList
WriteAuxiliaryFile /Users/admin/builder/spi-builder-workspace/.derivedData/Build/Intermediates.noindex/FlameGraph.build/Debug/FlameGraphCore-t.build/Objects-normal/arm64/FlameGraphCore.LinkFileList (in target 'FlameGraphCore' from project 'FlameGraph')
cd /Users/admin/builder/spi-builder-workspace
write-file /Users/admin/builder/spi-builder-workspace/.derivedData/Build/Intermediates.noindex/FlameGraph.build/Debug/FlameGraphCore-t.build/Objects-normal/arm64/FlameGraphCore.LinkFileList
WriteAuxiliaryFile /Users/admin/builder/spi-builder-workspace/.derivedData/Build/Intermediates.noindex/FlameGraph.build/Debug/FlameGraphCore-t.build/Objects-normal/arm64/FlameGraphCore-OutputFileMap.json (in target 'FlameGraphCore' from project 'FlameGraph')
cd /Users/admin/builder/spi-builder-workspace
write-file /Users/admin/builder/spi-builder-workspace/.derivedData/Build/Intermediates.noindex/FlameGraph.build/Debug/FlameGraphCore-t.build/Objects-normal/arm64/FlameGraphCore-OutputFileMap.json
WriteAuxiliaryFile /Users/admin/builder/spi-builder-workspace/.derivedData/Build/Intermediates.noindex/FlameGraph.build/Debug/FlameGraphCore-t.build/FlameGraphCore.modulemap (in target 'FlameGraphCore' from project 'FlameGraph')
cd /Users/admin/builder/spi-builder-workspace
write-file /Users/admin/builder/spi-builder-workspace/.derivedData/Build/Intermediates.noindex/FlameGraph.build/Debug/FlameGraphCore-t.build/FlameGraphCore.modulemap
WriteAuxiliaryFile /Users/admin/builder/spi-builder-workspace/.derivedData/Build/Intermediates.noindex/FlameGraph.build/Debug/FlameGraphCore-t.build/FlameGraphCore.DependencyStaticMetadataFileList (in target 'FlameGraphCore' from project 'FlameGraph')
cd /Users/admin/builder/spi-builder-workspace
write-file /Users/admin/builder/spi-builder-workspace/.derivedData/Build/Intermediates.noindex/FlameGraph.build/Debug/FlameGraphCore-t.build/FlameGraphCore.DependencyStaticMetadataFileList
WriteAuxiliaryFile /Users/admin/builder/spi-builder-workspace/.derivedData/Build/Intermediates.noindex/FlameGraph.build/Debug/FlameGraphCore-t.build/FlameGraphCore.DependencyMetadataFileList (in target 'FlameGraphCore' from project 'FlameGraph')
cd /Users/admin/builder/spi-builder-workspace
write-file /Users/admin/builder/spi-builder-workspace/.derivedData/Build/Intermediates.noindex/FlameGraph.build/Debug/FlameGraphCore-t.build/FlameGraphCore.DependencyMetadataFileList
WriteAuxiliaryFile /Users/admin/builder/spi-builder-workspace/.derivedData/Build/Intermediates.noindex/FlameGraph.build/Debug/FlameGraph-p.build/Objects-normal/arm64/FlameGraph_const_extract_protocols.json (in target 'FlameGraph-product' from project 'FlameGraph')
cd /Users/admin/builder/spi-builder-workspace
write-file /Users/admin/builder/spi-builder-workspace/.derivedData/Build/Intermediates.noindex/FlameGraph.build/Debug/FlameGraph-p.build/Objects-normal/arm64/FlameGraph_const_extract_protocols.json
Copy /Users/admin/builder/spi-builder-workspace/.derivedData/Build/Intermediates.noindex/GeneratedModuleMaps/Yaap.modulemap /Users/admin/builder/spi-builder-workspace/.derivedData/Build/Intermediates.noindex/Yaap.build/Debug/Yaap-t.build/Yaap.modulemap (in target 'Yaap' from project 'Yaap')
cd /Users/admin/builder/spi-builder-workspace/.dependencies/checkouts/Yaap
builtin-copy -exclude .DS_Store -exclude CVS -exclude .svn -exclude .git -exclude .hg -resolve-src-symlinks /Users/admin/builder/spi-builder-workspace/.derivedData/Build/Intermediates.noindex/Yaap.build/Debug/Yaap-t.build/Yaap.modulemap /Users/admin/builder/spi-builder-workspace/.derivedData/Build/Intermediates.noindex/GeneratedModuleMaps
WriteAuxiliaryFile /Users/admin/builder/spi-builder-workspace/.derivedData/Build/Intermediates.noindex/FlameGraph.build/Debug/FlameGraph-p.build/Objects-normal/arm64/FlameGraph.SwiftFileList (in target 'FlameGraph-product' from project 'FlameGraph')
cd /Users/admin/builder/spi-builder-workspace
write-file /Users/admin/builder/spi-builder-workspace/.derivedData/Build/Intermediates.noindex/FlameGraph.build/Debug/FlameGraph-p.build/Objects-normal/arm64/FlameGraph.SwiftFileList
WriteAuxiliaryFile /Users/admin/builder/spi-builder-workspace/.derivedData/Build/Intermediates.noindex/FlameGraph.build/Debug/FlameGraph-p.build/Objects-normal/arm64/FlameGraph.LinkFileList (in target 'FlameGraph-product' from project 'FlameGraph')
cd /Users/admin/builder/spi-builder-workspace
write-file /Users/admin/builder/spi-builder-workspace/.derivedData/Build/Intermediates.noindex/FlameGraph.build/Debug/FlameGraph-p.build/Objects-normal/arm64/FlameGraph.LinkFileList
WriteAuxiliaryFile /Users/admin/builder/spi-builder-workspace/.derivedData/Build/Intermediates.noindex/FlameGraph.build/Debug/FlameGraph-p.build/Objects-normal/arm64/FlameGraph-OutputFileMap.json (in target 'FlameGraph-product' from project 'FlameGraph')
cd /Users/admin/builder/spi-builder-workspace
write-file /Users/admin/builder/spi-builder-workspace/.derivedData/Build/Intermediates.noindex/FlameGraph.build/Debug/FlameGraph-p.build/Objects-normal/arm64/FlameGraph-OutputFileMap.json
WriteAuxiliaryFile /Users/admin/builder/spi-builder-workspace/.derivedData/Build/Intermediates.noindex/FlameGraph.build/Debug/FlameGraph-p.build/FlameGraph.DependencyStaticMetadataFileList (in target 'FlameGraph-product' from project 'FlameGraph')
cd /Users/admin/builder/spi-builder-workspace
write-file /Users/admin/builder/spi-builder-workspace/.derivedData/Build/Intermediates.noindex/FlameGraph.build/Debug/FlameGraph-p.build/FlameGraph.DependencyStaticMetadataFileList
WriteAuxiliaryFile /Users/admin/builder/spi-builder-workspace/.derivedData/Build/Intermediates.noindex/FlameGraph.build/Debug/FlameGraph-p.build/FlameGraph.DependencyMetadataFileList (in target 'FlameGraph-product' from project 'FlameGraph')
cd /Users/admin/builder/spi-builder-workspace
write-file /Users/admin/builder/spi-builder-workspace/.derivedData/Build/Intermediates.noindex/FlameGraph.build/Debug/FlameGraph-p.build/FlameGraph.DependencyMetadataFileList
Copy /Users/admin/builder/spi-builder-workspace/.derivedData/Build/Intermediates.noindex/GeneratedModuleMaps/FlameGraphCore.modulemap /Users/admin/builder/spi-builder-workspace/.derivedData/Build/Intermediates.noindex/FlameGraph.build/Debug/FlameGraphCore-t.build/FlameGraphCore.modulemap (in target 'FlameGraphCore' from project 'FlameGraph')
cd /Users/admin/builder/spi-builder-workspace
builtin-copy -exclude .DS_Store -exclude CVS -exclude .svn -exclude .git -exclude .hg -resolve-src-symlinks /Users/admin/builder/spi-builder-workspace/.derivedData/Build/Intermediates.noindex/FlameGraph.build/Debug/FlameGraphCore-t.build/FlameGraphCore.modulemap /Users/admin/builder/spi-builder-workspace/.derivedData/Build/Intermediates.noindex/GeneratedModuleMaps
SwiftDriver FlameGraphCore normal arm64 com.apple.xcode.tools.swift.compiler (in target 'FlameGraphCore' from project 'FlameGraph')
cd /Users/admin/builder/spi-builder-workspace/.swiftpm/xcode
builtin-SwiftDriver -- /Applications/Xcode-27.0.0-Release.Candidate.app/Contents/Developer/Toolchains/XcodeDefault.xctoolchain/usr/bin/swiftc -parse-as-library -module-name FlameGraphCore -Onone @/Users/admin/builder/spi-builder-workspace/.derivedData/Build/Intermediates.noindex/FlameGraph.build/Debug/FlameGraphCore-t.build/Objects-normal/arm64/FlameGraphCore.SwiftFileList -DSWIFT_PACKAGE -DDEBUG -DSWIFT_MODULE_RESOURCE_BUNDLE_UNAVAILABLE -DXcode -plugin-path /Applications/Xcode-27.0.0-Release.Candidate.app/Contents/Developer/Toolchains/XcodeDefault.xctoolchain/usr/lib/swift/host/plugins/testing -enable-experimental-feature DebugDescriptionMacro -sdk /Applications/Xcode-27.0.0-Release.Candidate.app/Contents/Developer/Platforms/MacOSX.platform/Developer/SDKs/MacOSX27.0.sdk -target arm64-apple-macos12.0 -g -module-cache-path /Users/admin/builder/spi-builder-workspace/.derivedData/ModuleCache.noindex -Xfrontend -serialize-debugging-options -profile-coverage-mapping -profile-generate -enable-testing -index-store-path /Users/admin/builder/spi-builder-workspace/.derivedData/Index.noindex/DataStore -Xcc -D_LIBCPP_HARDENING_MODE\=_LIBCPP_HARDENING_MODE_DEBUG -swift-version 5 -I /Users/admin/builder/spi-builder-workspace/.derivedData/Build/Products/Debug -Isystem /Applications/Xcode-27.0.0-Release.Candidate.app/Contents/Developer/Platforms/MacOSX.platform/Developer/usr/lib -F /Users/admin/builder/spi-builder-workspace/.derivedData/Build/Products/Debug -F /Applications/Xcode-27.0.0-Release.Candidate.app/Contents/Developer/Platforms/MacOSX.platform/Developer/Library/Frameworks -c -j10 -enable-batch-mode -incremental -Xcc -ivfsstatcache -Xcc /Users/admin/builder/spi-builder-workspace/.derivedData/SDKStatCaches.noindex/macosx27.0-26A425-e829b21a6f8c9b70876ba0858053c0446a22442a12e9d48fe1a705f55a1adfc4.sdkstatcache -output-file-map /Users/admin/builder/spi-builder-workspace/.derivedData/Build/Intermediates.noindex/FlameGraph.build/Debug/FlameGraphCore-t.build/Objects-normal/arm64/FlameGraphCore-OutputFileMap.json -save-temps -no-color-diagnostics -explicit-module-build -module-cache-path /Users/admin/builder/spi-builder-workspace/.derivedData/Build/Intermediates.noindex/SwiftExplicitPrecompiledModules -clang-scanner-module-cache-path /Users/admin/builder/spi-builder-workspace/.derivedData/ModuleCache.noindex -sdk-module-cache-path /Users/admin/builder/spi-builder-workspace/.derivedData/SDKExplicitPrecompiledModules -emit-dependencies -emit-module -emit-module-path /Users/admin/builder/spi-builder-workspace/.derivedData/Build/Intermediates.noindex/FlameGraph.build/Debug/FlameGraphCore-t.build/Objects-normal/arm64/FlameGraphCore.swiftmodule -serialize-diagnostics -dependency-scan-serialize-diagnostics-path /Users/admin/builder/spi-builder-workspace/.derivedData/Build/Intermediates.noindex/FlameGraph.build/Debug/FlameGraphCore-t.build/Objects-normal/arm64/FlameGraphCore-dependency-scan.dia -validate-clang-modules-once -clang-build-session-file /Users/admin/builder/spi-builder-workspace/.derivedData/ModuleCache.noindex/Session.modulevalidation -Xcc -fmodules-prune-interval\=86400 -Xcc -fmodules-prune-after\=345600 -emit-const-values -const-gather-protocols-list /Users/admin/builder/spi-builder-workspace/.derivedData/Build/Intermediates.noindex/FlameGraph.build/Debug/FlameGraphCore-t.build/Objects-normal/arm64/FlameGraphCore_const_extract_protocols.json -Xcc -I/Users/admin/builder/spi-builder-workspace/.derivedData/Build/Products/Debug/include -Xcc -I/Users/admin/builder/spi-builder-workspace/.derivedData/Build/Intermediates.noindex/FlameGraph.build/Debug/FlameGraphCore-t.build/DerivedSources-normal/arm64 -Xcc -I/Users/admin/builder/spi-builder-workspace/.derivedData/Build/Intermediates.noindex/FlameGraph.build/Debug/FlameGraphCore-t.build/DerivedSources/arm64 -Xcc -I/Users/admin/builder/spi-builder-workspace/.derivedData/Build/Intermediates.noindex/FlameGraph.build/Debug/FlameGraphCore-t.build/DerivedSources -Xcc -DSWIFT_PACKAGE -Xcc -DDEBUG\=1 -emit-objc-header -emit-objc-header-path /Users/admin/builder/spi-builder-workspace/.derivedData/Build/Intermediates.noindex/FlameGraph.build/Debug/FlameGraphCore-t.build/Objects-normal/arm64/FlameGraphCore-Swift.h -working-directory /Users/admin/builder/spi-builder-workspace/.swiftpm/xcode -experimental-emit-module-separately -disable-cmo
SwiftDriver Yaap normal arm64 com.apple.xcode.tools.swift.compiler (in target 'Yaap' from project 'Yaap')
cd /Users/admin/builder/spi-builder-workspace/.swiftpm/xcode
builtin-SwiftDriver -- /Applications/Xcode-27.0.0-Release.Candidate.app/Contents/Developer/Toolchains/XcodeDefault.xctoolchain/usr/bin/swiftc -parse-as-library -module-name Yaap -Onone @/Users/admin/builder/spi-builder-workspace/.derivedData/Build/Intermediates.noindex/Yaap.build/Debug/Yaap-t.build/Objects-normal/arm64/Yaap.SwiftFileList -DSWIFT_PACKAGE -DDEBUG -DSWIFT_MODULE_RESOURCE_BUNDLE_UNAVAILABLE -DXcode -plugin-path /Applications/Xcode-27.0.0-Release.Candidate.app/Contents/Developer/Toolchains/XcodeDefault.xctoolchain/usr/lib/swift/host/plugins/testing -enable-experimental-feature DebugDescriptionMacro -sdk /Applications/Xcode-27.0.0-Release.Candidate.app/Contents/Developer/Platforms/MacOSX.platform/Developer/SDKs/MacOSX27.0.sdk -target arm64-apple-macos12.0 -g -module-cache-path /Users/admin/builder/spi-builder-workspace/.derivedData/ModuleCache.noindex -Xfrontend -serialize-debugging-options -profile-coverage-mapping -profile-generate -enable-testing -suppress-warnings -index-store-path /Users/admin/builder/spi-builder-workspace/.derivedData/Index.noindex/DataStore -Xcc -D_LIBCPP_HARDENING_MODE\=_LIBCPP_HARDENING_MODE_DEBUG -swift-version 5 -I /Users/admin/builder/spi-builder-workspace/.derivedData/Build/Products/Debug -Isystem /Applications/Xcode-27.0.0-Release.Candidate.app/Contents/Developer/Platforms/MacOSX.platform/Developer/usr/lib -F /Users/admin/builder/spi-builder-workspace/.derivedData/Build/Products/Debug -F /Applications/Xcode-27.0.0-Release.Candidate.app/Contents/Developer/Platforms/MacOSX.platform/Developer/Library/Frameworks -c -j10 -enable-batch-mode -incremental -Xcc -ivfsstatcache -Xcc /Users/admin/builder/spi-builder-workspace/.derivedData/SDKStatCaches.noindex/macosx27.0-26A425-e829b21a6f8c9b70876ba0858053c0446a22442a12e9d48fe1a705f55a1adfc4.sdkstatcache -output-file-map /Users/admin/builder/spi-builder-workspace/.derivedData/Build/Intermediates.noindex/Yaap.build/Debug/Yaap-t.build/Objects-normal/arm64/Yaap-OutputFileMap.json -save-temps -no-color-diagnostics -explicit-module-build -module-cache-path /Users/admin/builder/spi-builder-workspace/.derivedData/Build/Intermediates.noindex/SwiftExplicitPrecompiledModules -clang-scanner-module-cache-path /Users/admin/builder/spi-builder-workspace/.derivedData/ModuleCache.noindex -sdk-module-cache-path /Users/admin/builder/spi-builder-workspace/.derivedData/SDKExplicitPrecompiledModules -emit-dependencies -emit-module -emit-module-path /Users/admin/builder/spi-builder-workspace/.derivedData/Build/Intermediates.noindex/Yaap.build/Debug/Yaap-t.build/Objects-normal/arm64/Yaap.swiftmodule -serialize-diagnostics -dependency-scan-serialize-diagnostics-path /Users/admin/builder/spi-builder-workspace/.derivedData/Build/Intermediates.noindex/Yaap.build/Debug/Yaap-t.build/Objects-normal/arm64/Yaap-dependency-scan.dia -validate-clang-modules-once -clang-build-session-file /Users/admin/builder/spi-builder-workspace/.derivedData/ModuleCache.noindex/Session.modulevalidation -Xcc -fmodules-prune-interval\=86400 -Xcc -fmodules-prune-after\=345600 -emit-const-values -const-gather-protocols-list /Users/admin/builder/spi-builder-workspace/.derivedData/Build/Intermediates.noindex/Yaap.build/Debug/Yaap-t.build/Objects-normal/arm64/Yaap_const_extract_protocols.json -Xcc -I/Users/admin/builder/spi-builder-workspace/.derivedData/Build/Products/Debug/include -Xcc -I/Users/admin/builder/spi-builder-workspace/.derivedData/Build/Intermediates.noindex/Yaap.build/Debug/Yaap-t.build/DerivedSources-normal/arm64 -Xcc -I/Users/admin/builder/spi-builder-workspace/.derivedData/Build/Intermediates.noindex/Yaap.build/Debug/Yaap-t.build/DerivedSources/arm64 -Xcc -I/Users/admin/builder/spi-builder-workspace/.derivedData/Build/Intermediates.noindex/Yaap.build/Debug/Yaap-t.build/DerivedSources -Xcc -DSWIFT_PACKAGE -Xcc -DDEBUG\=1 -emit-objc-header -emit-objc-header-path /Users/admin/builder/spi-builder-workspace/.derivedData/Build/Intermediates.noindex/Yaap.build/Debug/Yaap-t.build/Objects-normal/arm64/Yaap-Swift.h -working-directory /Users/admin/builder/spi-builder-workspace/.swiftpm/xcode -experimental-emit-module-separately -disable-cmo
SwiftExplicitDependencyGeneratePcm arm64 /Users/admin/builder/spi-builder-workspace/.derivedData/SDKExplicitPrecompiledModules/ptrauth-2W92ZJRLNJU99RJUQGGJG3OC3.pcm
SwiftExplicitDependencyGeneratePcm arm64 /Users/admin/builder/spi-builder-workspace/.derivedData/SDKExplicitPrecompiledModules/_Builtin_stdarg-7CFWA9OSW5N24E7PG4ZOCF1VH.pcm
SwiftExplicitDependencyGeneratePcm arm64 /Users/admin/builder/spi-builder-workspace/.derivedData/SDKExplicitPrecompiledModules/_AvailabilityInternal-CJTV5E7EL3MWRA437DUFPBVN2.pcm
SwiftExplicitDependencyGeneratePcm arm64 /Users/admin/builder/spi-builder-workspace/.derivedData/SDKExplicitPrecompiledModules/_Builtin_stdbool-KYV2HKP8IKLKMKQS9DGA2GUQ.pcm
SwiftExplicitDependencyGeneratePcm arm64 /Users/admin/builder/spi-builder-workspace/.derivedData/SDKExplicitPrecompiledModules/_SwiftConcurrencyShims-BLUUWKI6AGMD7TJ4RGYS7DP6T.pcm
SwiftExplicitDependencyGeneratePcm arm64 /Users/admin/builder/spi-builder-workspace/.derivedData/SDKExplicitPrecompiledModules/_Builtin_stddef-3GI9GOKXSW3QCTFOI1USFLDZO.pcm
SwiftExplicitDependencyGeneratePcm arm64 /Users/admin/builder/spi-builder-workspace/.derivedData/SDKExplicitPrecompiledModules/_Builtin_float-105CRCDRP90FQCQO5ZX1LHV7H.pcm
SwiftExplicitDependencyGeneratePcm arm64 /Users/admin/builder/spi-builder-workspace/.derivedData/SDKExplicitPrecompiledModules/SwiftShims-C4V0DQ62WSTCYBYGILXXGQNO3.pcm
SwiftExplicitDependencyGeneratePcm arm64 /Users/admin/builder/spi-builder-workspace/.derivedData/SDKExplicitPrecompiledModules/ptrcheck-DHLCBWKPNUZOYTPJ1J3QVTCXK.pcm
SwiftExplicitDependencyGeneratePcm arm64 /Users/admin/builder/spi-builder-workspace/.derivedData/SDKExplicitPrecompiledModules/_DarwinFoundation1-7PRJIG163YE9KSKYA3BS35ZZP.pcm
SwiftExplicitDependencyGeneratePcm arm64 /Users/admin/builder/spi-builder-workspace/.derivedData/SDKExplicitPrecompiledModules/_DarwinFoundation2-94WUUGE4H5R03OWXE0QFZX1DN.pcm
SwiftExplicitDependencyGeneratePcm arm64 /Users/admin/builder/spi-builder-workspace/.derivedData/SDKExplicitPrecompiledModules/_Builtin_limits-AXGUGXBFPC0I7QDLJFB0K341Y.pcm
SwiftExplicitDependencyGeneratePcm arm64 /Users/admin/builder/spi-builder-workspace/.derivedData/SDKExplicitPrecompiledModules/_Builtin_stdint-22CBBOK8BNSF0UELDCAXSHGB.pcm
SwiftExplicitDependencyGeneratePcm arm64 /Users/admin/builder/spi-builder-workspace/.derivedData/SDKExplicitPrecompiledModules/sys_types-F4RNCN6UR5R5OWTLTOUM7TN3E.pcm
SwiftExplicitDependencyGeneratePcm arm64 /Users/admin/builder/spi-builder-workspace/.derivedData/SDKExplicitPrecompiledModules/string_h-10WPXBF3YFYMX5HUAW06LSABR.pcm
SwiftExplicitDependencyGeneratePcm arm64 /Users/admin/builder/spi-builder-workspace/.derivedData/SDKExplicitPrecompiledModules/libDER-5RCYOD0PCUUY2UGMBNE9LI8N9.pcm
SwiftExplicitDependencyGeneratePcm arm64 /Users/admin/builder/spi-builder-workspace/.derivedData/SDKExplicitPrecompiledModules/_DarwinFoundation3-32PO5Q4RCB6WXH5VFO3HA3AVS.pcm
SwiftExplicitDependencyGeneratePcm arm64 /Users/admin/builder/spi-builder-workspace/.derivedData/SDKExplicitPrecompiledModules/_Builtin_inttypes-1U6AP9A8AJ4G9WD98E9RHLGTJ.pcm
SwiftExplicitDependencyGeneratePcm arm64 /Users/admin/builder/spi-builder-workspace/.derivedData/SDKExplicitPrecompiledModules/Darwin-1RAAWNGKQM8YGHV0YJNNN5YDY.pcm
SwiftExplicitDependencyGeneratePcm arm64 /Users/admin/builder/spi-builder-workspace/.derivedData/SDKExplicitPrecompiledModules/DeveloperToolsSupport-13SNQ6N57G3DOS3KQA7V91OE7.pcm
SwiftExplicitDependencyGeneratePcm arm64 /Users/admin/builder/spi-builder-workspace/.derivedData/SDKExplicitPrecompiledModules/_Builtin_intrinsics-4O6R03GTH5FLWSHEUBP0Z3GZ2.pcm
SwiftExplicitDependencyGeneratePcm arm64 /Users/admin/builder/spi-builder-workspace/.derivedData/SDKExplicitPrecompiledModules/_Builtin_tgmath-52XE6HC8DWOG6S7B5QAI046D1.pcm
SwiftExplicitDependencyGeneratePcm arm64 /Users/admin/builder/spi-builder-workspace/.derivedData/SDKExplicitPrecompiledModules/_Builtin_stdatomic-8LN7S35C6I48KJOCW7VPXX04X.pcm
SwiftExplicitDependencyGeneratePcm arm64 /Users/admin/builder/spi-builder-workspace/.derivedData/SDKExplicitPrecompiledModules/simd-A9TKR8OE9APRJ1RNS7F0OBY4Q.pcm
SwiftExplicitDependencyGeneratePcm arm64 /Users/admin/builder/spi-builder-workspace/.derivedData/SDKExplicitPrecompiledModules/launch-2XAORMJNLLVS0OVKC1M0752GY.pcm
SwiftExplicitDependencyGeneratePcm arm64 /Users/admin/builder/spi-builder-workspace/.derivedData/SDKExplicitPrecompiledModules/libkern-22MDXN9G35RPO3OLKX9B2PN16.pcm
SwiftExplicitDependencyGeneratePcm arm64 /Users/admin/builder/spi-builder-workspace/.derivedData/SDKExplicitPrecompiledModules/MachO-AWTJ65TFR7TMST2NUE6ZCC1SL.pcm
SwiftExplicitDependencyGeneratePcm arm64 /Users/admin/builder/spi-builder-workspace/.derivedData/SDKExplicitPrecompiledModules/CUPS-45MNISAOHSEBD6VQA5G0MXN9H.pcm
SwiftExplicitDependencyGeneratePcm arm64 /Users/admin/builder/spi-builder-workspace/.derivedData/SDKExplicitPrecompiledModules/ObjectiveC-B89IQP2TC4CFSWOUMTUZRI1VZ.pcm
SwiftExplicitDependencyGeneratePcm arm64 /Users/admin/builder/spi-builder-workspace/.derivedData/SDKExplicitPrecompiledModules/os_object-3KLCCI03OX6OQTLJ92KQH2KIO.pcm
SwiftExplicitDependencyGeneratePcm arm64 /Users/admin/builder/spi-builder-workspace/.derivedData/SDKExplicitPrecompiledModules/os_workgroup-10SJ5M8R2OB4BG1TPFL9SZMKV.pcm
SwiftExplicitDependencyGeneratePcm arm64 /Users/admin/builder/spi-builder-workspace/.derivedData/SDKExplicitPrecompiledModules/Dispatch-NAMWF9KN29KC7Z5OS3TTTAE8.pcm
SwiftExplicitDependencyGeneratePcm arm64 /Users/admin/builder/spi-builder-workspace/.derivedData/SDKExplicitPrecompiledModules/XPC-E1MSAZG4ZNL24S2WK6K6Y7GWW.pcm
SwiftExplicitDependencyGeneratePcm arm64 /Users/admin/builder/spi-builder-workspace/.derivedData/SDKExplicitPrecompiledModules/CoreFoundation-4ZIITQ30SOGUQE8KJAB99ZV0Q.pcm
SwiftExplicitDependencyGeneratePcm arm64 /Users/admin/builder/spi-builder-workspace/.derivedData/SDKExplicitPrecompiledModules/Spatial-2JNOU2HNJ0Q174XCFCD0GCOUQ.pcm
SwiftExplicitDependencyGeneratePcm arm64 /Users/admin/builder/spi-builder-workspace/.derivedData/SDKExplicitPrecompiledModules/os-BYOEVK2GEMB4Q8WWHGZGREA00.pcm
SwiftExplicitDependencyGeneratePcm arm64 /Users/admin/builder/spi-builder-workspace/.derivedData/SDKExplicitPrecompiledModules/ColorSync-BBCIZDDQ6O3QECFAWJQ6RU4ZJ.pcm
SwiftExplicitDependencyGeneratePcm arm64 /Users/admin/builder/spi-builder-workspace/.derivedData/SDKExplicitPrecompiledModules/Security-ESPJ7FP0YAY1EL3VXBGY9MCZ8.pcm
SwiftExplicitDependencyGeneratePcm arm64 /Users/admin/builder/spi-builder-workspace/.derivedData/SDKExplicitPrecompiledModules/IOKit-6H3X691EDBH124EYTC2PEOP5T.pcm
SwiftExplicitDependencyGeneratePcm arm64 /Users/admin/builder/spi-builder-workspace/.derivedData/SDKExplicitPrecompiledModules/CFNetwork-CVHS5CT20191MFYXQIEDWSRGJ.pcm
SwiftExplicitDependencyGeneratePcm arm64 /Users/admin/builder/spi-builder-workspace/.derivedData/SDKExplicitPrecompiledModules/CoreGraphics-5TRMNDB7ZP6FFMRNSZCWEOZMD.pcm
SwiftExplicitDependencyGeneratePcm arm64 /Users/admin/builder/spi-builder-workspace/.derivedData/SDKExplicitPrecompiledModules/DiskArbitration-ZNZZU7T0SYELB0DAR56WQF0R.pcm
SwiftExplicitDependencyGeneratePcm arm64 /Users/admin/builder/spi-builder-workspace/.derivedData/SDKExplicitPrecompiledModules/CoreServices-CGCGY0FOMEQGSNMO3HQSC09XU.pcm
SwiftExplicitDependencyGeneratePcm arm64 /Users/admin/builder/spi-builder-workspace/.derivedData/SDKExplicitPrecompiledModules/ImageIO-88YNP2EU498GB5YXIFJ9ANNYW.pcm
SwiftExplicitDependencyGeneratePcm arm64 /Users/admin/builder/spi-builder-workspace/.derivedData/SDKExplicitPrecompiledModules/CoreText-C1WSF2HWGIKVJ2XHWBKXQBSEY.pcm
SwiftExplicitDependencyGeneratePcm arm64 /Users/admin/builder/spi-builder-workspace/.derivedData/SDKExplicitPrecompiledModules/Foundation-44WR0NU86C67CV5BW8W1MGKNG.pcm
SwiftEmitModule normal arm64 Emitting\ module\ for\ Yaap (in target 'Yaap' from project 'Yaap')
SwiftCompile normal arm64 (in target 'Yaap' from project 'Yaap')
cd /Users/admin/builder/spi-builder-workspace/.swiftpm/xcode
SwiftExplicitDependencyGeneratePcm arm64 /Users/admin/builder/spi-builder-workspace/.derivedData/SDKExplicitPrecompiledModules/OSLog-1GSRGGGEESVJH9OULZA91RAA3.pcm
SwiftExplicitDependencyGeneratePcm arm64 /Users/admin/builder/spi-builder-workspace/.derivedData/SDKExplicitPrecompiledModules/UniformTypeIdentifiers-5LG8RE3Q01MBLZVRR3FFHHL5H.pcm
SwiftExplicitDependencyGeneratePcm arm64 /Users/admin/builder/spi-builder-workspace/.derivedData/SDKExplicitPrecompiledModules/CoreTransferable-2HJ1Z8HJBPECRD89AVJ0X7S63.pcm
SwiftExplicitDependencyGeneratePcm arm64 /Users/admin/builder/spi-builder-workspace/.derivedData/SDKExplicitPrecompiledModules/CoreData-4EPJ39F9L3QQ9486B5AMG5G6J.pcm
SwiftExplicitDependencyGeneratePcm arm64 /Users/admin/builder/spi-builder-workspace/.derivedData/SDKExplicitPrecompiledModules/Accessibility-6F38G4T85MOHD9AA2EH4U2PJS.pcm
SwiftExplicitDependencyGeneratePcm arm64 /Users/admin/builder/spi-builder-workspace/.derivedData/SDKExplicitPrecompiledModules/IOSurface-1TUG4NQVIPJF59WSUNATZ447F.pcm
SwiftExplicitDependencyGeneratePcm arm64 /Users/admin/builder/spi-builder-workspace/.derivedData/SDKExplicitPrecompiledModules/ApplicationServices-ALXSS633FQY42UMJSLR6MNLSK.pcm
SwiftExplicitDependencyGeneratePcm arm64 /Users/admin/builder/spi-builder-workspace/.derivedData/SDKExplicitPrecompiledModules/Symbols-2NFSQR6R0R96WH1KKGBXW1J.pcm
SwiftExplicitDependencyGeneratePcm arm64 /Users/admin/builder/spi-builder-workspace/.derivedData/SDKExplicitPrecompiledModules/DataDetection-5GDUUWT6YIA10PE5D9A8SXWZ9.pcm
SwiftCompile normal arm64 Compiling\ FileOutputStream.swift /Users/admin/builder/spi-builder-workspace/.dependencies/checkouts/Yaap/Sources/Yaap/FileOutputStream.swift (in target 'Yaap' from project 'Yaap')
SwiftCompile normal arm64 /Users/admin/builder/spi-builder-workspace/.dependencies/checkouts/Yaap/Sources/Yaap/FileOutputStream.swift (in target 'Yaap' from project 'Yaap')
cd /Users/admin/builder/spi-builder-workspace/.swiftpm/xcode
builtin-SwiftPerFileCompile FileOutputStream.swift
SwiftCompile normal arm64 Compiling\ Argument.swift /Users/admin/builder/spi-builder-workspace/.dependencies/checkouts/Yaap/Sources/Yaap/Argument.swift (in target 'Yaap' from project 'Yaap')
SwiftCompile normal arm64 /Users/admin/builder/spi-builder-workspace/.dependencies/checkouts/Yaap/Sources/Yaap/Argument.swift (in target 'Yaap' from project 'Yaap')
cd /Users/admin/builder/spi-builder-workspace/.swiftpm/xcode
builtin-SwiftPerFileCompile Argument.swift
SwiftCompile normal arm64 Compiling\ Extensions.swift /Users/admin/builder/spi-builder-workspace/.dependencies/checkouts/Yaap/Sources/Yaap/Extensions.swift (in target 'Yaap' from project 'Yaap')
SwiftCompile normal arm64 /Users/admin/builder/spi-builder-workspace/.dependencies/checkouts/Yaap/Sources/Yaap/Extensions.swift (in target 'Yaap' from project 'Yaap')
cd /Users/admin/builder/spi-builder-workspace/.swiftpm/xcode
builtin-SwiftPerFileCompile Extensions.swift
SwiftCompile normal arm64 Compiling\ ArgumentType.swift /Users/admin/builder/spi-builder-workspace/.dependencies/checkouts/Yaap/Sources/Yaap/ArgumentType.swift (in target 'Yaap' from project 'Yaap')
SwiftCompile normal arm64 /Users/admin/builder/spi-builder-workspace/.dependencies/checkouts/Yaap/Sources/Yaap/ArgumentType.swift (in target 'Yaap' from project 'Yaap')
cd /Users/admin/builder/spi-builder-workspace/.swiftpm/xcode
builtin-SwiftPerFileCompile ArgumentType.swift
SwiftCompile normal arm64 Compiling\ SubCommand.swift /Users/admin/builder/spi-builder-workspace/.dependencies/checkouts/Yaap/Sources/Yaap/SubCommand.swift (in target 'Yaap' from project 'Yaap')
SwiftCompile normal arm64 /Users/admin/builder/spi-builder-workspace/.dependencies/checkouts/Yaap/Sources/Yaap/SubCommand.swift (in target 'Yaap' from project 'Yaap')
cd /Users/admin/builder/spi-builder-workspace/.swiftpm/xcode
builtin-SwiftPerFileCompile SubCommand.swift
SwiftCompile normal arm64 Compiling\ CommandProperty.swift /Users/admin/builder/spi-builder-workspace/.dependencies/checkouts/Yaap/Sources/Yaap/CommandProperty.swift (in target 'Yaap' from project 'Yaap')
SwiftCompile normal arm64 /Users/admin/builder/spi-builder-workspace/.dependencies/checkouts/Yaap/Sources/Yaap/CommandProperty.swift (in target 'Yaap' from project 'Yaap')
cd /Users/admin/builder/spi-builder-workspace/.swiftpm/xcode
builtin-SwiftPerFileCompile CommandProperty.swift
SwiftExplicitDependencyGeneratePcm arm64 /Users/admin/builder/spi-builder-workspace/.derivedData/SDKExplicitPrecompiledModules/Metal-KM8CI04R5X5OUWMGRMNZE4KP.pcm
SwiftExplicitDependencyGeneratePcm arm64 /Users/admin/builder/spi-builder-workspace/.derivedData/SDKExplicitPrecompiledModules/OpenGL-FXV81CD8YS42YTVJKJH1VLGA.pcm
SwiftCompile normal arm64 Compiling\ Help.swift /Users/admin/builder/spi-builder-workspace/.dependencies/checkouts/Yaap/Sources/Yaap/Help.swift (in target 'Yaap' from project 'Yaap')
SwiftCompile normal arm64 /Users/admin/builder/spi-builder-workspace/.dependencies/checkouts/Yaap/Sources/Yaap/Help.swift (in target 'Yaap' from project 'Yaap')
cd /Users/admin/builder/spi-builder-workspace/.swiftpm/xcode
builtin-SwiftPerFileCompile Help.swift
SwiftCompile normal arm64 Compiling\ Version.swift /Users/admin/builder/spi-builder-workspace/.dependencies/checkouts/Yaap/Sources/Yaap/Version.swift (in target 'Yaap' from project 'Yaap')
SwiftCompile normal arm64 /Users/admin/builder/spi-builder-workspace/.dependencies/checkouts/Yaap/Sources/Yaap/Version.swift (in target 'Yaap' from project 'Yaap')
cd /Users/admin/builder/spi-builder-workspace/.swiftpm/xcode
builtin-SwiftPerFileCompile Version.swift
SwiftDriverJobDiscovery normal arm64 Emitting module for Yaap (in target 'Yaap' from project 'Yaap')
SwiftDriver\ Compilation\ Requirements Yaap normal arm64 com.apple.xcode.tools.swift.compiler (in target 'Yaap' from project 'Yaap')
cd /Users/admin/builder/spi-builder-workspace/.swiftpm/xcode
builtin-Swift-Compilation-Requirements -- /Applications/Xcode-27.0.0-Release.Candidate.app/Contents/Developer/Toolchains/XcodeDefault.xctoolchain/usr/bin/swiftc -parse-as-library -module-name Yaap -Onone @/Users/admin/builder/spi-builder-workspace/.derivedData/Build/Intermediates.noindex/Yaap.build/Debug/Yaap-t.build/Objects-normal/arm64/Yaap.SwiftFileList -DSWIFT_PACKAGE -DDEBUG -DSWIFT_MODULE_RESOURCE_BUNDLE_UNAVAILABLE -DXcode -plugin-path /Applications/Xcode-27.0.0-Release.Candidate.app/Contents/Developer/Toolchains/XcodeDefault.xctoolchain/usr/lib/swift/host/plugins/testing -enable-experimental-feature DebugDescriptionMacro -sdk /Applications/Xcode-27.0.0-Release.Candidate.app/Contents/Developer/Platforms/MacOSX.platform/Developer/SDKs/MacOSX27.0.sdk -target arm64-apple-macos12.0 -g -module-cache-path /Users/admin/builder/spi-builder-workspace/.derivedData/ModuleCache.noindex -Xfrontend -serialize-debugging-options -profile-coverage-mapping -profile-generate -enable-testing -suppress-warnings -index-store-path /Users/admin/builder/spi-builder-workspace/.derivedData/Index.noindex/DataStore -Xcc -D_LIBCPP_HARDENING_MODE\=_LIBCPP_HARDENING_MODE_DEBUG -swift-version 5 -I /Users/admin/builder/spi-builder-workspace/.derivedData/Build/Products/Debug -Isystem /Applications/Xcode-27.0.0-Release.Candidate.app/Contents/Developer/Platforms/MacOSX.platform/Developer/usr/lib -F /Users/admin/builder/spi-builder-workspace/.derivedData/Build/Products/Debug -F /Applications/Xcode-27.0.0-Release.Candidate.app/Contents/Developer/Platforms/MacOSX.platform/Developer/Library/Frameworks -c -j10 -enable-batch-mode -incremental -Xcc -ivfsstatcache -Xcc /Users/admin/builder/spi-builder-workspace/.derivedData/SDKStatCaches.noindex/macosx27.0-26A425-e829b21a6f8c9b70876ba0858053c0446a22442a12e9d48fe1a705f55a1adfc4.sdkstatcache -output-file-map /Users/admin/builder/spi-builder-workspace/.derivedData/Build/Intermediates.noindex/Yaap.build/Debug/Yaap-t.build/Objects-normal/arm64/Yaap-OutputFileMap.json -save-temps -no-color-diagnostics -explicit-module-build -module-cache-path /Users/admin/builder/spi-builder-workspace/.derivedData/Build/Intermediates.noindex/SwiftExplicitPrecompiledModules -clang-scanner-module-cache-path /Users/admin/builder/spi-builder-workspace/.derivedData/ModuleCache.noindex -sdk-module-cache-path /Users/admin/builder/spi-builder-workspace/.derivedData/SDKExplicitPrecompiledModules -emit-dependencies -emit-module -emit-module-path /Users/admin/builder/spi-builder-workspace/.derivedData/Build/Intermediates.noindex/Yaap.build/Debug/Yaap-t.build/Objects-normal/arm64/Yaap.swiftmodule -serialize-diagnostics -dependency-scan-serialize-diagnostics-path /Users/admin/builder/spi-builder-workspace/.derivedData/Build/Intermediates.noindex/Yaap.build/Debug/Yaap-t.build/Objects-normal/arm64/Yaap-dependency-scan.dia -validate-clang-modules-once -clang-build-session-file /Users/admin/builder/spi-builder-workspace/.derivedData/ModuleCache.noindex/Session.modulevalidation -Xcc -fmodules-prune-interval\=86400 -Xcc -fmodules-prune-after\=345600 -emit-const-values -const-gather-protocols-list /Users/admin/builder/spi-builder-workspace/.derivedData/Build/Intermediates.noindex/Yaap.build/Debug/Yaap-t.build/Objects-normal/arm64/Yaap_const_extract_protocols.json -Xcc -I/Users/admin/builder/spi-builder-workspace/.derivedData/Build/Products/Debug/include -Xcc -I/Users/admin/builder/spi-builder-workspace/.derivedData/Build/Intermediates.noindex/Yaap.build/Debug/Yaap-t.build/DerivedSources-normal/arm64 -Xcc -I/Users/admin/builder/spi-builder-workspace/.derivedData/Build/Intermediates.noindex/Yaap.build/Debug/Yaap-t.build/DerivedSources/arm64 -Xcc -I/Users/admin/builder/spi-builder-workspace/.derivedData/Build/Intermediates.noindex/Yaap.build/Debug/Yaap-t.build/DerivedSources -Xcc -DSWIFT_PACKAGE -Xcc -DDEBUG\=1 -emit-objc-header -emit-objc-header-path /Users/admin/builder/spi-builder-workspace/.derivedData/Build/Intermediates.noindex/Yaap.build/Debug/Yaap-t.build/Objects-normal/arm64/Yaap-Swift.h -working-directory /Users/admin/builder/spi-builder-workspace/.swiftpm/xcode -experimental-emit-module-separately -disable-cmo
SwiftCompile normal arm64 Compiling\ Option.swift /Users/admin/builder/spi-builder-workspace/.dependencies/checkouts/Yaap/Sources/Yaap/Option.swift (in target 'Yaap' from project 'Yaap')
SwiftCompile normal arm64 /Users/admin/builder/spi-builder-workspace/.dependencies/checkouts/Yaap/Sources/Yaap/Option.swift (in target 'Yaap' from project 'Yaap')
cd /Users/admin/builder/spi-builder-workspace/.swiftpm/xcode
builtin-SwiftPerFileCompile Option.swift
SwiftMergeGeneratedHeaders /Users/admin/builder/spi-builder-workspace/.derivedData/Build/Intermediates.noindex/GeneratedModuleMaps/Yaap-Swift.h /Users/admin/builder/spi-builder-workspace/.derivedData/Build/Intermediates.noindex/Yaap.build/Debug/Yaap-t.build/Objects-normal/arm64/Yaap-Swift.h (in target 'Yaap' from project 'Yaap')
cd /Users/admin/builder/spi-builder-workspace/.dependencies/checkouts/Yaap
builtin-swiftHeaderTool -arch arm64 /Users/admin/builder/spi-builder-workspace/.derivedData/Build/Intermediates.noindex/Yaap.build/Debug/Yaap-t.build/Objects-normal/arm64/Yaap-Swift.h -o /Users/admin/builder/spi-builder-workspace/.derivedData/Build/Intermediates.noindex/GeneratedModuleMaps/Yaap-Swift.h
Copy /Users/admin/builder/spi-builder-workspace/.derivedData/Build/Products/Debug/Yaap.swiftmodule/arm64-apple-macos.swiftmodule /Users/admin/builder/spi-builder-workspace/.derivedData/Build/Intermediates.noindex/Yaap.build/Debug/Yaap-t.build/Objects-normal/arm64/Yaap.swiftmodule (in target 'Yaap' from project 'Yaap')
cd /Users/admin/builder/spi-builder-workspace/.dependencies/checkouts/Yaap
builtin-copy -exclude .DS_Store -exclude CVS -exclude .svn -exclude .git -exclude .hg -resolve-src-symlinks -rename /Users/admin/builder/spi-builder-workspace/.derivedData/Build/Intermediates.noindex/Yaap.build/Debug/Yaap-t.build/Objects-normal/arm64/Yaap.swiftmodule /Users/admin/builder/spi-builder-workspace/.derivedData/Build/Products/Debug/Yaap.swiftmodule/arm64-apple-macos.swiftmodule
Copy /Users/admin/builder/spi-builder-workspace/.derivedData/Build/Products/Debug/Yaap.swiftmodule/arm64-apple-macos.swiftdoc /Users/admin/builder/spi-builder-workspace/.derivedData/Build/Intermediates.noindex/Yaap.build/Debug/Yaap-t.build/Objects-normal/arm64/Yaap.swiftdoc (in target 'Yaap' from project 'Yaap')
cd /Users/admin/builder/spi-builder-workspace/.dependencies/checkouts/Yaap
builtin-copy -exclude .DS_Store -exclude CVS -exclude .svn -exclude .git -exclude .hg -resolve-src-symlinks -rename /Users/admin/builder/spi-builder-workspace/.derivedData/Build/Intermediates.noindex/Yaap.build/Debug/Yaap-t.build/Objects-normal/arm64/Yaap.swiftdoc /Users/admin/builder/spi-builder-workspace/.derivedData/Build/Products/Debug/Yaap.swiftmodule/arm64-apple-macos.swiftdoc
Copy /Users/admin/builder/spi-builder-workspace/.derivedData/Build/Products/Debug/Yaap.swiftmodule/arm64-apple-macos.abi.json /Users/admin/builder/spi-builder-workspace/.derivedData/Build/Intermediates.noindex/Yaap.build/Debug/Yaap-t.build/Objects-normal/arm64/Yaap.abi.json (in target 'Yaap' from project 'Yaap')
cd /Users/admin/builder/spi-builder-workspace/.dependencies/checkouts/Yaap
builtin-copy -exclude .DS_Store -exclude CVS -exclude .svn -exclude .git -exclude .hg -resolve-src-symlinks -rename /Users/admin/builder/spi-builder-workspace/.derivedData/Build/Intermediates.noindex/Yaap.build/Debug/Yaap-t.build/Objects-normal/arm64/Yaap.abi.json /Users/admin/builder/spi-builder-workspace/.derivedData/Build/Products/Debug/Yaap.swiftmodule/arm64-apple-macos.abi.json
Copy /Users/admin/builder/spi-builder-workspace/.derivedData/Build/Products/Debug/Yaap.swiftmodule/Project/arm64-apple-macos.swiftsourceinfo /Users/admin/builder/spi-builder-workspace/.derivedData/Build/Intermediates.noindex/Yaap.build/Debug/Yaap-t.build/Objects-normal/arm64/Yaap.swiftsourceinfo (in target 'Yaap' from project 'Yaap')
cd /Users/admin/builder/spi-builder-workspace/.dependencies/checkouts/Yaap
builtin-copy -exclude .DS_Store -exclude CVS -exclude .svn -exclude .git -exclude .hg -resolve-src-symlinks -rename /Users/admin/builder/spi-builder-workspace/.derivedData/Build/Intermediates.noindex/Yaap.build/Debug/Yaap-t.build/Objects-normal/arm64/Yaap.swiftsourceinfo /Users/admin/builder/spi-builder-workspace/.derivedData/Build/Products/Debug/Yaap.swiftmodule/Project/arm64-apple-macos.swiftsourceinfo
SwiftExplicitDependencyGeneratePcm arm64 /Users/admin/builder/spi-builder-workspace/.derivedData/SDKExplicitPrecompiledModules/CoreVideo-11TKSDKW0L2K02H4B9ZHWLM3B.pcm
SwiftExplicitDependencyGeneratePcm arm64 /Users/admin/builder/spi-builder-workspace/.derivedData/SDKExplicitPrecompiledModules/CoreImage-AKYY8VSFWQ6KIIXG3EQJ7PW5T.pcm
SwiftExplicitDependencyGeneratePcm arm64 /Users/admin/builder/spi-builder-workspace/.derivedData/SDKExplicitPrecompiledModules/QuartzCore-AP21NXF3BYPWOG416U3DI6QME.pcm
SwiftDriverJobDiscovery normal arm64 Compiling ArgumentType.swift (in target 'Yaap' from project 'Yaap')
SwiftCompile normal arm64 Compiling\ Command.swift /Users/admin/builder/spi-builder-workspace/.dependencies/checkouts/Yaap/Sources/Yaap/Command.swift (in target 'Yaap' from project 'Yaap')
SwiftCompile normal arm64 /Users/admin/builder/spi-builder-workspace/.dependencies/checkouts/Yaap/Sources/Yaap/Command.swift (in target 'Yaap' from project 'Yaap')
cd /Users/admin/builder/spi-builder-workspace/.swiftpm/xcode
builtin-SwiftPerFileCompile Command.swift
SwiftDriverJobDiscovery normal arm64 Compiling CommandProperty.swift (in target 'Yaap' from project 'Yaap')
SwiftDriverJobDiscovery normal arm64 Compiling SubCommand.swift (in target 'Yaap' from project 'Yaap')
SwiftExplicitDependencyGeneratePcm arm64 /Users/admin/builder/spi-builder-workspace/.derivedData/SDKExplicitPrecompiledModules/AppKit-C2WRQ26QXORUMMNQB0M8H4QYD.pcm
SwiftExplicitDependencyGeneratePcm arm64 /Users/admin/builder/spi-builder-workspace/.derivedData/SDKExplicitPrecompiledModules/SwiftUICore-ESLJM4CVIQEQNCRTK6KPAF1I7.pcm
SwiftExplicitDependencyGeneratePcm arm64 /Users/admin/builder/spi-builder-workspace/.derivedData/SDKExplicitPrecompiledModules/Cocoa-C4EM04F55Q09X00LN45U96140.pcm
SwiftEmitModule normal arm64 Emitting\ module\ for\ FlameGraphCore (in target 'FlameGraphCore' from project 'FlameGraph')
SwiftCompile normal arm64 (in target 'FlameGraphCore' from project 'FlameGraph')
cd /Users/admin/builder/spi-builder-workspace/.swiftpm/xcode
SwiftCompile normal arm64 Compiling\ Symbol.swift /Users/admin/builder/spi-builder-workspace/Sources/FlameGraphCore/Symbol.swift (in target 'FlameGraphCore' from project 'FlameGraph')
SwiftCompile normal arm64 /Users/admin/builder/spi-builder-workspace/Sources/FlameGraphCore/Symbol.swift (in target 'FlameGraphCore' from project 'FlameGraph')
cd /Users/admin/builder/spi-builder-workspace/.swiftpm/xcode
builtin-SwiftPerFileCompile Symbol.swift
SwiftCompile normal arm64 Compiling\ CallGraphNode.swift /Users/admin/builder/spi-builder-workspace/Sources/FlameGraphCore/CallGraphNode.swift (in target 'FlameGraphCore' from project 'FlameGraph')
SwiftCompile normal arm64 /Users/admin/builder/spi-builder-workspace/Sources/FlameGraphCore/CallGraphNode.swift (in target 'FlameGraphCore' from project 'FlameGraph')
cd /Users/admin/builder/spi-builder-workspace/.swiftpm/xcode
builtin-SwiftPerFileCompile CallGraphNode.swift
SwiftCompile normal arm64 Compiling\ ImageRenderer.swift /Users/admin/builder/spi-builder-workspace/Sources/FlameGraphCore/ImageRenderer.swift (in target 'FlameGraphCore' from project 'FlameGraph')
SwiftCompile normal arm64 /Users/admin/builder/spi-builder-workspace/Sources/FlameGraphCore/ImageRenderer.swift (in target 'FlameGraphCore' from project 'FlameGraph')
cd /Users/admin/builder/spi-builder-workspace/.swiftpm/xcode
builtin-SwiftPerFileCompile ImageRenderer.swift
SwiftDriverJobDiscovery normal arm64 Emitting module for FlameGraphCore (in target 'FlameGraphCore' from project 'FlameGraph')
SwiftDriver\ Compilation\ Requirements FlameGraphCore normal arm64 com.apple.xcode.tools.swift.compiler (in target 'FlameGraphCore' from project 'FlameGraph')
cd /Users/admin/builder/spi-builder-workspace/.swiftpm/xcode
builtin-Swift-Compilation-Requirements -- /Applications/Xcode-27.0.0-Release.Candidate.app/Contents/Developer/Toolchains/XcodeDefault.xctoolchain/usr/bin/swiftc -parse-as-library -module-name FlameGraphCore -Onone @/Users/admin/builder/spi-builder-workspace/.derivedData/Build/Intermediates.noindex/FlameGraph.build/Debug/FlameGraphCore-t.build/Objects-normal/arm64/FlameGraphCore.SwiftFileList -DSWIFT_PACKAGE -DDEBUG -DSWIFT_MODULE_RESOURCE_BUNDLE_UNAVAILABLE -DXcode -plugin-path /Applications/Xcode-27.0.0-Release.Candidate.app/Contents/Developer/Toolchains/XcodeDefault.xctoolchain/usr/lib/swift/host/plugins/testing -enable-experimental-feature DebugDescriptionMacro -sdk /Applications/Xcode-27.0.0-Release.Candidate.app/Contents/Developer/Platforms/MacOSX.platform/Developer/SDKs/MacOSX27.0.sdk -target arm64-apple-macos12.0 -g -module-cache-path /Users/admin/builder/spi-builder-workspace/.derivedData/ModuleCache.noindex -Xfrontend -serialize-debugging-options -profile-coverage-mapping -profile-generate -enable-testing -index-store-path /Users/admin/builder/spi-builder-workspace/.derivedData/Index.noindex/DataStore -Xcc -D_LIBCPP_HARDENING_MODE\=_LIBCPP_HARDENING_MODE_DEBUG -swift-version 5 -I /Users/admin/builder/spi-builder-workspace/.derivedData/Build/Products/Debug -Isystem /Applications/Xcode-27.0.0-Release.Candidate.app/Contents/Developer/Platforms/MacOSX.platform/Developer/usr/lib -F /Users/admin/builder/spi-builder-workspace/.derivedData/Build/Products/Debug -F /Applications/Xcode-27.0.0-Release.Candidate.app/Contents/Developer/Platforms/MacOSX.platform/Developer/Library/Frameworks -c -j10 -enable-batch-mode -incremental -Xcc -ivfsstatcache -Xcc /Users/admin/builder/spi-builder-workspace/.derivedData/SDKStatCaches.noindex/macosx27.0-26A425-e829b21a6f8c9b70876ba0858053c0446a22442a12e9d48fe1a705f55a1adfc4.sdkstatcache -output-file-map /Users/admin/builder/spi-builder-workspace/.derivedData/Build/Intermediates.noindex/FlameGraph.build/Debug/FlameGraphCore-t.build/Objects-normal/arm64/FlameGraphCore-OutputFileMap.json -save-temps -no-color-diagnostics -explicit-module-build -module-cache-path /Users/admin/builder/spi-builder-workspace/.derivedData/Build/Intermediates.noindex/SwiftExplicitPrecompiledModules -clang-scanner-module-cache-path /Users/admin/builder/spi-builder-workspace/.derivedData/ModuleCache.noindex -sdk-module-cache-path /Users/admin/builder/spi-builder-workspace/.derivedData/SDKExplicitPrecompiledModules -emit-dependencies -emit-module -emit-module-path /Users/admin/builder/spi-builder-workspace/.derivedData/Build/Intermediates.noindex/FlameGraph.build/Debug/FlameGraphCore-t.build/Objects-normal/arm64/FlameGraphCore.swiftmodule -serialize-diagnostics -dependency-scan-serialize-diagnostics-path /Users/admin/builder/spi-builder-workspace/.derivedData/Build/Intermediates.noindex/FlameGraph.build/Debug/FlameGraphCore-t.build/Objects-normal/arm64/FlameGraphCore-dependency-scan.dia -validate-clang-modules-once -clang-build-session-file /Users/admin/builder/spi-builder-workspace/.derivedData/ModuleCache.noindex/Session.modulevalidation -Xcc -fmodules-prune-interval\=86400 -Xcc -fmodules-prune-after\=345600 -emit-const-values -const-gather-protocols-list /Users/admin/builder/spi-builder-workspace/.derivedData/Build/Intermediates.noindex/FlameGraph.build/Debug/FlameGraphCore-t.build/Objects-normal/arm64/FlameGraphCore_const_extract_protocols.json -Xcc -I/Users/admin/builder/spi-builder-workspace/.derivedData/Build/Products/Debug/include -Xcc -I/Users/admin/builder/spi-builder-workspace/.derivedData/Build/Intermediates.noindex/FlameGraph.build/Debug/FlameGraphCore-t.build/DerivedSources-normal/arm64 -Xcc -I/Users/admin/builder/spi-builder-workspace/.derivedData/Build/Intermediates.noindex/FlameGraph.build/Debug/FlameGraphCore-t.build/DerivedSources/arm64 -Xcc -I/Users/admin/builder/spi-builder-workspace/.derivedData/Build/Intermediates.noindex/FlameGraph.build/Debug/FlameGraphCore-t.build/DerivedSources -Xcc -DSWIFT_PACKAGE -Xcc -DDEBUG\=1 -emit-objc-header -emit-objc-header-path /Users/admin/builder/spi-builder-workspace/.derivedData/Build/Intermediates.noindex/FlameGraph.build/Debug/FlameGraphCore-t.build/Objects-normal/arm64/FlameGraphCore-Swift.h -working-directory /Users/admin/builder/spi-builder-workspace/.swiftpm/xcode -experimental-emit-module-separately -disable-cmo
SwiftDriverJobDiscovery normal arm64 Compiling FileOutputStream.swift (in target 'Yaap' from project 'Yaap')
SwiftCompile normal arm64 Compiling\ PDFRenderer.swift /Users/admin/builder/spi-builder-workspace/Sources/FlameGraphCore/Renderer/PDFRenderer.swift (in target 'FlameGraphCore' from project 'FlameGraph')
SwiftCompile normal arm64 /Users/admin/builder/spi-builder-workspace/Sources/FlameGraphCore/Renderer/PDFRenderer.swift (in target 'FlameGraphCore' from project 'FlameGraph')
cd /Users/admin/builder/spi-builder-workspace/.swiftpm/xcode
builtin-SwiftPerFileCompile PDFRenderer.swift
SwiftCompile normal arm64 Compiling\ BaseRenderer.swift /Users/admin/builder/spi-builder-workspace/Sources/FlameGraphCore/Renderer/BaseRenderer.swift (in target 'FlameGraphCore' from project 'FlameGraph')
SwiftCompile normal arm64 /Users/admin/builder/spi-builder-workspace/Sources/FlameGraphCore/Renderer/BaseRenderer.swift (in target 'FlameGraphCore' from project 'FlameGraph')
cd /Users/admin/builder/spi-builder-workspace/.swiftpm/xcode
builtin-SwiftPerFileCompile BaseRenderer.swift
SwiftDriverJobDiscovery normal arm64 Compiling Extensions.swift (in target 'Yaap' from project 'Yaap')
SwiftCompile normal arm64 Compiling\ HTMLRenderer.swift /Users/admin/builder/spi-builder-workspace/Sources/FlameGraphCore/Renderer/HTMLRenderer.swift (in target 'FlameGraphCore' from project 'FlameGraph')
SwiftCompile normal arm64 /Users/admin/builder/spi-builder-workspace/Sources/FlameGraphCore/Renderer/HTMLRenderer.swift (in target 'FlameGraphCore' from project 'FlameGraph')
cd /Users/admin/builder/spi-builder-workspace/.swiftpm/xcode
builtin-SwiftPerFileCompile HTMLRenderer.swift
SwiftDriverJobDiscovery normal arm64 Compiling CallGraphNode.swift (in target 'FlameGraphCore' from project 'FlameGraph')
SwiftMergeGeneratedHeaders /Users/admin/builder/spi-builder-workspace/.derivedData/Build/Intermediates.noindex/GeneratedModuleMaps/FlameGraphCore-Swift.h /Users/admin/builder/spi-builder-workspace/.derivedData/Build/Intermediates.noindex/FlameGraph.build/Debug/FlameGraphCore-t.build/Objects-normal/arm64/FlameGraphCore-Swift.h (in target 'FlameGraphCore' from project 'FlameGraph')
cd /Users/admin/builder/spi-builder-workspace
builtin-swiftHeaderTool -arch arm64 /Users/admin/builder/spi-builder-workspace/.derivedData/Build/Intermediates.noindex/FlameGraph.build/Debug/FlameGraphCore-t.build/Objects-normal/arm64/FlameGraphCore-Swift.h -o /Users/admin/builder/spi-builder-workspace/.derivedData/Build/Intermediates.noindex/GeneratedModuleMaps/FlameGraphCore-Swift.h
SwiftDriverJobDiscovery normal arm64 Compiling Symbol.swift (in target 'FlameGraphCore' from project 'FlameGraph')
Copy /Users/admin/builder/spi-builder-workspace/.derivedData/Build/Products/Debug/FlameGraphCore.swiftmodule/arm64-apple-macos.swiftmodule /Users/admin/builder/spi-builder-workspace/.derivedData/Build/Intermediates.noindex/FlameGraph.build/Debug/FlameGraphCore-t.build/Objects-normal/arm64/FlameGraphCore.swiftmodule (in target 'FlameGraphCore' from project 'FlameGraph')
cd /Users/admin/builder/spi-builder-workspace
builtin-copy -exclude .DS_Store -exclude CVS -exclude .svn -exclude .git -exclude .hg -resolve-src-symlinks -rename /Users/admin/builder/spi-builder-workspace/.derivedData/Build/Intermediates.noindex/FlameGraph.build/Debug/FlameGraphCore-t.build/Objects-normal/arm64/FlameGraphCore.swiftmodule /Users/admin/builder/spi-builder-workspace/.derivedData/Build/Products/Debug/FlameGraphCore.swiftmodule/arm64-apple-macos.swiftmodule
Copy /Users/admin/builder/spi-builder-workspace/.derivedData/Build/Products/Debug/FlameGraphCore.swiftmodule/arm64-apple-macos.swiftdoc /Users/admin/builder/spi-builder-workspace/.derivedData/Build/Intermediates.noindex/FlameGraph.build/Debug/FlameGraphCore-t.build/Objects-normal/arm64/FlameGraphCore.swiftdoc (in target 'FlameGraphCore' from project 'FlameGraph')
cd /Users/admin/builder/spi-builder-workspace
builtin-copy -exclude .DS_Store -exclude CVS -exclude .svn -exclude .git -exclude .hg -resolve-src-symlinks -rename /Users/admin/builder/spi-builder-workspace/.derivedData/Build/Intermediates.noindex/FlameGraph.build/Debug/FlameGraphCore-t.build/Objects-normal/arm64/FlameGraphCore.swiftdoc /Users/admin/builder/spi-builder-workspace/.derivedData/Build/Products/Debug/FlameGraphCore.swiftmodule/arm64-apple-macos.swiftdoc
Copy /Users/admin/builder/spi-builder-workspace/.derivedData/Build/Products/Debug/FlameGraphCore.swiftmodule/arm64-apple-macos.abi.json /Users/admin/builder/spi-builder-workspace/.derivedData/Build/Intermediates.noindex/FlameGraph.build/Debug/FlameGraphCore-t.build/Objects-normal/arm64/FlameGraphCore.abi.json (in target 'FlameGraphCore' from project 'FlameGraph')
cd /Users/admin/builder/spi-builder-workspace
builtin-copy -exclude .DS_Store -exclude CVS -exclude .svn -exclude .git -exclude .hg -resolve-src-symlinks -rename /Users/admin/builder/spi-builder-workspace/.derivedData/Build/Intermediates.noindex/FlameGraph.build/Debug/FlameGraphCore-t.build/Objects-normal/arm64/FlameGraphCore.abi.json /Users/admin/builder/spi-builder-workspace/.derivedData/Build/Products/Debug/FlameGraphCore.swiftmodule/arm64-apple-macos.abi.json
SwiftDriverJobDiscovery normal arm64 Compiling Version.swift (in target 'Yaap' from project 'Yaap')
Copy /Users/admin/builder/spi-builder-workspace/.derivedData/Build/Products/Debug/FlameGraphCore.swiftmodule/Project/arm64-apple-macos.swiftsourceinfo /Users/admin/builder/spi-builder-workspace/.derivedData/Build/Intermediates.noindex/FlameGraph.build/Debug/FlameGraphCore-t.build/Objects-normal/arm64/FlameGraphCore.swiftsourceinfo (in target 'FlameGraphCore' from project 'FlameGraph')
cd /Users/admin/builder/spi-builder-workspace
builtin-copy -exclude .DS_Store -exclude CVS -exclude .svn -exclude .git -exclude .hg -resolve-src-symlinks -rename /Users/admin/builder/spi-builder-workspace/.derivedData/Build/Intermediates.noindex/FlameGraph.build/Debug/FlameGraphCore-t.build/Objects-normal/arm64/FlameGraphCore.swiftsourceinfo /Users/admin/builder/spi-builder-workspace/.derivedData/Build/Products/Debug/FlameGraphCore.swiftmodule/Project/arm64-apple-macos.swiftsourceinfo
SwiftCompile normal arm64 Compiling\ TraceParser.swift /Users/admin/builder/spi-builder-workspace/Sources/FlameGraphCore/TraceParser.swift (in target 'FlameGraphCore' from project 'FlameGraph')
SwiftCompile normal arm64 /Users/admin/builder/spi-builder-workspace/Sources/FlameGraphCore/TraceParser.swift (in target 'FlameGraphCore' from project 'FlameGraph')
cd /Users/admin/builder/spi-builder-workspace/.swiftpm/xcode
builtin-SwiftPerFileCompile TraceParser.swift
SwiftCompile normal arm64 Compiling\ CGBasedRenderer.swift /Users/admin/builder/spi-builder-workspace/Sources/FlameGraphCore/Renderer/CGBasedRenderer.swift (in target 'FlameGraphCore' from project 'FlameGraph')
SwiftCompile normal arm64 /Users/admin/builder/spi-builder-workspace/Sources/FlameGraphCore/Renderer/CGBasedRenderer.swift (in target 'FlameGraphCore' from project 'FlameGraph')
cd /Users/admin/builder/spi-builder-workspace/.swiftpm/xcode
builtin-SwiftPerFileCompile CGBasedRenderer.swift
SwiftDriverJobDiscovery normal arm64 Compiling Command.swift (in target 'Yaap' from project 'Yaap')
SwiftCompile normal arm64 Compiling\ Renderer.swift /Users/admin/builder/spi-builder-workspace/Sources/FlameGraphCore/Renderer/Renderer.swift (in target 'FlameGraphCore' from project 'FlameGraph')
SwiftCompile normal arm64 /Users/admin/builder/spi-builder-workspace/Sources/FlameGraphCore/Renderer/Renderer.swift (in target 'FlameGraphCore' from project 'FlameGraph')
cd /Users/admin/builder/spi-builder-workspace/.swiftpm/xcode
builtin-SwiftPerFileCompile Renderer.swift
SwiftDriverJobDiscovery normal arm64 Compiling Argument.swift (in target 'Yaap' from project 'Yaap')
SwiftDriverJobDiscovery normal arm64 Compiling Help.swift (in target 'Yaap' from project 'Yaap')
SwiftDriver FlameGraph normal arm64 com.apple.xcode.tools.swift.compiler (in target 'FlameGraph-product' from project 'FlameGraph')
cd /Users/admin/builder/spi-builder-workspace/.swiftpm/xcode
builtin-SwiftDriver -- /Applications/Xcode-27.0.0-Release.Candidate.app/Contents/Developer/Toolchains/XcodeDefault.xctoolchain/usr/bin/swiftc -module-name FlameGraph -Onone @/Users/admin/builder/spi-builder-workspace/.derivedData/Build/Intermediates.noindex/FlameGraph.build/Debug/FlameGraph-p.build/Objects-normal/arm64/FlameGraph.SwiftFileList -DSWIFT_PACKAGE -DDEBUG -DXcode -plugin-path /Applications/Xcode-27.0.0-Release.Candidate.app/Contents/Developer/Toolchains/XcodeDefault.xctoolchain/usr/lib/swift/host/plugins/testing -enable-experimental-feature DebugDescriptionMacro -sdk /Applications/Xcode-27.0.0-Release.Candidate.app/Contents/Developer/Platforms/MacOSX.platform/Developer/SDKs/MacOSX27.0.sdk -target arm64-apple-macos12.0 -g -module-cache-path /Users/admin/builder/spi-builder-workspace/.derivedData/ModuleCache.noindex -Xfrontend -serialize-debugging-options -profile-coverage-mapping -profile-generate -enable-testing -index-store-path /Users/admin/builder/spi-builder-workspace/.derivedData/Index.noindex/DataStore -Xcc -D_LIBCPP_HARDENING_MODE\=_LIBCPP_HARDENING_MODE_DEBUG -swift-version 5 -I /Users/admin/builder/spi-builder-workspace/.derivedData/Build/Products/Debug -Isystem /Applications/Xcode-27.0.0-Release.Candidate.app/Contents/Developer/Platforms/MacOSX.platform/Developer/usr/lib -F /Users/admin/builder/spi-builder-workspace/.derivedData/Build/Products/Debug/PackageFrameworks -F /Users/admin/builder/spi-builder-workspace/.derivedData/Build/Products/Debug -F /Applications/Xcode-27.0.0-Release.Candidate.app/Contents/Developer/Platforms/MacOSX.platform/Developer/Library/Frameworks -c -j10 -enable-batch-mode -incremental -Xcc -ivfsstatcache -Xcc /Users/admin/builder/spi-builder-workspace/.derivedData/SDKStatCaches.noindex/macosx27.0-26A425-e829b21a6f8c9b70876ba0858053c0446a22442a12e9d48fe1a705f55a1adfc4.sdkstatcache -output-file-map /Users/admin/builder/spi-builder-workspace/.derivedData/Build/Intermediates.noindex/FlameGraph.build/Debug/FlameGraph-p.build/Objects-normal/arm64/FlameGraph-OutputFileMap.json -save-temps -no-color-diagnostics -explicit-module-build -module-cache-path /Users/admin/builder/spi-builder-workspace/.derivedData/Build/Intermediates.noindex/SwiftExplicitPrecompiledModules -clang-scanner-module-cache-path /Users/admin/builder/spi-builder-workspace/.derivedData/ModuleCache.noindex -sdk-module-cache-path /Users/admin/builder/spi-builder-workspace/.derivedData/SDKExplicitPrecompiledModules -emit-dependencies -emit-module -emit-module-path /Users/admin/builder/spi-builder-workspace/.derivedData/Build/Intermediates.noindex/FlameGraph.build/Debug/FlameGraph-p.build/Objects-normal/arm64/FlameGraph.swiftmodule -serialize-diagnostics -dependency-scan-serialize-diagnostics-path /Users/admin/builder/spi-builder-workspace/.derivedData/Build/Intermediates.noindex/FlameGraph.build/Debug/FlameGraph-p.build/Objects-normal/arm64/FlameGraph-dependency-scan.dia -validate-clang-modules-once -clang-build-session-file /Users/admin/builder/spi-builder-workspace/.derivedData/ModuleCache.noindex/Session.modulevalidation -Xcc -fmodules-prune-interval\=86400 -Xcc -fmodules-prune-after\=345600 -emit-const-values -const-gather-protocols-list /Users/admin/builder/spi-builder-workspace/.derivedData/Build/Intermediates.noindex/FlameGraph.build/Debug/FlameGraph-p.build/Objects-normal/arm64/FlameGraph_const_extract_protocols.json -Xcc -I/Users/admin/builder/spi-builder-workspace/.derivedData/Build/Products/Debug/include -Xcc -I/Users/admin/builder/spi-builder-workspace/.derivedData/Build/Intermediates.noindex/FlameGraph.build/Debug/FlameGraph-p.build/DerivedSources-normal/arm64 -Xcc -I/Users/admin/builder/spi-builder-workspace/.derivedData/Build/Intermediates.noindex/FlameGraph.build/Debug/FlameGraph-p.build/DerivedSources/arm64 -Xcc -I/Users/admin/builder/spi-builder-workspace/.derivedData/Build/Intermediates.noindex/FlameGraph.build/Debug/FlameGraph-p.build/DerivedSources -Xcc -DSWIFT_PACKAGE -Xcc -DDEBUG\=1 -working-directory /Users/admin/builder/spi-builder-workspace/.swiftpm/xcode -experimental-emit-module-separately -disable-cmo
SwiftDriverJobDiscovery normal arm64 Compiling Option.swift (in target 'Yaap' from project 'Yaap')
SwiftDriver\ Compilation Yaap normal arm64 com.apple.xcode.tools.swift.compiler (in target 'Yaap' from project 'Yaap')
cd /Users/admin/builder/spi-builder-workspace/.swiftpm/xcode
builtin-Swift-Compilation -- /Applications/Xcode-27.0.0-Release.Candidate.app/Contents/Developer/Toolchains/XcodeDefault.xctoolchain/usr/bin/swiftc -parse-as-library -module-name Yaap -Onone @/Users/admin/builder/spi-builder-workspace/.derivedData/Build/Intermediates.noindex/Yaap.build/Debug/Yaap-t.build/Objects-normal/arm64/Yaap.SwiftFileList -DSWIFT_PACKAGE -DDEBUG -DSWIFT_MODULE_RESOURCE_BUNDLE_UNAVAILABLE -DXcode -plugin-path /Applications/Xcode-27.0.0-Release.Candidate.app/Contents/Developer/Toolchains/XcodeDefault.xctoolchain/usr/lib/swift/host/plugins/testing -enable-experimental-feature DebugDescriptionMacro -sdk /Applications/Xcode-27.0.0-Release.Candidate.app/Contents/Developer/Platforms/MacOSX.platform/Developer/SDKs/MacOSX27.0.sdk -target arm64-apple-macos12.0 -g -module-cache-path /Users/admin/builder/spi-builder-workspace/.derivedData/ModuleCache.noindex -Xfrontend -serialize-debugging-options -profile-coverage-mapping -profile-generate -enable-testing -suppress-warnings -index-store-path /Users/admin/builder/spi-builder-workspace/.derivedData/Index.noindex/DataStore -Xcc -D_LIBCPP_HARDENING_MODE\=_LIBCPP_HARDENING_MODE_DEBUG -swift-version 5 -I /Users/admin/builder/spi-builder-workspace/.derivedData/Build/Products/Debug -Isystem /Applications/Xcode-27.0.0-Release.Candidate.app/Contents/Developer/Platforms/MacOSX.platform/Developer/usr/lib -F /Users/admin/builder/spi-builder-workspace/.derivedData/Build/Products/Debug -F /Applications/Xcode-27.0.0-Release.Candidate.app/Contents/Developer/Platforms/MacOSX.platform/Developer/Library/Frameworks -c -j10 -enable-batch-mode -incremental -Xcc -ivfsstatcache -Xcc /Users/admin/builder/spi-builder-workspace/.derivedData/SDKStatCaches.noindex/macosx27.0-26A425-e829b21a6f8c9b70876ba0858053c0446a22442a12e9d48fe1a705f55a1adfc4.sdkstatcache -output-file-map /Users/admin/builder/spi-builder-workspace/.derivedData/Build/Intermediates.noindex/Yaap.build/Debug/Yaap-t.build/Objects-normal/arm64/Yaap-OutputFileMap.json -save-temps -no-color-diagnostics -explicit-module-build -module-cache-path /Users/admin/builder/spi-builder-workspace/.derivedData/Build/Intermediates.noindex/SwiftExplicitPrecompiledModules -clang-scanner-module-cache-path /Users/admin/builder/spi-builder-workspace/.derivedData/ModuleCache.noindex -sdk-module-cache-path /Users/admin/builder/spi-builder-workspace/.derivedData/SDKExplicitPrecompiledModules -emit-dependencies -emit-module -emit-module-path /Users/admin/builder/spi-builder-workspace/.derivedData/Build/Intermediates.noindex/Yaap.build/Debug/Yaap-t.build/Objects-normal/arm64/Yaap.swiftmodule -serialize-diagnostics -dependency-scan-serialize-diagnostics-path /Users/admin/builder/spi-builder-workspace/.derivedData/Build/Intermediates.noindex/Yaap.build/Debug/Yaap-t.build/Objects-normal/arm64/Yaap-dependency-scan.dia -validate-clang-modules-once -clang-build-session-file /Users/admin/builder/spi-builder-workspace/.derivedData/ModuleCache.noindex/Session.modulevalidation -Xcc -fmodules-prune-interval\=86400 -Xcc -fmodules-prune-after\=345600 -emit-const-values -const-gather-protocols-list /Users/admin/builder/spi-builder-workspace/.derivedData/Build/Intermediates.noindex/Yaap.build/Debug/Yaap-t.build/Objects-normal/arm64/Yaap_const_extract_protocols.json -Xcc -I/Users/admin/builder/spi-builder-workspace/.derivedData/Build/Products/Debug/include -Xcc -I/Users/admin/builder/spi-builder-workspace/.derivedData/Build/Intermediates.noindex/Yaap.build/Debug/Yaap-t.build/DerivedSources-normal/arm64 -Xcc -I/Users/admin/builder/spi-builder-workspace/.derivedData/Build/Intermediates.noindex/Yaap.build/Debug/Yaap-t.build/DerivedSources/arm64 -Xcc -I/Users/admin/builder/spi-builder-workspace/.derivedData/Build/Intermediates.noindex/Yaap.build/Debug/Yaap-t.build/DerivedSources -Xcc -DSWIFT_PACKAGE -Xcc -DDEBUG\=1 -emit-objc-header -emit-objc-header-path /Users/admin/builder/spi-builder-workspace/.derivedData/Build/Intermediates.noindex/Yaap.build/Debug/Yaap-t.build/Objects-normal/arm64/Yaap-Swift.h -working-directory /Users/admin/builder/spi-builder-workspace/.swiftpm/xcode -experimental-emit-module-separately -disable-cmo
Ld /Users/admin/builder/spi-builder-workspace/.derivedData/Build/Products/Debug/Yaap.o normal (in target 'Yaap' from project 'Yaap')
cd /Users/admin/builder/spi-builder-workspace/.dependencies/checkouts/Yaap
/Applications/Xcode-27.0.0-Release.Candidate.app/Contents/Developer/Toolchains/XcodeDefault.xctoolchain/usr/bin/clang -Xlinker -reproducible -target arm64-apple-macos12.0 -r -isysroot /Applications/Xcode-27.0.0-Release.Candidate.app/Contents/Developer/Platforms/MacOSX.platform/Developer/SDKs/MacOSX27.0.sdk -O0 -w -Xlinker -no_warn_duplicate_libraries -F/Users/admin/builder/spi-builder-workspace/.derivedData/Build/Intermediates.noindex/EagerLinkingTBDs/Debug -F/Users/admin/builder/spi-builder-workspace/.derivedData/Build/Products/Debug -iframework /Applications/Xcode-27.0.0-Release.Candidate.app/Contents/Developer/Platforms/MacOSX.platform/Developer/Library/Frameworks -filelist /Users/admin/builder/spi-builder-workspace/.derivedData/Build/Intermediates.noindex/Yaap.build/Debug/Yaap-t.build/Objects-normal/arm64/Yaap.LinkFileList -nostdlib -Xlinker -object_path_lto -Xlinker /Users/admin/builder/spi-builder-workspace/.derivedData/Build/Intermediates.noindex/Yaap.build/Debug/Yaap-t.build/Objects-normal/arm64/Yaap_lto.o -Xlinker -no_deduplicate -Xlinker -debug_variant -Xlinker -dependency_info -Xlinker /Users/admin/builder/spi-builder-workspace/.derivedData/Build/Intermediates.noindex/Yaap.build/Debug/Yaap-t.build/Objects-normal/arm64/Yaap_dependency_info.dat -fobjc-link-runtime -L/Applications/Xcode-27.0.0-Release.Candidate.app/Contents/Developer/Toolchains/XcodeDefault.xctoolchain/usr/lib/swift/macosx -L/usr/lib/swift -Xlinker -add_ast_path -Xlinker /Users/admin/builder/spi-builder-workspace/.derivedData/Build/Intermediates.noindex/Yaap.build/Debug/Yaap-t.build/Objects-normal/arm64/Yaap.swiftmodule -o /Users/admin/builder/spi-builder-workspace/.derivedData/Build/Products/Debug/Yaap.o
ExtractAppIntentsMetadata (in target 'Yaap' from project 'Yaap')
cd /Users/admin/builder/spi-builder-workspace/.dependencies/checkouts/Yaap
/Applications/Xcode-27.0.0-Release.Candidate.app/Contents/Developer/Toolchains/XcodeDefault.xctoolchain/usr/bin/appintentsmetadataprocessor --toolchain-dir /var/run/com.apple.security.cryptexd/mnt/com.apple.MobileAsset.MetalToolchain-v27.1.266.1.Z1uWik/Metal.xctoolchain --module-name Yaap --sdk-root /Applications/Xcode-27.0.0-Release.Candidate.app/Contents/Developer/Platforms/MacOSX.platform/Developer/SDKs/MacOSX27.0.sdk --xcode-version 27A266a --platform-family macOS --deployment-target 12.0 --bundle-identifier yaap.Yaap --output /Users/admin/builder/spi-builder-workspace/.derivedData/Build/Products/Debug/Yaap.appintents --target-triple arm64-apple-macos12.0 --binary-file /Users/admin/builder/spi-builder-workspace/.derivedData/Build/Products/Debug/Yaap.o --dependency-file /Users/admin/builder/spi-builder-workspace/.derivedData/Build/Intermediates.noindex/Yaap.build/Debug/Yaap-t.build/Objects-normal/arm64/Yaap_dependency_info.dat --stringsdata-file /Users/admin/builder/spi-builder-workspace/.derivedData/Build/Intermediates.noindex/Yaap.build/Debug/Yaap-t.build/Objects-normal/arm64/ExtractedAppShortcutsMetadata.stringsdata --source-file-list /Users/admin/builder/spi-builder-workspace/.derivedData/Build/Intermediates.noindex/Yaap.build/Debug/Yaap-t.build/Objects-normal/arm64/Yaap.SwiftFileList --metadata-file-list /Users/admin/builder/spi-builder-workspace/.derivedData/Build/Intermediates.noindex/Yaap.build/Debug/Yaap-t.build/Yaap.DependencyMetadataFileList --static-metadata-file-list /Users/admin/builder/spi-builder-workspace/.derivedData/Build/Intermediates.noindex/Yaap.build/Debug/Yaap-t.build/Yaap.DependencyStaticMetadataFileList --swift-const-vals-list /Users/admin/builder/spi-builder-workspace/.derivedData/Build/Intermediates.noindex/Yaap.build/Debug/Yaap-t.build/Objects-normal/arm64/Yaap.SwiftConstValuesFileList --force --compile-time-extraction --deployment-aware-processing --no-app-shortcuts-localization
2026-09-15 19:36:43.206 appintentsmetadataprocessor[793:4858] Starting appintentsmetadataprocessor export
2026-09-15 19:36:43.324 appintentsmetadataprocessor[793:4858] Extracted no relevant App Intents symbols, skipping writing output
SwiftDriverJobDiscovery normal arm64 Compiling Renderer.swift (in target 'FlameGraphCore' from project 'FlameGraph')
SwiftDriverJobDiscovery normal arm64 Compiling TraceParser.swift (in target 'FlameGraphCore' from project 'FlameGraph')
SwiftDriverJobDiscovery normal arm64 Compiling HTMLRenderer.swift (in target 'FlameGraphCore' from project 'FlameGraph')
SwiftEmitModule normal arm64 Emitting\ module\ for\ FlameGraph (in target 'FlameGraph-product' from project 'FlameGraph')
SwiftCompile normal arm64 (in target 'FlameGraph-product' from project 'FlameGraph')
cd /Users/admin/builder/spi-builder-workspace/.swiftpm/xcode
/Users/admin/builder/spi-builder-workspace/Sources/FlameGraph/main.swift:11:34: error: incorrect argument labels in call (have 'shorthand:defaultValue:documentation:', expected 'wrappedValue:name:documentation:')
9 |
10 | let outputPath = Argument<String>(documentation: "The path where the image should be saves")
11 | let filePath = Option<String>(shorthand: "f", defaultValue: "", documentation: "The path of a txt that contains the trace copy")
| `- error: incorrect argument labels in call (have 'shorthand:defaultValue:documentation:', expected 'wrappedValue:name:documentation:')
12 | let silent = Option<Bool>(shorthand: "s", defaultValue: false, documentation: "Don't open the file after generation")
13 | let png = Option<Bool>(shorthand: "p", defaultValue: false, documentation: "Save FlameGraph as PNG")
/Users/admin/builder/spi-builder-workspace/Sources/FlameGraph/main.swift:12:61: error: extra argument 'defaultValue' in call
10 | let outputPath = Argument<String>(documentation: "The path where the image should be saves")
11 | let filePath = Option<String>(shorthand: "f", defaultValue: "", documentation: "The path of a txt that contains the trace copy")
12 | let silent = Option<Bool>(shorthand: "s", defaultValue: false, documentation: "Don't open the file after generation")
| `- error: extra argument 'defaultValue' in call
13 | let png = Option<Bool>(shorthand: "p", defaultValue: false, documentation: "Save FlameGraph as PNG")
14 | let html = Option<Bool>(shorthand: "h", defaultValue: false, documentation: "Save FlameGraph as HTML")
/Users/admin/builder/spi-builder-workspace/Sources/FlameGraph/main.swift:13:58: error: extra argument 'defaultValue' in call
11 | let filePath = Option<String>(shorthand: "f", defaultValue: "", documentation: "The path of a txt that contains the trace copy")
12 | let silent = Option<Bool>(shorthand: "s", defaultValue: false, documentation: "Don't open the file after generation")
13 | let png = Option<Bool>(shorthand: "p", defaultValue: false, documentation: "Save FlameGraph as PNG")
| `- error: extra argument 'defaultValue' in call
14 | let html = Option<Bool>(shorthand: "h", defaultValue: false, documentation: "Save FlameGraph as HTML")
15 |
/Users/admin/builder/spi-builder-workspace/Sources/FlameGraph/main.swift:14:59: error: extra argument 'defaultValue' in call
12 | let silent = Option<Bool>(shorthand: "s", defaultValue: false, documentation: "Don't open the file after generation")
13 | let png = Option<Bool>(shorthand: "p", defaultValue: false, documentation: "Save FlameGraph as PNG")
14 | let html = Option<Bool>(shorthand: "h", defaultValue: false, documentation: "Save FlameGraph as HTML")
| `- error: extra argument 'defaultValue' in call
15 |
16 | let help = Help()
Failed frontend command:
/Applications/Xcode-27.0.0-Release.Candidate.app/Contents/Developer/Toolchains/XcodeDefault.xctoolchain/usr/bin/swift-frontend -frontend -emit-module -experimental-skip-non-inlinable-function-bodies-without-types /Users/admin/builder/spi-builder-workspace/Sources/FlameGraph/Errors.swift /Users/admin/builder/spi-builder-workspace/Sources/FlameGraph/main.swift -target arm64-apple-macos12.0 -disable-cross-import-overlay-search -load-resolved-plugin /Applications/Xcode-27.0.0-Release.Candidate.app/Contents/Developer/Platforms/MacOSX.platform/Developer/usr/lib/swift/host/plugins/libFoundationMacros.dylib\#/Applications/Xcode-27.0.0-Release.Candidate.app/Contents/Developer/Platforms/MacOSX.platform/Developer/usr/bin/swift-plugin-server\#FoundationMacros -load-resolved-plugin /Applications/Xcode-27.0.0-Release.Candidate.app/Contents/Developer/Platforms/MacOSX.platform/Developer/usr/lib/swift/host/plugins/libObservationMacros.dylib\#/Applications/Xcode-27.0.0-Release.Candidate.app/Contents/Developer/Platforms/MacOSX.platform/Developer/usr/bin/swift-plugin-server\#ObservationMacros -load-resolved-plugin /Applications/Xcode-27.0.0-Release.Candidate.app/Contents/Developer/Platforms/MacOSX.platform/Developer/usr/lib/swift/host/plugins/libPreviewsMacros.dylib\#/Applications/Xcode-27.0.0-Release.Candidate.app/Contents/Developer/Platforms/MacOSX.platform/Developer/usr/bin/swift-plugin-server\#PreviewsMacros -load-resolved-plugin /Applications/Xcode-27.0.0-Release.Candidate.app/Contents/Developer/Platforms/MacOSX.platform/Developer/usr/lib/swift/host/plugins/libSwiftMacros.dylib\#/Applications/Xcode-27.0.0-Release.Candidate.app/Contents/Developer/Platforms/MacOSX.platform/Developer/usr/bin/swift-plugin-server\#SwiftMacros -load-resolved-plugin /Applications/Xcode-27.0.0-Release.Candidate.app/Contents/Developer/Platforms/MacOSX.platform/Developer/usr/lib/swift/host/plugins/libSwiftUIMacros.dylib\#/Applications/Xcode-27.0.0-Release.Candidate.app/Contents/Developer/Platforms/MacOSX.platform/Developer/usr/bin/swift-plugin-server\#SwiftUIMacros -disable-implicit-swift-modules -Xcc -fno-implicit-modules -Xcc -fno-implicit-module-maps -explicit-swift-module-map-file /Users/admin/builder/spi-builder-workspace/.derivedData/Build/Intermediates.noindex/FlameGraph.build/Debug/FlameGraph-p.build/Objects-normal/arm64/FlameGraph-dependencies-1.json -Xllvm -aarch64-use-tbi -enable-objc-interop -stack-check -sdk /Applications/Xcode-27.0.0-Release.Candidate.app/Contents/Developer/Platforms/MacOSX.platform/Developer/SDKs/MacOSX27.0.sdk -I /Users/admin/builder/spi-builder-workspace/.derivedData/Build/Products/Debug -Isystem /Applications/Xcode-27.0.0-Release.Candidate.app/Contents/Developer/Platforms/MacOSX.platform/Developer/usr/lib -F /Users/admin/builder/spi-builder-workspace/.derivedData/Build/Products/Debug/PackageFrameworks -F /Users/admin/builder/spi-builder-workspace/.derivedData/Build/Products/Debug -F /Applications/Xcode-27.0.0-Release.Candidate.app/Contents/Developer/Platforms/MacOSX.platform/Developer/Library/Frameworks -module-cache-path /Users/admin/builder/spi-builder-workspace/.derivedData/Build/Intermediates.noindex/SwiftExplicitPrecompiledModules -no-color-diagnostics -Xcc -fno-color-diagnostics -enable-testing -g -debug-info-format\=dwarf -dwarf-version\=4 -profile-generate -profile-coverage-mapping -swift-version 5 -Onone -D SWIFT_PACKAGE -D DEBUG -D Xcode -serialize-debugging-options -enable-experimental-feature DebugDescriptionMacro -empty-abi-descriptor -validate-clang-modules-once -clang-build-session-file /Users/admin/builder/spi-builder-workspace/.derivedData/ModuleCache.noindex/Session.modulevalidation -Xcc -working-directory -Xcc /Users/admin/builder/spi-builder-workspace/.swiftpm/xcode -enable-anonymous-context-mangled-names -file-compilation-dir /Users/admin/builder/spi-builder-workspace/.swiftpm/xcode -Xcc -D_LIBCPP_HARDENING_MODE\=_LIBCPP_HARDENING_MODE_DEBUG -Xcc -ivfsstatcache -Xcc /Users/admin/builder/spi-builder-workspace/.derivedData/SDKStatCaches.noindex/macosx27.0-26A425-e829b21a6f8c9b70876ba0858053c0446a22442a12e9d48fe1a705f55a1adfc4.sdkstatcache -Xcc -fmodules-prune-interval\=86400 -Xcc -fmodules-prune-after\=345600 -Xcc -I/Users/admin/builder/spi-builder-workspace/.derivedData/Build/Products/Debug/include -Xcc -I/Users/admin/builder/spi-builder-workspace/.derivedData/Build/Intermediates.noindex/FlameGraph.build/Debug/FlameGraph-p.build/DerivedSources-normal/arm64 -Xcc -I/Users/admin/builder/spi-builder-workspace/.derivedData/Build/Intermediates.noindex/FlameGraph.build/Debug/FlameGraph-p.build/DerivedSources/arm64 -Xcc -I/Users/admin/builder/spi-builder-workspace/.derivedData/Build/Intermediates.noindex/FlameGraph.build/Debug/FlameGraph-p.build/DerivedSources -Xcc -DSWIFT_PACKAGE -Xcc -DDEBUG\=1 -no-auto-bridging-header-chaining -module-name FlameGraph -const-gather-protocols-file /Users/admin/builder/spi-builder-workspace/.derivedData/Build/Intermediates.noindex/FlameGraph.build/Debug/FlameGraph-p.build/Objects-normal/arm64/FlameGraph_const_extract_protocols.json -disable-clang-spi -clang-target arm64-apple-macos27.0 -target-sdk-version 27.0 -target-sdk-name macosx27.0 -in-process-plugin-server-path /Applications/Xcode-27.0.0-Release.Candidate.app/Contents/Developer/Toolchains/XcodeDefault.xctoolchain/usr/lib/swift/host/libSwiftInProcPluginServer.dylib -emit-module-doc-path /Users/admin/builder/spi-builder-workspace/.derivedData/Build/Intermediates.noindex/FlameGraph.build/Debug/FlameGraph-p.build/Objects-normal/arm64/FlameGraph.swiftdoc -emit-module-source-info-path /Users/admin/builder/spi-builder-workspace/.derivedData/Build/Intermediates.noindex/FlameGraph.build/Debug/FlameGraph-p.build/Objects-normal/arm64/FlameGraph.swiftsourceinfo -serialize-diagnostics-path /Users/admin/builder/spi-builder-workspace/.derivedData/Build/Intermediates.noindex/FlameGraph.build/Debug/FlameGraph-p.build/Objects-normal/arm64/FlameGraph-primary-emit-module.dia -emit-dependencies-path /Users/admin/builder/spi-builder-workspace/.derivedData/Build/Intermediates.noindex/FlameGraph.build/Debug/FlameGraph-p.build/Objects-normal/arm64/FlameGraph-primary-emit-module.d -o /Users/admin/builder/spi-builder-workspace/.derivedData/Build/Intermediates.noindex/FlameGraph.build/Debug/FlameGraph-p.build/Objects-normal/arm64/FlameGraph.swiftmodule -emit-abi-descriptor-path /Users/admin/builder/spi-builder-workspace/.derivedData/Build/Intermediates.noindex/FlameGraph.build/Debug/FlameGraph-p.build/Objects-normal/arm64/FlameGraph.abi.json
SwiftCompile normal arm64 Compiling\ Errors.swift /Users/admin/builder/spi-builder-workspace/Sources/FlameGraph/Errors.swift (in target 'FlameGraph-product' from project 'FlameGraph')
SwiftCompile normal arm64 /Users/admin/builder/spi-builder-workspace/Sources/FlameGraph/Errors.swift (in target 'FlameGraph-product' from project 'FlameGraph')
cd /Users/admin/builder/spi-builder-workspace/.swiftpm/xcode
builtin-SwiftPerFileCompile Errors.swift
SwiftCompile normal arm64 Compiling\ main.swift /Users/admin/builder/spi-builder-workspace/Sources/FlameGraph/main.swift (in target 'FlameGraph-product' from project 'FlameGraph')
SwiftCompile normal arm64 /Users/admin/builder/spi-builder-workspace/Sources/FlameGraph/main.swift (in target 'FlameGraph-product' from project 'FlameGraph')
cd /Users/admin/builder/spi-builder-workspace/.swiftpm/xcode
builtin-SwiftPerFileCompile main.swift
/Users/admin/builder/spi-builder-workspace/Sources/FlameGraph/main.swift:11:34: error: incorrect argument labels in call (have 'shorthand:defaultValue:documentation:', expected 'wrappedValue:name:documentation:')
9 |
10 | let outputPath = Argument<String>(documentation: "The path where the image should be saves")
11 | let filePath = Option<String>(shorthand: "f", defaultValue: "", documentation: "The path of a txt that contains the trace copy")
| `- error: incorrect argument labels in call (have 'shorthand:defaultValue:documentation:', expected 'wrappedValue:name:documentation:')
12 | let silent = Option<Bool>(shorthand: "s", defaultValue: false, documentation: "Don't open the file after generation")
13 | let png = Option<Bool>(shorthand: "p", defaultValue: false, documentation: "Save FlameGraph as PNG")
/Users/admin/builder/spi-builder-workspace/Sources/FlameGraph/main.swift:12:61: error: extra argument 'defaultValue' in call
10 | let outputPath = Argument<String>(documentation: "The path where the image should be saves")
11 | let filePath = Option<String>(shorthand: "f", defaultValue: "", documentation: "The path of a txt that contains the trace copy")
12 | let silent = Option<Bool>(shorthand: "s", defaultValue: false, documentation: "Don't open the file after generation")
| `- error: extra argument 'defaultValue' in call
13 | let png = Option<Bool>(shorthand: "p", defaultValue: false, documentation: "Save FlameGraph as PNG")
14 | let html = Option<Bool>(shorthand: "h", defaultValue: false, documentation: "Save FlameGraph as HTML")
/Users/admin/builder/spi-builder-workspace/Sources/FlameGraph/main.swift:13:58: error: extra argument 'defaultValue' in call
11 | let filePath = Option<String>(shorthand: "f", defaultValue: "", documentation: "The path of a txt that contains the trace copy")
12 | let silent = Option<Bool>(shorthand: "s", defaultValue: false, documentation: "Don't open the file after generation")
13 | let png = Option<Bool>(shorthand: "p", defaultValue: false, documentation: "Save FlameGraph as PNG")
| `- error: extra argument 'defaultValue' in call
14 | let html = Option<Bool>(shorthand: "h", defaultValue: false, documentation: "Save FlameGraph as HTML")
15 |
SwiftDriverJobDiscovery normal arm64 Compiling BaseRenderer.swift (in target 'FlameGraphCore' from project 'FlameGraph')
SwiftDriverJobDiscovery normal arm64 Compiling PDFRenderer.swift (in target 'FlameGraphCore' from project 'FlameGraph')
SwiftDriverJobDiscovery normal arm64 Compiling CGBasedRenderer.swift (in target 'FlameGraphCore' from project 'FlameGraph')
SwiftDriverJobDiscovery normal arm64 Compiling ImageRenderer.swift (in target 'FlameGraphCore' from project 'FlameGraph')
SwiftDriver\ Compilation FlameGraphCore normal arm64 com.apple.xcode.tools.swift.compiler (in target 'FlameGraphCore' from project 'FlameGraph')
cd /Users/admin/builder/spi-builder-workspace/.swiftpm/xcode
builtin-Swift-Compilation -- /Applications/Xcode-27.0.0-Release.Candidate.app/Contents/Developer/Toolchains/XcodeDefault.xctoolchain/usr/bin/swiftc -parse-as-library -module-name FlameGraphCore -Onone @/Users/admin/builder/spi-builder-workspace/.derivedData/Build/Intermediates.noindex/FlameGraph.build/Debug/FlameGraphCore-t.build/Objects-normal/arm64/FlameGraphCore.SwiftFileList -DSWIFT_PACKAGE -DDEBUG -DSWIFT_MODULE_RESOURCE_BUNDLE_UNAVAILABLE -DXcode -plugin-path /Applications/Xcode-27.0.0-Release.Candidate.app/Contents/Developer/Toolchains/XcodeDefault.xctoolchain/usr/lib/swift/host/plugins/testing -enable-experimental-feature DebugDescriptionMacro -sdk /Applications/Xcode-27.0.0-Release.Candidate.app/Contents/Developer/Platforms/MacOSX.platform/Developer/SDKs/MacOSX27.0.sdk -target arm64-apple-macos12.0 -g -module-cache-path /Users/admin/builder/spi-builder-workspace/.derivedData/ModuleCache.noindex -Xfrontend -serialize-debugging-options -profile-coverage-mapping -profile-generate -enable-testing -index-store-path /Users/admin/builder/spi-builder-workspace/.derivedData/Index.noindex/DataStore -Xcc -D_LIBCPP_HARDENING_MODE\=_LIBCPP_HARDENING_MODE_DEBUG -swift-version 5 -I /Users/admin/builder/spi-builder-workspace/.derivedData/Build/Products/Debug -Isystem /Applications/Xcode-27.0.0-Release.Candidate.app/Contents/Developer/Platforms/MacOSX.platform/Developer/usr/lib -F /Users/admin/builder/spi-builder-workspace/.derivedData/Build/Products/Debug -F /Applications/Xcode-27.0.0-Release.Candidate.app/Contents/Developer/Platforms/MacOSX.platform/Developer/Library/Frameworks -c -j10 -enable-batch-mode -incremental -Xcc -ivfsstatcache -Xcc /Users/admin/builder/spi-builder-workspace/.derivedData/SDKStatCaches.noindex/macosx27.0-26A425-e829b21a6f8c9b70876ba0858053c0446a22442a12e9d48fe1a705f55a1adfc4.sdkstatcache -output-file-map /Users/admin/builder/spi-builder-workspace/.derivedData/Build/Intermediates.noindex/FlameGraph.build/Debug/FlameGraphCore-t.build/Objects-normal/arm64/FlameGraphCore-OutputFileMap.json -save-temps -no-color-diagnostics -explicit-module-build -module-cache-path /Users/admin/builder/spi-builder-workspace/.derivedData/Build/Intermediates.noindex/SwiftExplicitPrecompiledModules -clang-scanner-module-cache-path /Users/admin/builder/spi-builder-workspace/.derivedData/ModuleCache.noindex -sdk-module-cache-path /Users/admin/builder/spi-builder-workspace/.derivedData/SDKExplicitPrecompiledModules -emit-dependencies -emit-module -emit-module-path /Users/admin/builder/spi-builder-workspace/.derivedData/Build/Intermediates.noindex/FlameGraph.build/Debug/FlameGraphCore-t.build/Objects-normal/arm64/FlameGraphCore.swiftmodule -serialize-diagnostics -dependency-scan-serialize-diagnostics-path /Users/admin/builder/spi-builder-workspace/.derivedData/Build/Intermediates.noindex/FlameGraph.build/Debug/FlameGraphCore-t.build/Objects-normal/arm64/FlameGraphCore-dependency-scan.dia -validate-clang-modules-once -clang-build-session-file /Users/admin/builder/spi-builder-workspace/.derivedData/ModuleCache.noindex/Session.modulevalidation -Xcc -fmodules-prune-interval\=86400 -Xcc -fmodules-prune-after\=345600 -emit-const-values -const-gather-protocols-list /Users/admin/builder/spi-builder-workspace/.derivedData/Build/Intermediates.noindex/FlameGraph.build/Debug/FlameGraphCore-t.build/Objects-normal/arm64/FlameGraphCore_const_extract_protocols.json -Xcc -I/Users/admin/builder/spi-builder-workspace/.derivedData/Build/Products/Debug/include -Xcc -I/Users/admin/builder/spi-builder-workspace/.derivedData/Build/Intermediates.noindex/FlameGraph.build/Debug/FlameGraphCore-t.build/DerivedSources-normal/arm64 -Xcc -I/Users/admin/builder/spi-builder-workspace/.derivedData/Build/Intermediates.noindex/FlameGraph.build/Debug/FlameGraphCore-t.build/DerivedSources/arm64 -Xcc -I/Users/admin/builder/spi-builder-workspace/.derivedData/Build/Intermediates.noindex/FlameGraph.build/Debug/FlameGraphCore-t.build/DerivedSources -Xcc -DSWIFT_PACKAGE -Xcc -DDEBUG\=1 -emit-objc-header -emit-objc-header-path /Users/admin/builder/spi-builder-workspace/.derivedData/Build/Intermediates.noindex/FlameGraph.build/Debug/FlameGraphCore-t.build/Objects-normal/arm64/FlameGraphCore-Swift.h -working-directory /Users/admin/builder/spi-builder-workspace/.swiftpm/xcode -experimental-emit-module-separately -disable-cmo
Ld /Users/admin/builder/spi-builder-workspace/.derivedData/Build/Products/Debug/FlameGraphCore.o normal (in target 'FlameGraphCore' from project 'FlameGraph')
cd /Users/admin/builder/spi-builder-workspace
/Applications/Xcode-27.0.0-Release.Candidate.app/Contents/Developer/Toolchains/XcodeDefault.xctoolchain/usr/bin/clang -Xlinker -reproducible -target arm64-apple-macos12.0 -r -isysroot /Applications/Xcode-27.0.0-Release.Candidate.app/Contents/Developer/Platforms/MacOSX.platform/Developer/SDKs/MacOSX27.0.sdk -O0 -Xlinker -no_warn_duplicate_libraries -F/Users/admin/builder/spi-builder-workspace/.derivedData/Build/Intermediates.noindex/EagerLinkingTBDs/Debug -F/Users/admin/builder/spi-builder-workspace/.derivedData/Build/Products/Debug -iframework /Applications/Xcode-27.0.0-Release.Candidate.app/Contents/Developer/Platforms/MacOSX.platform/Developer/Library/Frameworks -filelist /Users/admin/builder/spi-builder-workspace/.derivedData/Build/Intermediates.noindex/FlameGraph.build/Debug/FlameGraphCore-t.build/Objects-normal/arm64/FlameGraphCore.LinkFileList -nostdlib -Xlinker -object_path_lto -Xlinker /Users/admin/builder/spi-builder-workspace/.derivedData/Build/Intermediates.noindex/FlameGraph.build/Debug/FlameGraphCore-t.build/Objects-normal/arm64/FlameGraphCore_lto.o -Xlinker -no_deduplicate -Xlinker -debug_variant -Xlinker -dependency_info -Xlinker /Users/admin/builder/spi-builder-workspace/.derivedData/Build/Intermediates.noindex/FlameGraph.build/Debug/FlameGraphCore-t.build/Objects-normal/arm64/FlameGraphCore_dependency_info.dat -fobjc-link-runtime -L/Applications/Xcode-27.0.0-Release.Candidate.app/Contents/Developer/Toolchains/XcodeDefault.xctoolchain/usr/lib/swift/macosx -L/usr/lib/swift -Xlinker -add_ast_path -Xlinker /Users/admin/builder/spi-builder-workspace/.derivedData/Build/Intermediates.noindex/FlameGraph.build/Debug/FlameGraphCore-t.build/Objects-normal/arm64/FlameGraphCore.swiftmodule -o /Users/admin/builder/spi-builder-workspace/.derivedData/Build/Products/Debug/FlameGraphCore.o
ExtractAppIntentsMetadata (in target 'FlameGraphCore' from project 'FlameGraph')
cd /Users/admin/builder/spi-builder-workspace
/Applications/Xcode-27.0.0-Release.Candidate.app/Contents/Developer/Toolchains/XcodeDefault.xctoolchain/usr/bin/appintentsmetadataprocessor --toolchain-dir /var/run/com.apple.security.cryptexd/mnt/com.apple.MobileAsset.MetalToolchain-v27.1.266.1.Z1uWik/Metal.xctoolchain --module-name FlameGraphCore --sdk-root /Applications/Xcode-27.0.0-Release.Candidate.app/Contents/Developer/Platforms/MacOSX.platform/Developer/SDKs/MacOSX27.0.sdk --xcode-version 27A266a --platform-family macOS --deployment-target 12.0 --bundle-identifier spi-builder-workspace.FlameGraphCore --output /Users/admin/builder/spi-builder-workspace/.derivedData/Build/Products/Debug/FlameGraphCore.appintents --target-triple arm64-apple-macos12.0 --binary-file /Users/admin/builder/spi-builder-workspace/.derivedData/Build/Products/Debug/FlameGraphCore.o --dependency-file /Users/admin/builder/spi-builder-workspace/.derivedData/Build/Intermediates.noindex/FlameGraph.build/Debug/FlameGraphCore-t.build/Objects-normal/arm64/FlameGraphCore_dependency_info.dat --stringsdata-file /Users/admin/builder/spi-builder-workspace/.derivedData/Build/Intermediates.noindex/FlameGraph.build/Debug/FlameGraphCore-t.build/Objects-normal/arm64/ExtractedAppShortcutsMetadata.stringsdata --source-file-list /Users/admin/builder/spi-builder-workspace/.derivedData/Build/Intermediates.noindex/FlameGraph.build/Debug/FlameGraphCore-t.build/Objects-normal/arm64/FlameGraphCore.SwiftFileList --metadata-file-list /Users/admin/builder/spi-builder-workspace/.derivedData/Build/Intermediates.noindex/FlameGraph.build/Debug/FlameGraphCore-t.build/FlameGraphCore.DependencyMetadataFileList --static-metadata-file-list /Users/admin/builder/spi-builder-workspace/.derivedData/Build/Intermediates.noindex/FlameGraph.build/Debug/FlameGraphCore-t.build/FlameGraphCore.DependencyStaticMetadataFileList --swift-const-vals-list /Users/admin/builder/spi-builder-workspace/.derivedData/Build/Intermediates.noindex/FlameGraph.build/Debug/FlameGraphCore-t.build/Objects-normal/arm64/FlameGraphCore.SwiftConstValuesFileList --force --compile-time-extraction --deployment-aware-processing --no-app-shortcuts-localization
PruneExplicitPrecompiledModules /Users/admin/builder/spi-builder-workspace/.derivedData/SDKExplicitPrecompiledModules
PruneExplicitPrecompiledModules /Users/admin/builder/spi-builder-workspace/.derivedData/Build/Intermediates.noindex/ExplicitPrecompiledModules
PruneExplicitPrecompiledModules /Users/admin/builder/spi-builder-workspace/.derivedData/Build/Intermediates.noindex/SwiftExplicitPrecompiledModules
2026-09-15 19:36:34.372 xcodebuild[684:4373] [MT] IDERunDestination: Supported platforms for the buildables in the current scheme is empty.
--- xcodebuild: WARNING: Using the first of multiple matching destinations:
{ platform:macOS, arch:arm64, id:6f9b560d4dce9f7ed6dbf8b3d0c68b3316c71be5, name:My Mac }
{ platform:macOS, arch:arm64, variant:Mac Catalyst, id:6f9b560d4dce9f7ed6dbf8b3d0c68b3316c71be5, name:My Mac }
{ platform:macOS, arch:arm64, variant:DriverKit, id:6f9b560d4dce9f7ed6dbf8b3d0c68b3316c71be5, name:My Mac }
{ platform:macOS, arch:arm64, variant:Designed for [iPad,iPhone], id:6f9b560d4dce9f7ed6dbf8b3d0c68b3316c71be5, name:My Mac }
** BUILD FAILED **
The following build commands failed:
SwiftCompile normal arm64 (in target 'FlameGraph-product' from project 'FlameGraph')
SwiftEmitModule normal arm64 Emitting\ module\ for\ FlameGraph (in target 'FlameGraph-product' from project 'FlameGraph')
Building workspace FlameGraph with scheme FlameGraph-Package
(3 failures)
Command line invocation:
/Applications/Xcode-27.0.0-Release.Candidate.app/Contents/Developer/usr/bin/xcodebuild -IDEClonedSourcePackagesDirPathOverride=/Users/admin/builder/spi-builder-workspace/.dependencies -resolvePackageDependencies
Resolve Package Graph
Resolved source packages:
Yaap: https://github.com/hartbit/Yaap.git @ master (034072a)
FlameGraph: /Users/admin/builder/spi-builder-workspace
resolved source packages: Yaap, FlameGraph
2026-09-15 19:36:44.687 xcodebuild[800:4979] [MT] IDERunDestination: Supported platforms for the buildables in the current scheme is empty.
{
"dependencies" : [
{
"identity" : "yaap",
"requirement" : {
"branch" : [
"master"
]
},
"type" : "sourceControl",
"url" : "https://github.com/hartbit/Yaap.git"
}
],
"manifest_display_name" : "FlameGraph",
"name" : "FlameGraph",
"path" : "/Users/admin/builder/spi-builder-workspace",
"platforms" : [
],
"products" : [
{
"name" : "FlameGraph",
"targets" : [
"FlameGraph"
],
"type" : {
"executable" : null
}
},
{
"name" : "FlameGraphCore",
"targets" : [
"FlameGraphCore"
],
"type" : {
"library" : [
"automatic"
]
}
}
],
"targets" : [
{
"c99name" : "FlameGraphTests",
"module_type" : "SwiftTarget",
"name" : "FlameGraphTests",
"path" : "Tests/FlameGraphTests",
"sources" : [
"FlameGraphTests.swift",
"XCTestManifests.swift"
],
"target_dependencies" : [
"FlameGraph"
],
"type" : "test"
},
{
"c99name" : "FlameGraphCoreTests",
"module_type" : "SwiftTarget",
"name" : "FlameGraphCoreTests",
"path" : "Tests/FlameGraphCoreTests",
"sources" : [
"SymbolTests.swift",
"TraceParserTests.swift"
],
"target_dependencies" : [
"FlameGraphCore"
],
"type" : "test"
},
{
"c99name" : "FlameGraphCore",
"module_type" : "SwiftTarget",
"name" : "FlameGraphCore",
"path" : "Sources/FlameGraphCore",
"product_memberships" : [
"FlameGraph",
"FlameGraphCore"
],
"sources" : [
"CallGraphNode.swift",
"ImageRenderer.swift",
"Renderer/BaseRenderer.swift",
"Renderer/CGBasedRenderer.swift",
"Renderer/HTMLRenderer.swift",
"Renderer/PDFRenderer.swift",
"Renderer/Renderer.swift",
"Symbol.swift",
"TraceParser.swift"
],
"type" : "library"
},
{
"c99name" : "FlameGraph",
"module_type" : "SwiftTarget",
"name" : "FlameGraph",
"path" : "Sources/FlameGraph",
"product_dependencies" : [
"Yaap"
],
"product_memberships" : [
"FlameGraph"
],
"sources" : [
"Errors.swift",
"main.swift"
],
"target_dependencies" : [
"FlameGraphCore"
],
"type" : "executable"
}
],
"tools_version" : "5.0"
}
{
"workspace" : {
"name" : "FlameGraph",
"schemes" : [
"FlameGraph",
"FlameGraph-Package",
"FlameGraphCore"
]
}
}
2026-09-15 19:36:45.929 xcodebuild[808:5045] [MT] IDERunDestination: Supported platforms for the buildables in the current scheme is empty.
Running build ...
env DEVELOPER_DIR=/Applications/Xcode-27.0.0-Release.Candidate.app xcrun xcodebuild -IDEClonedSourcePackagesDirPathOverride=$PWD/.dependencies -skipMacroValidation -skipPackagePluginValidation -derivedDataPath $PWD/.derivedData build -scheme FlameGraph-Package -destination platform=macOS,arch=arm64
Command line invocation:
/Applications/Xcode-27.0.0-Release.Candidate.app/Contents/Developer/usr/bin/xcodebuild -IDEClonedSourcePackagesDirPathOverride=/Users/admin/builder/spi-builder-workspace/.dependencies -skipMacroValidation -skipPackagePluginValidation -derivedDataPath /Users/admin/builder/spi-builder-workspace/.derivedData build -scheme FlameGraph-Package -destination platform=macOS,arch=arm64
Resolve Package Graph
Resolved source packages:
FlameGraph: /Users/admin/builder/spi-builder-workspace
Yaap: https://github.com/hartbit/Yaap.git @ master (034072a)
ComputePackagePrebuildTargetDependencyGraph
Prepare packages
CreateBuildRequest
SendProjectDescription
CreateBuildOperation
ComputeTargetDependencyGraph
note: Building targets in dependency order
note: Target dependency graph (5 targets)
Target 'FlameGraph-product' in project 'FlameGraph'
➜ Explicit dependency on target 'FlameGraphCore' in project 'FlameGraph'
➜ Explicit dependency on target 'Yaap-product' in project 'Yaap'
Target 'Yaap-product' in project 'Yaap'
➜ Explicit dependency on target 'Yaap' in project 'Yaap'
Target 'Yaap' in project 'Yaap' (no dependencies)
Target 'FlameGraphCore-product' in project 'FlameGraph'
➜ Explicit dependency on target 'FlameGraphCore' in project 'FlameGraph'
Target 'FlameGraphCore' in project 'FlameGraph' (no dependencies)
GatherProvisioningInputs
CreateBuildDescription
ClangStatCache /Applications/Xcode-27.0.0-Release.Candidate.app/Contents/Developer/Toolchains/XcodeDefault.xctoolchain/usr/bin/clang-stat-cache /Applications/Xcode-27.0.0-Release.Candidate.app/Contents/Developer/Platforms/MacOSX.platform/Developer/SDKs/MacOSX27.0.sdk /Users/admin/builder/spi-builder-workspace/.derivedData/SDKStatCaches.noindex/macosx27.0-26A425-e829b21a6f8c9b70876ba0858053c0446a22442a12e9d48fe1a705f55a1adfc4.sdkstatcache
cd /Users/admin/builder/spi-builder-workspace/.swiftpm/xcode
/Applications/Xcode-27.0.0-Release.Candidate.app/Contents/Developer/Toolchains/XcodeDefault.xctoolchain/usr/bin/clang-stat-cache /Applications/Xcode-27.0.0-Release.Candidate.app/Contents/Developer/Platforms/MacOSX.platform/Developer/SDKs/MacOSX27.0.sdk -o /Users/admin/builder/spi-builder-workspace/.derivedData/SDKStatCaches.noindex/macosx27.0-26A425-e829b21a6f8c9b70876ba0858053c0446a22442a12e9d48fe1a705f55a1adfc4.sdkstatcache
SwiftDriver FlameGraph normal arm64 com.apple.xcode.tools.swift.compiler (in target 'FlameGraph-product' from project 'FlameGraph')
cd /Users/admin/builder/spi-builder-workspace/.swiftpm/xcode
builtin-SwiftDriver -- /Applications/Xcode-27.0.0-Release.Candidate.app/Contents/Developer/Toolchains/XcodeDefault.xctoolchain/usr/bin/swiftc -module-name FlameGraph -Onone @/Users/admin/builder/spi-builder-workspace/.derivedData/Build/Intermediates.noindex/FlameGraph.build/Debug/FlameGraph-p.build/Objects-normal/arm64/FlameGraph.SwiftFileList -DSWIFT_PACKAGE -DDEBUG -DXcode -plugin-path /Applications/Xcode-27.0.0-Release.Candidate.app/Contents/Developer/Toolchains/XcodeDefault.xctoolchain/usr/lib/swift/host/plugins/testing -enable-experimental-feature DebugDescriptionMacro -sdk /Applications/Xcode-27.0.0-Release.Candidate.app/Contents/Developer/Platforms/MacOSX.platform/Developer/SDKs/MacOSX27.0.sdk -target arm64-apple-macos12.0 -g -module-cache-path /Users/admin/builder/spi-builder-workspace/.derivedData/ModuleCache.noindex -Xfrontend -serialize-debugging-options -profile-coverage-mapping -profile-generate -enable-testing -index-store-path /Users/admin/builder/spi-builder-workspace/.derivedData/Index.noindex/DataStore -Xcc -D_LIBCPP_HARDENING_MODE\=_LIBCPP_HARDENING_MODE_DEBUG -swift-version 5 -I /Users/admin/builder/spi-builder-workspace/.derivedData/Build/Products/Debug -Isystem /Applications/Xcode-27.0.0-Release.Candidate.app/Contents/Developer/Platforms/MacOSX.platform/Developer/usr/lib -F /Users/admin/builder/spi-builder-workspace/.derivedData/Build/Products/Debug/PackageFrameworks -F /Users/admin/builder/spi-builder-workspace/.derivedData/Build/Products/Debug -F /Applications/Xcode-27.0.0-Release.Candidate.app/Contents/Developer/Platforms/MacOSX.platform/Developer/Library/Frameworks -c -j10 -enable-batch-mode -incremental -Xcc -ivfsstatcache -Xcc /Users/admin/builder/spi-builder-workspace/.derivedData/SDKStatCaches.noindex/macosx27.0-26A425-e829b21a6f8c9b70876ba0858053c0446a22442a12e9d48fe1a705f55a1adfc4.sdkstatcache -output-file-map /Users/admin/builder/spi-builder-workspace/.derivedData/Build/Intermediates.noindex/FlameGraph.build/Debug/FlameGraph-p.build/Objects-normal/arm64/FlameGraph-OutputFileMap.json -save-temps -no-color-diagnostics -explicit-module-build -module-cache-path /Users/admin/builder/spi-builder-workspace/.derivedData/Build/Intermediates.noindex/SwiftExplicitPrecompiledModules -clang-scanner-module-cache-path /Users/admin/builder/spi-builder-workspace/.derivedData/ModuleCache.noindex -sdk-module-cache-path /Users/admin/builder/spi-builder-workspace/.derivedData/SDKExplicitPrecompiledModules -emit-dependencies -emit-module -emit-module-path /Users/admin/builder/spi-builder-workspace/.derivedData/Build/Intermediates.noindex/FlameGraph.build/Debug/FlameGraph-p.build/Objects-normal/arm64/FlameGraph.swiftmodule -serialize-diagnostics -dependency-scan-serialize-diagnostics-path /Users/admin/builder/spi-builder-workspace/.derivedData/Build/Intermediates.noindex/FlameGraph.build/Debug/FlameGraph-p.build/Objects-normal/arm64/FlameGraph-dependency-scan.dia -validate-clang-modules-once -clang-build-session-file /Users/admin/builder/spi-builder-workspace/.derivedData/ModuleCache.noindex/Session.modulevalidation -Xcc -fmodules-prune-interval\=86400 -Xcc -fmodules-prune-after\=345600 -emit-const-values -const-gather-protocols-list /Users/admin/builder/spi-builder-workspace/.derivedData/Build/Intermediates.noindex/FlameGraph.build/Debug/FlameGraph-p.build/Objects-normal/arm64/FlameGraph_const_extract_protocols.json -Xcc -I/Users/admin/builder/spi-builder-workspace/.derivedData/Build/Products/Debug/include -Xcc -I/Users/admin/builder/spi-builder-workspace/.derivedData/Build/Intermediates.noindex/FlameGraph.build/Debug/FlameGraph-p.build/DerivedSources-normal/arm64 -Xcc -I/Users/admin/builder/spi-builder-workspace/.derivedData/Build/Intermediates.noindex/FlameGraph.build/Debug/FlameGraph-p.build/DerivedSources/arm64 -Xcc -I/Users/admin/builder/spi-builder-workspace/.derivedData/Build/Intermediates.noindex/FlameGraph.build/Debug/FlameGraph-p.build/DerivedSources -Xcc -DSWIFT_PACKAGE -Xcc -DDEBUG\=1 -working-directory /Users/admin/builder/spi-builder-workspace/.swiftpm/xcode -experimental-emit-module-separately -disable-cmo
ExtractAppIntentsMetadata (in target 'FlameGraphCore' from project 'FlameGraph')
cd /Users/admin/builder/spi-builder-workspace
/Applications/Xcode-27.0.0-Release.Candidate.app/Contents/Developer/Toolchains/XcodeDefault.xctoolchain/usr/bin/appintentsmetadataprocessor --toolchain-dir /var/run/com.apple.security.cryptexd/mnt/com.apple.MobileAsset.MetalToolchain-v27.1.266.1.Z1uWik/Metal.xctoolchain --module-name FlameGraphCore --sdk-root /Applications/Xcode-27.0.0-Release.Candidate.app/Contents/Developer/Platforms/MacOSX.platform/Developer/SDKs/MacOSX27.0.sdk --xcode-version 27A266a --platform-family macOS --deployment-target 12.0 --bundle-identifier spi-builder-workspace.FlameGraphCore --output /Users/admin/builder/spi-builder-workspace/.derivedData/Build/Products/Debug/FlameGraphCore.appintents --target-triple arm64-apple-macos12.0 --binary-file /Users/admin/builder/spi-builder-workspace/.derivedData/Build/Products/Debug/FlameGraphCore.o --dependency-file /Users/admin/builder/spi-builder-workspace/.derivedData/Build/Intermediates.noindex/FlameGraph.build/Debug/FlameGraphCore-t.build/Objects-normal/arm64/FlameGraphCore_dependency_info.dat --stringsdata-file /Users/admin/builder/spi-builder-workspace/.derivedData/Build/Intermediates.noindex/FlameGraph.build/Debug/FlameGraphCore-t.build/Objects-normal/arm64/ExtractedAppShortcutsMetadata.stringsdata --source-file-list /Users/admin/builder/spi-builder-workspace/.derivedData/Build/Intermediates.noindex/FlameGraph.build/Debug/FlameGraphCore-t.build/Objects-normal/arm64/FlameGraphCore.SwiftFileList --metadata-file-list /Users/admin/builder/spi-builder-workspace/.derivedData/Build/Intermediates.noindex/FlameGraph.build/Debug/FlameGraphCore-t.build/FlameGraphCore.DependencyMetadataFileList --static-metadata-file-list /Users/admin/builder/spi-builder-workspace/.derivedData/Build/Intermediates.noindex/FlameGraph.build/Debug/FlameGraphCore-t.build/FlameGraphCore.DependencyStaticMetadataFileList --swift-const-vals-list /Users/admin/builder/spi-builder-workspace/.derivedData/Build/Intermediates.noindex/FlameGraph.build/Debug/FlameGraphCore-t.build/Objects-normal/arm64/FlameGraphCore.SwiftConstValuesFileList --force --compile-time-extraction --deployment-aware-processing --no-app-shortcuts-localization
2026-09-15 19:36:47.489 appintentsmetadataprocessor[812:5118] Starting appintentsmetadataprocessor export
2026-09-15 19:36:47.551 appintentsmetadataprocessor[812:5118] Extracted no relevant App Intents symbols, skipping writing output
SwiftCompile normal arm64 Compiling\ Errors.swift /Users/admin/builder/spi-builder-workspace/Sources/FlameGraph/Errors.swift (in target 'FlameGraph-product' from project 'FlameGraph')
SwiftCompile normal arm64 /Users/admin/builder/spi-builder-workspace/Sources/FlameGraph/Errors.swift (in target 'FlameGraph-product' from project 'FlameGraph')
cd /Users/admin/builder/spi-builder-workspace/.swiftpm/xcode
builtin-SwiftPerFileCompile Errors.swift
SwiftEmitModule normal arm64 Emitting\ module\ for\ FlameGraph (in target 'FlameGraph-product' from project 'FlameGraph')
/Users/admin/builder/spi-builder-workspace/Sources/FlameGraph/main.swift:11:34: error: incorrect argument labels in call (have 'shorthand:defaultValue:documentation:', expected 'wrappedValue:name:documentation:')
9 |
10 | let outputPath = Argument<String>(documentation: "The path where the image should be saves")
11 | let filePath = Option<String>(shorthand: "f", defaultValue: "", documentation: "The path of a txt that contains the trace copy")
| `- error: incorrect argument labels in call (have 'shorthand:defaultValue:documentation:', expected 'wrappedValue:name:documentation:')
12 | let silent = Option<Bool>(shorthand: "s", defaultValue: false, documentation: "Don't open the file after generation")
13 | let png = Option<Bool>(shorthand: "p", defaultValue: false, documentation: "Save FlameGraph as PNG")
/Users/admin/builder/spi-builder-workspace/Sources/FlameGraph/main.swift:12:61: error: extra argument 'defaultValue' in call
10 | let outputPath = Argument<String>(documentation: "The path where the image should be saves")
11 | let filePath = Option<String>(shorthand: "f", defaultValue: "", documentation: "The path of a txt that contains the trace copy")
12 | let silent = Option<Bool>(shorthand: "s", defaultValue: false, documentation: "Don't open the file after generation")
| `- error: extra argument 'defaultValue' in call
13 | let png = Option<Bool>(shorthand: "p", defaultValue: false, documentation: "Save FlameGraph as PNG")
14 | let html = Option<Bool>(shorthand: "h", defaultValue: false, documentation: "Save FlameGraph as HTML")
/Users/admin/builder/spi-builder-workspace/Sources/FlameGraph/main.swift:13:58: error: extra argument 'defaultValue' in call
11 | let filePath = Option<String>(shorthand: "f", defaultValue: "", documentation: "The path of a txt that contains the trace copy")
12 | let silent = Option<Bool>(shorthand: "s", defaultValue: false, documentation: "Don't open the file after generation")
13 | let png = Option<Bool>(shorthand: "p", defaultValue: false, documentation: "Save FlameGraph as PNG")
| `- error: extra argument 'defaultValue' in call
14 | let html = Option<Bool>(shorthand: "h", defaultValue: false, documentation: "Save FlameGraph as HTML")
15 |
/Users/admin/builder/spi-builder-workspace/Sources/FlameGraph/main.swift:14:59: error: extra argument 'defaultValue' in call
12 | let silent = Option<Bool>(shorthand: "s", defaultValue: false, documentation: "Don't open the file after generation")
13 | let png = Option<Bool>(shorthand: "p", defaultValue: false, documentation: "Save FlameGraph as PNG")
14 | let html = Option<Bool>(shorthand: "h", defaultValue: false, documentation: "Save FlameGraph as HTML")
| `- error: extra argument 'defaultValue' in call
15 |
16 | let help = Help()
Failed frontend command:
/Applications/Xcode-27.0.0-Release.Candidate.app/Contents/Developer/Toolchains/XcodeDefault.xctoolchain/usr/bin/swift-frontend -frontend -emit-module -experimental-skip-non-inlinable-function-bodies-without-types /Users/admin/builder/spi-builder-workspace/Sources/FlameGraph/Errors.swift /Users/admin/builder/spi-builder-workspace/Sources/FlameGraph/main.swift -target arm64-apple-macos12.0 -disable-cross-import-overlay-search -load-resolved-plugin /Applications/Xcode-27.0.0-Release.Candidate.app/Contents/Developer/Platforms/MacOSX.platform/Developer/usr/lib/swift/host/plugins/libFoundationMacros.dylib\#/Applications/Xcode-27.0.0-Release.Candidate.app/Contents/Developer/Platforms/MacOSX.platform/Developer/usr/bin/swift-plugin-server\#FoundationMacros -load-resolved-plugin /Applications/Xcode-27.0.0-Release.Candidate.app/Contents/Developer/Platforms/MacOSX.platform/Developer/usr/lib/swift/host/plugins/libObservationMacros.dylib\#/Applications/Xcode-27.0.0-Release.Candidate.app/Contents/Developer/Platforms/MacOSX.platform/Developer/usr/bin/swift-plugin-server\#ObservationMacros -load-resolved-plugin /Applications/Xcode-27.0.0-Release.Candidate.app/Contents/Developer/Platforms/MacOSX.platform/Developer/usr/lib/swift/host/plugins/libPreviewsMacros.dylib\#/Applications/Xcode-27.0.0-Release.Candidate.app/Contents/Developer/Platforms/MacOSX.platform/Developer/usr/bin/swift-plugin-server\#PreviewsMacros -load-resolved-plugin /Applications/Xcode-27.0.0-Release.Candidate.app/Contents/Developer/Platforms/MacOSX.platform/Developer/usr/lib/swift/host/plugins/libSwiftMacros.dylib\#/Applications/Xcode-27.0.0-Release.Candidate.app/Contents/Developer/Platforms/MacOSX.platform/Developer/usr/bin/swift-plugin-server\#SwiftMacros -load-resolved-plugin /Applications/Xcode-27.0.0-Release.Candidate.app/Contents/Developer/Platforms/MacOSX.platform/Developer/usr/lib/swift/host/plugins/libSwiftUIMacros.dylib\#/Applications/Xcode-27.0.0-Release.Candidate.app/Contents/Developer/Platforms/MacOSX.platform/Developer/usr/bin/swift-plugin-server\#SwiftUIMacros -disable-implicit-swift-modules -Xcc -fno-implicit-modules -Xcc -fno-implicit-module-maps -explicit-swift-module-map-file /Users/admin/builder/spi-builder-workspace/.derivedData/Build/Intermediates.noindex/FlameGraph.build/Debug/FlameGraph-p.build/Objects-normal/arm64/FlameGraph-dependencies-1.json -Xllvm -aarch64-use-tbi -enable-objc-interop -stack-check -sdk /Applications/Xcode-27.0.0-Release.Candidate.app/Contents/Developer/Platforms/MacOSX.platform/Developer/SDKs/MacOSX27.0.sdk -I /Users/admin/builder/spi-builder-workspace/.derivedData/Build/Products/Debug -Isystem /Applications/Xcode-27.0.0-Release.Candidate.app/Contents/Developer/Platforms/MacOSX.platform/Developer/usr/lib -F /Users/admin/builder/spi-builder-workspace/.derivedData/Build/Products/Debug/PackageFrameworks -F /Users/admin/builder/spi-builder-workspace/.derivedData/Build/Products/Debug -F /Applications/Xcode-27.0.0-Release.Candidate.app/Contents/Developer/Platforms/MacOSX.platform/Developer/Library/Frameworks -module-cache-path /Users/admin/builder/spi-builder-workspace/.derivedData/Build/Intermediates.noindex/SwiftExplicitPrecompiledModules -no-color-diagnostics -Xcc -fno-color-diagnostics -enable-testing -g -debug-info-format\=dwarf -dwarf-version\=4 -profile-generate -profile-coverage-mapping -swift-version 5 -Onone -D SWIFT_PACKAGE -D DEBUG -D Xcode -serialize-debugging-options -enable-experimental-feature DebugDescriptionMacro -empty-abi-descriptor -validate-clang-modules-once -clang-build-session-file /Users/admin/builder/spi-builder-workspace/.derivedData/ModuleCache.noindex/Session.modulevalidation -Xcc -working-directory -Xcc /Users/admin/builder/spi-builder-workspace/.swiftpm/xcode -enable-anonymous-context-mangled-names -file-compilation-dir /Users/admin/builder/spi-builder-workspace/.swiftpm/xcode -Xcc -D_LIBCPP_HARDENING_MODE\=_LIBCPP_HARDENING_MODE_DEBUG -Xcc -ivfsstatcache -Xcc /Users/admin/builder/spi-builder-workspace/.derivedData/SDKStatCaches.noindex/macosx27.0-26A425-e829b21a6f8c9b70876ba0858053c0446a22442a12e9d48fe1a705f55a1adfc4.sdkstatcache -Xcc -fmodules-prune-interval\=86400 -Xcc -fmodules-prune-after\=345600 -Xcc -I/Users/admin/builder/spi-builder-workspace/.derivedData/Build/Products/Debug/include -Xcc -I/Users/admin/builder/spi-builder-workspace/.derivedData/Build/Intermediates.noindex/FlameGraph.build/Debug/FlameGraph-p.build/DerivedSources-normal/arm64 -Xcc -I/Users/admin/builder/spi-builder-workspace/.derivedData/Build/Intermediates.noindex/FlameGraph.build/Debug/FlameGraph-p.build/DerivedSources/arm64 -Xcc -I/Users/admin/builder/spi-builder-workspace/.derivedData/Build/Intermediates.noindex/FlameGraph.build/Debug/FlameGraph-p.build/DerivedSources -Xcc -DSWIFT_PACKAGE -Xcc -DDEBUG\=1 -no-auto-bridging-header-chaining -module-name FlameGraph -const-gather-protocols-file /Users/admin/builder/spi-builder-workspace/.derivedData/Build/Intermediates.noindex/FlameGraph.build/Debug/FlameGraph-p.build/Objects-normal/arm64/FlameGraph_const_extract_protocols.json -disable-clang-spi -clang-target arm64-apple-macos27.0 -target-sdk-version 27.0 -target-sdk-name macosx27.0 -in-process-plugin-server-path /Applications/Xcode-27.0.0-Release.Candidate.app/Contents/Developer/Toolchains/XcodeDefault.xctoolchain/usr/lib/swift/host/libSwiftInProcPluginServer.dylib -emit-module-doc-path /Users/admin/builder/spi-builder-workspace/.derivedData/Build/Intermediates.noindex/FlameGraph.build/Debug/FlameGraph-p.build/Objects-normal/arm64/FlameGraph.swiftdoc -emit-module-source-info-path /Users/admin/builder/spi-builder-workspace/.derivedData/Build/Intermediates.noindex/FlameGraph.build/Debug/FlameGraph-p.build/Objects-normal/arm64/FlameGraph.swiftsourceinfo -serialize-diagnostics-path /Users/admin/builder/spi-builder-workspace/.derivedData/Build/Intermediates.noindex/FlameGraph.build/Debug/FlameGraph-p.build/Objects-normal/arm64/FlameGraph-primary-emit-module.dia -emit-dependencies-path /Users/admin/builder/spi-builder-workspace/.derivedData/Build/Intermediates.noindex/FlameGraph.build/Debug/FlameGraph-p.build/Objects-normal/arm64/FlameGraph-primary-emit-module.d -o /Users/admin/builder/spi-builder-workspace/.derivedData/Build/Intermediates.noindex/FlameGraph.build/Debug/FlameGraph-p.build/Objects-normal/arm64/FlameGraph.swiftmodule -emit-abi-descriptor-path /Users/admin/builder/spi-builder-workspace/.derivedData/Build/Intermediates.noindex/FlameGraph.build/Debug/FlameGraph-p.build/Objects-normal/arm64/FlameGraph.abi.json
SwiftCompile normal arm64 (in target 'FlameGraph-product' from project 'FlameGraph')
cd /Users/admin/builder/spi-builder-workspace/.swiftpm/xcode
SwiftCompile normal arm64 Compiling\ main.swift /Users/admin/builder/spi-builder-workspace/Sources/FlameGraph/main.swift (in target 'FlameGraph-product' from project 'FlameGraph')
SwiftCompile normal arm64 /Users/admin/builder/spi-builder-workspace/Sources/FlameGraph/main.swift (in target 'FlameGraph-product' from project 'FlameGraph')
cd /Users/admin/builder/spi-builder-workspace/.swiftpm/xcode
builtin-SwiftPerFileCompile main.swift
/Users/admin/builder/spi-builder-workspace/Sources/FlameGraph/main.swift:11:34: error: incorrect argument labels in call (have 'shorthand:defaultValue:documentation:', expected 'wrappedValue:name:documentation:')
9 |
10 | let outputPath = Argument<String>(documentation: "The path where the image should be saves")
11 | let filePath = Option<String>(shorthand: "f", defaultValue: "", documentation: "The path of a txt that contains the trace copy")
| `- error: incorrect argument labels in call (have 'shorthand:defaultValue:documentation:', expected 'wrappedValue:name:documentation:')
12 | let silent = Option<Bool>(shorthand: "s", defaultValue: false, documentation: "Don't open the file after generation")
13 | let png = Option<Bool>(shorthand: "p", defaultValue: false, documentation: "Save FlameGraph as PNG")
/Users/admin/builder/spi-builder-workspace/Sources/FlameGraph/main.swift:12:61: error: extra argument 'defaultValue' in call
10 | let outputPath = Argument<String>(documentation: "The path where the image should be saves")
11 | let filePath = Option<String>(shorthand: "f", defaultValue: "", documentation: "The path of a txt that contains the trace copy")
12 | let silent = Option<Bool>(shorthand: "s", defaultValue: false, documentation: "Don't open the file after generation")
| `- error: extra argument 'defaultValue' in call
13 | let png = Option<Bool>(shorthand: "p", defaultValue: false, documentation: "Save FlameGraph as PNG")
14 | let html = Option<Bool>(shorthand: "h", defaultValue: false, documentation: "Save FlameGraph as HTML")
/Users/admin/builder/spi-builder-workspace/Sources/FlameGraph/main.swift:13:58: error: extra argument 'defaultValue' in call
11 | let filePath = Option<String>(shorthand: "f", defaultValue: "", documentation: "The path of a txt that contains the trace copy")
12 | let silent = Option<Bool>(shorthand: "s", defaultValue: false, documentation: "Don't open the file after generation")
13 | let png = Option<Bool>(shorthand: "p", defaultValue: false, documentation: "Save FlameGraph as PNG")
| `- error: extra argument 'defaultValue' in call
14 | let html = Option<Bool>(shorthand: "h", defaultValue: false, documentation: "Save FlameGraph as HTML")
15 |
PruneExplicitPrecompiledModules /Users/admin/builder/spi-builder-workspace/.derivedData/SDKExplicitPrecompiledModules
PruneExplicitPrecompiledModules /Users/admin/builder/spi-builder-workspace/.derivedData/Build/Intermediates.noindex/SwiftExplicitPrecompiledModules
PruneExplicitPrecompiledModules /Users/admin/builder/spi-builder-workspace/.derivedData/Build/Intermediates.noindex/ExplicitPrecompiledModules
2026-09-15 19:36:46.904 xcodebuild[809:5073] [MT] IDERunDestination: Supported platforms for the buildables in the current scheme is empty.
--- xcodebuild: WARNING: Using the first of multiple matching destinations:
{ platform:macOS, arch:arm64, id:6f9b560d4dce9f7ed6dbf8b3d0c68b3316c71be5, name:My Mac }
{ platform:macOS, arch:arm64, variant:Mac Catalyst, id:6f9b560d4dce9f7ed6dbf8b3d0c68b3316c71be5, name:My Mac }
{ platform:macOS, arch:arm64, variant:DriverKit, id:6f9b560d4dce9f7ed6dbf8b3d0c68b3316c71be5, name:My Mac }
{ platform:macOS, arch:arm64, variant:Designed for [iPad,iPhone], id:6f9b560d4dce9f7ed6dbf8b3d0c68b3316c71be5, name:My Mac }
** BUILD FAILED **
The following build commands failed:
SwiftEmitModule normal arm64 Emitting\ module\ for\ FlameGraph (in target 'FlameGraph-product' from project 'FlameGraph')
SwiftCompile normal arm64 (in target 'FlameGraph-product' from project 'FlameGraph')
Building workspace FlameGraph with scheme FlameGraph-Package
(3 failures)
BUILD FAILURE 6.4 macosXcodebuild