The Swift Package Index logo.Swift Package Index

Build Information

Failed to build swift-wallet, reference main (ec703b), with Swift 6.4 for watchOS using Xcode 27.0 on 24 Sep 2026 21:13:47 UTC.

Build Command

env DEVELOPER_DIR=/Applications/Xcode-27.0.0-Release.Candidate.app xcrun xcodebuild -IDEClonedSourcePackagesDirPathOverride=$PWD/.dependencies -skipMacroValidation -skipPackagePluginValidation -derivedDataPath $PWD/.derivedData build -scheme swift-wallet-Package -destination generic/platform=watchOS

Build Log

SwiftEmitModule normal arm64 Emitting\ module\ for\ CryptoExtras (in target 'CryptoExtras' from project 'swift-crypto')
SwiftCompile normal arm64 (in target 'CryptoExtras' from project 'swift-crypto')
    cd /Users/admin/builder/spi-builder-workspace/.swiftpm/xcode

SwiftCompile normal arm64_32 Compiling\ ZipWriteableStorage.swift /Users/admin/builder/spi-builder-workspace/.dependencies/checkouts/swift-zip-archive/Sources/ZipArchive/ZipWriteableStorage.swift (in target 'ZipArchive' from project 'swift-zip-archive')
SwiftCompile normal arm64_32 /Users/admin/builder/spi-builder-workspace/.dependencies/checkouts/swift-zip-archive/Sources/ZipArchive/ZipWriteableStorage.swift (in target 'ZipArchive' from project 'swift-zip-archive')
    cd /Users/admin/builder/spi-builder-workspace/.swiftpm/xcode
    builtin-SwiftPerFileCompile ZipWriteableStorage.swift
CreateUniversalBinary /Users/admin/builder/spi-builder-workspace/.derivedData/Build/Products/Debug-watchos/CCryptoBoringSSLShims.o normal arm64\ arm64_32 (in target 'CCryptoBoringSSLShims' from project 'swift-crypto')
    cd /Users/admin/builder/spi-builder-workspace/.dependencies/checkouts/swift-crypto
    /Applications/Xcode-27.0.0-Release.Candidate.app/Contents/Developer/Toolchains/XcodeDefault.xctoolchain/usr/bin/lipo -create /Users/admin/builder/spi-builder-workspace/.derivedData/Build/Intermediates.noindex/swift-crypto.build/Debug-watchos/CCryptoBoringSSLShims-t.build/Objects-normal/arm64/Binary/CCryptoBoringSSLShims.o /Users/admin/builder/spi-builder-workspace/.derivedData/Build/Intermediates.noindex/swift-crypto.build/Debug-watchos/CCryptoBoringSSLShims-t.build/Objects-normal/arm64_32/Binary/CCryptoBoringSSLShims.o -output /Users/admin/builder/spi-builder-workspace/.derivedData/Build/Products/Debug-watchos/CCryptoBoringSSLShims.o
SwiftEmitModule normal arm64_32 Emitting\ module\ for\ CryptoExtras (in target 'CryptoExtras' from project 'swift-crypto')
SwiftCompile normal arm64_32 (in target 'CryptoExtras' from project 'swift-crypto')
    cd /Users/admin/builder/spi-builder-workspace/.swiftpm/xcode

SwiftCompile normal arm64_32 Compiling\ ZipFileStorage.swift,\ ZipMemoryStorage.swift /Users/admin/builder/spi-builder-workspace/.dependencies/checkouts/swift-zip-archive/Sources/ZipArchive/ZipFileStorage.swift /Users/admin/builder/spi-builder-workspace/.dependencies/checkouts/swift-zip-archive/Sources/ZipArchive/ZipMemoryStorage.swift (in target 'ZipArchive' from project 'swift-zip-archive')
SwiftCompile normal arm64_32 /Users/admin/builder/spi-builder-workspace/.dependencies/checkouts/swift-zip-archive/Sources/ZipArchive/ZipFileStorage.swift (in target 'ZipArchive' from project 'swift-zip-archive')
    cd /Users/admin/builder/spi-builder-workspace/.swiftpm/xcode
    builtin-SwiftPerFileCompile ZipFileStorage.swift
SwiftCompile normal arm64_32 /Users/admin/builder/spi-builder-workspace/.dependencies/checkouts/swift-zip-archive/Sources/ZipArchive/ZipMemoryStorage.swift (in target 'ZipArchive' from project 'swift-zip-archive')
    cd /Users/admin/builder/spi-builder-workspace/.swiftpm/xcode
    builtin-SwiftPerFileCompile ZipMemoryStorage.swift
SwiftDriverJobDiscovery normal arm64 Compiling ZipReadableStorage.swift, ZipStorage.swift (in target 'ZipArchive' from project 'swift-zip-archive')
SwiftCompile normal arm64 Compiling\ crc32.swift /Users/admin/builder/spi-builder-workspace/.dependencies/checkouts/swift-zip-archive/Sources/ZipArchive/crc32.swift (in target 'ZipArchive' from project 'swift-zip-archive')
SwiftCompile normal arm64 /Users/admin/builder/spi-builder-workspace/.dependencies/checkouts/swift-zip-archive/Sources/ZipArchive/crc32.swift (in target 'ZipArchive' from project 'swift-zip-archive')
    cd /Users/admin/builder/spi-builder-workspace/.swiftpm/xcode
    builtin-SwiftPerFileCompile crc32.swift
CompileC /Users/admin/builder/spi-builder-workspace/.derivedData/Build/Intermediates.noindex/swift-zip-archive.build/Debug-watchos/CZipArchiveZlib-t.build/Objects-normal/arm64/zutil.o /Users/admin/builder/spi-builder-workspace/.dependencies/checkouts/swift-zip-archive/Sources/CZipArchiveZlib/zutil.c normal arm64 c com.apple.compilers.llvm.clang.1_0.compiler (in target 'CZipArchiveZlib' from project 'swift-zip-archive')
    cd /Users/admin/builder/spi-builder-workspace/.swiftpm/xcode

    Using response file: /Users/admin/builder/spi-builder-workspace/.derivedData/Build/Intermediates.noindex/swift-zip-archive.build/Debug-watchos/CZipArchiveZlib-t.build/Objects-normal/arm64/7187679823f38a2a940e0043cdf9d637-common-args.resp

    /Applications/Xcode-27.0.0-Release.Candidate.app/Contents/Developer/Toolchains/XcodeDefault.xctoolchain/usr/bin/clang -x c -ivfsstatcache /Users/admin/builder/spi-builder-workspace/.derivedData/SDKStatCaches.noindex/watchos27.0-24R360-e829b21a6f8c9b70876ba0858053c04477534ef55a1706bf4c1112bbb242f0a2.sdkstatcache -target arm64-apple-watchos9.0 -fmessage-length\=0 -fdiagnostics-show-note-include-stack -fmacro-backtrace-limit\=0 -fno-color-diagnostics -fmodules-prune-interval\=86400 -fmodules-prune-after\=345600 -fbuild-session-file\=/Users/admin/builder/spi-builder-workspace/.derivedData/ModuleCache.noindex/Session.modulevalidation -fmodules-validate-once-per-build-session -Wnon-modular-include-in-framework-module -Werror\=non-modular-include-in-framework-module -Wno-trigraphs -Wno-missing-field-initializers -Wno-missing-prototypes -Wno-return-type -Wno-missing-braces -Wparentheses -Wswitch -Wno-unused-function -Wno-unused-label -Wno-unused-parameter -Wno-unused-variable -Wunused-value -Wno-empty-body -Wno-uninitialized -Wno-unknown-pragmas -w -Wno-shadow -Wno-four-char-constants -Wno-conversion -Wno-constant-conversion -Wno-int-conversion -Wno-bool-conversion -Wno-enum-conversion -Wno-float-conversion -Wno-non-literal-null-conversion -Wno-objc-literal-conversion -Wshorten-64-to-32 -Wpointer-sign -Wno-newline-eof -Wno-implicit-fallthrough -isysroot /Applications/Xcode-27.0.0-Release.Candidate.app/Contents/Developer/Platforms/WatchOS.platform/Developer/SDKs/WatchOS27.0.sdk -fstrict-aliasing -Wdeprecated-declarations -Wno-sign-conversion -Wno-infinite-recursion -Wno-comma -Wno-block-capture-autoreleasing -Wno-strict-prototypes -Wno-semicolon-before-method-body -index-store-path /Users/admin/builder/spi-builder-workspace/.derivedData/Index.noindex/DataStore @/Users/admin/builder/spi-builder-workspace/.derivedData/Build/Intermediates.noindex/swift-zip-archive.build/Debug-watchos/CZipArchiveZlib-t.build/Objects-normal/arm64/7187679823f38a2a940e0043cdf9d637-common-args.resp -MMD -MT dependencies -MF /Users/admin/builder/spi-builder-workspace/.derivedData/Build/Intermediates.noindex/swift-zip-archive.build/Debug-watchos/CZipArchiveZlib-t.build/Objects-normal/arm64/zutil.d --serialize-diagnostics /Users/admin/builder/spi-builder-workspace/.derivedData/Build/Intermediates.noindex/swift-zip-archive.build/Debug-watchos/CZipArchiveZlib-t.build/Objects-normal/arm64/zutil.dia -c /Users/admin/builder/spi-builder-workspace/.dependencies/checkouts/swift-zip-archive/Sources/CZipArchiveZlib/zutil.c -o /Users/admin/builder/spi-builder-workspace/.derivedData/Build/Intermediates.noindex/swift-zip-archive.build/Debug-watchos/CZipArchiveZlib-t.build/Objects-normal/arm64/zutil.o -index-unit-output-path /swift-zip-archive.build/Debug-watchos/CZipArchiveZlib-t.build/Objects-normal/arm64/zutil.o
SwiftDriverJobDiscovery normal arm64 Compiling ZipFileStorage.swift, ZipMemoryStorage.swift (in target 'ZipArchive' from project 'swift-zip-archive')
SwiftCompile normal arm64_32 Compiling\ DirectoryDescriptor.swift,\ MemoryBuffer.swift /Users/admin/builder/spi-builder-workspace/.dependencies/checkouts/swift-zip-archive/Sources/ZipArchive/DirectoryDescriptor.swift /Users/admin/builder/spi-builder-workspace/.dependencies/checkouts/swift-zip-archive/Sources/ZipArchive/MemoryBuffer.swift (in target 'ZipArchive' from project 'swift-zip-archive')
SwiftCompile normal arm64_32 /Users/admin/builder/spi-builder-workspace/.dependencies/checkouts/swift-zip-archive/Sources/ZipArchive/DirectoryDescriptor.swift (in target 'ZipArchive' from project 'swift-zip-archive')
    cd /Users/admin/builder/spi-builder-workspace/.swiftpm/xcode
    builtin-SwiftPerFileCompile DirectoryDescriptor.swift
SwiftCompile normal arm64_32 /Users/admin/builder/spi-builder-workspace/.dependencies/checkouts/swift-zip-archive/Sources/ZipArchive/MemoryBuffer.swift (in target 'ZipArchive' from project 'swift-zip-archive')
    cd /Users/admin/builder/spi-builder-workspace/.swiftpm/xcode
    builtin-SwiftPerFileCompile MemoryBuffer.swift
SwiftDriverJobDiscovery normal arm64 Compiling System+directory.swift, ZipArchiveReader+extract.swift (in target 'ZipArchive' from project 'swift-zip-archive')
SwiftCompile normal arm64_32 Compiling\ ZipTypes.swift /Users/admin/builder/spi-builder-workspace/.dependencies/checkouts/swift-zip-archive/Sources/ZipArchive/ZipTypes.swift (in target 'ZipArchive' from project 'swift-zip-archive')
SwiftCompile normal arm64_32 /Users/admin/builder/spi-builder-workspace/.dependencies/checkouts/swift-zip-archive/Sources/ZipArchive/ZipTypes.swift (in target 'ZipArchive' from project 'swift-zip-archive')
    cd /Users/admin/builder/spi-builder-workspace/.swiftpm/xcode
    builtin-SwiftPerFileCompile ZipTypes.swift
SwiftDriverJobDiscovery normal arm64_32 Compiling ZipWriteableStorage.swift (in target 'ZipArchive' from project 'swift-zip-archive')
SwiftCompile normal arm64_32 Compiling\ ZipArchiveWriter.swift,\ ZipCompression.swift /Users/admin/builder/spi-builder-workspace/.dependencies/checkouts/swift-zip-archive/Sources/ZipArchive/ZipArchiveWriter.swift /Users/admin/builder/spi-builder-workspace/.dependencies/checkouts/swift-zip-archive/Sources/ZipArchive/ZipCompression.swift (in target 'ZipArchive' from project 'swift-zip-archive')
/Users/admin/builder/spi-builder-workspace/.dependencies/checkouts/swift-zip-archive/Sources/ZipArchive/ZipArchiveWriter.swift:407:41: error: integer literal '4294967295' overflows when stored into 'Int'
405 |                 memoryBuffer.writeInteger(fileHeader.compressedSize)
406 |             }
407 |             if offsetOfLocalHeader32 == 0xffff_ffff {
    |                                         `- error: integer literal '4294967295' overflows when stored into 'Int'
408 |                 memoryBuffer.writeInteger(fileHeader.offsetOfLocalHeader)
409 |             }
/Users/admin/builder/spi-builder-workspace/.dependencies/checkouts/swift-zip-archive/Sources/ZipArchive/ZipArchiveWriter.swift:404:36: error: integer literal '4294967295' overflows when stored into 'Int'
402 |                 memoryBuffer.writeInteger(fileHeader.uncompressedSize)
403 |             }
404 |             if compressedSize32 == 0xffff_ffff {
    |                                    `- error: integer literal '4294967295' overflows when stored into 'Int'
405 |                 memoryBuffer.writeInteger(fileHeader.compressedSize)
406 |             }
/Users/admin/builder/spi-builder-workspace/.dependencies/checkouts/swift-zip-archive/Sources/ZipArchive/ZipArchiveWriter.swift:401:38: error: integer literal '4294967295' overflows when stored into 'Int'
399 |         if includeZip64 {
400 |             memoryBuffer.writeIntegers(Zip.ExtraFieldHeader.zip64.rawValue, UInt16(zip64ExtraFieldSize - 4))
401 |             if uncompressedSize32 == 0xffff_ffff {
    |                                      `- error: integer literal '4294967295' overflows when stored into 'Int'
402 |                 memoryBuffer.writeInteger(fileHeader.uncompressedSize)
403 |             }
/Users/admin/builder/spi-builder-workspace/.dependencies/checkouts/swift-zip-archive/Sources/ZipArchive/ZipArchiveWriter.swift:377:41: error: integer literal '4294967295' overflows when stored into 'Int'
375 |             if compressedSize32 == 0xffff_ffff { zip64ExtraFieldSize += 8 }
376 |             if uncompressedSize32 == 0xffff_ffff { zip64ExtraFieldSize += 8 }
377 |             if offsetOfLocalHeader32 == 0xffff_ffff { zip64ExtraFieldSize += 8 }
    |                                         `- error: integer literal '4294967295' overflows when stored into 'Int'
378 |         } else {
379 |             zip64ExtraFieldSize = 0
/Users/admin/builder/spi-builder-workspace/.dependencies/checkouts/swift-zip-archive/Sources/ZipArchive/ZipArchiveWriter.swift:376:38: error: integer literal '4294967295' overflows when stored into 'Int'
374 |             zip64ExtraFieldSize = 4
375 |             if compressedSize32 == 0xffff_ffff { zip64ExtraFieldSize += 8 }
376 |             if uncompressedSize32 == 0xffff_ffff { zip64ExtraFieldSize += 8 }
    |                                      `- error: integer literal '4294967295' overflows when stored into 'Int'
377 |             if offsetOfLocalHeader32 == 0xffff_ffff { zip64ExtraFieldSize += 8 }
378 |         } else {
/Users/admin/builder/spi-builder-workspace/.dependencies/checkouts/swift-zip-archive/Sources/ZipArchive/ZipArchiveWriter.swift:375:36: error: integer literal '4294967295' overflows when stored into 'Int'
373 |         if includeZip64 {
374 |             zip64ExtraFieldSize = 4
375 |             if compressedSize32 == 0xffff_ffff { zip64ExtraFieldSize += 8 }
    |                                    `- error: integer literal '4294967295' overflows when stored into 'Int'
376 |             if uncompressedSize32 == 0xffff_ffff { zip64ExtraFieldSize += 8 }
377 |             if offsetOfLocalHeader32 == 0xffff_ffff { zip64ExtraFieldSize += 8 }
/Users/admin/builder/spi-builder-workspace/.dependencies/checkouts/swift-zip-archive/Sources/ZipArchive/ZipArchiveWriter.swift:370:97: error: integer literal '4294967295' overflows when stored into signed 'Builtin.Int32'
368 |         let offsetOfLocalHeader32 = fileHeader.offsetOfLocalHeader > 0xffff_ffff ? 0xffff_ffff : numericCast(fileHeader.offsetOfLocalHeader)
369 |
370 |         let includeZip64 = compressedSize32 == 0xffff_ffff || uncompressedSize32 == 0xffff_ffff || offsetOfLocalHeader32 == 0xffff_ffff
    |                                                                                                 `- error: integer literal '4294967295' overflows when stored into signed 'Builtin.Int32'
371 |
372 |         var zip64ExtraFieldSize: Int
/Users/admin/builder/spi-builder-workspace/.dependencies/checkouts/swift-zip-archive/Sources/ZipArchive/ZipArchiveWriter.swift:370:60: error: integer literal '4294967295' overflows when stored into signed 'Builtin.Int32'
368 |         let offsetOfLocalHeader32 = fileHeader.offsetOfLocalHeader > 0xffff_ffff ? 0xffff_ffff : numericCast(fileHeader.offsetOfLocalHeader)
369 |
370 |         let includeZip64 = compressedSize32 == 0xffff_ffff || uncompressedSize32 == 0xffff_ffff || offsetOfLocalHeader32 == 0xffff_ffff
    |                                                            `- error: integer literal '4294967295' overflows when stored into signed 'Builtin.Int32'
371 |
372 |         var zip64ExtraFieldSize: Int
/Users/admin/builder/spi-builder-workspace/.dependencies/checkouts/swift-zip-archive/Sources/ZipArchive/ZipArchiveWriter.swift:370:48: error: integer literal '4294967295' overflows when stored into 'Int'
368 |         let offsetOfLocalHeader32 = fileHeader.offsetOfLocalHeader > 0xffff_ffff ? 0xffff_ffff : numericCast(fileHeader.offsetOfLocalHeader)
369 |
370 |         let includeZip64 = compressedSize32 == 0xffff_ffff || uncompressedSize32 == 0xffff_ffff || offsetOfLocalHeader32 == 0xffff_ffff
    |                                                `- error: integer literal '4294967295' overflows when stored into 'Int'
371 |
372 |         var zip64ExtraFieldSize: Int
/Users/admin/builder/spi-builder-workspace/.dependencies/checkouts/swift-zip-archive/Sources/ZipArchive/ZipArchiveWriter.swift:368:84: error: integer literal '4294967295' overflows when stored into 'Int'
366 |         let compressedSize32 = fileHeader.compressedSize > 0xffff_ffff ? 0xffff_ffff : numericCast(fileHeader.compressedSize)
367 |         let uncompressedSize32 = fileHeader.uncompressedSize > 0xffff_ffff ? 0xffff_ffff : numericCast(fileHeader.uncompressedSize)
368 |         let offsetOfLocalHeader32 = fileHeader.offsetOfLocalHeader > 0xffff_ffff ? 0xffff_ffff : numericCast(fileHeader.offsetOfLocalHeader)
    |                                                                                    `- error: integer literal '4294967295' overflows when stored into 'Int'
369 |
370 |         let includeZip64 = compressedSize32 == 0xffff_ffff || uncompressedSize32 == 0xffff_ffff || offsetOfLocalHeader32 == 0xffff_ffff
/Users/admin/builder/spi-builder-workspace/.dependencies/checkouts/swift-zip-archive/Sources/ZipArchive/ZipArchiveWriter.swift:367:78: error: integer literal '4294967295' overflows when stored into 'Int'
365 |         // Zip64 extra field
366 |         let compressedSize32 = fileHeader.compressedSize > 0xffff_ffff ? 0xffff_ffff : numericCast(fileHeader.compressedSize)
367 |         let uncompressedSize32 = fileHeader.uncompressedSize > 0xffff_ffff ? 0xffff_ffff : numericCast(fileHeader.uncompressedSize)
    |                                                                              `- error: integer literal '4294967295' overflows when stored into 'Int'
368 |         let offsetOfLocalHeader32 = fileHeader.offsetOfLocalHeader > 0xffff_ffff ? 0xffff_ffff : numericCast(fileHeader.offsetOfLocalHeader)
369 |
/Users/admin/builder/spi-builder-workspace/.dependencies/checkouts/swift-zip-archive/Sources/ZipArchive/ZipArchiveWriter.swift:366:74: error: integer literal '4294967295' overflows when stored into 'Int'
364 |         let extendedTimestampExtraFieldSize = localFileHeader ? 4 + 9 : 4 + 5
365 |         // Zip64 extra field
366 |         let compressedSize32 = fileHeader.compressedSize > 0xffff_ffff ? 0xffff_ffff : numericCast(fileHeader.compressedSize)
    |                                                                          `- error: integer literal '4294967295' overflows when stored into 'Int'
367 |         let uncompressedSize32 = fileHeader.uncompressedSize > 0xffff_ffff ? 0xffff_ffff : numericCast(fileHeader.uncompressedSize)
368 |         let offsetOfLocalHeader32 = fileHeader.offsetOfLocalHeader > 0xffff_ffff ? 0xffff_ffff : numericCast(fileHeader.offsetOfLocalHeader)
/Users/admin/builder/spi-builder-workspace/.dependencies/checkouts/swift-zip-archive/Sources/ZipArchive/ZipArchiveWriter.swift:370:85: error: integer literal '4294967295' overflows when stored into 'Int'
368 |         let offsetOfLocalHeader32 = fileHeader.offsetOfLocalHeader > 0xffff_ffff ? 0xffff_ffff : numericCast(fileHeader.offsetOfLocalHeader)
369 |
370 |         let includeZip64 = compressedSize32 == 0xffff_ffff || uncompressedSize32 == 0xffff_ffff || offsetOfLocalHeader32 == 0xffff_ffff
    |                                                                                     `- error: integer literal '4294967295' overflows when stored into 'Int'
371 |
372 |         var zip64ExtraFieldSize: Int
/Users/admin/builder/spi-builder-workspace/.dependencies/checkouts/swift-zip-archive/Sources/ZipArchive/ZipArchiveWriter.swift:370:125: error: integer literal '4294967295' overflows when stored into 'Int'
368 |         let offsetOfLocalHeader32 = fileHeader.offsetOfLocalHeader > 0xffff_ffff ? 0xffff_ffff : numericCast(fileHeader.offsetOfLocalHeader)
369 |
370 |         let includeZip64 = compressedSize32 == 0xffff_ffff || uncompressedSize32 == 0xffff_ffff || offsetOfLocalHeader32 == 0xffff_ffff
    |                                                                                                                             `- error: integer literal '4294967295' overflows when stored into 'Int'
371 |
372 |         var zip64ExtraFieldSize: Int
Failed frontend command:
/Applications/Xcode-27.0.0-Release.Candidate.app/Contents/Developer/Toolchains/XcodeDefault.xctoolchain/usr/bin/swift-frontend -frontend -c /Users/admin/builder/spi-builder-workspace/.dependencies/checkouts/swift-zip-archive/Sources/ZipArchive/CryptKey.swift /Users/admin/builder/spi-builder-workspace/.dependencies/checkouts/swift-zip-archive/Sources/ZipArchive/Date.swift /Users/admin/builder/spi-builder-workspace/.dependencies/checkouts/swift-zip-archive/Sources/ZipArchive/DirectoryDescriptor.swift /Users/admin/builder/spi-builder-workspace/.dependencies/checkouts/swift-zip-archive/Sources/ZipArchive/MemoryBuffer.swift /Users/admin/builder/spi-builder-workspace/.dependencies/checkouts/swift-zip-archive/Sources/ZipArchive/System+directory.swift /Users/admin/builder/spi-builder-workspace/.dependencies/checkouts/swift-zip-archive/Sources/ZipArchive/ZipArchiveReader+extract.swift /Users/admin/builder/spi-builder-workspace/.dependencies/checkouts/swift-zip-archive/Sources/ZipArchive/ZipArchiveReader.swift /Users/admin/builder/spi-builder-workspace/.dependencies/checkouts/swift-zip-archive/Sources/ZipArchive/ZipArchiveWriter+writeFolderContents.swift -primary-file /Users/admin/builder/spi-builder-workspace/.dependencies/checkouts/swift-zip-archive/Sources/ZipArchive/ZipArchiveWriter.swift -primary-file /Users/admin/builder/spi-builder-workspace/.dependencies/checkouts/swift-zip-archive/Sources/ZipArchive/ZipCompression.swift /Users/admin/builder/spi-builder-workspace/.dependencies/checkouts/swift-zip-archive/Sources/ZipArchive/ZipFileStorage.swift /Users/admin/builder/spi-builder-workspace/.dependencies/checkouts/swift-zip-archive/Sources/ZipArchive/ZipMemoryStorage.swift /Users/admin/builder/spi-builder-workspace/.dependencies/checkouts/swift-zip-archive/Sources/ZipArchive/ZipReadableStorage.swift /Users/admin/builder/spi-builder-workspace/.dependencies/checkouts/swift-zip-archive/Sources/ZipArchive/ZipStorage.swift /Users/admin/builder/spi-builder-workspace/.dependencies/checkouts/swift-zip-archive/Sources/ZipArchive/ZipTypes.swift /Users/admin/builder/spi-builder-workspace/.dependencies/checkouts/swift-zip-archive/Sources/ZipArchive/ZipWriteableStorage.swift /Users/admin/builder/spi-builder-workspace/.dependencies/checkouts/swift-zip-archive/Sources/ZipArchive/crc32.swift -emit-dependencies-path /Users/admin/builder/spi-builder-workspace/.derivedData/Build/Intermediates.noindex/swift-zip-archive.build/Debug-watchos/ZipArchive-t.build/Objects-normal/arm64_32/ZipArchiveWriter.d -emit-const-values-path /Users/admin/builder/spi-builder-workspace/.derivedData/Build/Intermediates.noindex/swift-zip-archive.build/Debug-watchos/ZipArchive-t.build/Objects-normal/arm64_32/ZipArchiveWriter.swiftconstvalues -emit-reference-dependencies-path /Users/admin/builder/spi-builder-workspace/.derivedData/Build/Intermediates.noindex/swift-zip-archive.build/Debug-watchos/ZipArchive-t.build/Objects-normal/arm64_32/ZipArchiveWriter.swiftdeps -serialize-diagnostics-path /Users/admin/builder/spi-builder-workspace/.derivedData/Build/Intermediates.noindex/swift-zip-archive.build/Debug-watchos/ZipArchive-t.build/Objects-normal/arm64_32/ZipArchiveWriter.dia -emit-dependencies-path /Users/admin/builder/spi-builder-workspace/.derivedData/Build/Intermediates.noindex/swift-zip-archive.build/Debug-watchos/ZipArchive-t.build/Objects-normal/arm64_32/ZipCompression.d -emit-const-values-path /Users/admin/builder/spi-builder-workspace/.derivedData/Build/Intermediates.noindex/swift-zip-archive.build/Debug-watchos/ZipArchive-t.build/Objects-normal/arm64_32/ZipCompression.swiftconstvalues -emit-reference-dependencies-path /Users/admin/builder/spi-builder-workspace/.derivedData/Build/Intermediates.noindex/swift-zip-archive.build/Debug-watchos/ZipArchive-t.build/Objects-normal/arm64_32/ZipCompression.swiftdeps -serialize-diagnostics-path /Users/admin/builder/spi-builder-workspace/.derivedData/Build/Intermediates.noindex/swift-zip-archive.build/Debug-watchos/ZipArchive-t.build/Objects-normal/arm64_32/ZipCompression.dia -target arm64_32-apple-watchos9.0 -module-can-import-version Darwin 428.0.10 0 -disable-cross-import-overlay-search -swift-module-cross-import Darwin /Applications/Xcode-27.0.0-Release.Candidate.app/Contents/Developer/Platforms/WatchOS.platform/Developer/SDKs/WatchOS.sdk/usr/include/Darwin.swiftcrossimport/xlocale.swiftoverlay -load-resolved-plugin /Applications/Xcode-27.0.0-Release.Candidate.app/Contents/Developer/Platforms/WatchOS.platform/Developer/usr/lib/swift/host/plugins/libFoundationMacros.dylib\#/Applications/Xcode-27.0.0-Release.Candidate.app/Contents/Developer/Platforms/WatchOS.platform/Developer/usr/bin/swift-plugin-server\#FoundationMacros -load-resolved-plugin /Applications/Xcode-27.0.0-Release.Candidate.app/Contents/Developer/Platforms/WatchOS.platform/Developer/usr/lib/swift/host/plugins/libObservationMacros.dylib\#/Applications/Xcode-27.0.0-Release.Candidate.app/Contents/Developer/Platforms/WatchOS.platform/Developer/usr/bin/swift-plugin-server\#ObservationMacros -load-resolved-plugin /Applications/Xcode-27.0.0-Release.Candidate.app/Contents/Developer/Platforms/WatchOS.platform/Developer/usr/lib/swift/host/plugins/libSwiftMacros.dylib\#/Applications/Xcode-27.0.0-Release.Candidate.app/Contents/Developer/Platforms/WatchOS.platform/Developer/usr/bin/swift-plugin-server\#SwiftMacros -disable-implicit-swift-modules -Xcc -fno-implicit-modules -Xcc -fno-implicit-module-maps -explicit-swift-module-map-file /Users/admin/builder/spi-builder-workspace/.derivedData/Build/Intermediates.noindex/swift-zip-archive.build/Debug-watchos/ZipArchive-t.build/Objects-normal/arm64_32/ZipArchive-dependencies-1.json -enable-objc-interop -sdk /Applications/Xcode-27.0.0-Release.Candidate.app/Contents/Developer/Platforms/WatchOS.platform/Developer/SDKs/WatchOS27.0.sdk -I /Users/admin/builder/spi-builder-workspace/.derivedData/Build/Products/Debug-watchos -Isystem /Applications/Xcode-27.0.0-Release.Candidate.app/Contents/Developer/Platforms/WatchOS.platform/Developer/usr/lib -F /Users/admin/builder/spi-builder-workspace/.derivedData/Build/Products/Debug-watchos/PackageFrameworks -F /Users/admin/builder/spi-builder-workspace/.derivedData/Build/Products/Debug-watchos -F /Applications/Xcode-27.0.0-Release.Candidate.app/Contents/Developer/Platforms/WatchOS.platform/Developer/Library/Frameworks -F /Applications/Xcode-27.0.0-Release.Candidate.app/Contents/Developer/Platforms/WatchOS.platform/Developer/SDKs/WatchOS27.0.sdk/Developer/Library/Frameworks -module-cache-path /Users/admin/builder/spi-builder-workspace/.derivedData/Build/Intermediates.noindex/SwiftExplicitPrecompiledModules -no-color-diagnostics -Xcc -fno-color-diagnostics -enable-testing -g -debug-info-format\=dwarf -dwarf-version\=4 -suppress-warnings -profile-generate -profile-coverage-mapping -swift-version 6 -Onone -D SWIFT_PACKAGE -D DEBUG -D SWIFT_MODULE_RESOURCE_BUNDLE_UNAVAILABLE -D Xcode -serialize-debugging-options -enable-upcoming-feature ExistentialAny -enable-upcoming-feature InternalImportsByDefault -enable-upcoming-feature MemberImportVisibility -enable-experimental-feature DebugDescriptionMacro -empty-abi-descriptor -user-module-version 0.8.1 -validate-clang-modules-once -clang-build-session-file /Users/admin/builder/spi-builder-workspace/.derivedData/ModuleCache.noindex/Session.modulevalidation -Xcc -working-directory -Xcc /Users/admin/builder/spi-builder-workspace/.swiftpm/xcode -enable-anonymous-context-mangled-names -file-compilation-dir /Users/admin/builder/spi-builder-workspace/.swiftpm/xcode -Xcc -fmodule-map-file\=/Users/admin/builder/spi-builder-workspace/.dependencies/checkouts/swift-system/Sources/CSystem/include/module.modulemap -Xcc -fmodule-map-file\=/Users/admin/builder/spi-builder-workspace/.derivedData/Build/Intermediates.noindex/GeneratedModuleMaps-watchos/CZipArchiveZlib.modulemap -Xcc -D_LIBCPP_HARDENING_MODE\=_LIBCPP_HARDENING_MODE_DEBUG -Xcc -ivfsstatcache -Xcc /Users/admin/builder/spi-builder-workspace/.derivedData/SDKStatCaches.noindex/watchos27.0-24R360-e829b21a6f8c9b70876ba0858053c04477534ef55a1706bf4c1112bbb242f0a2.sdkstatcache -Xcc -fmodules-prune-interval\=86400 -Xcc -fmodules-prune-after\=345600 -Xcc -I/Users/admin/builder/spi-builder-workspace/.dependencies/checkouts/swift-system/Sources/CSystem/include -Xcc -I/Users/admin/builder/spi-builder-workspace/.dependencies/checkouts/swift-zip-archive/Sources/CZipArchiveZlib/include -Xcc -I/Users/admin/builder/spi-builder-workspace/.derivedData/Build/Products/Debug-watchos/include -Xcc -I/Users/admin/builder/spi-builder-workspace/.derivedData/Build/Intermediates.noindex/swift-zip-archive.build/Debug-watchos/ZipArchive-t.build/DerivedSources-normal/arm64_32 -Xcc -I/Users/admin/builder/spi-builder-workspace/.derivedData/Build/Intermediates.noindex/swift-zip-archive.build/Debug-watchos/ZipArchive-t.build/DerivedSources/arm64_32 -Xcc -I/Users/admin/builder/spi-builder-workspace/.derivedData/Build/Intermediates.noindex/swift-zip-archive.build/Debug-watchos/ZipArchive-t.build/DerivedSources -Xcc -DSWIFT_PACKAGE -Xcc -DDEBUG\=1 -no-auto-bridging-header-chaining -module-name ZipArchive -package-name swift_zip_archive -const-gather-protocols-file /Users/admin/builder/spi-builder-workspace/.derivedData/Build/Intermediates.noindex/swift-zip-archive.build/Debug-watchos/ZipArchive-t.build/Objects-normal/arm64_32/ZipArchive_const_extract_protocols.json -disable-clang-spi -clang-target arm64_32-apple-watchos27.0 -target-sdk-version 27.0 -target-sdk-name watchos27.0 -in-process-plugin-server-path /Applications/Xcode-27.0.0-Release.Candidate.app/Contents/Developer/Toolchains/XcodeDefault.xctoolchain/usr/lib/swift/host/libSwiftInProcPluginServer.dylib -parse-as-library -o /Users/admin/builder/spi-builder-workspace/.derivedData/Build/Intermediates.noindex/swift-zip-archive.build/Debug-watchos/ZipArchive-t.build/Objects-normal/arm64_32/ZipArchiveWriter.o -o /Users/admin/builder/spi-builder-workspace/.derivedData/Build/Intermediates.noindex/swift-zip-archive.build/Debug-watchos/ZipArchive-t.build/Objects-normal/arm64_32/ZipCompression.o -debug-module-path /Users/admin/builder/spi-builder-workspace/.derivedData/Build/Intermediates.noindex/swift-zip-archive.build/Debug-watchos/ZipArchive-t.build/Objects-normal/arm64_32/ZipArchive.swiftmodule -index-unit-output-path /swift-zip-archive.build/Debug-watchos/ZipArchive-t.build/Objects-normal/arm64_32/ZipArchiveWriter.o -index-unit-output-path /swift-zip-archive.build/Debug-watchos/ZipArchive-t.build/Objects-normal/arm64_32/ZipCompression.o -index-store-path /Users/admin/builder/spi-builder-workspace/.derivedData/Index.noindex/DataStore -index-system-modules
SwiftCompile normal arm64_32 /Users/admin/builder/spi-builder-workspace/.dependencies/checkouts/swift-zip-archive/Sources/ZipArchive/ZipArchiveWriter.swift (in target 'ZipArchive' from project 'swift-zip-archive')
    cd /Users/admin/builder/spi-builder-workspace/.swiftpm/xcode
    builtin-SwiftPerFileCompile ZipArchiveWriter.swift
SwiftCompile normal arm64_32 /Users/admin/builder/spi-builder-workspace/.dependencies/checkouts/swift-zip-archive/Sources/ZipArchive/ZipCompression.swift (in target 'ZipArchive' from project 'swift-zip-archive')
    cd /Users/admin/builder/spi-builder-workspace/.swiftpm/xcode
    builtin-SwiftPerFileCompile ZipCompression.swift
Ld /Users/admin/builder/spi-builder-workspace/.derivedData/Build/Intermediates.noindex/swift-zip-archive.build/Debug-watchos/CZipArchiveZlib-t.build/Objects-normal/arm64/Binary/CZipArchiveZlib.o normal arm64 (in target 'CZipArchiveZlib' from project 'swift-zip-archive')
    cd /Users/admin/builder/spi-builder-workspace/.dependencies/checkouts/swift-zip-archive
    /Applications/Xcode-27.0.0-Release.Candidate.app/Contents/Developer/Toolchains/XcodeDefault.xctoolchain/usr/bin/clang -Xlinker -reproducible -target arm64-apple-watchos9.0 -r -isysroot /Applications/Xcode-27.0.0-Release.Candidate.app/Contents/Developer/Platforms/WatchOS.platform/Developer/SDKs/WatchOS27.0.sdk -O0 -w -Xlinker -no_warn_duplicate_libraries -F/Users/admin/builder/spi-builder-workspace/.derivedData/Build/Intermediates.noindex/EagerLinkingTBDs/Debug-watchos -F/Users/admin/builder/spi-builder-workspace/.derivedData/Build/Products/Debug-watchos -iframework /Applications/Xcode-27.0.0-Release.Candidate.app/Contents/Developer/Platforms/WatchOS.platform/Developer/Library/Frameworks -iframework /Applications/Xcode-27.0.0-Release.Candidate.app/Contents/Developer/Platforms/WatchOS.platform/Developer/SDKs/WatchOS27.0.sdk/Developer/Library/Frameworks -filelist /Users/admin/builder/spi-builder-workspace/.derivedData/Build/Intermediates.noindex/swift-zip-archive.build/Debug-watchos/CZipArchiveZlib-t.build/Objects-normal/arm64/CZipArchiveZlib.LinkFileList -nostdlib -Xlinker -object_path_lto -Xlinker /Users/admin/builder/spi-builder-workspace/.derivedData/Build/Intermediates.noindex/swift-zip-archive.build/Debug-watchos/CZipArchiveZlib-t.build/Objects-normal/arm64/CZipArchiveZlib_lto.o -Xlinker -no_deduplicate -Xlinker -debug_variant -Xlinker -dependency_info -Xlinker /Users/admin/builder/spi-builder-workspace/.derivedData/Build/Intermediates.noindex/swift-zip-archive.build/Debug-watchos/CZipArchiveZlib-t.build/Objects-normal/arm64/CZipArchiveZlib_dependency_info.dat -o /Users/admin/builder/spi-builder-workspace/.derivedData/Build/Intermediates.noindex/swift-zip-archive.build/Debug-watchos/CZipArchiveZlib-t.build/Objects-normal/arm64/Binary/CZipArchiveZlib.o
SwiftDriverJobDiscovery normal arm64_32 Emitting module for ZipArchive (in target 'ZipArchive' from project 'swift-zip-archive')
SwiftDriver\ Compilation\ Requirements ZipArchive normal arm64_32 com.apple.xcode.tools.swift.compiler (in target 'ZipArchive' from project 'swift-zip-archive')
    cd /Users/admin/builder/spi-builder-workspace/.swiftpm/xcode
    builtin-Swift-Compilation-Requirements -- /Applications/Xcode-27.0.0-Release.Candidate.app/Contents/Developer/Toolchains/XcodeDefault.xctoolchain/usr/bin/swiftc -parse-as-library -module-name ZipArchive -Onone @/Users/admin/builder/spi-builder-workspace/.derivedData/Build/Intermediates.noindex/swift-zip-archive.build/Debug-watchos/ZipArchive-t.build/Objects-normal/arm64_32/ZipArchive.SwiftFileList -DSWIFT_PACKAGE -DDEBUG -DSWIFT_MODULE_RESOURCE_BUNDLE_UNAVAILABLE -Xcc -fmodule-map-file\=/Users/admin/builder/spi-builder-workspace/.dependencies/checkouts/swift-system/Sources/CSystem/include/module.modulemap -Xcc -fmodule-map-file\=/Users/admin/builder/spi-builder-workspace/.derivedData/Build/Intermediates.noindex/GeneratedModuleMaps-watchos/CZipArchiveZlib.modulemap -DXcode -enable-upcoming-feature ExistentialAny -enable-upcoming-feature InternalImportsByDefault -enable-upcoming-feature MemberImportVisibility -plugin-path /Applications/Xcode-27.0.0-Release.Candidate.app/Contents/Developer/Toolchains/XcodeDefault.xctoolchain/usr/lib/swift/host/plugins/testing -enable-experimental-feature DebugDescriptionMacro -sdk /Applications/Xcode-27.0.0-Release.Candidate.app/Contents/Developer/Platforms/WatchOS.platform/Developer/SDKs/WatchOS27.0.sdk -target arm64_32-apple-watchos9.0 -g -module-cache-path /Users/admin/builder/spi-builder-workspace/.derivedData/ModuleCache.noindex -Xfrontend -serialize-debugging-options -profile-coverage-mapping -profile-generate -enable-testing -suppress-warnings -index-store-path /Users/admin/builder/spi-builder-workspace/.derivedData/Index.noindex/DataStore -Xcc -D_LIBCPP_HARDENING_MODE\=_LIBCPP_HARDENING_MODE_DEBUG -swift-version 6 -I /Users/admin/builder/spi-builder-workspace/.derivedData/Build/Products/Debug-watchos -Isystem /Applications/Xcode-27.0.0-Release.Candidate.app/Contents/Developer/Platforms/WatchOS.platform/Developer/usr/lib -F /Users/admin/builder/spi-builder-workspace/.derivedData/Build/Products/Debug-watchos/PackageFrameworks -F /Users/admin/builder/spi-builder-workspace/.derivedData/Build/Products/Debug-watchos -F /Applications/Xcode-27.0.0-Release.Candidate.app/Contents/Developer/Platforms/WatchOS.platform/Developer/Library/Frameworks -F /Applications/Xcode-27.0.0-Release.Candidate.app/Contents/Developer/Platforms/WatchOS.platform/Developer/SDKs/WatchOS27.0.sdk/Developer/Library/Frameworks -c -j10 -enable-batch-mode -incremental -Xcc -ivfsstatcache -Xcc /Users/admin/builder/spi-builder-workspace/.derivedData/SDKStatCaches.noindex/watchos27.0-24R360-e829b21a6f8c9b70876ba0858053c04477534ef55a1706bf4c1112bbb242f0a2.sdkstatcache -output-file-map /Users/admin/builder/spi-builder-workspace/.derivedData/Build/Intermediates.noindex/swift-zip-archive.build/Debug-watchos/ZipArchive-t.build/Objects-normal/arm64_32/ZipArchive-OutputFileMap.json -save-temps -no-color-diagnostics -explicit-module-build -module-cache-path /Users/admin/builder/spi-builder-workspace/.derivedData/Build/Intermediates.noindex/SwiftExplicitPrecompiledModules -clang-scanner-module-cache-path /Users/admin/builder/spi-builder-workspace/.derivedData/ModuleCache.noindex -sdk-module-cache-path /Users/admin/builder/spi-builder-workspace/.derivedData/SDKExplicitPrecompiledModules -emit-dependencies -emit-module -emit-module-path /Users/admin/builder/spi-builder-workspace/.derivedData/Build/Intermediates.noindex/swift-zip-archive.build/Debug-watchos/ZipArchive-t.build/Objects-normal/arm64_32/ZipArchive.swiftmodule -serialize-diagnostics -dependency-scan-serialize-diagnostics-path /Users/admin/builder/spi-builder-workspace/.derivedData/Build/Intermediates.noindex/swift-zip-archive.build/Debug-watchos/ZipArchive-t.build/Objects-normal/arm64_32/ZipArchive-dependency-scan.dia -user-module-version 0.8.1 -validate-clang-modules-once -clang-build-session-file /Users/admin/builder/spi-builder-workspace/.derivedData/ModuleCache.noindex/Session.modulevalidation -Xcc -fmodules-prune-interval\=86400 -Xcc -fmodules-prune-after\=345600 -package-name swift_zip_archive -emit-const-values -const-gather-protocols-list /Users/admin/builder/spi-builder-workspace/.derivedData/Build/Intermediates.noindex/swift-zip-archive.build/Debug-watchos/ZipArchive-t.build/Objects-normal/arm64_32/ZipArchive_const_extract_protocols.json -Xcc -I/Users/admin/builder/spi-builder-workspace/.dependencies/checkouts/swift-system/Sources/CSystem/include -Xcc -I/Users/admin/builder/spi-builder-workspace/.dependencies/checkouts/swift-zip-archive/Sources/CZipArchiveZlib/include -Xcc -I/Users/admin/builder/spi-builder-workspace/.derivedData/Build/Products/Debug-watchos/include -Xcc -I/Users/admin/builder/spi-builder-workspace/.derivedData/Build/Intermediates.noindex/swift-zip-archive.build/Debug-watchos/ZipArchive-t.build/DerivedSources-normal/arm64_32 -Xcc -I/Users/admin/builder/spi-builder-workspace/.derivedData/Build/Intermediates.noindex/swift-zip-archive.build/Debug-watchos/ZipArchive-t.build/DerivedSources/arm64_32 -Xcc -I/Users/admin/builder/spi-builder-workspace/.derivedData/Build/Intermediates.noindex/swift-zip-archive.build/Debug-watchos/ZipArchive-t.build/DerivedSources -Xcc -DSWIFT_PACKAGE -Xcc -DDEBUG\=1 -emit-objc-header -emit-objc-header-path /Users/admin/builder/spi-builder-workspace/.derivedData/Build/Intermediates.noindex/swift-zip-archive.build/Debug-watchos/ZipArchive-t.build/Objects-normal/arm64_32/ZipArchive-Swift.h -working-directory /Users/admin/builder/spi-builder-workspace/.swiftpm/xcode -experimental-emit-module-separately -disable-cmo
SwiftDriverJobDiscovery normal arm64 Emitting module for ZipArchive (in target 'ZipArchive' from project 'swift-zip-archive')
SwiftDriver\ Compilation\ Requirements ZipArchive normal arm64 com.apple.xcode.tools.swift.compiler (in target 'ZipArchive' from project 'swift-zip-archive')
    cd /Users/admin/builder/spi-builder-workspace/.swiftpm/xcode
    builtin-Swift-Compilation-Requirements -- /Applications/Xcode-27.0.0-Release.Candidate.app/Contents/Developer/Toolchains/XcodeDefault.xctoolchain/usr/bin/swiftc -parse-as-library -module-name ZipArchive -Onone @/Users/admin/builder/spi-builder-workspace/.derivedData/Build/Intermediates.noindex/swift-zip-archive.build/Debug-watchos/ZipArchive-t.build/Objects-normal/arm64/ZipArchive.SwiftFileList -DSWIFT_PACKAGE -DDEBUG -DSWIFT_MODULE_RESOURCE_BUNDLE_UNAVAILABLE -Xcc -fmodule-map-file\=/Users/admin/builder/spi-builder-workspace/.dependencies/checkouts/swift-system/Sources/CSystem/include/module.modulemap -Xcc -fmodule-map-file\=/Users/admin/builder/spi-builder-workspace/.derivedData/Build/Intermediates.noindex/GeneratedModuleMaps-watchos/CZipArchiveZlib.modulemap -DXcode -enable-upcoming-feature ExistentialAny -enable-upcoming-feature InternalImportsByDefault -enable-upcoming-feature MemberImportVisibility -plugin-path /Applications/Xcode-27.0.0-Release.Candidate.app/Contents/Developer/Toolchains/XcodeDefault.xctoolchain/usr/lib/swift/host/plugins/testing -enable-experimental-feature DebugDescriptionMacro -sdk /Applications/Xcode-27.0.0-Release.Candidate.app/Contents/Developer/Platforms/WatchOS.platform/Developer/SDKs/WatchOS27.0.sdk -target arm64-apple-watchos9.0 -g -module-cache-path /Users/admin/builder/spi-builder-workspace/.derivedData/ModuleCache.noindex -Xfrontend -serialize-debugging-options -profile-coverage-mapping -profile-generate -enable-testing -suppress-warnings -index-store-path /Users/admin/builder/spi-builder-workspace/.derivedData/Index.noindex/DataStore -Xcc -D_LIBCPP_HARDENING_MODE\=_LIBCPP_HARDENING_MODE_DEBUG -swift-version 6 -I /Users/admin/builder/spi-builder-workspace/.derivedData/Build/Products/Debug-watchos -Isystem /Applications/Xcode-27.0.0-Release.Candidate.app/Contents/Developer/Platforms/WatchOS.platform/Developer/usr/lib -F /Users/admin/builder/spi-builder-workspace/.derivedData/Build/Products/Debug-watchos/PackageFrameworks -F /Users/admin/builder/spi-builder-workspace/.derivedData/Build/Products/Debug-watchos -F /Applications/Xcode-27.0.0-Release.Candidate.app/Contents/Developer/Platforms/WatchOS.platform/Developer/Library/Frameworks -F /Applications/Xcode-27.0.0-Release.Candidate.app/Contents/Developer/Platforms/WatchOS.platform/Developer/SDKs/WatchOS27.0.sdk/Developer/Library/Frameworks -c -j10 -enable-batch-mode -incremental -Xcc -ivfsstatcache -Xcc /Users/admin/builder/spi-builder-workspace/.derivedData/SDKStatCaches.noindex/watchos27.0-24R360-e829b21a6f8c9b70876ba0858053c04477534ef55a1706bf4c1112bbb242f0a2.sdkstatcache -output-file-map /Users/admin/builder/spi-builder-workspace/.derivedData/Build/Intermediates.noindex/swift-zip-archive.build/Debug-watchos/ZipArchive-t.build/Objects-normal/arm64/ZipArchive-OutputFileMap.json -save-temps -no-color-diagnostics -explicit-module-build -module-cache-path /Users/admin/builder/spi-builder-workspace/.derivedData/Build/Intermediates.noindex/SwiftExplicitPrecompiledModules -clang-scanner-module-cache-path /Users/admin/builder/spi-builder-workspace/.derivedData/ModuleCache.noindex -sdk-module-cache-path /Users/admin/builder/spi-builder-workspace/.derivedData/SDKExplicitPrecompiledModules -emit-dependencies -emit-module -emit-module-path /Users/admin/builder/spi-builder-workspace/.derivedData/Build/Intermediates.noindex/swift-zip-archive.build/Debug-watchos/ZipArchive-t.build/Objects-normal/arm64/ZipArchive.swiftmodule -serialize-diagnostics -dependency-scan-serialize-diagnostics-path /Users/admin/builder/spi-builder-workspace/.derivedData/Build/Intermediates.noindex/swift-zip-archive.build/Debug-watchos/ZipArchive-t.build/Objects-normal/arm64/ZipArchive-dependency-scan.dia -user-module-version 0.8.1 -validate-clang-modules-once -clang-build-session-file /Users/admin/builder/spi-builder-workspace/.derivedData/ModuleCache.noindex/Session.modulevalidation -Xcc -fmodules-prune-interval\=86400 -Xcc -fmodules-prune-after\=345600 -package-name swift_zip_archive -emit-const-values -const-gather-protocols-list /Users/admin/builder/spi-builder-workspace/.derivedData/Build/Intermediates.noindex/swift-zip-archive.build/Debug-watchos/ZipArchive-t.build/Objects-normal/arm64/ZipArchive_const_extract_protocols.json -Xcc -I/Users/admin/builder/spi-builder-workspace/.dependencies/checkouts/swift-system/Sources/CSystem/include -Xcc -I/Users/admin/builder/spi-builder-workspace/.dependencies/checkouts/swift-zip-archive/Sources/CZipArchiveZlib/include -Xcc -I/Users/admin/builder/spi-builder-workspace/.derivedData/Build/Products/Debug-watchos/include -Xcc -I/Users/admin/builder/spi-builder-workspace/.derivedData/Build/Intermediates.noindex/swift-zip-archive.build/Debug-watchos/ZipArchive-t.build/DerivedSources-normal/arm64 -Xcc -I/Users/admin/builder/spi-builder-workspace/.derivedData/Build/Intermediates.noindex/swift-zip-archive.build/Debug-watchos/ZipArchive-t.build/DerivedSources/arm64 -Xcc -I/Users/admin/builder/spi-builder-workspace/.derivedData/Build/Intermediates.noindex/swift-zip-archive.build/Debug-watchos/ZipArchive-t.build/DerivedSources -Xcc -DSWIFT_PACKAGE -Xcc -DDEBUG\=1 -emit-objc-header -emit-objc-header-path /Users/admin/builder/spi-builder-workspace/.derivedData/Build/Intermediates.noindex/swift-zip-archive.build/Debug-watchos/ZipArchive-t.build/Objects-normal/arm64/ZipArchive-Swift.h -working-directory /Users/admin/builder/spi-builder-workspace/.swiftpm/xcode -experimental-emit-module-separately -disable-cmo
Copy /Users/admin/builder/spi-builder-workspace/.derivedData/Build/Products/Debug-watchos/ZipArchive.swiftmodule/arm64_32-apple-watchos.swiftmodule /Users/admin/builder/spi-builder-workspace/.derivedData/Build/Intermediates.noindex/swift-zip-archive.build/Debug-watchos/ZipArchive-t.build/Objects-normal/arm64_32/ZipArchive.swiftmodule (in target 'ZipArchive' from project 'swift-zip-archive')
    cd /Users/admin/builder/spi-builder-workspace/.dependencies/checkouts/swift-zip-archive
    builtin-copy -exclude .DS_Store -exclude CVS -exclude .svn -exclude .git -exclude .hg -resolve-src-symlinks -rename /Users/admin/builder/spi-builder-workspace/.derivedData/Build/Intermediates.noindex/swift-zip-archive.build/Debug-watchos/ZipArchive-t.build/Objects-normal/arm64_32/ZipArchive.swiftmodule /Users/admin/builder/spi-builder-workspace/.derivedData/Build/Products/Debug-watchos/ZipArchive.swiftmodule/arm64_32-apple-watchos.swiftmodule
SwiftMergeGeneratedHeaders /Users/admin/builder/spi-builder-workspace/.derivedData/Build/Intermediates.noindex/GeneratedModuleMaps-watchos/ZipArchive-Swift.h /Users/admin/builder/spi-builder-workspace/.derivedData/Build/Intermediates.noindex/swift-zip-archive.build/Debug-watchos/ZipArchive-t.build/Objects-normal/arm64/ZipArchive-Swift.h /Users/admin/builder/spi-builder-workspace/.derivedData/Build/Intermediates.noindex/swift-zip-archive.build/Debug-watchos/ZipArchive-t.build/Objects-normal/arm64_32/ZipArchive-Swift.h (in target 'ZipArchive' from project 'swift-zip-archive')
    cd /Users/admin/builder/spi-builder-workspace/.dependencies/checkouts/swift-zip-archive
    builtin-swiftHeaderTool -arch arm64 /Users/admin/builder/spi-builder-workspace/.derivedData/Build/Intermediates.noindex/swift-zip-archive.build/Debug-watchos/ZipArchive-t.build/Objects-normal/arm64/ZipArchive-Swift.h -arch arm64_32 /Users/admin/builder/spi-builder-workspace/.derivedData/Build/Intermediates.noindex/swift-zip-archive.build/Debug-watchos/ZipArchive-t.build/Objects-normal/arm64_32/ZipArchive-Swift.h -o /Users/admin/builder/spi-builder-workspace/.derivedData/Build/Intermediates.noindex/GeneratedModuleMaps-watchos/ZipArchive-Swift.h
Copy /Users/admin/builder/spi-builder-workspace/.derivedData/Build/Products/Debug-watchos/ZipArchive.swiftmodule/arm64_32-apple-watchos.swiftdoc /Users/admin/builder/spi-builder-workspace/.derivedData/Build/Intermediates.noindex/swift-zip-archive.build/Debug-watchos/ZipArchive-t.build/Objects-normal/arm64_32/ZipArchive.swiftdoc (in target 'ZipArchive' from project 'swift-zip-archive')
    cd /Users/admin/builder/spi-builder-workspace/.dependencies/checkouts/swift-zip-archive
    builtin-copy -exclude .DS_Store -exclude CVS -exclude .svn -exclude .git -exclude .hg -resolve-src-symlinks -rename /Users/admin/builder/spi-builder-workspace/.derivedData/Build/Intermediates.noindex/swift-zip-archive.build/Debug-watchos/ZipArchive-t.build/Objects-normal/arm64_32/ZipArchive.swiftdoc /Users/admin/builder/spi-builder-workspace/.derivedData/Build/Products/Debug-watchos/ZipArchive.swiftmodule/arm64_32-apple-watchos.swiftdoc
Copy /Users/admin/builder/spi-builder-workspace/.derivedData/Build/Products/Debug-watchos/ZipArchive.swiftmodule/arm64_32-apple-watchos.abi.json /Users/admin/builder/spi-builder-workspace/.derivedData/Build/Intermediates.noindex/swift-zip-archive.build/Debug-watchos/ZipArchive-t.build/Objects-normal/arm64_32/ZipArchive.abi.json (in target 'ZipArchive' from project 'swift-zip-archive')
    cd /Users/admin/builder/spi-builder-workspace/.dependencies/checkouts/swift-zip-archive
    builtin-copy -exclude .DS_Store -exclude CVS -exclude .svn -exclude .git -exclude .hg -resolve-src-symlinks -rename /Users/admin/builder/spi-builder-workspace/.derivedData/Build/Intermediates.noindex/swift-zip-archive.build/Debug-watchos/ZipArchive-t.build/Objects-normal/arm64_32/ZipArchive.abi.json /Users/admin/builder/spi-builder-workspace/.derivedData/Build/Products/Debug-watchos/ZipArchive.swiftmodule/arm64_32-apple-watchos.abi.json
Copy /Users/admin/builder/spi-builder-workspace/.derivedData/Build/Products/Debug-watchos/ZipArchive.swiftmodule/arm64-apple-watchos.swiftmodule /Users/admin/builder/spi-builder-workspace/.derivedData/Build/Intermediates.noindex/swift-zip-archive.build/Debug-watchos/ZipArchive-t.build/Objects-normal/arm64/ZipArchive.swiftmodule (in target 'ZipArchive' from project 'swift-zip-archive')
    cd /Users/admin/builder/spi-builder-workspace/.dependencies/checkouts/swift-zip-archive
    builtin-copy -exclude .DS_Store -exclude CVS -exclude .svn -exclude .git -exclude .hg -resolve-src-symlinks -rename /Users/admin/builder/spi-builder-workspace/.derivedData/Build/Intermediates.noindex/swift-zip-archive.build/Debug-watchos/ZipArchive-t.build/Objects-normal/arm64/ZipArchive.swiftmodule /Users/admin/builder/spi-builder-workspace/.derivedData/Build/Products/Debug-watchos/ZipArchive.swiftmodule/arm64-apple-watchos.swiftmodule
Copy /Users/admin/builder/spi-builder-workspace/.derivedData/Build/Products/Debug-watchos/ZipArchive.swiftmodule/arm64-apple-watchos.swiftdoc /Users/admin/builder/spi-builder-workspace/.derivedData/Build/Intermediates.noindex/swift-zip-archive.build/Debug-watchos/ZipArchive-t.build/Objects-normal/arm64/ZipArchive.swiftdoc (in target 'ZipArchive' from project 'swift-zip-archive')
    cd /Users/admin/builder/spi-builder-workspace/.dependencies/checkouts/swift-zip-archive
    builtin-copy -exclude .DS_Store -exclude CVS -exclude .svn -exclude .git -exclude .hg -resolve-src-symlinks -rename /Users/admin/builder/spi-builder-workspace/.derivedData/Build/Intermediates.noindex/swift-zip-archive.build/Debug-watchos/ZipArchive-t.build/Objects-normal/arm64/ZipArchive.swiftdoc /Users/admin/builder/spi-builder-workspace/.derivedData/Build/Products/Debug-watchos/ZipArchive.swiftmodule/arm64-apple-watchos.swiftdoc
Copy /Users/admin/builder/spi-builder-workspace/.derivedData/Build/Products/Debug-watchos/ZipArchive.swiftmodule/arm64-apple-watchos.abi.json /Users/admin/builder/spi-builder-workspace/.derivedData/Build/Intermediates.noindex/swift-zip-archive.build/Debug-watchos/ZipArchive-t.build/Objects-normal/arm64/ZipArchive.abi.json (in target 'ZipArchive' from project 'swift-zip-archive')
    cd /Users/admin/builder/spi-builder-workspace/.dependencies/checkouts/swift-zip-archive
    builtin-copy -exclude .DS_Store -exclude CVS -exclude .svn -exclude .git -exclude .hg -resolve-src-symlinks -rename /Users/admin/builder/spi-builder-workspace/.derivedData/Build/Intermediates.noindex/swift-zip-archive.build/Debug-watchos/ZipArchive-t.build/Objects-normal/arm64/ZipArchive.abi.json /Users/admin/builder/spi-builder-workspace/.derivedData/Build/Products/Debug-watchos/ZipArchive.swiftmodule/arm64-apple-watchos.abi.json
Copy /Users/admin/builder/spi-builder-workspace/.derivedData/Build/Products/Debug-watchos/ZipArchive.swiftmodule/Project/arm64_32-apple-watchos.swiftsourceinfo /Users/admin/builder/spi-builder-workspace/.derivedData/Build/Intermediates.noindex/swift-zip-archive.build/Debug-watchos/ZipArchive-t.build/Objects-normal/arm64_32/ZipArchive.swiftsourceinfo (in target 'ZipArchive' from project 'swift-zip-archive')
    cd /Users/admin/builder/spi-builder-workspace/.dependencies/checkouts/swift-zip-archive
    builtin-copy -exclude .DS_Store -exclude CVS -exclude .svn -exclude .git -exclude .hg -resolve-src-symlinks -rename /Users/admin/builder/spi-builder-workspace/.derivedData/Build/Intermediates.noindex/swift-zip-archive.build/Debug-watchos/ZipArchive-t.build/Objects-normal/arm64_32/ZipArchive.swiftsourceinfo /Users/admin/builder/spi-builder-workspace/.derivedData/Build/Products/Debug-watchos/ZipArchive.swiftmodule/Project/arm64_32-apple-watchos.swiftsourceinfo
Copy /Users/admin/builder/spi-builder-workspace/.derivedData/Build/Products/Debug-watchos/ZipArchive.swiftmodule/Project/arm64-apple-watchos.swiftsourceinfo /Users/admin/builder/spi-builder-workspace/.derivedData/Build/Intermediates.noindex/swift-zip-archive.build/Debug-watchos/ZipArchive-t.build/Objects-normal/arm64/ZipArchive.swiftsourceinfo (in target 'ZipArchive' from project 'swift-zip-archive')
    cd /Users/admin/builder/spi-builder-workspace/.dependencies/checkouts/swift-zip-archive
    builtin-copy -exclude .DS_Store -exclude CVS -exclude .svn -exclude .git -exclude .hg -resolve-src-symlinks -rename /Users/admin/builder/spi-builder-workspace/.derivedData/Build/Intermediates.noindex/swift-zip-archive.build/Debug-watchos/ZipArchive-t.build/Objects-normal/arm64/ZipArchive.swiftsourceinfo /Users/admin/builder/spi-builder-workspace/.derivedData/Build/Products/Debug-watchos/ZipArchive.swiftmodule/Project/arm64-apple-watchos.swiftsourceinfo
CreateUniversalBinary /Users/admin/builder/spi-builder-workspace/.derivedData/Build/Products/Debug-watchos/CZipArchiveZlib.o normal arm64\ arm64_32 (in target 'CZipArchiveZlib' from project 'swift-zip-archive')
    cd /Users/admin/builder/spi-builder-workspace/.dependencies/checkouts/swift-zip-archive
    /Applications/Xcode-27.0.0-Release.Candidate.app/Contents/Developer/Toolchains/XcodeDefault.xctoolchain/usr/bin/lipo -create /Users/admin/builder/spi-builder-workspace/.derivedData/Build/Intermediates.noindex/swift-zip-archive.build/Debug-watchos/CZipArchiveZlib-t.build/Objects-normal/arm64/Binary/CZipArchiveZlib.o /Users/admin/builder/spi-builder-workspace/.derivedData/Build/Intermediates.noindex/swift-zip-archive.build/Debug-watchos/CZipArchiveZlib-t.build/Objects-normal/arm64_32/Binary/CZipArchiveZlib.o -output /Users/admin/builder/spi-builder-workspace/.derivedData/Build/Products/Debug-watchos/CZipArchiveZlib.o
SwiftCompile normal arm64_32 Compiling\ System+directory.swift,\ ZipArchiveReader+extract.swift /Users/admin/builder/spi-builder-workspace/.dependencies/checkouts/swift-zip-archive/Sources/ZipArchive/System+directory.swift /Users/admin/builder/spi-builder-workspace/.dependencies/checkouts/swift-zip-archive/Sources/ZipArchive/ZipArchiveReader+extract.swift (in target 'ZipArchive' from project 'swift-zip-archive')
SwiftCompile normal arm64_32 /Users/admin/builder/spi-builder-workspace/.dependencies/checkouts/swift-zip-archive/Sources/ZipArchive/System+directory.swift (in target 'ZipArchive' from project 'swift-zip-archive')
    cd /Users/admin/builder/spi-builder-workspace/.swiftpm/xcode
    builtin-SwiftPerFileCompile System+directory.swift
SwiftCompile normal arm64_32 /Users/admin/builder/spi-builder-workspace/.dependencies/checkouts/swift-zip-archive/Sources/ZipArchive/ZipArchiveReader+extract.swift (in target 'ZipArchive' from project 'swift-zip-archive')
    cd /Users/admin/builder/spi-builder-workspace/.swiftpm/xcode
    builtin-SwiftPerFileCompile ZipArchiveReader+extract.swift
SwiftCompile normal arm64 Compiling\ ZipWriteableStorage.swift /Users/admin/builder/spi-builder-workspace/.dependencies/checkouts/swift-zip-archive/Sources/ZipArchive/ZipWriteableStorage.swift (in target 'ZipArchive' from project 'swift-zip-archive')
SwiftCompile normal arm64 /Users/admin/builder/spi-builder-workspace/.dependencies/checkouts/swift-zip-archive/Sources/ZipArchive/ZipWriteableStorage.swift (in target 'ZipArchive' from project 'swift-zip-archive')
    cd /Users/admin/builder/spi-builder-workspace/.swiftpm/xcode
    builtin-SwiftPerFileCompile ZipWriteableStorage.swift
SwiftDriverJobDiscovery normal arm64_32 Compiling ZipFileStorage.swift, ZipMemoryStorage.swift (in target 'ZipArchive' from project 'swift-zip-archive')
SwiftCompile normal arm64 Compiling\ ZipTypes.swift /Users/admin/builder/spi-builder-workspace/.dependencies/checkouts/swift-zip-archive/Sources/ZipArchive/ZipTypes.swift (in target 'ZipArchive' from project 'swift-zip-archive')
SwiftCompile normal arm64 /Users/admin/builder/spi-builder-workspace/.dependencies/checkouts/swift-zip-archive/Sources/ZipArchive/ZipTypes.swift (in target 'ZipArchive' from project 'swift-zip-archive')
    cd /Users/admin/builder/spi-builder-workspace/.swiftpm/xcode
    builtin-SwiftPerFileCompile ZipTypes.swift
SwiftDriverJobDiscovery normal arm64_32 Compiling ZipArchiveReader.swift, ZipArchiveWriter+writeFolderContents.swift (in target 'ZipArchive' from project 'swift-zip-archive')
SwiftCompile normal arm64 Compiling\ DirectoryDescriptor.swift,\ MemoryBuffer.swift /Users/admin/builder/spi-builder-workspace/.dependencies/checkouts/swift-zip-archive/Sources/ZipArchive/DirectoryDescriptor.swift /Users/admin/builder/spi-builder-workspace/.dependencies/checkouts/swift-zip-archive/Sources/ZipArchive/MemoryBuffer.swift (in target 'ZipArchive' from project 'swift-zip-archive')
SwiftCompile normal arm64 /Users/admin/builder/spi-builder-workspace/.dependencies/checkouts/swift-zip-archive/Sources/ZipArchive/DirectoryDescriptor.swift (in target 'ZipArchive' from project 'swift-zip-archive')
    cd /Users/admin/builder/spi-builder-workspace/.swiftpm/xcode
    builtin-SwiftPerFileCompile DirectoryDescriptor.swift
SwiftCompile normal arm64 /Users/admin/builder/spi-builder-workspace/.dependencies/checkouts/swift-zip-archive/Sources/ZipArchive/MemoryBuffer.swift (in target 'ZipArchive' from project 'swift-zip-archive')
    cd /Users/admin/builder/spi-builder-workspace/.swiftpm/xcode
    builtin-SwiftPerFileCompile MemoryBuffer.swift
SwiftCompile normal arm64 Compiling\ ZipArchiveReader.swift,\ ZipArchiveWriter+writeFolderContents.swift /Users/admin/builder/spi-builder-workspace/.dependencies/checkouts/swift-zip-archive/Sources/ZipArchive/ZipArchiveReader.swift /Users/admin/builder/spi-builder-workspace/.dependencies/checkouts/swift-zip-archive/Sources/ZipArchive/ZipArchiveWriter+writeFolderContents.swift (in target 'ZipArchive' from project 'swift-zip-archive')
SwiftCompile normal arm64 /Users/admin/builder/spi-builder-workspace/.dependencies/checkouts/swift-zip-archive/Sources/ZipArchive/ZipArchiveReader.swift (in target 'ZipArchive' from project 'swift-zip-archive')
    cd /Users/admin/builder/spi-builder-workspace/.swiftpm/xcode
    builtin-SwiftPerFileCompile ZipArchiveReader.swift
SwiftCompile normal arm64 /Users/admin/builder/spi-builder-workspace/.dependencies/checkouts/swift-zip-archive/Sources/ZipArchive/ZipArchiveWriter+writeFolderContents.swift (in target 'ZipArchive' from project 'swift-zip-archive')
    cd /Users/admin/builder/spi-builder-workspace/.swiftpm/xcode
    builtin-SwiftPerFileCompile ZipArchiveWriter+writeFolderContents.swift
SwiftDriverJobDiscovery normal arm64 Compiling crc32.swift (in target 'ZipArchive' from project 'swift-zip-archive')
SwiftCompile normal arm64_32 Compiling\ crc32.swift /Users/admin/builder/spi-builder-workspace/.dependencies/checkouts/swift-zip-archive/Sources/ZipArchive/crc32.swift (in target 'ZipArchive' from project 'swift-zip-archive')
SwiftCompile normal arm64_32 /Users/admin/builder/spi-builder-workspace/.dependencies/checkouts/swift-zip-archive/Sources/ZipArchive/crc32.swift (in target 'ZipArchive' from project 'swift-zip-archive')
    cd /Users/admin/builder/spi-builder-workspace/.swiftpm/xcode
    builtin-SwiftPerFileCompile crc32.swift
SwiftDriverJobDiscovery normal arm64 Compiling ZipWriteableStorage.swift (in target 'ZipArchive' from project 'swift-zip-archive')
SwiftCompile normal arm64_32 Compiling\ CryptKey.swift,\ Date.swift /Users/admin/builder/spi-builder-workspace/.dependencies/checkouts/swift-zip-archive/Sources/ZipArchive/CryptKey.swift /Users/admin/builder/spi-builder-workspace/.dependencies/checkouts/swift-zip-archive/Sources/ZipArchive/Date.swift (in target 'ZipArchive' from project 'swift-zip-archive')
SwiftCompile normal arm64_32 /Users/admin/builder/spi-builder-workspace/.dependencies/checkouts/swift-zip-archive/Sources/ZipArchive/CryptKey.swift (in target 'ZipArchive' from project 'swift-zip-archive')
    cd /Users/admin/builder/spi-builder-workspace/.swiftpm/xcode
    builtin-SwiftPerFileCompile CryptKey.swift
SwiftCompile normal arm64_32 /Users/admin/builder/spi-builder-workspace/.dependencies/checkouts/swift-zip-archive/Sources/ZipArchive/Date.swift (in target 'ZipArchive' from project 'swift-zip-archive')
    cd /Users/admin/builder/spi-builder-workspace/.swiftpm/xcode
    builtin-SwiftPerFileCompile Date.swift
SwiftDriverJobDiscovery normal arm64_32 Compiling System+directory.swift, ZipArchiveReader+extract.swift (in target 'ZipArchive' from project 'swift-zip-archive')
SwiftCompile normal arm64 Compiling\ ZipArchiveWriter.swift,\ ZipCompression.swift /Users/admin/builder/spi-builder-workspace/.dependencies/checkouts/swift-zip-archive/Sources/ZipArchive/ZipArchiveWriter.swift /Users/admin/builder/spi-builder-workspace/.dependencies/checkouts/swift-zip-archive/Sources/ZipArchive/ZipCompression.swift (in target 'ZipArchive' from project 'swift-zip-archive')
SwiftCompile normal arm64 /Users/admin/builder/spi-builder-workspace/.dependencies/checkouts/swift-zip-archive/Sources/ZipArchive/ZipArchiveWriter.swift (in target 'ZipArchive' from project 'swift-zip-archive')
    cd /Users/admin/builder/spi-builder-workspace/.swiftpm/xcode
    builtin-SwiftPerFileCompile ZipArchiveWriter.swift
SwiftCompile normal arm64 /Users/admin/builder/spi-builder-workspace/.dependencies/checkouts/swift-zip-archive/Sources/ZipArchive/ZipCompression.swift (in target 'ZipArchive' from project 'swift-zip-archive')
    cd /Users/admin/builder/spi-builder-workspace/.swiftpm/xcode
    builtin-SwiftPerFileCompile ZipCompression.swift
SwiftDriverJobDiscovery normal arm64_32 Compiling ZipTypes.swift (in target 'ZipArchive' from project 'swift-zip-archive')
SwiftCompile normal arm64 Compiling\ CryptKey.swift,\ Date.swift /Users/admin/builder/spi-builder-workspace/.dependencies/checkouts/swift-zip-archive/Sources/ZipArchive/CryptKey.swift /Users/admin/builder/spi-builder-workspace/.dependencies/checkouts/swift-zip-archive/Sources/ZipArchive/Date.swift (in target 'ZipArchive' from project 'swift-zip-archive')
SwiftCompile normal arm64 /Users/admin/builder/spi-builder-workspace/.dependencies/checkouts/swift-zip-archive/Sources/ZipArchive/CryptKey.swift (in target 'ZipArchive' from project 'swift-zip-archive')
    cd /Users/admin/builder/spi-builder-workspace/.swiftpm/xcode
    builtin-SwiftPerFileCompile CryptKey.swift
SwiftCompile normal arm64 /Users/admin/builder/spi-builder-workspace/.dependencies/checkouts/swift-zip-archive/Sources/ZipArchive/Date.swift (in target 'ZipArchive' from project 'swift-zip-archive')
    cd /Users/admin/builder/spi-builder-workspace/.swiftpm/xcode
    builtin-SwiftPerFileCompile Date.swift
PruneExplicitPrecompiledModules /Users/admin/builder/spi-builder-workspace/.derivedData/Build/Intermediates.noindex/ExplicitPrecompiledModules
PruneExplicitPrecompiledModules /Users/admin/builder/spi-builder-workspace/.derivedData/SDKExplicitPrecompiledModules
PruneExplicitPrecompiledModules /Users/admin/builder/spi-builder-workspace/.derivedData/Build/Intermediates.noindex/SwiftExplicitPrecompiledModules
2026-09-24 17:13:07.341 xcodebuild[842:4915] [MT] IDERunDestination: Supported platforms for the buildables in the current scheme is empty.
** BUILD FAILED **
The following build commands failed:
	SwiftCompile normal arm64_32 Compiling\ ZipArchiveWriter.swift,\ ZipCompression.swift /Users/admin/builder/spi-builder-workspace/.dependencies/checkouts/swift-zip-archive/Sources/ZipArchive/ZipArchiveWriter.swift /Users/admin/builder/spi-builder-workspace/.dependencies/checkouts/swift-zip-archive/Sources/ZipArchive/ZipCompression.swift (in target 'ZipArchive' from project 'swift-zip-archive')
	SwiftCompile normal arm64_32 /Users/admin/builder/spi-builder-workspace/.dependencies/checkouts/swift-zip-archive/Sources/ZipArchive/ZipArchiveWriter.swift (in target 'ZipArchive' from project 'swift-zip-archive')
	Building workspace swift-wallet with scheme swift-wallet-Package
(3 failures)
Command line invocation:
    /Applications/Xcode-27.0.0-Release.Candidate.app/Contents/Developer/usr/bin/xcodebuild -IDEClonedSourcePackagesDirPathOverride=/Users/admin/builder/spi-builder-workspace/.dependencies -resolvePackageDependencies
Resolve Package Graph
Resolved source packages:
  swift-certificates: https://github.com/apple/swift-certificates.git @ 1.21.0
  swift-crypto: https://github.com/apple/swift-crypto.git @ 4.5.2
  swift-asn1: https://github.com/apple/swift-asn1.git @ 1.7.3
  swift-zip-archive: https://github.com/adam-fowler/swift-zip-archive.git @ 0.8.1
  swift-wallet: /Users/admin/builder/spi-builder-workspace
  swift-system: https://github.com/apple/swift-system.git @ 1.8.1
resolved source packages: swift-certificates, swift-crypto, swift-asn1, swift-zip-archive, swift-wallet, swift-system
2026-09-24 17:13:41.542 xcodebuild[2891:8572] [MT] IDERunDestination: Supported platforms for the buildables in the current scheme is empty.
{
  "dependencies" : [
    {
      "identity" : "swift-asn1",
      "requirement" : {
        "range" : [
          {
            "lower_bound" : "1.2.0",
            "upper_bound" : "2.0.0"
          }
        ]
      },
      "type" : "sourceControl",
      "url" : "https://github.com/apple/swift-asn1.git"
    },
    {
      "identity" : "swift-crypto",
      "requirement" : {
        "range" : [
          {
            "lower_bound" : "4.4.0",
            "upper_bound" : "5.0.0"
          }
        ]
      },
      "type" : "sourceControl",
      "url" : "https://github.com/apple/swift-crypto.git"
    },
    {
      "identity" : "swift-certificates",
      "requirement" : {
        "range" : [
          {
            "lower_bound" : "1.15.1",
            "upper_bound" : "2.0.0"
          }
        ]
      },
      "type" : "sourceControl",
      "url" : "https://github.com/apple/swift-certificates.git"
    },
    {
      "identity" : "swift-system",
      "requirement" : {
        "range" : [
          {
            "lower_bound" : "1.4.0",
            "upper_bound" : "2.0.0"
          }
        ]
      },
      "type" : "sourceControl",
      "url" : "https://github.com/apple/swift-system.git"
    },
    {
      "identity" : "swift-zip-archive",
      "requirement" : {
        "range" : [
          {
            "lower_bound" : "0.6.4",
            "upper_bound" : "1.0.0"
          }
        ]
      },
      "type" : "sourceControl",
      "url" : "https://github.com/adam-fowler/swift-zip-archive.git"
    }
  ],
  "manifest_display_name" : "swift-wallet",
  "name" : "swift-wallet",
  "path" : "/Users/admin/builder/spi-builder-workspace",
  "platforms" : [
    {
      "name" : "macos",
      "version" : "13.0"
    },
    {
      "name" : "ios",
      "version" : "16.0"
    },
    {
      "name" : "tvos",
      "version" : "16.0"
    },
    {
      "name" : "watchos",
      "version" : "9.0"
    }
  ],
  "products" : [
    {
      "name" : "WalletPasses",
      "targets" : [
        "WalletPasses"
      ],
      "type" : {
        "library" : [
          "automatic"
        ]
      }
    },
    {
      "name" : "WalletOrders",
      "targets" : [
        "WalletOrders"
      ],
      "type" : {
        "library" : [
          "automatic"
        ]
      }
    }
  ],
  "targets" : [
    {
      "c99name" : "WalletPassesTests",
      "module_type" : "SwiftTarget",
      "name" : "WalletPassesTests",
      "path" : "Tests/WalletPassesTests",
      "product_dependencies" : [
        "SystemPackage"
      ],
      "resources" : [
        {
          "path" : "/Users/admin/builder/spi-builder-workspace/Tests/WalletPassesTests/SourceFiles",
          "rule" : {
            "copy" : {
            }
          }
        }
      ],
      "sources" : [
        "Utils/TestCertificate.swift",
        "Utils/TestPass.swift",
        "WalletPassesTests.swift"
      ],
      "target_dependencies" : [
        "WalletPasses"
      ],
      "type" : "test"
    },
    {
      "c99name" : "WalletPasses",
      "module_type" : "SwiftTarget",
      "name" : "WalletPasses",
      "path" : "Sources/WalletPasses",
      "product_dependencies" : [
        "SwiftASN1",
        "CryptoExtras",
        "X509",
        "ZipArchive"
      ],
      "product_memberships" : [
        "WalletPasses"
      ],
      "sources" : [
        "PassBuilder.swift",
        "PassJSON.swift",
        "PersonalizationJSON.swift",
        "WalletPassesError.swift"
      ],
      "type" : "library"
    },
    {
      "c99name" : "WalletOrdersTests",
      "module_type" : "SwiftTarget",
      "name" : "WalletOrdersTests",
      "path" : "Tests/WalletOrdersTests",
      "product_dependencies" : [
        "SystemPackage"
      ],
      "resources" : [
        {
          "path" : "/Users/admin/builder/spi-builder-workspace/Tests/WalletOrdersTests/SourceFiles",
          "rule" : {
            "copy" : {
            }
          }
        }
      ],
      "sources" : [
        "Utils/TestCertificate.swift",
        "Utils/TestOrder.swift",
        "WalletOrdersTests.swift"
      ],
      "target_dependencies" : [
        "WalletOrders"
      ],
      "type" : "test"
    },
    {
      "c99name" : "WalletOrders",
      "module_type" : "SwiftTarget",
      "name" : "WalletOrders",
      "path" : "Sources/WalletOrders",
      "product_dependencies" : [
        "SwiftASN1",
        "CryptoExtras",
        "X509",
        "ZipArchive"
      ],
      "product_memberships" : [
        "WalletOrders"
      ],
      "sources" : [
        "OrderBuilder.swift",
        "OrderJSON.swift",
        "WalletOrdersError.swift"
      ],
      "type" : "library"
    }
  ],
  "tools_version" : "6.1"
}
{
  "workspace" : {
    "name" : "swift-wallet",
    "schemes" : [
      "swift-wallet-Package",
      "WalletOrders",
      "WalletPasses"
    ]
  }
}
2026-09-24 17:13:43.111 xcodebuild[2899:8635] [MT] IDERunDestination: Supported platforms for the buildables in the current scheme is empty.
Running build ...
env DEVELOPER_DIR=/Applications/Xcode-27.0.0-Release.Candidate.app xcrun xcodebuild -IDEClonedSourcePackagesDirPathOverride=$PWD/.dependencies -skipMacroValidation -skipPackagePluginValidation -derivedDataPath $PWD/.derivedData build -scheme swift-wallet-Package -destination generic/platform=watchOS
Command line invocation:
    /Applications/Xcode-27.0.0-Release.Candidate.app/Contents/Developer/usr/bin/xcodebuild -IDEClonedSourcePackagesDirPathOverride=/Users/admin/builder/spi-builder-workspace/.dependencies -skipMacroValidation -skipPackagePluginValidation -derivedDataPath /Users/admin/builder/spi-builder-workspace/.derivedData build -scheme swift-wallet-Package -destination generic/platform=watchOS
Resolve Package Graph
Resolved source packages:
  swift-zip-archive: https://github.com/adam-fowler/swift-zip-archive.git @ 0.8.1
  swift-certificates: https://github.com/apple/swift-certificates.git @ 1.21.0
  swift-asn1: https://github.com/apple/swift-asn1.git @ 1.7.3
  swift-wallet: /Users/admin/builder/spi-builder-workspace
  swift-system: https://github.com/apple/swift-system.git @ 1.8.1
  swift-crypto: https://github.com/apple/swift-crypto.git @ 4.5.2
ComputePackagePrebuildTargetDependencyGraph
Prepare packages
CreateBuildRequest
SendProjectDescription
CreateBuildOperation
ComputeTargetDependencyGraph
note: Building targets in dependency order
note: Target dependency graph (29 targets)
    Target 'WalletOrders-product' in project 'swift-wallet'
        ➜ Explicit dependency on target 'WalletOrders' in project 'swift-wallet'
        ➜ Explicit dependency on target 'SwiftASN1-product' in project 'swift-asn1'
        ➜ Explicit dependency on target 'CryptoExtras-product' in project 'swift-crypto'
        ➜ Explicit dependency on target 'X509-product' in project 'swift-certificates'
        ➜ Explicit dependency on target 'ZipArchive-product' in project 'swift-zip-archive'
    Target 'WalletOrders' in project 'swift-wallet'
        ➜ Explicit dependency on target 'SwiftASN1-product' in project 'swift-asn1'
        ➜ Explicit dependency on target 'CryptoExtras-product' in project 'swift-crypto'
        ➜ Explicit dependency on target 'X509-product' in project 'swift-certificates'
        ➜ Explicit dependency on target 'ZipArchive-product' in project 'swift-zip-archive'
    Target 'WalletPasses-product' in project 'swift-wallet'
        ➜ Explicit dependency on target 'WalletPasses' in project 'swift-wallet'
        ➜ Explicit dependency on target 'SwiftASN1-product' in project 'swift-asn1'
        ➜ Explicit dependency on target 'CryptoExtras-product' in project 'swift-crypto'
        ➜ Explicit dependency on target 'X509-product' in project 'swift-certificates'
        ➜ Explicit dependency on target 'ZipArchive-product' in project 'swift-zip-archive'
    Target 'WalletPasses' in project 'swift-wallet'
        ➜ Explicit dependency on target 'SwiftASN1-product' in project 'swift-asn1'
        ➜ Explicit dependency on target 'CryptoExtras-product' in project 'swift-crypto'
        ➜ Explicit dependency on target 'X509-product' in project 'swift-certificates'
        ➜ Explicit dependency on target 'ZipArchive-product' in project 'swift-zip-archive'
    Target 'ZipArchive-product' in project 'swift-zip-archive'
        ➜ Explicit dependency on target 'ZipArchive' in project 'swift-zip-archive'
        ➜ Explicit dependency on target 'CZipArchiveZlib' in project 'swift-zip-archive'
        ➜ Explicit dependency on target 'SystemPackage-product' in project 'swift-system'
    Target 'ZipArchive' in project 'swift-zip-archive'
        ➜ Explicit dependency on target 'CZipArchiveZlib' in project 'swift-zip-archive'
        ➜ Explicit dependency on target 'SystemPackage-product' in project 'swift-system'
    Target 'SystemPackage-product' in project 'swift-system'
        ➜ Explicit dependency on target 'SystemPackage' in project 'swift-system'
        ➜ Explicit dependency on target 'CSystem' in project 'swift-system'
    Target 'SystemPackage' in project 'swift-system'
        ➜ Explicit dependency on target 'CSystem' in project 'swift-system'
    Target 'CSystem' in project 'swift-system' (no dependencies)
    Target 'CZipArchiveZlib' in project 'swift-zip-archive' (no dependencies)
    Target 'X509-product' in project 'swift-certificates'
        ➜ Explicit dependency on target 'X509' in project 'swift-certificates'
        ➜ Explicit dependency on target '_CertificateInternals' in project 'swift-certificates'
        ➜ Explicit dependency on target 'SwiftASN1-product' in project 'swift-asn1'
        ➜ Explicit dependency on target 'Crypto-product' in project 'swift-crypto'
        ➜ Explicit dependency on target '_CryptoExtras-product' in project 'swift-crypto'
    Target 'X509' in project 'swift-certificates'
        ➜ Explicit dependency on target '_CertificateInternals' in project 'swift-certificates'
        ➜ Explicit dependency on target 'SwiftASN1-product' in project 'swift-asn1'
        ➜ Explicit dependency on target 'Crypto-product' in project 'swift-crypto'
        ➜ Explicit dependency on target '_CryptoExtras-product' in project 'swift-crypto'
    Target '_CryptoExtras-product' in project 'swift-crypto'
        ➜ Explicit dependency on target '_CryptoExtras' in project 'swift-crypto'
        ➜ Explicit dependency on target 'CCryptoBoringSSL' in project 'swift-crypto'
        ➜ Explicit dependency on target 'CCryptoBoringSSLShims' in project 'swift-crypto'
        ➜ Explicit dependency on target 'CryptoBoringWrapper' in project 'swift-crypto'
        ➜ Explicit dependency on target 'Crypto' in project 'swift-crypto'
        ➜ Explicit dependency on target 'CryptoExtras' in project 'swift-crypto'
        ➜ Explicit dependency on target 'SwiftASN1-product' in project 'swift-asn1'
    Target '_CryptoExtras' in project 'swift-crypto'
        ➜ Explicit dependency on target 'CCryptoBoringSSL' in project 'swift-crypto'
        ➜ Explicit dependency on target 'CCryptoBoringSSLShims' in project 'swift-crypto'
        ➜ Explicit dependency on target 'CryptoBoringWrapper' in project 'swift-crypto'
        ➜ Explicit dependency on target 'Crypto' in project 'swift-crypto'
        ➜ Explicit dependency on target 'CryptoExtras' in project 'swift-crypto'
        ➜ Explicit dependency on target 'SwiftASN1-product' in project 'swift-asn1'
    Target 'Crypto-product' in project 'swift-crypto'
        ➜ Explicit dependency on target 'Crypto' in project 'swift-crypto'
        ➜ Explicit dependency on target 'swift-crypto_Crypto' in project 'swift-crypto'
    Target '_CertificateInternals' in project 'swift-certificates' (no dependencies)
    Target 'CryptoExtras-product' in project 'swift-crypto'
        ➜ Explicit dependency on target 'CryptoExtras' in project 'swift-crypto'
        ➜ Explicit dependency on target 'swift-crypto_CryptoExtras' in project 'swift-crypto'
        ➜ Explicit dependency on target 'CCryptoBoringSSL' in project 'swift-crypto'
        ➜ Explicit dependency on target 'CCryptoBoringSSLShims' in project 'swift-crypto'
        ➜ Explicit dependency on target 'CryptoBoringWrapper' in project 'swift-crypto'
        ➜ Explicit dependency on target 'Crypto' in project 'swift-crypto'
        ➜ Explicit dependency on target 'SwiftASN1-product' in project 'swift-asn1'
    Target 'CryptoExtras' in project 'swift-crypto'
        ➜ Explicit dependency on target 'swift-crypto_CryptoExtras' in project 'swift-crypto'
        ➜ Explicit dependency on target 'CCryptoBoringSSL' in project 'swift-crypto'
        ➜ Explicit dependency on target 'CCryptoBoringSSLShims' in project 'swift-crypto'
        ➜ Explicit dependency on target 'CryptoBoringWrapper' in project 'swift-crypto'
        ➜ Explicit dependency on target 'Crypto' in project 'swift-crypto'
        ➜ Explicit dependency on target 'SwiftASN1-product' in project 'swift-asn1'
    Target 'Crypto' in project 'swift-crypto'
        ➜ Explicit dependency on target 'swift-crypto_Crypto' in project 'swift-crypto'
    Target 'swift-crypto_Crypto' in project 'swift-crypto' (no dependencies)
    Target 'CryptoBoringWrapper' in project 'swift-crypto'
        ➜ Explicit dependency on target 'swift-crypto_CryptoBoringWrapper' in project 'swift-crypto'
        ➜ Explicit dependency on target 'CCryptoBoringSSL' in project 'swift-crypto'
        ➜ Explicit dependency on target 'CCryptoBoringSSLShims' in project 'swift-crypto'
    Target 'swift-crypto_CryptoBoringWrapper' in project 'swift-crypto' (no dependencies)
    Target 'CCryptoBoringSSLShims' in project 'swift-crypto'
        ➜ Explicit dependency on target 'swift-crypto_CCryptoBoringSSLShims' in project 'swift-crypto'
        ➜ Explicit dependency on target 'CCryptoBoringSSL' in project 'swift-crypto'
    Target 'swift-crypto_CCryptoBoringSSLShims' in project 'swift-crypto' (no dependencies)
    Target 'CCryptoBoringSSL' in project 'swift-crypto'
        ➜ Explicit dependency on target 'swift-crypto_CCryptoBoringSSL' in project 'swift-crypto'
    Target 'swift-crypto_CCryptoBoringSSL' in project 'swift-crypto' (no dependencies)
    Target 'swift-crypto_CryptoExtras' in project 'swift-crypto' (no dependencies)
    Target 'SwiftASN1-product' in project 'swift-asn1'
        ➜ Explicit dependency on target 'SwiftASN1' in project 'swift-asn1'
    Target 'SwiftASN1' in project 'swift-asn1' (no dependencies)
GatherProvisioningInputs
CreateBuildDescription
ClangStatCache /Applications/Xcode-27.0.0-Release.Candidate.app/Contents/Developer/Toolchains/XcodeDefault.xctoolchain/usr/bin/clang-stat-cache /Applications/Xcode-27.0.0-Release.Candidate.app/Contents/Developer/Platforms/WatchOS.platform/Developer/SDKs/WatchOS27.0.sdk /Users/admin/builder/spi-builder-workspace/.derivedData/SDKStatCaches.noindex/watchos27.0-24R360-e829b21a6f8c9b70876ba0858053c04477534ef55a1706bf4c1112bbb242f0a2.sdkstatcache
    cd /Users/admin/builder/spi-builder-workspace/.swiftpm/xcode
    /Applications/Xcode-27.0.0-Release.Candidate.app/Contents/Developer/Toolchains/XcodeDefault.xctoolchain/usr/bin/clang-stat-cache /Applications/Xcode-27.0.0-Release.Candidate.app/Contents/Developer/Platforms/WatchOS.platform/Developer/SDKs/WatchOS27.0.sdk -o /Users/admin/builder/spi-builder-workspace/.derivedData/SDKStatCaches.noindex/watchos27.0-24R360-e829b21a6f8c9b70876ba0858053c04477534ef55a1706bf4c1112bbb242f0a2.sdkstatcache
SwiftDriver CryptoExtras normal arm64 com.apple.xcode.tools.swift.compiler (in target 'CryptoExtras' from project 'swift-crypto')
    cd /Users/admin/builder/spi-builder-workspace/.swiftpm/xcode
    builtin-SwiftDriver -- /Applications/Xcode-27.0.0-Release.Candidate.app/Contents/Developer/Toolchains/XcodeDefault.xctoolchain/usr/bin/swiftc -parse-as-library -module-name CryptoExtras -Onone @/Users/admin/builder/spi-builder-workspace/.derivedData/Build/Intermediates.noindex/swift-crypto.build/Debug-watchos/CryptoExtras-t.build/Objects-normal/arm64/CryptoExtras.SwiftFileList -DSWIFT_PACKAGE -DDEBUG -DSWIFT_MODULE_RESOURCE_BUNDLE_AVAILABLE -DCRYPTO_IN_SWIFTPM -Xcc -fmodule-map-file\=/Users/admin/builder/spi-builder-workspace/.dependencies/checkouts/swift-crypto/Sources/CCryptoBoringSSLShims/include/module.modulemap -Xcc -fmodule-map-file\=/Users/admin/builder/spi-builder-workspace/.dependencies/checkouts/swift-crypto/Sources/CCryptoBoringSSL/include/module.modulemap -DXcode -enable-upcoming-feature MemberImportVisibility -plugin-path /Applications/Xcode-27.0.0-Release.Candidate.app/Contents/Developer/Toolchains/XcodeDefault.xctoolchain/usr/lib/swift/host/plugins/testing -enable-experimental-feature DebugDescriptionMacro -sdk /Applications/Xcode-27.0.0-Release.Candidate.app/Contents/Developer/Platforms/WatchOS.platform/Developer/SDKs/WatchOS27.0.sdk -target arm64-apple-watchos9.0 -g -module-cache-path /Users/admin/builder/spi-builder-workspace/.derivedData/ModuleCache.noindex -Xfrontend -serialize-debugging-options -profile-coverage-mapping -profile-generate -enable-testing -suppress-warnings -index-store-path /Users/admin/builder/spi-builder-workspace/.derivedData/Index.noindex/DataStore -Xcc -D_LIBCPP_HARDENING_MODE\=_LIBCPP_HARDENING_MODE_DEBUG -swift-version 6 -I /Users/admin/builder/spi-builder-workspace/.derivedData/Build/Products/Debug-watchos -Isystem /Applications/Xcode-27.0.0-Release.Candidate.app/Contents/Developer/Platforms/WatchOS.platform/Developer/usr/lib -F /Users/admin/builder/spi-builder-workspace/.derivedData/Build/Products/Debug-watchos/PackageFrameworks -F /Users/admin/builder/spi-builder-workspace/.derivedData/Build/Products/Debug-watchos -F /Applications/Xcode-27.0.0-Release.Candidate.app/Contents/Developer/Platforms/WatchOS.platform/Developer/Library/Frameworks -F /Applications/Xcode-27.0.0-Release.Candidate.app/Contents/Developer/Platforms/WatchOS.platform/Developer/SDKs/WatchOS27.0.sdk/Developer/Library/Frameworks -c -j10 -enable-batch-mode -incremental -Xcc -ivfsstatcache -Xcc /Users/admin/builder/spi-builder-workspace/.derivedData/SDKStatCaches.noindex/watchos27.0-24R360-e829b21a6f8c9b70876ba0858053c04477534ef55a1706bf4c1112bbb242f0a2.sdkstatcache -output-file-map /Users/admin/builder/spi-builder-workspace/.derivedData/Build/Intermediates.noindex/swift-crypto.build/Debug-watchos/CryptoExtras-t.build/Objects-normal/arm64/CryptoExtras-OutputFileMap.json -save-temps -no-color-diagnostics -explicit-module-build -module-cache-path /Users/admin/builder/spi-builder-workspace/.derivedData/Build/Intermediates.noindex/SwiftExplicitPrecompiledModules -clang-scanner-module-cache-path /Users/admin/builder/spi-builder-workspace/.derivedData/ModuleCache.noindex -sdk-module-cache-path /Users/admin/builder/spi-builder-workspace/.derivedData/SDKExplicitPrecompiledModules -emit-dependencies -emit-module -emit-module-path /Users/admin/builder/spi-builder-workspace/.derivedData/Build/Intermediates.noindex/swift-crypto.build/Debug-watchos/CryptoExtras-t.build/Objects-normal/arm64/CryptoExtras.swiftmodule -serialize-diagnostics -dependency-scan-serialize-diagnostics-path /Users/admin/builder/spi-builder-workspace/.derivedData/Build/Intermediates.noindex/swift-crypto.build/Debug-watchos/CryptoExtras-t.build/Objects-normal/arm64/CryptoExtras-dependency-scan.dia -user-module-version 4.5.2 -validate-clang-modules-once -clang-build-session-file /Users/admin/builder/spi-builder-workspace/.derivedData/ModuleCache.noindex/Session.modulevalidation -Xcc -fmodules-prune-interval\=86400 -Xcc -fmodules-prune-after\=345600 -package-name swift_crypto -emit-const-values -const-gather-protocols-list /Users/admin/builder/spi-builder-workspace/.derivedData/Build/Intermediates.noindex/swift-crypto.build/Debug-watchos/CryptoExtras-t.build/Objects-normal/arm64/CryptoExtras_const_extract_protocols.json -Xcc -I/Users/admin/builder/spi-builder-workspace/.dependencies/checkouts/swift-crypto/Sources/CCryptoBoringSSLShims/include -Xcc -I/Users/admin/builder/spi-builder-workspace/.dependencies/checkouts/swift-crypto/Sources/CCryptoBoringSSL/include -Xcc -I/Users/admin/builder/spi-builder-workspace/.derivedData/Build/Products/Debug-watchos/include -Xcc -I/Users/admin/builder/spi-builder-workspace/.derivedData/Build/Intermediates.noindex/swift-crypto.build/Debug-watchos/CryptoExtras-t.build/DerivedSources-normal/arm64 -Xcc -I/Users/admin/builder/spi-builder-workspace/.derivedData/Build/Intermediates.noindex/swift-crypto.build/Debug-watchos/CryptoExtras-t.build/DerivedSources/arm64 -Xcc -I/Users/admin/builder/spi-builder-workspace/.derivedData/Build/Intermediates.noindex/swift-crypto.build/Debug-watchos/CryptoExtras-t.build/DerivedSources -Xcc -DSWIFT_PACKAGE -Xcc -DDEBUG\=1 -emit-objc-header -emit-objc-header-path /Users/admin/builder/spi-builder-workspace/.derivedData/Build/Intermediates.noindex/swift-crypto.build/Debug-watchos/CryptoExtras-t.build/Objects-normal/arm64/CryptoExtras-Swift.h -working-directory /Users/admin/builder/spi-builder-workspace/.swiftpm/xcode -experimental-emit-module-separately -disable-cmo
SwiftDriver ZipArchive normal arm64_32 com.apple.xcode.tools.swift.compiler (in target 'ZipArchive' from project 'swift-zip-archive')
    cd /Users/admin/builder/spi-builder-workspace/.swiftpm/xcode
    builtin-SwiftDriver -- /Applications/Xcode-27.0.0-Release.Candidate.app/Contents/Developer/Toolchains/XcodeDefault.xctoolchain/usr/bin/swiftc -parse-as-library -module-name ZipArchive -Onone @/Users/admin/builder/spi-builder-workspace/.derivedData/Build/Intermediates.noindex/swift-zip-archive.build/Debug-watchos/ZipArchive-t.build/Objects-normal/arm64_32/ZipArchive.SwiftFileList -DSWIFT_PACKAGE -DDEBUG -DSWIFT_MODULE_RESOURCE_BUNDLE_UNAVAILABLE -Xcc -fmodule-map-file\=/Users/admin/builder/spi-builder-workspace/.dependencies/checkouts/swift-system/Sources/CSystem/include/module.modulemap -Xcc -fmodule-map-file\=/Users/admin/builder/spi-builder-workspace/.derivedData/Build/Intermediates.noindex/GeneratedModuleMaps-watchos/CZipArchiveZlib.modulemap -DXcode -enable-upcoming-feature ExistentialAny -enable-upcoming-feature InternalImportsByDefault -enable-upcoming-feature MemberImportVisibility -plugin-path /Applications/Xcode-27.0.0-Release.Candidate.app/Contents/Developer/Toolchains/XcodeDefault.xctoolchain/usr/lib/swift/host/plugins/testing -enable-experimental-feature DebugDescriptionMacro -sdk /Applications/Xcode-27.0.0-Release.Candidate.app/Contents/Developer/Platforms/WatchOS.platform/Developer/SDKs/WatchOS27.0.sdk -target arm64_32-apple-watchos9.0 -g -module-cache-path /Users/admin/builder/spi-builder-workspace/.derivedData/ModuleCache.noindex -Xfrontend -serialize-debugging-options -profile-coverage-mapping -profile-generate -enable-testing -suppress-warnings -index-store-path /Users/admin/builder/spi-builder-workspace/.derivedData/Index.noindex/DataStore -Xcc -D_LIBCPP_HARDENING_MODE\=_LIBCPP_HARDENING_MODE_DEBUG -swift-version 6 -I /Users/admin/builder/spi-builder-workspace/.derivedData/Build/Products/Debug-watchos -Isystem /Applications/Xcode-27.0.0-Release.Candidate.app/Contents/Developer/Platforms/WatchOS.platform/Developer/usr/lib -F /Users/admin/builder/spi-builder-workspace/.derivedData/Build/Products/Debug-watchos/PackageFrameworks -F /Users/admin/builder/spi-builder-workspace/.derivedData/Build/Products/Debug-watchos -F /Applications/Xcode-27.0.0-Release.Candidate.app/Contents/Developer/Platforms/WatchOS.platform/Developer/Library/Frameworks -F /Applications/Xcode-27.0.0-Release.Candidate.app/Contents/Developer/Platforms/WatchOS.platform/Developer/SDKs/WatchOS27.0.sdk/Developer/Library/Frameworks -c -j10 -enable-batch-mode -incremental -Xcc -ivfsstatcache -Xcc /Users/admin/builder/spi-builder-workspace/.derivedData/SDKStatCaches.noindex/watchos27.0-24R360-e829b21a6f8c9b70876ba0858053c04477534ef55a1706bf4c1112bbb242f0a2.sdkstatcache -output-file-map /Users/admin/builder/spi-builder-workspace/.derivedData/Build/Intermediates.noindex/swift-zip-archive.build/Debug-watchos/ZipArchive-t.build/Objects-normal/arm64_32/ZipArchive-OutputFileMap.json -save-temps -no-color-diagnostics -explicit-module-build -module-cache-path /Users/admin/builder/spi-builder-workspace/.derivedData/Build/Intermediates.noindex/SwiftExplicitPrecompiledModules -clang-scanner-module-cache-path /Users/admin/builder/spi-builder-workspace/.derivedData/ModuleCache.noindex -sdk-module-cache-path /Users/admin/builder/spi-builder-workspace/.derivedData/SDKExplicitPrecompiledModules -emit-dependencies -emit-module -emit-module-path /Users/admin/builder/spi-builder-workspace/.derivedData/Build/Intermediates.noindex/swift-zip-archive.build/Debug-watchos/ZipArchive-t.build/Objects-normal/arm64_32/ZipArchive.swiftmodule -serialize-diagnostics -dependency-scan-serialize-diagnostics-path /Users/admin/builder/spi-builder-workspace/.derivedData/Build/Intermediates.noindex/swift-zip-archive.build/Debug-watchos/ZipArchive-t.build/Objects-normal/arm64_32/ZipArchive-dependency-scan.dia -user-module-version 0.8.1 -validate-clang-modules-once -clang-build-session-file /Users/admin/builder/spi-builder-workspace/.derivedData/ModuleCache.noindex/Session.modulevalidation -Xcc -fmodules-prune-interval\=86400 -Xcc -fmodules-prune-after\=345600 -package-name swift_zip_archive -emit-const-values -const-gather-protocols-list /Users/admin/builder/spi-builder-workspace/.derivedData/Build/Intermediates.noindex/swift-zip-archive.build/Debug-watchos/ZipArchive-t.build/Objects-normal/arm64_32/ZipArchive_const_extract_protocols.json -Xcc -I/Users/admin/builder/spi-builder-workspace/.dependencies/checkouts/swift-system/Sources/CSystem/include -Xcc -I/Users/admin/builder/spi-builder-workspace/.dependencies/checkouts/swift-zip-archive/Sources/CZipArchiveZlib/include -Xcc -I/Users/admin/builder/spi-builder-workspace/.derivedData/Build/Products/Debug-watchos/include -Xcc -I/Users/admin/builder/spi-builder-workspace/.derivedData/Build/Intermediates.noindex/swift-zip-archive.build/Debug-watchos/ZipArchive-t.build/DerivedSources-normal/arm64_32 -Xcc -I/Users/admin/builder/spi-builder-workspace/.derivedData/Build/Intermediates.noindex/swift-zip-archive.build/Debug-watchos/ZipArchive-t.build/DerivedSources/arm64_32 -Xcc -I/Users/admin/builder/spi-builder-workspace/.derivedData/Build/Intermediates.noindex/swift-zip-archive.build/Debug-watchos/ZipArchive-t.build/DerivedSources -Xcc -DSWIFT_PACKAGE -Xcc -DDEBUG\=1 -emit-objc-header -emit-objc-header-path /Users/admin/builder/spi-builder-workspace/.derivedData/Build/Intermediates.noindex/swift-zip-archive.build/Debug-watchos/ZipArchive-t.build/Objects-normal/arm64_32/ZipArchive-Swift.h -working-directory /Users/admin/builder/spi-builder-workspace/.swiftpm/xcode -experimental-emit-module-separately -disable-cmo
SwiftDriver CryptoExtras normal arm64_32 com.apple.xcode.tools.swift.compiler (in target 'CryptoExtras' from project 'swift-crypto')
    cd /Users/admin/builder/spi-builder-workspace/.swiftpm/xcode
    builtin-SwiftDriver -- /Applications/Xcode-27.0.0-Release.Candidate.app/Contents/Developer/Toolchains/XcodeDefault.xctoolchain/usr/bin/swiftc -parse-as-library -module-name CryptoExtras -Onone @/Users/admin/builder/spi-builder-workspace/.derivedData/Build/Intermediates.noindex/swift-crypto.build/Debug-watchos/CryptoExtras-t.build/Objects-normal/arm64_32/CryptoExtras.SwiftFileList -DSWIFT_PACKAGE -DDEBUG -DSWIFT_MODULE_RESOURCE_BUNDLE_AVAILABLE -DCRYPTO_IN_SWIFTPM -Xcc -fmodule-map-file\=/Users/admin/builder/spi-builder-workspace/.dependencies/checkouts/swift-crypto/Sources/CCryptoBoringSSLShims/include/module.modulemap -Xcc -fmodule-map-file\=/Users/admin/builder/spi-builder-workspace/.dependencies/checkouts/swift-crypto/Sources/CCryptoBoringSSL/include/module.modulemap -DXcode -enable-upcoming-feature MemberImportVisibility -plugin-path /Applications/Xcode-27.0.0-Release.Candidate.app/Contents/Developer/Toolchains/XcodeDefault.xctoolchain/usr/lib/swift/host/plugins/testing -enable-experimental-feature DebugDescriptionMacro -sdk /Applications/Xcode-27.0.0-Release.Candidate.app/Contents/Developer/Platforms/WatchOS.platform/Developer/SDKs/WatchOS27.0.sdk -target arm64_32-apple-watchos9.0 -g -module-cache-path /Users/admin/builder/spi-builder-workspace/.derivedData/ModuleCache.noindex -Xfrontend -serialize-debugging-options -profile-coverage-mapping -profile-generate -enable-testing -suppress-warnings -index-store-path /Users/admin/builder/spi-builder-workspace/.derivedData/Index.noindex/DataStore -Xcc -D_LIBCPP_HARDENING_MODE\=_LIBCPP_HARDENING_MODE_DEBUG -swift-version 6 -I /Users/admin/builder/spi-builder-workspace/.derivedData/Build/Products/Debug-watchos -Isystem /Applications/Xcode-27.0.0-Release.Candidate.app/Contents/Developer/Platforms/WatchOS.platform/Developer/usr/lib -F /Users/admin/builder/spi-builder-workspace/.derivedData/Build/Products/Debug-watchos/PackageFrameworks -F /Users/admin/builder/spi-builder-workspace/.derivedData/Build/Products/Debug-watchos -F /Applications/Xcode-27.0.0-Release.Candidate.app/Contents/Developer/Platforms/WatchOS.platform/Developer/Library/Frameworks -F /Applications/Xcode-27.0.0-Release.Candidate.app/Contents/Developer/Platforms/WatchOS.platform/Developer/SDKs/WatchOS27.0.sdk/Developer/Library/Frameworks -c -j10 -enable-batch-mode -incremental -Xcc -ivfsstatcache -Xcc /Users/admin/builder/spi-builder-workspace/.derivedData/SDKStatCaches.noindex/watchos27.0-24R360-e829b21a6f8c9b70876ba0858053c04477534ef55a1706bf4c1112bbb242f0a2.sdkstatcache -output-file-map /Users/admin/builder/spi-builder-workspace/.derivedData/Build/Intermediates.noindex/swift-crypto.build/Debug-watchos/CryptoExtras-t.build/Objects-normal/arm64_32/CryptoExtras-OutputFileMap.json -save-temps -no-color-diagnostics -explicit-module-build -module-cache-path /Users/admin/builder/spi-builder-workspace/.derivedData/Build/Intermediates.noindex/SwiftExplicitPrecompiledModules -clang-scanner-module-cache-path /Users/admin/builder/spi-builder-workspace/.derivedData/ModuleCache.noindex -sdk-module-cache-path /Users/admin/builder/spi-builder-workspace/.derivedData/SDKExplicitPrecompiledModules -emit-dependencies -emit-module -emit-module-path /Users/admin/builder/spi-builder-workspace/.derivedData/Build/Intermediates.noindex/swift-crypto.build/Debug-watchos/CryptoExtras-t.build/Objects-normal/arm64_32/CryptoExtras.swiftmodule -serialize-diagnostics -dependency-scan-serialize-diagnostics-path /Users/admin/builder/spi-builder-workspace/.derivedData/Build/Intermediates.noindex/swift-crypto.build/Debug-watchos/CryptoExtras-t.build/Objects-normal/arm64_32/CryptoExtras-dependency-scan.dia -user-module-version 4.5.2 -validate-clang-modules-once -clang-build-session-file /Users/admin/builder/spi-builder-workspace/.derivedData/ModuleCache.noindex/Session.modulevalidation -Xcc -fmodules-prune-interval\=86400 -Xcc -fmodules-prune-after\=345600 -package-name swift_crypto -emit-const-values -const-gather-protocols-list /Users/admin/builder/spi-builder-workspace/.derivedData/Build/Intermediates.noindex/swift-crypto.build/Debug-watchos/CryptoExtras-t.build/Objects-normal/arm64_32/CryptoExtras_const_extract_protocols.json -Xcc -I/Users/admin/builder/spi-builder-workspace/.dependencies/checkouts/swift-crypto/Sources/CCryptoBoringSSLShims/include -Xcc -I/Users/admin/builder/spi-builder-workspace/.dependencies/checkouts/swift-crypto/Sources/CCryptoBoringSSL/include -Xcc -I/Users/admin/builder/spi-builder-workspace/.derivedData/Build/Products/Debug-watchos/include -Xcc -I/Users/admin/builder/spi-builder-workspace/.derivedData/Build/Intermediates.noindex/swift-crypto.build/Debug-watchos/CryptoExtras-t.build/DerivedSources-normal/arm64_32 -Xcc -I/Users/admin/builder/spi-builder-workspace/.derivedData/Build/Intermediates.noindex/swift-crypto.build/Debug-watchos/CryptoExtras-t.build/DerivedSources/arm64_32 -Xcc -I/Users/admin/builder/spi-builder-workspace/.derivedData/Build/Intermediates.noindex/swift-crypto.build/Debug-watchos/CryptoExtras-t.build/DerivedSources -Xcc -DSWIFT_PACKAGE -Xcc -DDEBUG\=1 -emit-objc-header -emit-objc-header-path /Users/admin/builder/spi-builder-workspace/.derivedData/Build/Intermediates.noindex/swift-crypto.build/Debug-watchos/CryptoExtras-t.build/Objects-normal/arm64_32/CryptoExtras-Swift.h -working-directory /Users/admin/builder/spi-builder-workspace/.swiftpm/xcode -experimental-emit-module-separately -disable-cmo
SwiftDriver ZipArchive normal arm64 com.apple.xcode.tools.swift.compiler (in target 'ZipArchive' from project 'swift-zip-archive')
    cd /Users/admin/builder/spi-builder-workspace/.swiftpm/xcode
    builtin-SwiftDriver -- /Applications/Xcode-27.0.0-Release.Candidate.app/Contents/Developer/Toolchains/XcodeDefault.xctoolchain/usr/bin/swiftc -parse-as-library -module-name ZipArchive -Onone @/Users/admin/builder/spi-builder-workspace/.derivedData/Build/Intermediates.noindex/swift-zip-archive.build/Debug-watchos/ZipArchive-t.build/Objects-normal/arm64/ZipArchive.SwiftFileList -DSWIFT_PACKAGE -DDEBUG -DSWIFT_MODULE_RESOURCE_BUNDLE_UNAVAILABLE -Xcc -fmodule-map-file\=/Users/admin/builder/spi-builder-workspace/.dependencies/checkouts/swift-system/Sources/CSystem/include/module.modulemap -Xcc -fmodule-map-file\=/Users/admin/builder/spi-builder-workspace/.derivedData/Build/Intermediates.noindex/GeneratedModuleMaps-watchos/CZipArchiveZlib.modulemap -DXcode -enable-upcoming-feature ExistentialAny -enable-upcoming-feature InternalImportsByDefault -enable-upcoming-feature MemberImportVisibility -plugin-path /Applications/Xcode-27.0.0-Release.Candidate.app/Contents/Developer/Toolchains/XcodeDefault.xctoolchain/usr/lib/swift/host/plugins/testing -enable-experimental-feature DebugDescriptionMacro -sdk /Applications/Xcode-27.0.0-Release.Candidate.app/Contents/Developer/Platforms/WatchOS.platform/Developer/SDKs/WatchOS27.0.sdk -target arm64-apple-watchos9.0 -g -module-cache-path /Users/admin/builder/spi-builder-workspace/.derivedData/ModuleCache.noindex -Xfrontend -serialize-debugging-options -profile-coverage-mapping -profile-generate -enable-testing -suppress-warnings -index-store-path /Users/admin/builder/spi-builder-workspace/.derivedData/Index.noindex/DataStore -Xcc -D_LIBCPP_HARDENING_MODE\=_LIBCPP_HARDENING_MODE_DEBUG -swift-version 6 -I /Users/admin/builder/spi-builder-workspace/.derivedData/Build/Products/Debug-watchos -Isystem /Applications/Xcode-27.0.0-Release.Candidate.app/Contents/Developer/Platforms/WatchOS.platform/Developer/usr/lib -F /Users/admin/builder/spi-builder-workspace/.derivedData/Build/Products/Debug-watchos/PackageFrameworks -F /Users/admin/builder/spi-builder-workspace/.derivedData/Build/Products/Debug-watchos -F /Applications/Xcode-27.0.0-Release.Candidate.app/Contents/Developer/Platforms/WatchOS.platform/Developer/Library/Frameworks -F /Applications/Xcode-27.0.0-Release.Candidate.app/Contents/Developer/Platforms/WatchOS.platform/Developer/SDKs/WatchOS27.0.sdk/Developer/Library/Frameworks -c -j10 -enable-batch-mode -incremental -Xcc -ivfsstatcache -Xcc /Users/admin/builder/spi-builder-workspace/.derivedData/SDKStatCaches.noindex/watchos27.0-24R360-e829b21a6f8c9b70876ba0858053c04477534ef55a1706bf4c1112bbb242f0a2.sdkstatcache -output-file-map /Users/admin/builder/spi-builder-workspace/.derivedData/Build/Intermediates.noindex/swift-zip-archive.build/Debug-watchos/ZipArchive-t.build/Objects-normal/arm64/ZipArchive-OutputFileMap.json -save-temps -no-color-diagnostics -explicit-module-build -module-cache-path /Users/admin/builder/spi-builder-workspace/.derivedData/Build/Intermediates.noindex/SwiftExplicitPrecompiledModules -clang-scanner-module-cache-path /Users/admin/builder/spi-builder-workspace/.derivedData/ModuleCache.noindex -sdk-module-cache-path /Users/admin/builder/spi-builder-workspace/.derivedData/SDKExplicitPrecompiledModules -emit-dependencies -emit-module -emit-module-path /Users/admin/builder/spi-builder-workspace/.derivedData/Build/Intermediates.noindex/swift-zip-archive.build/Debug-watchos/ZipArchive-t.build/Objects-normal/arm64/ZipArchive.swiftmodule -serialize-diagnostics -dependency-scan-serialize-diagnostics-path /Users/admin/builder/spi-builder-workspace/.derivedData/Build/Intermediates.noindex/swift-zip-archive.build/Debug-watchos/ZipArchive-t.build/Objects-normal/arm64/ZipArchive-dependency-scan.dia -user-module-version 0.8.1 -validate-clang-modules-once -clang-build-session-file /Users/admin/builder/spi-builder-workspace/.derivedData/ModuleCache.noindex/Session.modulevalidation -Xcc -fmodules-prune-interval\=86400 -Xcc -fmodules-prune-after\=345600 -package-name swift_zip_archive -emit-const-values -const-gather-protocols-list /Users/admin/builder/spi-builder-workspace/.derivedData/Build/Intermediates.noindex/swift-zip-archive.build/Debug-watchos/ZipArchive-t.build/Objects-normal/arm64/ZipArchive_const_extract_protocols.json -Xcc -I/Users/admin/builder/spi-builder-workspace/.dependencies/checkouts/swift-system/Sources/CSystem/include -Xcc -I/Users/admin/builder/spi-builder-workspace/.dependencies/checkouts/swift-zip-archive/Sources/CZipArchiveZlib/include -Xcc -I/Users/admin/builder/spi-builder-workspace/.derivedData/Build/Products/Debug-watchos/include -Xcc -I/Users/admin/builder/spi-builder-workspace/.derivedData/Build/Intermediates.noindex/swift-zip-archive.build/Debug-watchos/ZipArchive-t.build/DerivedSources-normal/arm64 -Xcc -I/Users/admin/builder/spi-builder-workspace/.derivedData/Build/Intermediates.noindex/swift-zip-archive.build/Debug-watchos/ZipArchive-t.build/DerivedSources/arm64 -Xcc -I/Users/admin/builder/spi-builder-workspace/.derivedData/Build/Intermediates.noindex/swift-zip-archive.build/Debug-watchos/ZipArchive-t.build/DerivedSources -Xcc -DSWIFT_PACKAGE -Xcc -DDEBUG\=1 -emit-objc-header -emit-objc-header-path /Users/admin/builder/spi-builder-workspace/.derivedData/Build/Intermediates.noindex/swift-zip-archive.build/Debug-watchos/ZipArchive-t.build/Objects-normal/arm64/ZipArchive-Swift.h -working-directory /Users/admin/builder/spi-builder-workspace/.swiftpm/xcode -experimental-emit-module-separately -disable-cmo
ExtractAppIntentsMetadata (in target 'SystemPackage' from project 'swift-system')
    cd /Users/admin/builder/spi-builder-workspace/.dependencies/checkouts/swift-system
    /Applications/Xcode-27.0.0-Release.Candidate.app/Contents/Developer/Toolchains/XcodeDefault.xctoolchain/usr/bin/appintentsmetadataprocessor --toolchain-dir /var/run/com.apple.security.cryptexd/mnt/com.apple.MobileAsset.MetalToolchain-v27.1.266.1.9bzBXU/Metal.xctoolchain --module-name SystemPackage --sdk-root /Applications/Xcode-27.0.0-Release.Candidate.app/Contents/Developer/Platforms/WatchOS.platform/Developer/SDKs/WatchOS27.0.sdk --xcode-version 27A266a --platform-family watchOS --deployment-target 9.0 --bundle-identifier swift-system.SystemPackage --output /Users/admin/builder/spi-builder-workspace/.derivedData/Build/Products/Debug-watchos/SystemPackage.appintents --target-triple arm64-apple-watchos9.0 --target-triple arm64_32-apple-watchos9.0 --binary-file /Users/admin/builder/spi-builder-workspace/.derivedData/Build/Products/Debug-watchos/SystemPackage.o --dependency-file /Users/admin/builder/spi-builder-workspace/.derivedData/Build/Intermediates.noindex/swift-system.build/Debug-watchos/SystemPackage-t.build/Objects-normal/arm64/SystemPackage_dependency_info.dat --dependency-file /Users/admin/builder/spi-builder-workspace/.derivedData/Build/Intermediates.noindex/swift-system.build/Debug-watchos/SystemPackage-t.build/Objects-normal/arm64_32/SystemPackage_dependency_info.dat --stringsdata-file /Users/admin/builder/spi-builder-workspace/.derivedData/Build/Intermediates.noindex/swift-system.build/Debug-watchos/SystemPackage-t.build/Objects-normal/arm64/ExtractedAppShortcutsMetadata.stringsdata --stringsdata-file /Users/admin/builder/spi-builder-workspace/.derivedData/Build/Intermediates.noindex/swift-system.build/Debug-watchos/SystemPackage-t.build/Objects-normal/arm64_32/ExtractedAppShortcutsMetadata.stringsdata --source-file-list /Users/admin/builder/spi-builder-workspace/.derivedData/Build/Intermediates.noindex/swift-system.build/Debug-watchos/SystemPackage-t.build/Objects-normal/arm64/SystemPackage.SwiftFileList --source-file-list /Users/admin/builder/spi-builder-workspace/.derivedData/Build/Intermediates.noindex/swift-system.build/Debug-watchos/SystemPackage-t.build/Objects-normal/arm64_32/SystemPackage.SwiftFileList --metadata-file-list /Users/admin/builder/spi-builder-workspace/.derivedData/Build/Intermediates.noindex/swift-system.build/Debug-watchos/SystemPackage-t.build/SystemPackage.DependencyMetadataFileList --static-metadata-file-list /Users/admin/builder/spi-builder-workspace/.derivedData/Build/Intermediates.noindex/swift-system.build/Debug-watchos/SystemPackage-t.build/SystemPackage.DependencyStaticMetadataFileList --swift-const-vals-list /Users/admin/builder/spi-builder-workspace/.derivedData/Build/Intermediates.noindex/swift-system.build/Debug-watchos/SystemPackage-t.build/Objects-normal/arm64/SystemPackage.SwiftConstValuesFileList --swift-const-vals-list /Users/admin/builder/spi-builder-workspace/.derivedData/Build/Intermediates.noindex/swift-system.build/Debug-watchos/SystemPackage-t.build/Objects-normal/arm64_32/SystemPackage.SwiftConstValuesFileList --force --compile-time-extraction --deployment-aware-processing --no-app-shortcuts-localization
2026-09-24 17:13:45.863 appintentsmetadataprocessor[2903:8706] Starting appintentsmetadataprocessor export
2026-09-24 17:13:45.927 appintentsmetadataprocessor[2903:8706] Extracted no relevant App Intents symbols, skipping writing output
Ld /Users/admin/builder/spi-builder-workspace/.derivedData/Build/Intermediates.noindex/swift-crypto.build/Debug-watchos/CryptoBoringWrapper-t.build/Objects-normal/arm64/Binary/CryptoBoringWrapper.o normal arm64 (in target 'CryptoBoringWrapper' from project 'swift-crypto')
    cd /Users/admin/builder/spi-builder-workspace/.dependencies/checkouts/swift-crypto
    /Applications/Xcode-27.0.0-Release.Candidate.app/Contents/Developer/Toolchains/XcodeDefault.xctoolchain/usr/bin/clang -Xlinker -reproducible -target arm64-apple-watchos9.0 -r -isysroot /Applications/Xcode-27.0.0-Release.Candidate.app/Contents/Developer/Platforms/WatchOS.platform/Developer/SDKs/WatchOS27.0.sdk -O0 -w -Xlinker -no_warn_duplicate_libraries -F/Users/admin/builder/spi-builder-workspace/.derivedData/Build/Intermediates.noindex/EagerLinkingTBDs/Debug-watchos -F/Users/admin/builder/spi-builder-workspace/.derivedData/Build/Products/Debug-watchos/PackageFrameworks -F/Users/admin/builder/spi-builder-workspace/.derivedData/Build/Products/Debug-watchos -iframework /Applications/Xcode-27.0.0-Release.Candidate.app/Contents/Developer/Platforms/WatchOS.platform/Developer/Library/Frameworks -iframework /Applications/Xcode-27.0.0-Release.Candidate.app/Contents/Developer/Platforms/WatchOS.platform/Developer/SDKs/WatchOS27.0.sdk/Developer/Library/Frameworks -filelist /Users/admin/builder/spi-builder-workspace/.derivedData/Build/Intermediates.noindex/swift-crypto.build/Debug-watchos/CryptoBoringWrapper-t.build/Objects-normal/arm64/CryptoBoringWrapper.LinkFileList -nostdlib -Xlinker -object_path_lto -Xlinker /Users/admin/builder/spi-builder-workspace/.derivedData/Build/Intermediates.noindex/swift-crypto.build/Debug-watchos/CryptoBoringWrapper-t.build/Objects-normal/arm64/CryptoBoringWrapper_lto.o -Xlinker -no_deduplicate -Xlinker -debug_variant -Xlinker -dependency_info -Xlinker /Users/admin/builder/spi-builder-workspace/.derivedData/Build/Intermediates.noindex/swift-crypto.build/Debug-watchos/CryptoBoringWrapper-t.build/Objects-normal/arm64/CryptoBoringWrapper_dependency_info.dat -fobjc-link-runtime -L/Applications/Xcode-27.0.0-Release.Candidate.app/Contents/Developer/Toolchains/XcodeDefault.xctoolchain/usr/lib/swift/watchos -L/usr/lib/swift -Xlinker -add_ast_path -Xlinker /Users/admin/builder/spi-builder-workspace/.derivedData/Build/Intermediates.noindex/swift-crypto.build/Debug-watchos/CryptoBoringWrapper-t.build/Objects-normal/arm64/CryptoBoringWrapper.swiftmodule -o /Users/admin/builder/spi-builder-workspace/.derivedData/Build/Intermediates.noindex/swift-crypto.build/Debug-watchos/CryptoBoringWrapper-t.build/Objects-normal/arm64/Binary/CryptoBoringWrapper.o
Ld /Users/admin/builder/spi-builder-workspace/.derivedData/Build/Intermediates.noindex/swift-crypto.build/Debug-watchos/CryptoBoringWrapper-t.build/Objects-normal/arm64_32/Binary/CryptoBoringWrapper.o normal arm64_32 (in target 'CryptoBoringWrapper' from project 'swift-crypto')
    cd /Users/admin/builder/spi-builder-workspace/.dependencies/checkouts/swift-crypto
    /Applications/Xcode-27.0.0-Release.Candidate.app/Contents/Developer/Toolchains/XcodeDefault.xctoolchain/usr/bin/clang -Xlinker -reproducible -target arm64_32-apple-watchos9.0 -r -isysroot /Applications/Xcode-27.0.0-Release.Candidate.app/Contents/Developer/Platforms/WatchOS.platform/Developer/SDKs/WatchOS27.0.sdk -O0 -w -Xlinker -no_warn_duplicate_libraries -F/Users/admin/builder/spi-builder-workspace/.derivedData/Build/Intermediates.noindex/EagerLinkingTBDs/Debug-watchos -F/Users/admin/builder/spi-builder-workspace/.derivedData/Build/Products/Debug-watchos/PackageFrameworks -F/Users/admin/builder/spi-builder-workspace/.derivedData/Build/Products/Debug-watchos -iframework /Applications/Xcode-27.0.0-Release.Candidate.app/Contents/Developer/Platforms/WatchOS.platform/Developer/Library/Frameworks -iframework /Applications/Xcode-27.0.0-Release.Candidate.app/Contents/Developer/Platforms/WatchOS.platform/Developer/SDKs/WatchOS27.0.sdk/Developer/Library/Frameworks -filelist /Users/admin/builder/spi-builder-workspace/.derivedData/Build/Intermediates.noindex/swift-crypto.build/Debug-watchos/CryptoBoringWrapper-t.build/Objects-normal/arm64_32/CryptoBoringWrapper.LinkFileList -nostdlib -Xlinker -object_path_lto -Xlinker /Users/admin/builder/spi-builder-workspace/.derivedData/Build/Intermediates.noindex/swift-crypto.build/Debug-watchos/CryptoBoringWrapper-t.build/Objects-normal/arm64_32/CryptoBoringWrapper_lto.o -Xlinker -no_deduplicate -Xlinker -debug_variant -Xlinker -dependency_info -Xlinker /Users/admin/builder/spi-builder-workspace/.derivedData/Build/Intermediates.noindex/swift-crypto.build/Debug-watchos/CryptoBoringWrapper-t.build/Objects-normal/arm64_32/CryptoBoringWrapper_dependency_info.dat -fobjc-link-runtime -L/Applications/Xcode-27.0.0-Release.Candidate.app/Contents/Developer/Toolchains/XcodeDefault.xctoolchain/usr/lib/swift/watchos -L/usr/lib/swift -Xlinker -add_ast_path -Xlinker /Users/admin/builder/spi-builder-workspace/.derivedData/Build/Intermediates.noindex/swift-crypto.build/Debug-watchos/CryptoBoringWrapper-t.build/Objects-normal/arm64_32/CryptoBoringWrapper.swiftmodule -o /Users/admin/builder/spi-builder-workspace/.derivedData/Build/Intermediates.noindex/swift-crypto.build/Debug-watchos/CryptoBoringWrapper-t.build/Objects-normal/arm64_32/Binary/CryptoBoringWrapper.o
CreateUniversalBinary /Users/admin/builder/spi-builder-workspace/.derivedData/Build/Products/Debug-watchos/CryptoBoringWrapper.o normal arm64\ arm64_32 (in target 'CryptoBoringWrapper' from project 'swift-crypto')
    cd /Users/admin/builder/spi-builder-workspace/.dependencies/checkouts/swift-crypto
    /Applications/Xcode-27.0.0-Release.Candidate.app/Contents/Developer/Toolchains/XcodeDefault.xctoolchain/usr/bin/lipo -create /Users/admin/builder/spi-builder-workspace/.derivedData/Build/Intermediates.noindex/swift-crypto.build/Debug-watchos/CryptoBoringWrapper-t.build/Objects-normal/arm64/Binary/CryptoBoringWrapper.o /Users/admin/builder/spi-builder-workspace/.derivedData/Build/Intermediates.noindex/swift-crypto.build/Debug-watchos/CryptoBoringWrapper-t.build/Objects-normal/arm64_32/Binary/CryptoBoringWrapper.o -output /Users/admin/builder/spi-builder-workspace/.derivedData/Build/Products/Debug-watchos/CryptoBoringWrapper.o
ExtractAppIntentsMetadata (in target 'CryptoBoringWrapper' from project 'swift-crypto')
    cd /Users/admin/builder/spi-builder-workspace/.dependencies/checkouts/swift-crypto
    /Applications/Xcode-27.0.0-Release.Candidate.app/Contents/Developer/Toolchains/XcodeDefault.xctoolchain/usr/bin/appintentsmetadataprocessor --toolchain-dir /var/run/com.apple.security.cryptexd/mnt/com.apple.MobileAsset.MetalToolchain-v27.1.266.1.9bzBXU/Metal.xctoolchain --module-name CryptoBoringWrapper --sdk-root /Applications/Xcode-27.0.0-Release.Candidate.app/Contents/Developer/Platforms/WatchOS.platform/Developer/SDKs/WatchOS27.0.sdk --xcode-version 27A266a --platform-family watchOS --deployment-target 9.0 --bundle-identifier swift-crypto.CryptoBoringWrapper --output /Users/admin/builder/spi-builder-workspace/.derivedData/Build/Products/Debug-watchos/CryptoBoringWrapper.appintents --target-triple arm64-apple-watchos9.0 --target-triple arm64_32-apple-watchos9.0 --binary-file /Users/admin/builder/spi-builder-workspace/.derivedData/Build/Products/Debug-watchos/CryptoBoringWrapper.o --dependency-file /Users/admin/builder/spi-builder-workspace/.derivedData/Build/Intermediates.noindex/swift-crypto.build/Debug-watchos/CryptoBoringWrapper-t.build/Objects-normal/arm64/CryptoBoringWrapper_dependency_info.dat --dependency-file /Users/admin/builder/spi-builder-workspace/.derivedData/Build/Intermediates.noindex/swift-crypto.build/Debug-watchos/CryptoBoringWrapper-t.build/Objects-normal/arm64_32/CryptoBoringWrapper_dependency_info.dat --stringsdata-file /Users/admin/builder/spi-builder-workspace/.derivedData/Build/Intermediates.noindex/swift-crypto.build/Debug-watchos/CryptoBoringWrapper-t.build/Objects-normal/arm64/ExtractedAppShortcutsMetadata.stringsdata --stringsdata-file /Users/admin/builder/spi-builder-workspace/.derivedData/Build/Intermediates.noindex/swift-crypto.build/Debug-watchos/CryptoBoringWrapper-t.build/Objects-normal/arm64_32/ExtractedAppShortcutsMetadata.stringsdata --source-file-list /Users/admin/builder/spi-builder-workspace/.derivedData/Build/Intermediates.noindex/swift-crypto.build/Debug-watchos/CryptoBoringWrapper-t.build/Objects-normal/arm64/CryptoBoringWrapper.SwiftFileList --source-file-list /Users/admin/builder/spi-builder-workspace/.derivedData/Build/Intermediates.noindex/swift-crypto.build/Debug-watchos/CryptoBoringWrapper-t.build/Objects-normal/arm64_32/CryptoBoringWrapper.SwiftFileList --metadata-file-list /Users/admin/builder/spi-builder-workspace/.derivedData/Build/Intermediates.noindex/swift-crypto.build/Debug-watchos/CryptoBoringWrapper-t.build/CryptoBoringWrapper.DependencyMetadataFileList --static-metadata-file-list /Users/admin/builder/spi-builder-workspace/.derivedData/Build/Intermediates.noindex/swift-crypto.build/Debug-watchos/CryptoBoringWrapper-t.build/CryptoBoringWrapper.DependencyStaticMetadataFileList --swift-const-vals-list /Users/admin/builder/spi-builder-workspace/.derivedData/Build/Intermediates.noindex/swift-crypto.build/Debug-watchos/CryptoBoringWrapper-t.build/Objects-normal/arm64/CryptoBoringWrapper.SwiftConstValuesFileList --swift-const-vals-list /Users/admin/builder/spi-builder-workspace/.derivedData/Build/Intermediates.noindex/swift-crypto.build/Debug-watchos/CryptoBoringWrapper-t.build/Objects-normal/arm64_32/CryptoBoringWrapper.SwiftConstValuesFileList --force --compile-time-extraction --deployment-aware-processing --no-app-shortcuts-localization
2026-09-24 17:13:45.896 appintentsmetadataprocessor[2909:8732] Starting appintentsmetadataprocessor export
2026-09-24 17:13:45.954 appintentsmetadataprocessor[2909:8732] Extracted no relevant App Intents symbols, skipping writing output
SwiftCompile normal arm64 Compiling\ Date.swift /Users/admin/builder/spi-builder-workspace/.dependencies/checkouts/swift-zip-archive/Sources/ZipArchive/Date.swift (in target 'ZipArchive' from project 'swift-zip-archive')
SwiftCompile normal arm64 /Users/admin/builder/spi-builder-workspace/.dependencies/checkouts/swift-zip-archive/Sources/ZipArchive/Date.swift (in target 'ZipArchive' from project 'swift-zip-archive')
    cd /Users/admin/builder/spi-builder-workspace/.swiftpm/xcode
    builtin-SwiftPerFileCompile Date.swift
SwiftCompile normal arm64 Compiling\ ZipArchiveWriter+writeFolderContents.swift /Users/admin/builder/spi-builder-workspace/.dependencies/checkouts/swift-zip-archive/Sources/ZipArchive/ZipArchiveWriter+writeFolderContents.swift (in target 'ZipArchive' from project 'swift-zip-archive')
SwiftCompile normal arm64 /Users/admin/builder/spi-builder-workspace/.dependencies/checkouts/swift-zip-archive/Sources/ZipArchive/ZipArchiveWriter+writeFolderContents.swift (in target 'ZipArchive' from project 'swift-zip-archive')
    cd /Users/admin/builder/spi-builder-workspace/.swiftpm/xcode
    builtin-SwiftPerFileCompile ZipArchiveWriter+writeFolderContents.swift
SwiftCompile normal arm64 Compiling\ MemoryBuffer.swift /Users/admin/builder/spi-builder-workspace/.dependencies/checkouts/swift-zip-archive/Sources/ZipArchive/MemoryBuffer.swift (in target 'ZipArchive' from project 'swift-zip-archive')
SwiftCompile normal arm64 /Users/admin/builder/spi-builder-workspace/.dependencies/checkouts/swift-zip-archive/Sources/ZipArchive/MemoryBuffer.swift (in target 'ZipArchive' from project 'swift-zip-archive')
    cd /Users/admin/builder/spi-builder-workspace/.swiftpm/xcode
    builtin-SwiftPerFileCompile MemoryBuffer.swift
SwiftCompile normal arm64 Compiling\ CryptKey.swift /Users/admin/builder/spi-builder-workspace/.dependencies/checkouts/swift-zip-archive/Sources/ZipArchive/CryptKey.swift (in target 'ZipArchive' from project 'swift-zip-archive')
SwiftCompile normal arm64 /Users/admin/builder/spi-builder-workspace/.dependencies/checkouts/swift-zip-archive/Sources/ZipArchive/CryptKey.swift (in target 'ZipArchive' from project 'swift-zip-archive')
    cd /Users/admin/builder/spi-builder-workspace/.swiftpm/xcode
    builtin-SwiftPerFileCompile CryptKey.swift
SwiftCompile normal arm64 Compiling\ DirectoryDescriptor.swift /Users/admin/builder/spi-builder-workspace/.dependencies/checkouts/swift-zip-archive/Sources/ZipArchive/DirectoryDescriptor.swift (in target 'ZipArchive' from project 'swift-zip-archive')
SwiftCompile normal arm64 /Users/admin/builder/spi-builder-workspace/.dependencies/checkouts/swift-zip-archive/Sources/ZipArchive/DirectoryDescriptor.swift (in target 'ZipArchive' from project 'swift-zip-archive')
    cd /Users/admin/builder/spi-builder-workspace/.swiftpm/xcode
    builtin-SwiftPerFileCompile DirectoryDescriptor.swift
SwiftCompile normal arm64 Compiling\ ZipArchiveReader.swift /Users/admin/builder/spi-builder-workspace/.dependencies/checkouts/swift-zip-archive/Sources/ZipArchive/ZipArchiveReader.swift (in target 'ZipArchive' from project 'swift-zip-archive')
SwiftCompile normal arm64 /Users/admin/builder/spi-builder-workspace/.dependencies/checkouts/swift-zip-archive/Sources/ZipArchive/ZipArchiveReader.swift (in target 'ZipArchive' from project 'swift-zip-archive')
    cd /Users/admin/builder/spi-builder-workspace/.swiftpm/xcode
    builtin-SwiftPerFileCompile ZipArchiveReader.swift
SwiftEmitModule normal arm64 Emitting\ module\ for\ ZipArchive (in target 'ZipArchive' from project 'swift-zip-archive')
SwiftCompile normal arm64 (in target 'ZipArchive' from project 'swift-zip-archive')
    cd /Users/admin/builder/spi-builder-workspace/.swiftpm/xcode

SwiftCompile normal arm64 Compiling\ ZipCompression.swift /Users/admin/builder/spi-builder-workspace/.dependencies/checkouts/swift-zip-archive/Sources/ZipArchive/ZipCompression.swift (in target 'ZipArchive' from project 'swift-zip-archive')
SwiftCompile normal arm64 /Users/admin/builder/spi-builder-workspace/.dependencies/checkouts/swift-zip-archive/Sources/ZipArchive/ZipCompression.swift (in target 'ZipArchive' from project 'swift-zip-archive')
    cd /Users/admin/builder/spi-builder-workspace/.swiftpm/xcode
    builtin-SwiftPerFileCompile ZipCompression.swift
SwiftEmitModule normal arm64_32 Emitting\ module\ for\ ZipArchive (in target 'ZipArchive' from project 'swift-zip-archive')
SwiftCompile normal arm64_32 (in target 'ZipArchive' from project 'swift-zip-archive')
    cd /Users/admin/builder/spi-builder-workspace/.swiftpm/xcode

SwiftCompile normal arm64_32 Compiling\ ZipStorage.swift /Users/admin/builder/spi-builder-workspace/.dependencies/checkouts/swift-zip-archive/Sources/ZipArchive/ZipStorage.swift (in target 'ZipArchive' from project 'swift-zip-archive')
SwiftCompile normal arm64_32 /Users/admin/builder/spi-builder-workspace/.dependencies/checkouts/swift-zip-archive/Sources/ZipArchive/ZipStorage.swift (in target 'ZipArchive' from project 'swift-zip-archive')
    cd /Users/admin/builder/spi-builder-workspace/.swiftpm/xcode
    builtin-SwiftPerFileCompile ZipStorage.swift
SwiftEmitModule normal arm64_32 Emitting\ module\ for\ CryptoExtras (in target 'CryptoExtras' from project 'swift-crypto')
SwiftCompile normal arm64_32 (in target 'CryptoExtras' from project 'swift-crypto')
    cd /Users/admin/builder/spi-builder-workspace/.swiftpm/xcode

SwiftDriverJobDiscovery normal arm64_32 Compiling ZipStorage.swift (in target 'ZipArchive' from project 'swift-zip-archive')
SwiftEmitModule normal arm64 Emitting\ module\ for\ CryptoExtras (in target 'CryptoExtras' from project 'swift-crypto')
SwiftCompile normal arm64 (in target 'CryptoExtras' from project 'swift-crypto')
    cd /Users/admin/builder/spi-builder-workspace/.swiftpm/xcode

SwiftDriverJobDiscovery normal arm64 Compiling ZipArchiveWriter+writeFolderContents.swift (in target 'ZipArchive' from project 'swift-zip-archive')
SwiftCompile normal arm64_32 Compiling\ ZipMemoryStorage.swift /Users/admin/builder/spi-builder-workspace/.dependencies/checkouts/swift-zip-archive/Sources/ZipArchive/ZipMemoryStorage.swift (in target 'ZipArchive' from project 'swift-zip-archive')
SwiftCompile normal arm64_32 /Users/admin/builder/spi-builder-workspace/.dependencies/checkouts/swift-zip-archive/Sources/ZipArchive/ZipMemoryStorage.swift (in target 'ZipArchive' from project 'swift-zip-archive')
    cd /Users/admin/builder/spi-builder-workspace/.swiftpm/xcode
    builtin-SwiftPerFileCompile ZipMemoryStorage.swift
SwiftDriverJobDiscovery normal arm64 Compiling CryptKey.swift (in target 'ZipArchive' from project 'swift-zip-archive')
SwiftCompile normal arm64_32 Compiling\ ZipCompression.swift /Users/admin/builder/spi-builder-workspace/.dependencies/checkouts/swift-zip-archive/Sources/ZipArchive/ZipCompression.swift (in target 'ZipArchive' from project 'swift-zip-archive')
SwiftCompile normal arm64_32 /Users/admin/builder/spi-builder-workspace/.dependencies/checkouts/swift-zip-archive/Sources/ZipArchive/ZipCompression.swift (in target 'ZipArchive' from project 'swift-zip-archive')
    cd /Users/admin/builder/spi-builder-workspace/.swiftpm/xcode
    builtin-SwiftPerFileCompile ZipCompression.swift
SwiftDriverJobDiscovery normal arm64 Compiling Date.swift (in target 'ZipArchive' from project 'swift-zip-archive')
SwiftCompile normal arm64 Compiling\ ZipTypes.swift /Users/admin/builder/spi-builder-workspace/.dependencies/checkouts/swift-zip-archive/Sources/ZipArchive/ZipTypes.swift (in target 'ZipArchive' from project 'swift-zip-archive')
SwiftCompile normal arm64 /Users/admin/builder/spi-builder-workspace/.dependencies/checkouts/swift-zip-archive/Sources/ZipArchive/ZipTypes.swift (in target 'ZipArchive' from project 'swift-zip-archive')
    cd /Users/admin/builder/spi-builder-workspace/.swiftpm/xcode
    builtin-SwiftPerFileCompile ZipTypes.swift
SwiftDriverJobDiscovery normal arm64 Compiling MemoryBuffer.swift (in target 'ZipArchive' from project 'swift-zip-archive')
SwiftCompile normal arm64 Compiling\ ZipMemoryStorage.swift /Users/admin/builder/spi-builder-workspace/.dependencies/checkouts/swift-zip-archive/Sources/ZipArchive/ZipMemoryStorage.swift (in target 'ZipArchive' from project 'swift-zip-archive')
SwiftCompile normal arm64 /Users/admin/builder/spi-builder-workspace/.dependencies/checkouts/swift-zip-archive/Sources/ZipArchive/ZipMemoryStorage.swift (in target 'ZipArchive' from project 'swift-zip-archive')
    cd /Users/admin/builder/spi-builder-workspace/.swiftpm/xcode
    builtin-SwiftPerFileCompile ZipMemoryStorage.swift
SwiftDriverJobDiscovery normal arm64 Compiling ZipCompression.swift (in target 'ZipArchive' from project 'swift-zip-archive')
SwiftCompile normal arm64_32 Compiling\ ZipArchiveReader+extract.swift /Users/admin/builder/spi-builder-workspace/.dependencies/checkouts/swift-zip-archive/Sources/ZipArchive/ZipArchiveReader+extract.swift (in target 'ZipArchive' from project 'swift-zip-archive')
SwiftCompile normal arm64_32 /Users/admin/builder/spi-builder-workspace/.dependencies/checkouts/swift-zip-archive/Sources/ZipArchive/ZipArchiveReader+extract.swift (in target 'ZipArchive' from project 'swift-zip-archive')
    cd /Users/admin/builder/spi-builder-workspace/.swiftpm/xcode
    builtin-SwiftPerFileCompile ZipArchiveReader+extract.swift
SwiftDriverJobDiscovery normal arm64_32 Compiling ZipMemoryStorage.swift (in target 'ZipArchive' from project 'swift-zip-archive')
SwiftCompile normal arm64_32 Compiling\ ZipReadableStorage.swift /Users/admin/builder/spi-builder-workspace/.dependencies/checkouts/swift-zip-archive/Sources/ZipArchive/ZipReadableStorage.swift (in target 'ZipArchive' from project 'swift-zip-archive')
SwiftCompile normal arm64_32 /Users/admin/builder/spi-builder-workspace/.dependencies/checkouts/swift-zip-archive/Sources/ZipArchive/ZipReadableStorage.swift (in target 'ZipArchive' from project 'swift-zip-archive')
    cd /Users/admin/builder/spi-builder-workspace/.swiftpm/xcode
    builtin-SwiftPerFileCompile ZipReadableStorage.swift
SwiftCompile normal arm64_32 Compiling\ ZipWriteableStorage.swift /Users/admin/builder/spi-builder-workspace/.dependencies/checkouts/swift-zip-archive/Sources/ZipArchive/ZipWriteableStorage.swift (in target 'ZipArchive' from project 'swift-zip-archive')
SwiftCompile normal arm64_32 /Users/admin/builder/spi-builder-workspace/.dependencies/checkouts/swift-zip-archive/Sources/ZipArchive/ZipWriteableStorage.swift (in target 'ZipArchive' from project 'swift-zip-archive')
    cd /Users/admin/builder/spi-builder-workspace/.swiftpm/xcode
    builtin-SwiftPerFileCompile ZipWriteableStorage.swift
SwiftCompile normal arm64_32 Compiling\ crc32.swift /Users/admin/builder/spi-builder-workspace/.dependencies/checkouts/swift-zip-archive/Sources/ZipArchive/crc32.swift (in target 'ZipArchive' from project 'swift-zip-archive')
SwiftCompile normal arm64_32 /Users/admin/builder/spi-builder-workspace/.dependencies/checkouts/swift-zip-archive/Sources/ZipArchive/crc32.swift (in target 'ZipArchive' from project 'swift-zip-archive')
    cd /Users/admin/builder/spi-builder-workspace/.swiftpm/xcode
    builtin-SwiftPerFileCompile crc32.swift
SwiftDriverJobDiscovery normal arm64 Compiling ZipMemoryStorage.swift (in target 'ZipArchive' from project 'swift-zip-archive')
SwiftCompile normal arm64_32 Compiling\ MemoryBuffer.swift /Users/admin/builder/spi-builder-workspace/.dependencies/checkouts/swift-zip-archive/Sources/ZipArchive/MemoryBuffer.swift (in target 'ZipArchive' from project 'swift-zip-archive')
SwiftCompile normal arm64_32 /Users/admin/builder/spi-builder-workspace/.dependencies/checkouts/swift-zip-archive/Sources/ZipArchive/MemoryBuffer.swift (in target 'ZipArchive' from project 'swift-zip-archive')
    cd /Users/admin/builder/spi-builder-workspace/.swiftpm/xcode
    builtin-SwiftPerFileCompile MemoryBuffer.swift
SwiftDriverJobDiscovery normal arm64 Compiling ZipArchiveReader.swift (in target 'ZipArchive' from project 'swift-zip-archive')
SwiftCompile normal arm64_32 Compiling\ ZipArchiveReader.swift /Users/admin/builder/spi-builder-workspace/.dependencies/checkouts/swift-zip-archive/Sources/ZipArchive/ZipArchiveReader.swift (in target 'ZipArchive' from project 'swift-zip-archive')
SwiftCompile normal arm64_32 /Users/admin/builder/spi-builder-workspace/.dependencies/checkouts/swift-zip-archive/Sources/ZipArchive/ZipArchiveReader.swift (in target 'ZipArchive' from project 'swift-zip-archive')
    cd /Users/admin/builder/spi-builder-workspace/.swiftpm/xcode
    builtin-SwiftPerFileCompile ZipArchiveReader.swift
SwiftDriverJobDiscovery normal arm64_32 Compiling ZipArchiveReader+extract.swift (in target 'ZipArchive' from project 'swift-zip-archive')
SwiftCompile normal arm64 Compiling\ ZipArchiveWriter.swift /Users/admin/builder/spi-builder-workspace/.dependencies/checkouts/swift-zip-archive/Sources/ZipArchive/ZipArchiveWriter.swift (in target 'ZipArchive' from project 'swift-zip-archive')
SwiftCompile normal arm64 /Users/admin/builder/spi-builder-workspace/.dependencies/checkouts/swift-zip-archive/Sources/ZipArchive/ZipArchiveWriter.swift (in target 'ZipArchive' from project 'swift-zip-archive')
    cd /Users/admin/builder/spi-builder-workspace/.swiftpm/xcode
    builtin-SwiftPerFileCompile ZipArchiveWriter.swift
SwiftDriverJobDiscovery normal arm64_32 Compiling ZipCompression.swift (in target 'ZipArchive' from project 'swift-zip-archive')
SwiftCompile normal arm64_32 Compiling\ ZipFileStorage.swift /Users/admin/builder/spi-builder-workspace/.dependencies/checkouts/swift-zip-archive/Sources/ZipArchive/ZipFileStorage.swift (in target 'ZipArchive' from project 'swift-zip-archive')
SwiftCompile normal arm64_32 /Users/admin/builder/spi-builder-workspace/.dependencies/checkouts/swift-zip-archive/Sources/ZipArchive/ZipFileStorage.swift (in target 'ZipArchive' from project 'swift-zip-archive')
    cd /Users/admin/builder/spi-builder-workspace/.swiftpm/xcode
    builtin-SwiftPerFileCompile ZipFileStorage.swift
SwiftDriverJobDiscovery normal arm64_32 Compiling ZipWriteableStorage.swift (in target 'ZipArchive' from project 'swift-zip-archive')
SwiftCompile normal arm64 Compiling\ ZipStorage.swift /Users/admin/builder/spi-builder-workspace/.dependencies/checkouts/swift-zip-archive/Sources/ZipArchive/ZipStorage.swift (in target 'ZipArchive' from project 'swift-zip-archive')
SwiftCompile normal arm64 /Users/admin/builder/spi-builder-workspace/.dependencies/checkouts/swift-zip-archive/Sources/ZipArchive/ZipStorage.swift (in target 'ZipArchive' from project 'swift-zip-archive')
    cd /Users/admin/builder/spi-builder-workspace/.swiftpm/xcode
    builtin-SwiftPerFileCompile ZipStorage.swift
SwiftDriverJobDiscovery normal arm64_32 Compiling ZipReadableStorage.swift (in target 'ZipArchive' from project 'swift-zip-archive')
SwiftCompile normal arm64_32 Compiling\ ZipArchiveWriter.swift /Users/admin/builder/spi-builder-workspace/.dependencies/checkouts/swift-zip-archive/Sources/ZipArchive/ZipArchiveWriter.swift (in target 'ZipArchive' from project 'swift-zip-archive')
/Users/admin/builder/spi-builder-workspace/.dependencies/checkouts/swift-zip-archive/Sources/ZipArchive/ZipArchiveWriter.swift:407:41: error: integer literal '4294967295' overflows when stored into 'Int'
405 |                 memoryBuffer.writeInteger(fileHeader.compressedSize)
406 |             }
407 |             if offsetOfLocalHeader32 == 0xffff_ffff {
    |                                         `- error: integer literal '4294967295' overflows when stored into 'Int'
408 |                 memoryBuffer.writeInteger(fileHeader.offsetOfLocalHeader)
409 |             }
/Users/admin/builder/spi-builder-workspace/.dependencies/checkouts/swift-zip-archive/Sources/ZipArchive/ZipArchiveWriter.swift:404:36: error: integer literal '4294967295' overflows when stored into 'Int'
402 |                 memoryBuffer.writeInteger(fileHeader.uncompressedSize)
403 |             }
404 |             if compressedSize32 == 0xffff_ffff {
    |                                    `- error: integer literal '4294967295' overflows when stored into 'Int'
405 |                 memoryBuffer.writeInteger(fileHeader.compressedSize)
406 |             }
/Users/admin/builder/spi-builder-workspace/.dependencies/checkouts/swift-zip-archive/Sources/ZipArchive/ZipArchiveWriter.swift:401:38: error: integer literal '4294967295' overflows when stored into 'Int'
399 |         if includeZip64 {
400 |             memoryBuffer.writeIntegers(Zip.ExtraFieldHeader.zip64.rawValue, UInt16(zip64ExtraFieldSize - 4))
401 |             if uncompressedSize32 == 0xffff_ffff {
    |                                      `- error: integer literal '4294967295' overflows when stored into 'Int'
402 |                 memoryBuffer.writeInteger(fileHeader.uncompressedSize)
403 |             }
/Users/admin/builder/spi-builder-workspace/.dependencies/checkouts/swift-zip-archive/Sources/ZipArchive/ZipArchiveWriter.swift:377:41: error: integer literal '4294967295' overflows when stored into 'Int'
375 |             if compressedSize32 == 0xffff_ffff { zip64ExtraFieldSize += 8 }
376 |             if uncompressedSize32 == 0xffff_ffff { zip64ExtraFieldSize += 8 }
377 |             if offsetOfLocalHeader32 == 0xffff_ffff { zip64ExtraFieldSize += 8 }
    |                                         `- error: integer literal '4294967295' overflows when stored into 'Int'
378 |         } else {
379 |             zip64ExtraFieldSize = 0
/Users/admin/builder/spi-builder-workspace/.dependencies/checkouts/swift-zip-archive/Sources/ZipArchive/ZipArchiveWriter.swift:376:38: error: integer literal '4294967295' overflows when stored into 'Int'
374 |             zip64ExtraFieldSize = 4
375 |             if compressedSize32 == 0xffff_ffff { zip64ExtraFieldSize += 8 }
376 |             if uncompressedSize32 == 0xffff_ffff { zip64ExtraFieldSize += 8 }
    |                                      `- error: integer literal '4294967295' overflows when stored into 'Int'
377 |             if offsetOfLocalHeader32 == 0xffff_ffff { zip64ExtraFieldSize += 8 }
378 |         } else {
/Users/admin/builder/spi-builder-workspace/.dependencies/checkouts/swift-zip-archive/Sources/ZipArchive/ZipArchiveWriter.swift:375:36: error: integer literal '4294967295' overflows when stored into 'Int'
373 |         if includeZip64 {
374 |             zip64ExtraFieldSize = 4
375 |             if compressedSize32 == 0xffff_ffff { zip64ExtraFieldSize += 8 }
    |                                    `- error: integer literal '4294967295' overflows when stored into 'Int'
376 |             if uncompressedSize32 == 0xffff_ffff { zip64ExtraFieldSize += 8 }
377 |             if offsetOfLocalHeader32 == 0xffff_ffff { zip64ExtraFieldSize += 8 }
/Users/admin/builder/spi-builder-workspace/.dependencies/checkouts/swift-zip-archive/Sources/ZipArchive/ZipArchiveWriter.swift:370:97: error: integer literal '4294967295' overflows when stored into signed 'Builtin.Int32'
368 |         let offsetOfLocalHeader32 = fileHeader.offsetOfLocalHeader > 0xffff_ffff ? 0xffff_ffff : numericCast(fileHeader.offsetOfLocalHeader)
369 |
370 |         let includeZip64 = compressedSize32 == 0xffff_ffff || uncompressedSize32 == 0xffff_ffff || offsetOfLocalHeader32 == 0xffff_ffff
    |                                                                                                 `- error: integer literal '4294967295' overflows when stored into signed 'Builtin.Int32'
371 |
372 |         var zip64ExtraFieldSize: Int
/Users/admin/builder/spi-builder-workspace/.dependencies/checkouts/swift-zip-archive/Sources/ZipArchive/ZipArchiveWriter.swift:370:60: error: integer literal '4294967295' overflows when stored into signed 'Builtin.Int32'
368 |         let offsetOfLocalHeader32 = fileHeader.offsetOfLocalHeader > 0xffff_ffff ? 0xffff_ffff : numericCast(fileHeader.offsetOfLocalHeader)
369 |
370 |         let includeZip64 = compressedSize32 == 0xffff_ffff || uncompressedSize32 == 0xffff_ffff || offsetOfLocalHeader32 == 0xffff_ffff
    |                                                            `- error: integer literal '4294967295' overflows when stored into signed 'Builtin.Int32'
371 |
372 |         var zip64ExtraFieldSize: Int
/Users/admin/builder/spi-builder-workspace/.dependencies/checkouts/swift-zip-archive/Sources/ZipArchive/ZipArchiveWriter.swift:370:48: error: integer literal '4294967295' overflows when stored into 'Int'
368 |         let offsetOfLocalHeader32 = fileHeader.offsetOfLocalHeader > 0xffff_ffff ? 0xffff_ffff : numericCast(fileHeader.offsetOfLocalHeader)
369 |
370 |         let includeZip64 = compressedSize32 == 0xffff_ffff || uncompressedSize32 == 0xffff_ffff || offsetOfLocalHeader32 == 0xffff_ffff
    |                                                `- error: integer literal '4294967295' overflows when stored into 'Int'
371 |
372 |         var zip64ExtraFieldSize: Int
/Users/admin/builder/spi-builder-workspace/.dependencies/checkouts/swift-zip-archive/Sources/ZipArchive/ZipArchiveWriter.swift:368:84: error: integer literal '4294967295' overflows when stored into 'Int'
366 |         let compressedSize32 = fileHeader.compressedSize > 0xffff_ffff ? 0xffff_ffff : numericCast(fileHeader.compressedSize)
367 |         let uncompressedSize32 = fileHeader.uncompressedSize > 0xffff_ffff ? 0xffff_ffff : numericCast(fileHeader.uncompressedSize)
368 |         let offsetOfLocalHeader32 = fileHeader.offsetOfLocalHeader > 0xffff_ffff ? 0xffff_ffff : numericCast(fileHeader.offsetOfLocalHeader)
    |                                                                                    `- error: integer literal '4294967295' overflows when stored into 'Int'
369 |
370 |         let includeZip64 = compressedSize32 == 0xffff_ffff || uncompressedSize32 == 0xffff_ffff || offsetOfLocalHeader32 == 0xffff_ffff
/Users/admin/builder/spi-builder-workspace/.dependencies/checkouts/swift-zip-archive/Sources/ZipArchive/ZipArchiveWriter.swift:367:78: error: integer literal '4294967295' overflows when stored into 'Int'
365 |         // Zip64 extra field
366 |         let compressedSize32 = fileHeader.compressedSize > 0xffff_ffff ? 0xffff_ffff : numericCast(fileHeader.compressedSize)
367 |         let uncompressedSize32 = fileHeader.uncompressedSize > 0xffff_ffff ? 0xffff_ffff : numericCast(fileHeader.uncompressedSize)
    |                                                                              `- error: integer literal '4294967295' overflows when stored into 'Int'
368 |         let offsetOfLocalHeader32 = fileHeader.offsetOfLocalHeader > 0xffff_ffff ? 0xffff_ffff : numericCast(fileHeader.offsetOfLocalHeader)
369 |
/Users/admin/builder/spi-builder-workspace/.dependencies/checkouts/swift-zip-archive/Sources/ZipArchive/ZipArchiveWriter.swift:366:74: error: integer literal '4294967295' overflows when stored into 'Int'
364 |         let extendedTimestampExtraFieldSize = localFileHeader ? 4 + 9 : 4 + 5
365 |         // Zip64 extra field
366 |         let compressedSize32 = fileHeader.compressedSize > 0xffff_ffff ? 0xffff_ffff : numericCast(fileHeader.compressedSize)
    |                                                                          `- error: integer literal '4294967295' overflows when stored into 'Int'
367 |         let uncompressedSize32 = fileHeader.uncompressedSize > 0xffff_ffff ? 0xffff_ffff : numericCast(fileHeader.uncompressedSize)
368 |         let offsetOfLocalHeader32 = fileHeader.offsetOfLocalHeader > 0xffff_ffff ? 0xffff_ffff : numericCast(fileHeader.offsetOfLocalHeader)
/Users/admin/builder/spi-builder-workspace/.dependencies/checkouts/swift-zip-archive/Sources/ZipArchive/ZipArchiveWriter.swift:370:85: error: integer literal '4294967295' overflows when stored into 'Int'
368 |         let offsetOfLocalHeader32 = fileHeader.offsetOfLocalHeader > 0xffff_ffff ? 0xffff_ffff : numericCast(fileHeader.offsetOfLocalHeader)
369 |
370 |         let includeZip64 = compressedSize32 == 0xffff_ffff || uncompressedSize32 == 0xffff_ffff || offsetOfLocalHeader32 == 0xffff_ffff
    |                                                                                     `- error: integer literal '4294967295' overflows when stored into 'Int'
371 |
372 |         var zip64ExtraFieldSize: Int
/Users/admin/builder/spi-builder-workspace/.dependencies/checkouts/swift-zip-archive/Sources/ZipArchive/ZipArchiveWriter.swift:370:125: error: integer literal '4294967295' overflows when stored into 'Int'
368 |         let offsetOfLocalHeader32 = fileHeader.offsetOfLocalHeader > 0xffff_ffff ? 0xffff_ffff : numericCast(fileHeader.offsetOfLocalHeader)
369 |
370 |         let includeZip64 = compressedSize32 == 0xffff_ffff || uncompressedSize32 == 0xffff_ffff || offsetOfLocalHeader32 == 0xffff_ffff
    |                                                                                                                             `- error: integer literal '4294967295' overflows when stored into 'Int'
371 |
372 |         var zip64ExtraFieldSize: Int
Failed frontend command:
/Applications/Xcode-27.0.0-Release.Candidate.app/Contents/Developer/Toolchains/XcodeDefault.xctoolchain/usr/bin/swift-frontend -frontend -c /Users/admin/builder/spi-builder-workspace/.dependencies/checkouts/swift-zip-archive/Sources/ZipArchive/CryptKey.swift /Users/admin/builder/spi-builder-workspace/.dependencies/checkouts/swift-zip-archive/Sources/ZipArchive/Date.swift /Users/admin/builder/spi-builder-workspace/.dependencies/checkouts/swift-zip-archive/Sources/ZipArchive/DirectoryDescriptor.swift /Users/admin/builder/spi-builder-workspace/.dependencies/checkouts/swift-zip-archive/Sources/ZipArchive/MemoryBuffer.swift /Users/admin/builder/spi-builder-workspace/.dependencies/checkouts/swift-zip-archive/Sources/ZipArchive/System+directory.swift /Users/admin/builder/spi-builder-workspace/.dependencies/checkouts/swift-zip-archive/Sources/ZipArchive/ZipArchiveReader+extract.swift /Users/admin/builder/spi-builder-workspace/.dependencies/checkouts/swift-zip-archive/Sources/ZipArchive/ZipArchiveReader.swift /Users/admin/builder/spi-builder-workspace/.dependencies/checkouts/swift-zip-archive/Sources/ZipArchive/ZipArchiveWriter+writeFolderContents.swift -primary-file /Users/admin/builder/spi-builder-workspace/.dependencies/checkouts/swift-zip-archive/Sources/ZipArchive/ZipArchiveWriter.swift /Users/admin/builder/spi-builder-workspace/.dependencies/checkouts/swift-zip-archive/Sources/ZipArchive/ZipCompression.swift /Users/admin/builder/spi-builder-workspace/.dependencies/checkouts/swift-zip-archive/Sources/ZipArchive/ZipFileStorage.swift /Users/admin/builder/spi-builder-workspace/.dependencies/checkouts/swift-zip-archive/Sources/ZipArchive/ZipMemoryStorage.swift /Users/admin/builder/spi-builder-workspace/.dependencies/checkouts/swift-zip-archive/Sources/ZipArchive/ZipReadableStorage.swift /Users/admin/builder/spi-builder-workspace/.dependencies/checkouts/swift-zip-archive/Sources/ZipArchive/ZipStorage.swift /Users/admin/builder/spi-builder-workspace/.dependencies/checkouts/swift-zip-archive/Sources/ZipArchive/ZipTypes.swift /Users/admin/builder/spi-builder-workspace/.dependencies/checkouts/swift-zip-archive/Sources/ZipArchive/ZipWriteableStorage.swift /Users/admin/builder/spi-builder-workspace/.dependencies/checkouts/swift-zip-archive/Sources/ZipArchive/crc32.swift -emit-dependencies-path /Users/admin/builder/spi-builder-workspace/.derivedData/Build/Intermediates.noindex/swift-zip-archive.build/Debug-watchos/ZipArchive-t.build/Objects-normal/arm64_32/ZipArchiveWriter.d -emit-const-values-path /Users/admin/builder/spi-builder-workspace/.derivedData/Build/Intermediates.noindex/swift-zip-archive.build/Debug-watchos/ZipArchive-t.build/Objects-normal/arm64_32/ZipArchiveWriter.swiftconstvalues -emit-reference-dependencies-path /Users/admin/builder/spi-builder-workspace/.derivedData/Build/Intermediates.noindex/swift-zip-archive.build/Debug-watchos/ZipArchive-t.build/Objects-normal/arm64_32/ZipArchiveWriter.swiftdeps -serialize-diagnostics-path /Users/admin/builder/spi-builder-workspace/.derivedData/Build/Intermediates.noindex/swift-zip-archive.build/Debug-watchos/ZipArchive-t.build/Objects-normal/arm64_32/ZipArchiveWriter.dia -target arm64_32-apple-watchos9.0 -module-can-import-version Darwin 428.0.10 0 -disable-cross-import-overlay-search -swift-module-cross-import Darwin /Applications/Xcode-27.0.0-Release.Candidate.app/Contents/Developer/Platforms/WatchOS.platform/Developer/SDKs/WatchOS.sdk/usr/include/Darwin.swiftcrossimport/xlocale.swiftoverlay -load-resolved-plugin /Applications/Xcode-27.0.0-Release.Candidate.app/Contents/Developer/Platforms/WatchOS.platform/Developer/usr/lib/swift/host/plugins/libFoundationMacros.dylib\#/Applications/Xcode-27.0.0-Release.Candidate.app/Contents/Developer/Platforms/WatchOS.platform/Developer/usr/bin/swift-plugin-server\#FoundationMacros -load-resolved-plugin /Applications/Xcode-27.0.0-Release.Candidate.app/Contents/Developer/Platforms/WatchOS.platform/Developer/usr/lib/swift/host/plugins/libObservationMacros.dylib\#/Applications/Xcode-27.0.0-Release.Candidate.app/Contents/Developer/Platforms/WatchOS.platform/Developer/usr/bin/swift-plugin-server\#ObservationMacros -load-resolved-plugin /Applications/Xcode-27.0.0-Release.Candidate.app/Contents/Developer/Platforms/WatchOS.platform/Developer/usr/lib/swift/host/plugins/libSwiftMacros.dylib\#/Applications/Xcode-27.0.0-Release.Candidate.app/Contents/Developer/Platforms/WatchOS.platform/Developer/usr/bin/swift-plugin-server\#SwiftMacros -disable-implicit-swift-modules -Xcc -fno-implicit-modules -Xcc -fno-implicit-module-maps -explicit-swift-module-map-file /Users/admin/builder/spi-builder-workspace/.derivedData/Build/Intermediates.noindex/swift-zip-archive.build/Debug-watchos/ZipArchive-t.build/Objects-normal/arm64_32/ZipArchive-dependencies-2.json -enable-objc-interop -sdk /Applications/Xcode-27.0.0-Release.Candidate.app/Contents/Developer/Platforms/WatchOS.platform/Developer/SDKs/WatchOS27.0.sdk -I /Users/admin/builder/spi-builder-workspace/.derivedData/Build/Products/Debug-watchos -Isystem /Applications/Xcode-27.0.0-Release.Candidate.app/Contents/Developer/Platforms/WatchOS.platform/Developer/usr/lib -F /Users/admin/builder/spi-builder-workspace/.derivedData/Build/Products/Debug-watchos/PackageFrameworks -F /Users/admin/builder/spi-builder-workspace/.derivedData/Build/Products/Debug-watchos -F /Applications/Xcode-27.0.0-Release.Candidate.app/Contents/Developer/Platforms/WatchOS.platform/Developer/Library/Frameworks -F /Applications/Xcode-27.0.0-Release.Candidate.app/Contents/Developer/Platforms/WatchOS.platform/Developer/SDKs/WatchOS27.0.sdk/Developer/Library/Frameworks -module-cache-path /Users/admin/builder/spi-builder-workspace/.derivedData/Build/Intermediates.noindex/SwiftExplicitPrecompiledModules -no-color-diagnostics -Xcc -fno-color-diagnostics -enable-testing -g -debug-info-format\=dwarf -dwarf-version\=4 -suppress-warnings -profile-generate -profile-coverage-mapping -swift-version 6 -Onone -D SWIFT_PACKAGE -D DEBUG -D SWIFT_MODULE_RESOURCE_BUNDLE_UNAVAILABLE -D Xcode -serialize-debugging-options -enable-upcoming-feature ExistentialAny -enable-upcoming-feature InternalImportsByDefault -enable-upcoming-feature MemberImportVisibility -enable-experimental-feature DebugDescriptionMacro -empty-abi-descriptor -user-module-version 0.8.1 -validate-clang-modules-once -clang-build-session-file /Users/admin/builder/spi-builder-workspace/.derivedData/ModuleCache.noindex/Session.modulevalidation -Xcc -working-directory -Xcc /Users/admin/builder/spi-builder-workspace/.swiftpm/xcode -enable-anonymous-context-mangled-names -file-compilation-dir /Users/admin/builder/spi-builder-workspace/.swiftpm/xcode -Xcc -fmodule-map-file\=/Users/admin/builder/spi-builder-workspace/.dependencies/checkouts/swift-system/Sources/CSystem/include/module.modulemap -Xcc -fmodule-map-file\=/Users/admin/builder/spi-builder-workspace/.derivedData/Build/Intermediates.noindex/GeneratedModuleMaps-watchos/CZipArchiveZlib.modulemap -Xcc -D_LIBCPP_HARDENING_MODE\=_LIBCPP_HARDENING_MODE_DEBUG -Xcc -ivfsstatcache -Xcc /Users/admin/builder/spi-builder-workspace/.derivedData/SDKStatCaches.noindex/watchos27.0-24R360-e829b21a6f8c9b70876ba0858053c04477534ef55a1706bf4c1112bbb242f0a2.sdkstatcache -Xcc -fmodules-prune-interval\=86400 -Xcc -fmodules-prune-after\=345600 -Xcc -I/Users/admin/builder/spi-builder-workspace/.dependencies/checkouts/swift-system/Sources/CSystem/include -Xcc -I/Users/admin/builder/spi-builder-workspace/.dependencies/checkouts/swift-zip-archive/Sources/CZipArchiveZlib/include -Xcc -I/Users/admin/builder/spi-builder-workspace/.derivedData/Build/Products/Debug-watchos/include -Xcc -I/Users/admin/builder/spi-builder-workspace/.derivedData/Build/Intermediates.noindex/swift-zip-archive.build/Debug-watchos/ZipArchive-t.build/DerivedSources-normal/arm64_32 -Xcc -I/Users/admin/builder/spi-builder-workspace/.derivedData/Build/Intermediates.noindex/swift-zip-archive.build/Debug-watchos/ZipArchive-t.build/DerivedSources/arm64_32 -Xcc -I/Users/admin/builder/spi-builder-workspace/.derivedData/Build/Intermediates.noindex/swift-zip-archive.build/Debug-watchos/ZipArchive-t.build/DerivedSources -Xcc -DSWIFT_PACKAGE -Xcc -DDEBUG\=1 -no-auto-bridging-header-chaining -module-name ZipArchive -package-name swift_zip_archive -const-gather-protocols-file /Users/admin/builder/spi-builder-workspace/.derivedData/Build/Intermediates.noindex/swift-zip-archive.build/Debug-watchos/ZipArchive-t.build/Objects-normal/arm64_32/ZipArchive_const_extract_protocols.json -disable-clang-spi -clang-target arm64_32-apple-watchos27.0 -target-sdk-version 27.0 -target-sdk-name watchos27.0 -in-process-plugin-server-path /Applications/Xcode-27.0.0-Release.Candidate.app/Contents/Developer/Toolchains/XcodeDefault.xctoolchain/usr/lib/swift/host/libSwiftInProcPluginServer.dylib -parse-as-library -o /Users/admin/builder/spi-builder-workspace/.derivedData/Build/Intermediates.noindex/swift-zip-archive.build/Debug-watchos/ZipArchive-t.build/Objects-normal/arm64_32/ZipArchiveWriter.o -debug-module-path /Users/admin/builder/spi-builder-workspace/.derivedData/Build/Intermediates.noindex/swift-zip-archive.build/Debug-watchos/ZipArchive-t.build/Objects-normal/arm64_32/ZipArchive.swiftmodule -index-unit-output-path /swift-zip-archive.build/Debug-watchos/ZipArchive-t.build/Objects-normal/arm64_32/ZipArchiveWriter.o -index-store-path /Users/admin/builder/spi-builder-workspace/.derivedData/Index.noindex/DataStore -index-system-modules
SwiftCompile normal arm64_32 /Users/admin/builder/spi-builder-workspace/.dependencies/checkouts/swift-zip-archive/Sources/ZipArchive/ZipArchiveWriter.swift (in target 'ZipArchive' from project 'swift-zip-archive')
    cd /Users/admin/builder/spi-builder-workspace/.swiftpm/xcode
    builtin-SwiftPerFileCompile ZipArchiveWriter.swift
SwiftDriverJobDiscovery normal arm64 Compiling ZipStorage.swift (in target 'ZipArchive' from project 'swift-zip-archive')
SwiftCompile normal arm64_32 Compiling\ DirectoryDescriptor.swift /Users/admin/builder/spi-builder-workspace/.dependencies/checkouts/swift-zip-archive/Sources/ZipArchive/DirectoryDescriptor.swift (in target 'ZipArchive' from project 'swift-zip-archive')
SwiftCompile normal arm64_32 /Users/admin/builder/spi-builder-workspace/.dependencies/checkouts/swift-zip-archive/Sources/ZipArchive/DirectoryDescriptor.swift (in target 'ZipArchive' from project 'swift-zip-archive')
    cd /Users/admin/builder/spi-builder-workspace/.swiftpm/xcode
    builtin-SwiftPerFileCompile DirectoryDescriptor.swift
SwiftDriverJobDiscovery normal arm64_32 Compiling ZipFileStorage.swift (in target 'ZipArchive' from project 'swift-zip-archive')
SwiftCompile normal arm64 Compiling\ ZipArchiveReader+extract.swift /Users/admin/builder/spi-builder-workspace/.dependencies/checkouts/swift-zip-archive/Sources/ZipArchive/ZipArchiveReader+extract.swift (in target 'ZipArchive' from project 'swift-zip-archive')
SwiftCompile normal arm64 /Users/admin/builder/spi-builder-workspace/.dependencies/checkouts/swift-zip-archive/Sources/ZipArchive/ZipArchiveReader+extract.swift (in target 'ZipArchive' from project 'swift-zip-archive')
    cd /Users/admin/builder/spi-builder-workspace/.swiftpm/xcode
    builtin-SwiftPerFileCompile ZipArchiveReader+extract.swift
SwiftDriverJobDiscovery normal arm64 Compiling ZipTypes.swift (in target 'ZipArchive' from project 'swift-zip-archive')
SwiftCompile normal arm64_32 Compiling\ CryptKey.swift /Users/admin/builder/spi-builder-workspace/.dependencies/checkouts/swift-zip-archive/Sources/ZipArchive/CryptKey.swift (in target 'ZipArchive' from project 'swift-zip-archive')
SwiftCompile normal arm64_32 /Users/admin/builder/spi-builder-workspace/.dependencies/checkouts/swift-zip-archive/Sources/ZipArchive/CryptKey.swift (in target 'ZipArchive' from project 'swift-zip-archive')
    cd /Users/admin/builder/spi-builder-workspace/.swiftpm/xcode
    builtin-SwiftPerFileCompile CryptKey.swift
SwiftDriverJobDiscovery normal arm64_32 Compiling MemoryBuffer.swift (in target 'ZipArchive' from project 'swift-zip-archive')
SwiftCompile normal arm64_32 Compiling\ Date.swift /Users/admin/builder/spi-builder-workspace/.dependencies/checkouts/swift-zip-archive/Sources/ZipArchive/Date.swift (in target 'ZipArchive' from project 'swift-zip-archive')
SwiftCompile normal arm64_32 /Users/admin/builder/spi-builder-workspace/.dependencies/checkouts/swift-zip-archive/Sources/ZipArchive/Date.swift (in target 'ZipArchive' from project 'swift-zip-archive')
    cd /Users/admin/builder/spi-builder-workspace/.swiftpm/xcode
    builtin-SwiftPerFileCompile Date.swift
SwiftDriverJobDiscovery normal arm64_32 Compiling crc32.swift (in target 'ZipArchive' from project 'swift-zip-archive')
SwiftCompile normal arm64 Compiling\ ZipReadableStorage.swift /Users/admin/builder/spi-builder-workspace/.dependencies/checkouts/swift-zip-archive/Sources/ZipArchive/ZipReadableStorage.swift (in target 'ZipArchive' from project 'swift-zip-archive')
SwiftCompile normal arm64 /Users/admin/builder/spi-builder-workspace/.dependencies/checkouts/swift-zip-archive/Sources/ZipArchive/ZipReadableStorage.swift (in target 'ZipArchive' from project 'swift-zip-archive')
    cd /Users/admin/builder/spi-builder-workspace/.swiftpm/xcode
    builtin-SwiftPerFileCompile ZipReadableStorage.swift
SwiftDriverJobDiscovery normal arm64_32 Compiling ZipArchiveReader.swift (in target 'ZipArchive' from project 'swift-zip-archive')
SwiftCompile normal arm64_32 Compiling\ ZipArchiveWriter+writeFolderContents.swift /Users/admin/builder/spi-builder-workspace/.dependencies/checkouts/swift-zip-archive/Sources/ZipArchive/ZipArchiveWriter+writeFolderContents.swift (in target 'ZipArchive' from project 'swift-zip-archive')
SwiftCompile normal arm64_32 /Users/admin/builder/spi-builder-workspace/.dependencies/checkouts/swift-zip-archive/Sources/ZipArchive/ZipArchiveWriter+writeFolderContents.swift (in target 'ZipArchive' from project 'swift-zip-archive')
    cd /Users/admin/builder/spi-builder-workspace/.swiftpm/xcode
    builtin-SwiftPerFileCompile ZipArchiveWriter+writeFolderContents.swift
SwiftDriverJobDiscovery normal arm64 Compiling ZipArchiveReader+extract.swift (in target 'ZipArchive' from project 'swift-zip-archive')
SwiftCompile normal arm64_32 Compiling\ PBKDF2_boring.swift,\ PBKDF2_commoncrypto.swift,\ PBKDF2.swift,\ Scrypt_boring.swift,\ Scrypt.swift,\ OPRF.swift,\ OPRFClient.swift /Users/admin/builder/spi-builder-workspace/.dependencies/checkouts/swift-crypto/Sources/CryptoExtras/Key\ Derivation/PBKDF2/BoringSSL/PBKDF2_boring.swift /Users/admin/builder/spi-builder-workspace/.dependencies/checkouts/swift-crypto/Sources/CryptoExtras/Key\ Derivation/PBKDF2/BoringSSL/PBKDF2_commoncrypto.swift /Users/admin/builder/spi-builder-workspace/.dependencies/checkouts/swift-crypto/Sources/CryptoExtras/Key\ Derivation/PBKDF2/PBKDF2.swift /Users/admin/builder/spi-builder-workspace/.dependencies/checkouts/swift-crypto/Sources/CryptoExtras/Key\ Derivation/Scrypt/BoringSSL/Scrypt_boring.swift /Users/admin/builder/spi-builder-workspace/.dependencies/checkouts/swift-crypto/Sources/CryptoExtras/Key\ Derivation/Scrypt/Scrypt.swift /Users/admin/builder/spi-builder-workspace/.dependencies/checkouts/swift-crypto/Sources/CryptoExtras/OPRFs/OPRF.swift /Users/admin/builder/spi-builder-workspace/.dependencies/checkouts/swift-crypto/Sources/CryptoExtras/OPRFs/OPRFClient.swift (in target 'CryptoExtras' from project 'swift-crypto')
SwiftCompile normal arm64_32 /Users/admin/builder/spi-builder-workspace/.dependencies/checkouts/swift-crypto/Sources/CryptoExtras/Key\ Derivation/PBKDF2/BoringSSL/PBKDF2_boring.swift (in target 'CryptoExtras' from project 'swift-crypto')
    cd /Users/admin/builder/spi-builder-workspace/.swiftpm/xcode
    builtin-SwiftPerFileCompile PBKDF2_boring.swift
SwiftCompile normal arm64_32 /Users/admin/builder/spi-builder-workspace/.dependencies/checkouts/swift-crypto/Sources/CryptoExtras/Key\ Derivation/PBKDF2/BoringSSL/PBKDF2_commoncrypto.swift (in target 'CryptoExtras' from project 'swift-crypto')
    cd /Users/admin/builder/spi-builder-workspace/.swiftpm/xcode
    builtin-SwiftPerFileCompile PBKDF2_commoncrypto.swift
SwiftCompile normal arm64_32 /Users/admin/builder/spi-builder-workspace/.dependencies/checkouts/swift-crypto/Sources/CryptoExtras/Key\ Derivation/PBKDF2/PBKDF2.swift (in target 'CryptoExtras' from project 'swift-crypto')
    cd /Users/admin/builder/spi-builder-workspace/.swiftpm/xcode
    builtin-SwiftPerFileCompile PBKDF2.swift
SwiftCompile normal arm64_32 /Users/admin/builder/spi-builder-workspace/.dependencies/checkouts/swift-crypto/Sources/CryptoExtras/Key\ Derivation/Scrypt/BoringSSL/Scrypt_boring.swift (in target 'CryptoExtras' from project 'swift-crypto')
    cd /Users/admin/builder/spi-builder-workspace/.swiftpm/xcode
    builtin-SwiftPerFileCompile Scrypt_boring.swift
SwiftCompile normal arm64_32 /Users/admin/builder/spi-builder-workspace/.dependencies/checkouts/swift-crypto/Sources/CryptoExtras/Key\ Derivation/Scrypt/Scrypt.swift (in target 'CryptoExtras' from project 'swift-crypto')
    cd /Users/admin/builder/spi-builder-workspace/.swiftpm/xcode
    builtin-SwiftPerFileCompile Scrypt.swift
SwiftCompile normal arm64_32 /Users/admin/builder/spi-builder-workspace/.dependencies/checkouts/swift-crypto/Sources/CryptoExtras/OPRFs/OPRF.swift (in target 'CryptoExtras' from project 'swift-crypto')
    cd /Users/admin/builder/spi-builder-workspace/.swiftpm/xcode
    builtin-SwiftPerFileCompile OPRF.swift
SwiftCompile normal arm64_32 /Users/admin/builder/spi-builder-workspace/.dependencies/checkouts/swift-crypto/Sources/CryptoExtras/OPRFs/OPRFClient.swift (in target 'CryptoExtras' from project 'swift-crypto')
    cd /Users/admin/builder/spi-builder-workspace/.swiftpm/xcode
    builtin-SwiftPerFileCompile OPRFClient.swift
SwiftDriverJobDiscovery normal arm64_32 Emitting module for CryptoExtras (in target 'CryptoExtras' from project 'swift-crypto')
SwiftDriver\ Compilation\ Requirements CryptoExtras normal arm64_32 com.apple.xcode.tools.swift.compiler (in target 'CryptoExtras' from project 'swift-crypto')
    cd /Users/admin/builder/spi-builder-workspace/.swiftpm/xcode
    builtin-Swift-Compilation-Requirements -- /Applications/Xcode-27.0.0-Release.Candidate.app/Contents/Developer/Toolchains/XcodeDefault.xctoolchain/usr/bin/swiftc -parse-as-library -module-name CryptoExtras -Onone @/Users/admin/builder/spi-builder-workspace/.derivedData/Build/Intermediates.noindex/swift-crypto.build/Debug-watchos/CryptoExtras-t.build/Objects-normal/arm64_32/CryptoExtras.SwiftFileList -DSWIFT_PACKAGE -DDEBUG -DSWIFT_MODULE_RESOURCE_BUNDLE_AVAILABLE -DCRYPTO_IN_SWIFTPM -Xcc -fmodule-map-file\=/Users/admin/builder/spi-builder-workspace/.dependencies/checkouts/swift-crypto/Sources/CCryptoBoringSSLShims/include/module.modulemap -Xcc -fmodule-map-file\=/Users/admin/builder/spi-builder-workspace/.dependencies/checkouts/swift-crypto/Sources/CCryptoBoringSSL/include/module.modulemap -DXcode -enable-upcoming-feature MemberImportVisibility -plugin-path /Applications/Xcode-27.0.0-Release.Candidate.app/Contents/Developer/Toolchains/XcodeDefault.xctoolchain/usr/lib/swift/host/plugins/testing -enable-experimental-feature DebugDescriptionMacro -sdk /Applications/Xcode-27.0.0-Release.Candidate.app/Contents/Developer/Platforms/WatchOS.platform/Developer/SDKs/WatchOS27.0.sdk -target arm64_32-apple-watchos9.0 -g -module-cache-path /Users/admin/builder/spi-builder-workspace/.derivedData/ModuleCache.noindex -Xfrontend -serialize-debugging-options -profile-coverage-mapping -profile-generate -enable-testing -suppress-warnings -index-store-path /Users/admin/builder/spi-builder-workspace/.derivedData/Index.noindex/DataStore -Xcc -D_LIBCPP_HARDENING_MODE\=_LIBCPP_HARDENING_MODE_DEBUG -swift-version 6 -I /Users/admin/builder/spi-builder-workspace/.derivedData/Build/Products/Debug-watchos -Isystem /Applications/Xcode-27.0.0-Release.Candidate.app/Contents/Developer/Platforms/WatchOS.platform/Developer/usr/lib -F /Users/admin/builder/spi-builder-workspace/.derivedData/Build/Products/Debug-watchos/PackageFrameworks -F /Users/admin/builder/spi-builder-workspace/.derivedData/Build/Products/Debug-watchos -F /Applications/Xcode-27.0.0-Release.Candidate.app/Contents/Developer/Platforms/WatchOS.platform/Developer/Library/Frameworks -F /Applications/Xcode-27.0.0-Release.Candidate.app/Contents/Developer/Platforms/WatchOS.platform/Developer/SDKs/WatchOS27.0.sdk/Developer/Library/Frameworks -c -j10 -enable-batch-mode -incremental -Xcc -ivfsstatcache -Xcc /Users/admin/builder/spi-builder-workspace/.derivedData/SDKStatCaches.noindex/watchos27.0-24R360-e829b21a6f8c9b70876ba0858053c04477534ef55a1706bf4c1112bbb242f0a2.sdkstatcache -output-file-map /Users/admin/builder/spi-builder-workspace/.derivedData/Build/Intermediates.noindex/swift-crypto.build/Debug-watchos/CryptoExtras-t.build/Objects-normal/arm64_32/CryptoExtras-OutputFileMap.json -save-temps -no-color-diagnostics -explicit-module-build -module-cache-path /Users/admin/builder/spi-builder-workspace/.derivedData/Build/Intermediates.noindex/SwiftExplicitPrecompiledModules -clang-scanner-module-cache-path /Users/admin/builder/spi-builder-workspace/.derivedData/ModuleCache.noindex -sdk-module-cache-path /Users/admin/builder/spi-builder-workspace/.derivedData/SDKExplicitPrecompiledModules -emit-dependencies -emit-module -emit-module-path /Users/admin/builder/spi-builder-workspace/.derivedData/Build/Intermediates.noindex/swift-crypto.build/Debug-watchos/CryptoExtras-t.build/Objects-normal/arm64_32/CryptoExtras.swiftmodule -serialize-diagnostics -dependency-scan-serialize-diagnostics-path /Users/admin/builder/spi-builder-workspace/.derivedData/Build/Intermediates.noindex/swift-crypto.build/Debug-watchos/CryptoExtras-t.build/Objects-normal/arm64_32/CryptoExtras-dependency-scan.dia -user-module-version 4.5.2 -validate-clang-modules-once -clang-build-session-file /Users/admin/builder/spi-builder-workspace/.derivedData/ModuleCache.noindex/Session.modulevalidation -Xcc -fmodules-prune-interval\=86400 -Xcc -fmodules-prune-after\=345600 -package-name swift_crypto -emit-const-values -const-gather-protocols-list /Users/admin/builder/spi-builder-workspace/.derivedData/Build/Intermediates.noindex/swift-crypto.build/Debug-watchos/CryptoExtras-t.build/Objects-normal/arm64_32/CryptoExtras_const_extract_protocols.json -Xcc -I/Users/admin/builder/spi-builder-workspace/.dependencies/checkouts/swift-crypto/Sources/CCryptoBoringSSLShims/include -Xcc -I/Users/admin/builder/spi-builder-workspace/.dependencies/checkouts/swift-crypto/Sources/CCryptoBoringSSL/include -Xcc -I/Users/admin/builder/spi-builder-workspace/.derivedData/Build/Products/Debug-watchos/include -Xcc -I/Users/admin/builder/spi-builder-workspace/.derivedData/Build/Intermediates.noindex/swift-crypto.build/Debug-watchos/CryptoExtras-t.build/DerivedSources-normal/arm64_32 -Xcc -I/Users/admin/builder/spi-builder-workspace/.derivedData/Build/Intermediates.noindex/swift-crypto.build/Debug-watchos/CryptoExtras-t.build/DerivedSources/arm64_32 -Xcc -I/Users/admin/builder/spi-builder-workspace/.derivedData/Build/Intermediates.noindex/swift-crypto.build/Debug-watchos/CryptoExtras-t.build/DerivedSources -Xcc -DSWIFT_PACKAGE -Xcc -DDEBUG\=1 -emit-objc-header -emit-objc-header-path /Users/admin/builder/spi-builder-workspace/.derivedData/Build/Intermediates.noindex/swift-crypto.build/Debug-watchos/CryptoExtras-t.build/Objects-normal/arm64_32/CryptoExtras-Swift.h -working-directory /Users/admin/builder/spi-builder-workspace/.swiftpm/xcode -experimental-emit-module-separately -disable-cmo
SwiftDriverJobDiscovery normal arm64_32 Compiling CryptKey.swift (in target 'ZipArchive' from project 'swift-zip-archive')
SwiftCompile normal arm64 Compiling\ AES_CFB_boring.swift,\ AES_CTR_boring.swift,\ AES_GCM_SIV_boring.swift,\ CMAC.swift,\ ARC+API.swift,\ ARC.swift,\ ARCCredential.swift /Users/admin/builder/spi-builder-workspace/.dependencies/checkouts/swift-crypto/Sources/CryptoExtras/AES/BoringSSL/AES_CFB_boring.swift /Users/admin/builder/spi-builder-workspace/.dependencies/checkouts/swift-crypto/Sources/CryptoExtras/AES/BoringSSL/AES_CTR_boring.swift /Users/admin/builder/spi-builder-workspace/.dependencies/checkouts/swift-crypto/Sources/CryptoExtras/AES/BoringSSL/AES_GCM_SIV_boring.swift /Users/admin/builder/spi-builder-workspace/.dependencies/checkouts/swift-crypto/Sources/CryptoExtras/AES/CMAC.swift /Users/admin/builder/spi-builder-workspace/.dependencies/checkouts/swift-crypto/Sources/CryptoExtras/ARC/ARC+API.swift /Users/admin/builder/spi-builder-workspace/.dependencies/checkouts/swift-crypto/Sources/CryptoExtras/ARC/ARC.swift /Users/admin/builder/spi-builder-workspace/.dependencies/checkouts/swift-crypto/Sources/CryptoExtras/ARC/ARCCredential.swift (in target 'CryptoExtras' from project 'swift-crypto')
SwiftCompile normal arm64 /Users/admin/builder/spi-builder-workspace/.dependencies/checkouts/swift-crypto/Sources/CryptoExtras/AES/BoringSSL/AES_CFB_boring.swift (in target 'CryptoExtras' from project 'swift-crypto')
    cd /Users/admin/builder/spi-builder-workspace/.swiftpm/xcode
    builtin-SwiftPerFileCompile AES_CFB_boring.swift
SwiftCompile normal arm64 /Users/admin/builder/spi-builder-workspace/.dependencies/checkouts/swift-crypto/Sources/CryptoExtras/AES/BoringSSL/AES_CTR_boring.swift (in target 'CryptoExtras' from project 'swift-crypto')
    cd /Users/admin/builder/spi-builder-workspace/.swiftpm/xcode
    builtin-SwiftPerFileCompile AES_CTR_boring.swift
SwiftCompile normal arm64 /Users/admin/builder/spi-builder-workspace/.dependencies/checkouts/swift-crypto/Sources/CryptoExtras/AES/BoringSSL/AES_GCM_SIV_boring.swift (in target 'CryptoExtras' from project 'swift-crypto')
    cd /Users/admin/builder/spi-builder-workspace/.swiftpm/xcode
    builtin-SwiftPerFileCompile AES_GCM_SIV_boring.swift
SwiftCompile normal arm64 /Users/admin/builder/spi-builder-workspace/.dependencies/checkouts/swift-crypto/Sources/CryptoExtras/AES/CMAC.swift (in target 'CryptoExtras' from project 'swift-crypto')
    cd /Users/admin/builder/spi-builder-workspace/.swiftpm/xcode
    builtin-SwiftPerFileCompile CMAC.swift
SwiftCompile normal arm64 /Users/admin/builder/spi-builder-workspace/.dependencies/checkouts/swift-crypto/Sources/CryptoExtras/ARC/ARC+API.swift (in target 'CryptoExtras' from project 'swift-crypto')
    cd /Users/admin/builder/spi-builder-workspace/.swiftpm/xcode
    builtin-SwiftPerFileCompile ARC+API.swift
SwiftCompile normal arm64 /Users/admin/builder/spi-builder-workspace/.dependencies/checkouts/swift-crypto/Sources/CryptoExtras/ARC/ARC.swift (in target 'CryptoExtras' from project 'swift-crypto')
    cd /Users/admin/builder/spi-builder-workspace/.swiftpm/xcode
    builtin-SwiftPerFileCompile ARC.swift
SwiftCompile normal arm64 /Users/admin/builder/spi-builder-workspace/.dependencies/checkouts/swift-crypto/Sources/CryptoExtras/ARC/ARCCredential.swift (in target 'CryptoExtras' from project 'swift-crypto')
    cd /Users/admin/builder/spi-builder-workspace/.swiftpm/xcode
    builtin-SwiftPerFileCompile ARCCredential.swift
SwiftDriverJobDiscovery normal arm64 Emitting module for CryptoExtras (in target 'CryptoExtras' from project 'swift-crypto')
Copy /Users/admin/builder/spi-builder-workspace/.derivedData/Build/Products/Debug-watchos/CryptoExtras.swiftmodule/arm64_32-apple-watchos.swiftmodule /Users/admin/builder/spi-builder-workspace/.derivedData/Build/Intermediates.noindex/swift-crypto.build/Debug-watchos/CryptoExtras-t.build/Objects-normal/arm64_32/CryptoExtras.swiftmodule (in target 'CryptoExtras' from project 'swift-crypto')
    cd /Users/admin/builder/spi-builder-workspace/.dependencies/checkouts/swift-crypto
    builtin-copy -exclude .DS_Store -exclude CVS -exclude .svn -exclude .git -exclude .hg -resolve-src-symlinks -rename /Users/admin/builder/spi-builder-workspace/.derivedData/Build/Intermediates.noindex/swift-crypto.build/Debug-watchos/CryptoExtras-t.build/Objects-normal/arm64_32/CryptoExtras.swiftmodule /Users/admin/builder/spi-builder-workspace/.derivedData/Build/Products/Debug-watchos/CryptoExtras.swiftmodule/arm64_32-apple-watchos.swiftmodule
SwiftDriver\ Compilation\ Requirements CryptoExtras normal arm64 com.apple.xcode.tools.swift.compiler (in target 'CryptoExtras' from project 'swift-crypto')
    cd /Users/admin/builder/spi-builder-workspace/.swiftpm/xcode
    builtin-Swift-Compilation-Requirements -- /Applications/Xcode-27.0.0-Release.Candidate.app/Contents/Developer/Toolchains/XcodeDefault.xctoolchain/usr/bin/swiftc -parse-as-library -module-name CryptoExtras -Onone @/Users/admin/builder/spi-builder-workspace/.derivedData/Build/Intermediates.noindex/swift-crypto.build/Debug-watchos/CryptoExtras-t.build/Objects-normal/arm64/CryptoExtras.SwiftFileList -DSWIFT_PACKAGE -DDEBUG -DSWIFT_MODULE_RESOURCE_BUNDLE_AVAILABLE -DCRYPTO_IN_SWIFTPM -Xcc -fmodule-map-file\=/Users/admin/builder/spi-builder-workspace/.dependencies/checkouts/swift-crypto/Sources/CCryptoBoringSSLShims/include/module.modulemap -Xcc -fmodule-map-file\=/Users/admin/builder/spi-builder-workspace/.dependencies/checkouts/swift-crypto/Sources/CCryptoBoringSSL/include/module.modulemap -DXcode -enable-upcoming-feature MemberImportVisibility -plugin-path /Applications/Xcode-27.0.0-Release.Candidate.app/Contents/Developer/Toolchains/XcodeDefault.xctoolchain/usr/lib/swift/host/plugins/testing -enable-experimental-feature DebugDescriptionMacro -sdk /Applications/Xcode-27.0.0-Release.Candidate.app/Contents/Developer/Platforms/WatchOS.platform/Developer/SDKs/WatchOS27.0.sdk -target arm64-apple-watchos9.0 -g -module-cache-path /Users/admin/builder/spi-builder-workspace/.derivedData/ModuleCache.noindex -Xfrontend -serialize-debugging-options -profile-coverage-mapping -profile-generate -enable-testing -suppress-warnings -index-store-path /Users/admin/builder/spi-builder-workspace/.derivedData/Index.noindex/DataStore -Xcc -D_LIBCPP_HARDENING_MODE\=_LIBCPP_HARDENING_MODE_DEBUG -swift-version 6 -I /Users/admin/builder/spi-builder-workspace/.derivedData/Build/Products/Debug-watchos -Isystem /Applications/Xcode-27.0.0-Release.Candidate.app/Contents/Developer/Platforms/WatchOS.platform/Developer/usr/lib -F /Users/admin/builder/spi-builder-workspace/.derivedData/Build/Products/Debug-watchos/PackageFrameworks -F /Users/admin/builder/spi-builder-workspace/.derivedData/Build/Products/Debug-watchos -F /Applications/Xcode-27.0.0-Release.Candidate.app/Contents/Developer/Platforms/WatchOS.platform/Developer/Library/Frameworks -F /Applications/Xcode-27.0.0-Release.Candidate.app/Contents/Developer/Platforms/WatchOS.platform/Developer/SDKs/WatchOS27.0.sdk/Developer/Library/Frameworks -c -j10 -enable-batch-mode -incremental -Xcc -ivfsstatcache -Xcc /Users/admin/builder/spi-builder-workspace/.derivedData/SDKStatCaches.noindex/watchos27.0-24R360-e829b21a6f8c9b70876ba0858053c04477534ef55a1706bf4c1112bbb242f0a2.sdkstatcache -output-file-map /Users/admin/builder/spi-builder-workspace/.derivedData/Build/Intermediates.noindex/swift-crypto.build/Debug-watchos/CryptoExtras-t.build/Objects-normal/arm64/CryptoExtras-OutputFileMap.json -save-temps -no-color-diagnostics -explicit-module-build -module-cache-path /Users/admin/builder/spi-builder-workspace/.derivedData/Build/Intermediates.noindex/SwiftExplicitPrecompiledModules -clang-scanner-module-cache-path /Users/admin/builder/spi-builder-workspace/.derivedData/ModuleCache.noindex -sdk-module-cache-path /Users/admin/builder/spi-builder-workspace/.derivedData/SDKExplicitPrecompiledModules -emit-dependencies -emit-module -emit-module-path /Users/admin/builder/spi-builder-workspace/.derivedData/Build/Intermediates.noindex/swift-crypto.build/Debug-watchos/CryptoExtras-t.build/Objects-normal/arm64/CryptoExtras.swiftmodule -serialize-diagnostics -dependency-scan-serialize-diagnostics-path /Users/admin/builder/spi-builder-workspace/.derivedData/Build/Intermediates.noindex/swift-crypto.build/Debug-watchos/CryptoExtras-t.build/Objects-normal/arm64/CryptoExtras-dependency-scan.dia -user-module-version 4.5.2 -validate-clang-modules-once -clang-build-session-file /Users/admin/builder/spi-builder-workspace/.derivedData/ModuleCache.noindex/Session.modulevalidation -Xcc -fmodules-prune-interval\=86400 -Xcc -fmodules-prune-after\=345600 -package-name swift_crypto -emit-const-values -const-gather-protocols-list /Users/admin/builder/spi-builder-workspace/.derivedData/Build/Intermediates.noindex/swift-crypto.build/Debug-watchos/CryptoExtras-t.build/Objects-normal/arm64/CryptoExtras_const_extract_protocols.json -Xcc -I/Users/admin/builder/spi-builder-workspace/.dependencies/checkouts/swift-crypto/Sources/CCryptoBoringSSLShims/include -Xcc -I/Users/admin/builder/spi-builder-workspace/.dependencies/checkouts/swift-crypto/Sources/CCryptoBoringSSL/include -Xcc -I/Users/admin/builder/spi-builder-workspace/.derivedData/Build/Products/Debug-watchos/include -Xcc -I/Users/admin/builder/spi-builder-workspace/.derivedData/Build/Intermediates.noindex/swift-crypto.build/Debug-watchos/CryptoExtras-t.build/DerivedSources-normal/arm64 -Xcc -I/Users/admin/builder/spi-builder-workspace/.derivedData/Build/Intermediates.noindex/swift-crypto.build/Debug-watchos/CryptoExtras-t.build/DerivedSources/arm64 -Xcc -I/Users/admin/builder/spi-builder-workspace/.derivedData/Build/Intermediates.noindex/swift-crypto.build/Debug-watchos/CryptoExtras-t.build/DerivedSources -Xcc -DSWIFT_PACKAGE -Xcc -DDEBUG\=1 -emit-objc-header -emit-objc-header-path /Users/admin/builder/spi-builder-workspace/.derivedData/Build/Intermediates.noindex/swift-crypto.build/Debug-watchos/CryptoExtras-t.build/Objects-normal/arm64/CryptoExtras-Swift.h -working-directory /Users/admin/builder/spi-builder-workspace/.swiftpm/xcode -experimental-emit-module-separately -disable-cmo
Copy /Users/admin/builder/spi-builder-workspace/.derivedData/Build/Products/Debug-watchos/CryptoExtras.swiftmodule/arm64_32-apple-watchos.swiftdoc /Users/admin/builder/spi-builder-workspace/.derivedData/Build/Intermediates.noindex/swift-crypto.build/Debug-watchos/CryptoExtras-t.build/Objects-normal/arm64_32/CryptoExtras.swiftdoc (in target 'CryptoExtras' from project 'swift-crypto')
    cd /Users/admin/builder/spi-builder-workspace/.dependencies/checkouts/swift-crypto
    builtin-copy -exclude .DS_Store -exclude CVS -exclude .svn -exclude .git -exclude .hg -resolve-src-symlinks -rename /Users/admin/builder/spi-builder-workspace/.derivedData/Build/Intermediates.noindex/swift-crypto.build/Debug-watchos/CryptoExtras-t.build/Objects-normal/arm64_32/CryptoExtras.swiftdoc /Users/admin/builder/spi-builder-workspace/.derivedData/Build/Products/Debug-watchos/CryptoExtras.swiftmodule/arm64_32-apple-watchos.swiftdoc
SwiftMergeGeneratedHeaders /Users/admin/builder/spi-builder-workspace/.derivedData/Build/Intermediates.noindex/GeneratedModuleMaps-watchos/CryptoExtras-Swift.h /Users/admin/builder/spi-builder-workspace/.derivedData/Build/Intermediates.noindex/swift-crypto.build/Debug-watchos/CryptoExtras-t.build/Objects-normal/arm64/CryptoExtras-Swift.h /Users/admin/builder/spi-builder-workspace/.derivedData/Build/Intermediates.noindex/swift-crypto.build/Debug-watchos/CryptoExtras-t.build/Objects-normal/arm64_32/CryptoExtras-Swift.h (in target 'CryptoExtras' from project 'swift-crypto')
    cd /Users/admin/builder/spi-builder-workspace/.dependencies/checkouts/swift-crypto
    builtin-swiftHeaderTool -arch arm64 /Users/admin/builder/spi-builder-workspace/.derivedData/Build/Intermediates.noindex/swift-crypto.build/Debug-watchos/CryptoExtras-t.build/Objects-normal/arm64/CryptoExtras-Swift.h -arch arm64_32 /Users/admin/builder/spi-builder-workspace/.derivedData/Build/Intermediates.noindex/swift-crypto.build/Debug-watchos/CryptoExtras-t.build/Objects-normal/arm64_32/CryptoExtras-Swift.h -o /Users/admin/builder/spi-builder-workspace/.derivedData/Build/Intermediates.noindex/GeneratedModuleMaps-watchos/CryptoExtras-Swift.h
Copy /Users/admin/builder/spi-builder-workspace/.derivedData/Build/Products/Debug-watchos/CryptoExtras.swiftmodule/arm64_32-apple-watchos.abi.json /Users/admin/builder/spi-builder-workspace/.derivedData/Build/Intermediates.noindex/swift-crypto.build/Debug-watchos/CryptoExtras-t.build/Objects-normal/arm64_32/CryptoExtras.abi.json (in target 'CryptoExtras' from project 'swift-crypto')
    cd /Users/admin/builder/spi-builder-workspace/.dependencies/checkouts/swift-crypto
    builtin-copy -exclude .DS_Store -exclude CVS -exclude .svn -exclude .git -exclude .hg -resolve-src-symlinks -rename /Users/admin/builder/spi-builder-workspace/.derivedData/Build/Intermediates.noindex/swift-crypto.build/Debug-watchos/CryptoExtras-t.build/Objects-normal/arm64_32/CryptoExtras.abi.json /Users/admin/builder/spi-builder-workspace/.derivedData/Build/Products/Debug-watchos/CryptoExtras.swiftmodule/arm64_32-apple-watchos.abi.json
Copy /Users/admin/builder/spi-builder-workspace/.derivedData/Build/Products/Debug-watchos/CryptoExtras.swiftmodule/arm64-apple-watchos.swiftmodule /Users/admin/builder/spi-builder-workspace/.derivedData/Build/Intermediates.noindex/swift-crypto.build/Debug-watchos/CryptoExtras-t.build/Objects-normal/arm64/CryptoExtras.swiftmodule (in target 'CryptoExtras' from project 'swift-crypto')
    cd /Users/admin/builder/spi-builder-workspace/.dependencies/checkouts/swift-crypto
    builtin-copy -exclude .DS_Store -exclude CVS -exclude .svn -exclude .git -exclude .hg -resolve-src-symlinks -rename /Users/admin/builder/spi-builder-workspace/.derivedData/Build/Intermediates.noindex/swift-crypto.build/Debug-watchos/CryptoExtras-t.build/Objects-normal/arm64/CryptoExtras.swiftmodule /Users/admin/builder/spi-builder-workspace/.derivedData/Build/Products/Debug-watchos/CryptoExtras.swiftmodule/arm64-apple-watchos.swiftmodule
Copy /Users/admin/builder/spi-builder-workspace/.derivedData/Build/Products/Debug-watchos/CryptoExtras.swiftmodule/arm64-apple-watchos.swiftdoc /Users/admin/builder/spi-builder-workspace/.derivedData/Build/Intermediates.noindex/swift-crypto.build/Debug-watchos/CryptoExtras-t.build/Objects-normal/arm64/CryptoExtras.swiftdoc (in target 'CryptoExtras' from project 'swift-crypto')
    cd /Users/admin/builder/spi-builder-workspace/.dependencies/checkouts/swift-crypto
    builtin-copy -exclude .DS_Store -exclude CVS -exclude .svn -exclude .git -exclude .hg -resolve-src-symlinks -rename /Users/admin/builder/spi-builder-workspace/.derivedData/Build/Intermediates.noindex/swift-crypto.build/Debug-watchos/CryptoExtras-t.build/Objects-normal/arm64/CryptoExtras.swiftdoc /Users/admin/builder/spi-builder-workspace/.derivedData/Build/Products/Debug-watchos/CryptoExtras.swiftmodule/arm64-apple-watchos.swiftdoc
Copy /Users/admin/builder/spi-builder-workspace/.derivedData/Build/Products/Debug-watchos/CryptoExtras.swiftmodule/arm64-apple-watchos.abi.json /Users/admin/builder/spi-builder-workspace/.derivedData/Build/Intermediates.noindex/swift-crypto.build/Debug-watchos/CryptoExtras-t.build/Objects-normal/arm64/CryptoExtras.abi.json (in target 'CryptoExtras' from project 'swift-crypto')
    cd /Users/admin/builder/spi-builder-workspace/.dependencies/checkouts/swift-crypto
    builtin-copy -exclude .DS_Store -exclude CVS -exclude .svn -exclude .git -exclude .hg -resolve-src-symlinks -rename /Users/admin/builder/spi-builder-workspace/.derivedData/Build/Intermediates.noindex/swift-crypto.build/Debug-watchos/CryptoExtras-t.build/Objects-normal/arm64/CryptoExtras.abi.json /Users/admin/builder/spi-builder-workspace/.derivedData/Build/Products/Debug-watchos/CryptoExtras.swiftmodule/arm64-apple-watchos.abi.json
Copy /Users/admin/builder/spi-builder-workspace/.derivedData/Build/Products/Debug-watchos/CryptoExtras.swiftmodule/Project/arm64_32-apple-watchos.swiftsourceinfo /Users/admin/builder/spi-builder-workspace/.derivedData/Build/Intermediates.noindex/swift-crypto.build/Debug-watchos/CryptoExtras-t.build/Objects-normal/arm64_32/CryptoExtras.swiftsourceinfo (in target 'CryptoExtras' from project 'swift-crypto')
    cd /Users/admin/builder/spi-builder-workspace/.dependencies/checkouts/swift-crypto
    builtin-copy -exclude .DS_Store -exclude CVS -exclude .svn -exclude .git -exclude .hg -resolve-src-symlinks -rename /Users/admin/builder/spi-builder-workspace/.derivedData/Build/Intermediates.noindex/swift-crypto.build/Debug-watchos/CryptoExtras-t.build/Objects-normal/arm64_32/CryptoExtras.swiftsourceinfo /Users/admin/builder/spi-builder-workspace/.derivedData/Build/Products/Debug-watchos/CryptoExtras.swiftmodule/Project/arm64_32-apple-watchos.swiftsourceinfo
SwiftDriverJobDiscovery normal arm64_32 Compiling Date.swift (in target 'ZipArchive' from project 'swift-zip-archive')
Copy /Users/admin/builder/spi-builder-workspace/.derivedData/Build/Products/Debug-watchos/CryptoExtras.swiftmodule/Project/arm64-apple-watchos.swiftsourceinfo /Users/admin/builder/spi-builder-workspace/.derivedData/Build/Intermediates.noindex/swift-crypto.build/Debug-watchos/CryptoExtras-t.build/Objects-normal/arm64/CryptoExtras.swiftsourceinfo (in target 'CryptoExtras' from project 'swift-crypto')
    cd /Users/admin/builder/spi-builder-workspace/.dependencies/checkouts/swift-crypto
    builtin-copy -exclude .DS_Store -exclude CVS -exclude .svn -exclude .git -exclude .hg -resolve-src-symlinks -rename /Users/admin/builder/spi-builder-workspace/.derivedData/Build/Intermediates.noindex/swift-crypto.build/Debug-watchos/CryptoExtras-t.build/Objects-normal/arm64/CryptoExtras.swiftsourceinfo /Users/admin/builder/spi-builder-workspace/.derivedData/Build/Products/Debug-watchos/CryptoExtras.swiftmodule/Project/arm64-apple-watchos.swiftsourceinfo
SwiftCompile normal arm64_32 Compiling\ PKCS8DERRepresentation.swift,\ PKCS8PrivateKey.swift,\ RFC8410AlgorithmIdentifier.swift,\ ECToolbox_boring.swift,\ ECToolbox.swift,\ HashToField.swift,\ KDF.swift /Users/admin/builder/spi-builder-workspace/.dependencies/checkouts/swift-crypto/Sources/CryptoExtras/EC/PKCS8DERRepresentation.swift /Users/admin/builder/spi-builder-workspace/.dependencies/checkouts/swift-crypto/Sources/CryptoExtras/EC/PKCS8PrivateKey.swift /Users/admin/builder/spi-builder-workspace/.dependencies/checkouts/swift-crypto/Sources/CryptoExtras/EC/RFC8410AlgorithmIdentifier.swift /Users/admin/builder/spi-builder-workspace/.dependencies/checkouts/swift-crypto/Sources/CryptoExtras/ECToolbox/BoringSSL/ECToolbox_boring.swift /Users/admin/builder/spi-builder-workspace/.dependencies/checkouts/swift-crypto/Sources/CryptoExtras/ECToolbox/ECToolbox.swift /Users/admin/builder/spi-builder-workspace/.dependencies/checkouts/swift-crypto/Sources/CryptoExtras/H2G/HashToField.swift /Users/admin/builder/spi-builder-workspace/.dependencies/checkouts/swift-crypto/Sources/CryptoExtras/Key\ Derivation/KDF.swift (in target 'CryptoExtras' from project 'swift-crypto')
SwiftCompile normal arm64_32 /Users/admin/builder/spi-builder-workspace/.dependencies/checkouts/swift-crypto/Sources/CryptoExtras/EC/PKCS8DERRepresentation.swift (in target 'CryptoExtras' from project 'swift-crypto')
    cd /Users/admin/builder/spi-builder-workspace/.swiftpm/xcode
    builtin-SwiftPerFileCompile PKCS8DERRepresentation.swift
SwiftCompile normal arm64_32 /Users/admin/builder/spi-builder-workspace/.dependencies/checkouts/swift-crypto/Sources/CryptoExtras/EC/PKCS8PrivateKey.swift (in target 'CryptoExtras' from project 'swift-crypto')
    cd /Users/admin/builder/spi-builder-workspace/.swiftpm/xcode
    builtin-SwiftPerFileCompile PKCS8PrivateKey.swift
SwiftCompile normal arm64_32 /Users/admin/builder/spi-builder-workspace/.dependencies/checkouts/swift-crypto/Sources/CryptoExtras/EC/RFC8410AlgorithmIdentifier.swift (in target 'CryptoExtras' from project 'swift-crypto')
    cd /Users/admin/builder/spi-builder-workspace/.swiftpm/xcode
    builtin-SwiftPerFileCompile RFC8410AlgorithmIdentifier.swift
SwiftCompile normal arm64_32 /Users/admin/builder/spi-builder-workspace/.dependencies/checkouts/swift-crypto/Sources/CryptoExtras/ECToolbox/BoringSSL/ECToolbox_boring.swift (in target 'CryptoExtras' from project 'swift-crypto')
    cd /Users/admin/builder/spi-builder-workspace/.swiftpm/xcode
    builtin-SwiftPerFileCompile ECToolbox_boring.swift
SwiftCompile normal arm64_32 /Users/admin/builder/spi-builder-workspace/.dependencies/checkouts/swift-crypto/Sources/CryptoExtras/ECToolbox/ECToolbox.swift (in target 'CryptoExtras' from project 'swift-crypto')
    cd /Users/admin/builder/spi-builder-workspace/.swiftpm/xcode
    builtin-SwiftPerFileCompile ECToolbox.swift
SwiftCompile normal arm64_32 /Users/admin/builder/spi-builder-workspace/.dependencies/checkouts/swift-crypto/Sources/CryptoExtras/H2G/HashToField.swift (in target 'CryptoExtras' from project 'swift-crypto')
    cd /Users/admin/builder/spi-builder-workspace/.swiftpm/xcode
    builtin-SwiftPerFileCompile HashToField.swift
SwiftCompile normal arm64_32 /Users/admin/builder/spi-builder-workspace/.dependencies/checkouts/swift-crypto/Sources/CryptoExtras/Key\ Derivation/KDF.swift (in target 'CryptoExtras' from project 'swift-crypto')
    cd /Users/admin/builder/spi-builder-workspace/.swiftpm/xcode
    builtin-SwiftPerFileCompile KDF.swift
SwiftCompile normal arm64 Compiling\ PKCS8DERRepresentation.swift,\ PKCS8PrivateKey.swift,\ RFC8410AlgorithmIdentifier.swift,\ ECToolbox_boring.swift,\ ECToolbox.swift,\ HashToField.swift,\ KDF.swift /Users/admin/builder/spi-builder-workspace/.dependencies/checkouts/swift-crypto/Sources/CryptoExtras/EC/PKCS8DERRepresentation.swift /Users/admin/builder/spi-builder-workspace/.dependencies/checkouts/swift-crypto/Sources/CryptoExtras/EC/PKCS8PrivateKey.swift /Users/admin/builder/spi-builder-workspace/.dependencies/checkouts/swift-crypto/Sources/CryptoExtras/EC/RFC8410AlgorithmIdentifier.swift /Users/admin/builder/spi-builder-workspace/.dependencies/checkouts/swift-crypto/Sources/CryptoExtras/ECToolbox/BoringSSL/ECToolbox_boring.swift /Users/admin/builder/spi-builder-workspace/.dependencies/checkouts/swift-crypto/Sources/CryptoExtras/ECToolbox/ECToolbox.swift /Users/admin/builder/spi-builder-workspace/.dependencies/checkouts/swift-crypto/Sources/CryptoExtras/H2G/HashToField.swift /Users/admin/builder/spi-builder-workspace/.dependencies/checkouts/swift-crypto/Sources/CryptoExtras/Key\ Derivation/KDF.swift (in target 'CryptoExtras' from project 'swift-crypto')
SwiftCompile normal arm64 /Users/admin/builder/spi-builder-workspace/.dependencies/checkouts/swift-crypto/Sources/CryptoExtras/EC/PKCS8DERRepresentation.swift (in target 'CryptoExtras' from project 'swift-crypto')
    cd /Users/admin/builder/spi-builder-workspace/.swiftpm/xcode
    builtin-SwiftPerFileCompile PKCS8DERRepresentation.swift
SwiftCompile normal arm64 /Users/admin/builder/spi-builder-workspace/.dependencies/checkouts/swift-crypto/Sources/CryptoExtras/EC/PKCS8PrivateKey.swift (in target 'CryptoExtras' from project 'swift-crypto')
    cd /Users/admin/builder/spi-builder-workspace/.swiftpm/xcode
    builtin-SwiftPerFileCompile PKCS8PrivateKey.swift
SwiftCompile normal arm64 /Users/admin/builder/spi-builder-workspace/.dependencies/checkouts/swift-crypto/Sources/CryptoExtras/EC/RFC8410AlgorithmIdentifier.swift (in target 'CryptoExtras' from project 'swift-crypto')
    cd /Users/admin/builder/spi-builder-workspace/.swiftpm/xcode
    builtin-SwiftPerFileCompile RFC8410AlgorithmIdentifier.swift
SwiftCompile normal arm64 /Users/admin/builder/spi-builder-workspace/.dependencies/checkouts/swift-crypto/Sources/CryptoExtras/ECToolbox/BoringSSL/ECToolbox_boring.swift (in target 'CryptoExtras' from project 'swift-crypto')
    cd /Users/admin/builder/spi-builder-workspace/.swiftpm/xcode
    builtin-SwiftPerFileCompile ECToolbox_boring.swift
SwiftCompile normal arm64 /Users/admin/builder/spi-builder-workspace/.dependencies/checkouts/swift-crypto/Sources/CryptoExtras/ECToolbox/ECToolbox.swift (in target 'CryptoExtras' from project 'swift-crypto')
    cd /Users/admin/builder/spi-builder-workspace/.swiftpm/xcode
    builtin-SwiftPerFileCompile ECToolbox.swift
SwiftCompile normal arm64 /Users/admin/builder/spi-builder-workspace/.dependencies/checkouts/swift-crypto/Sources/CryptoExtras/H2G/HashToField.swift (in target 'CryptoExtras' from project 'swift-crypto')
    cd /Users/admin/builder/spi-builder-workspace/.swiftpm/xcode
    builtin-SwiftPerFileCompile HashToField.swift
SwiftCompile normal arm64 /Users/admin/builder/spi-builder-workspace/.dependencies/checkouts/swift-crypto/Sources/CryptoExtras/Key\ Derivation/KDF.swift (in target 'CryptoExtras' from project 'swift-crypto')
    cd /Users/admin/builder/spi-builder-workspace/.swiftpm/xcode
    builtin-SwiftPerFileCompile KDF.swift
SwiftDriverJobDiscovery normal arm64 Compiling ZipReadableStorage.swift (in target 'ZipArchive' from project 'swift-zip-archive')
SwiftCompile normal arm64_32 Compiling\ Error.swift,\ I2OSP.swift,\ IntegerEncoding.swift,\ PEMDocument.swift,\ PrettyBytes.swift,\ SubjectPublicKeyInfo.swift,\ ThreadOps.swift /Users/admin/builder/spi-builder-workspace/.dependencies/checkouts/swift-crypto/Sources/CryptoExtras/Util/Error.swift /Users/admin/builder/spi-builder-workspace/.dependencies/checkouts/swift-crypto/Sources/CryptoExtras/Util/I2OSP.swift /Users/admin/builder/spi-builder-workspace/.dependencies/checkouts/swift-crypto/Sources/CryptoExtras/Util/IntegerEncoding.swift /Users/admin/builder/spi-builder-workspace/.dependencies/checkouts/swift-crypto/Sources/CryptoExtras/Util/PEMDocument.swift /Users/admin/builder/spi-builder-workspace/.dependencies/checkouts/swift-crypto/Sources/CryptoExtras/Util/PrettyBytes.swift /Users/admin/builder/spi-builder-workspace/.dependencies/checkouts/swift-crypto/Sources/CryptoExtras/Util/SubjectPublicKeyInfo.swift /Users/admin/builder/spi-builder-workspace/.dependencies/checkouts/swift-crypto/Sources/CryptoExtras/Util/ThreadSpecific/ThreadOps.swift (in target 'CryptoExtras' from project 'swift-crypto')
SwiftCompile normal arm64_32 /Users/admin/builder/spi-builder-workspace/.dependencies/checkouts/swift-crypto/Sources/CryptoExtras/Util/Error.swift (in target 'CryptoExtras' from project 'swift-crypto')
    cd /Users/admin/builder/spi-builder-workspace/.swiftpm/xcode
    builtin-SwiftPerFileCompile Error.swift
SwiftCompile normal arm64_32 /Users/admin/builder/spi-builder-workspace/.dependencies/checkouts/swift-crypto/Sources/CryptoExtras/Util/I2OSP.swift (in target 'CryptoExtras' from project 'swift-crypto')
    cd /Users/admin/builder/spi-builder-workspace/.swiftpm/xcode
    builtin-SwiftPerFileCompile I2OSP.swift
SwiftCompile normal arm64_32 /Users/admin/builder/spi-builder-workspace/.dependencies/checkouts/swift-crypto/Sources/CryptoExtras/Util/IntegerEncoding.swift (in target 'CryptoExtras' from project 'swift-crypto')
    cd /Users/admin/builder/spi-builder-workspace/.swiftpm/xcode
    builtin-SwiftPerFileCompile IntegerEncoding.swift
SwiftCompile normal arm64_32 /Users/admin/builder/spi-builder-workspace/.dependencies/checkouts/swift-crypto/Sources/CryptoExtras/Util/PEMDocument.swift (in target 'CryptoExtras' from project 'swift-crypto')
    cd /Users/admin/builder/spi-builder-workspace/.swiftpm/xcode
    builtin-SwiftPerFileCompile PEMDocument.swift
SwiftCompile normal arm64_32 /Users/admin/builder/spi-builder-workspace/.dependencies/checkouts/swift-crypto/Sources/CryptoExtras/Util/PrettyBytes.swift (in target 'CryptoExtras' from project 'swift-crypto')
    cd /Users/admin/builder/spi-builder-workspace/.swiftpm/xcode
    builtin-SwiftPerFileCompile PrettyBytes.swift
SwiftCompile normal arm64_32 /Users/admin/builder/spi-builder-workspace/.dependencies/checkouts/swift-crypto/Sources/CryptoExtras/Util/SubjectPublicKeyInfo.swift (in target 'CryptoExtras' from project 'swift-crypto')
    cd /Users/admin/builder/spi-builder-workspace/.swiftpm/xcode
    builtin-SwiftPerFileCompile SubjectPublicKeyInfo.swift
SwiftCompile normal arm64_32 /Users/admin/builder/spi-builder-workspace/.dependencies/checkouts/swift-crypto/Sources/CryptoExtras/Util/ThreadSpecific/ThreadOps.swift (in target 'CryptoExtras' from project 'swift-crypto')
    cd /Users/admin/builder/spi-builder-workspace/.swiftpm/xcode
    builtin-SwiftPerFileCompile ThreadOps.swift
SwiftDriverJobDiscovery normal arm64_32 Compiling ZipArchiveWriter+writeFolderContents.swift (in target 'ZipArchive' from project 'swift-zip-archive')
SwiftCompile normal arm64 Compiling\ OPRFServer.swift,\ VOPRF+API.swift,\ VOPRFClient.swift,\ VOPRFServer.swift,\ BoringSSLPassphraseCallbackManager.swift,\ RSA+BlindSigning.swift,\ RSA.swift /Users/admin/builder/spi-builder-workspace/.dependencies/checkouts/swift-crypto/Sources/CryptoExtras/OPRFs/OPRFServer.swift /Users/admin/builder/spi-builder-workspace/.dependencies/checkouts/swift-crypto/Sources/CryptoExtras/OPRFs/VOPRF+API.swift /Users/admin/builder/spi-builder-workspace/.dependencies/checkouts/swift-crypto/Sources/CryptoExtras/OPRFs/VOPRFClient.swift /Users/admin/builder/spi-builder-workspace/.dependencies/checkouts/swift-crypto/Sources/CryptoExtras/OPRFs/VOPRFServer.swift /Users/admin/builder/spi-builder-workspace/.dependencies/checkouts/swift-crypto/Sources/CryptoExtras/RSA/BoringSSLPassphraseCallbackManager.swift /Users/admin/builder/spi-builder-workspace/.dependencies/checkouts/swift-crypto/Sources/CryptoExtras/RSA/RSA+BlindSigning.swift /Users/admin/builder/spi-builder-workspace/.dependencies/checkouts/swift-crypto/Sources/CryptoExtras/RSA/RSA.swift (in target 'CryptoExtras' from project 'swift-crypto')
SwiftCompile normal arm64 /Users/admin/builder/spi-builder-workspace/.dependencies/checkouts/swift-crypto/Sources/CryptoExtras/OPRFs/OPRFServer.swift (in target 'CryptoExtras' from project 'swift-crypto')
    cd /Users/admin/builder/spi-builder-workspace/.swiftpm/xcode
    builtin-SwiftPerFileCompile OPRFServer.swift
SwiftCompile normal arm64 /Users/admin/builder/spi-builder-workspace/.dependencies/checkouts/swift-crypto/Sources/CryptoExtras/OPRFs/VOPRF+API.swift (in target 'CryptoExtras' from project 'swift-crypto')
    cd /Users/admin/builder/spi-builder-workspace/.swiftpm/xcode
    builtin-SwiftPerFileCompile VOPRF+API.swift
SwiftCompile normal arm64 /Users/admin/builder/spi-builder-workspace/.dependencies/checkouts/swift-crypto/Sources/CryptoExtras/OPRFs/VOPRFClient.swift (in target 'CryptoExtras' from project 'swift-crypto')
    cd /Users/admin/builder/spi-builder-workspace/.swiftpm/xcode
    builtin-SwiftPerFileCompile VOPRFClient.swift
SwiftCompile normal arm64 /Users/admin/builder/spi-builder-workspace/.dependencies/checkouts/swift-crypto/Sources/CryptoExtras/OPRFs/VOPRFServer.swift (in target 'CryptoExtras' from project 'swift-crypto')
    cd /Users/admin/builder/spi-builder-workspace/.swiftpm/xcode
    builtin-SwiftPerFileCompile VOPRFServer.swift
SwiftCompile normal arm64 /Users/admin/builder/spi-builder-workspace/.dependencies/checkouts/swift-crypto/Sources/CryptoExtras/RSA/BoringSSLPassphraseCallbackManager.swift (in target 'CryptoExtras' from project 'swift-crypto')
    cd /Users/admin/builder/spi-builder-workspace/.swiftpm/xcode
    builtin-SwiftPerFileCompile BoringSSLPassphraseCallbackManager.swift
SwiftCompile normal arm64 /Users/admin/builder/spi-builder-workspace/.dependencies/checkouts/swift-crypto/Sources/CryptoExtras/RSA/RSA+BlindSigning.swift (in target 'CryptoExtras' from project 'swift-crypto')
    cd /Users/admin/builder/spi-builder-workspace/.swiftpm/xcode
    builtin-SwiftPerFileCompile RSA+BlindSigning.swift
SwiftCompile normal arm64 /Users/admin/builder/spi-builder-workspace/.dependencies/checkouts/swift-crypto/Sources/CryptoExtras/RSA/RSA.swift (in target 'CryptoExtras' from project 'swift-crypto')
    cd /Users/admin/builder/spi-builder-workspace/.swiftpm/xcode
    builtin-SwiftPerFileCompile RSA.swift
PruneExplicitPrecompiledModules /Users/admin/builder/spi-builder-workspace/.derivedData/Build/Intermediates.noindex/ExplicitPrecompiledModules
PruneExplicitPrecompiledModules /Users/admin/builder/spi-builder-workspace/.derivedData/SDKExplicitPrecompiledModules
PruneExplicitPrecompiledModules /Users/admin/builder/spi-builder-workspace/.derivedData/Build/Intermediates.noindex/SwiftExplicitPrecompiledModules
2026-09-24 17:13:44.422 xcodebuild[2900:8658] [MT] IDERunDestination: Supported platforms for the buildables in the current scheme is empty.
** BUILD FAILED **
The following build commands failed:
	SwiftCompile normal arm64_32 Compiling\ ZipArchiveWriter.swift /Users/admin/builder/spi-builder-workspace/.dependencies/checkouts/swift-zip-archive/Sources/ZipArchive/ZipArchiveWriter.swift (in target 'ZipArchive' from project 'swift-zip-archive')
	SwiftCompile normal arm64_32 /Users/admin/builder/spi-builder-workspace/.dependencies/checkouts/swift-zip-archive/Sources/ZipArchive/ZipArchiveWriter.swift (in target 'ZipArchive' from project 'swift-zip-archive')
	Building workspace swift-wallet with scheme swift-wallet-Package
(3 failures)
BUILD FAILURE 6.4 watchOS