The Swift Package Index logo.Swift Package Index

Build Information

Failed to build InAppMaster, reference master (514471), with Swift 6.1 for Wasm on 11 Aug 2026 16:05:09 UTC.

Build Command

bash -c docker run --pull=always --rm -v "checkouts-53886770-2":/host -w "$PWD" -e JAVA_HOME="/root/.sdkman/candidates/java/current" -e SPI_BUILD="1" -e SPI_PROCESSING="1" registry.gitlab.com/saguaro1/spi-images:wasm-6.1-latest swift build --swift-sdk wasm32-unknown-wasi 2>&1

Build Log

========================================
RunAll
========================================
Builder version: 729ceb5fcd9493dc13ee340bc4f0908bd201f85d
Interrupt handler set up.
========================================
Checkout
========================================
Clone URL: https://github.com/moslienko/InAppMaster.git
Reference: master
Initialized empty Git repository in /host/spi-builder-workspace/.git/
hint: Using 'master' as the name for the initial branch. This default branch name
hint: is subject to change. To configure the initial branch name to use in all
hint: of your new repositories, which will suppress this warning, call:
hint:
hint: 	git config --global init.defaultBranch <name>
hint:
hint: Names commonly chosen instead of 'master' are 'main', 'trunk' and
hint: 'development'. The just-created branch can be renamed via this command:
hint:
hint: 	git branch -m <name>
From https://github.com/moslienko/InAppMaster
 * branch            master     -> FETCH_HEAD
 * [new branch]      master     -> origin/master
HEAD is now at 5144715 Merge pull request #1 from moslienko/develop
Cloned https://github.com/moslienko/InAppMaster.git
Revision (git rev-parse @):
51447154a984588bf15730488154d98ec9516d11
SUCCESS checkout https://github.com/moslienko/InAppMaster.git at master
========================================
Build
========================================
Selected platform:         wasm
Swift version:             6.1
Building package at path:  $PWD
https://github.com/moslienko/InAppMaster.git
https://github.com/moslienko/InAppMaster.git
WARNING: environment variable SUPPRESS_SWIFT_6_FLAGS is not set
Running build ...
bash -c docker run --pull=always --rm -v "checkouts-53886770-2":/host -w "$PWD" -e JAVA_HOME="/root/.sdkman/candidates/java/current" -e SPI_BUILD="1" -e SPI_PROCESSING="1" registry.gitlab.com/saguaro1/spi-images:wasm-6.1-latest swift build --swift-sdk wasm32-unknown-wasi -Xswiftc -Xfrontend -Xswiftc -stats-output-dir -Xswiftc -Xfrontend -Xswiftc .stats -Xswiftc -strict-concurrency=complete -Xswiftc -enable-upcoming-feature -Xswiftc StrictConcurrency -Xswiftc -enable-upcoming-feature -Xswiftc DisableOutwardActorInference -Xswiftc -enable-upcoming-feature -Xswiftc GlobalActorIsolatedTypesUsability -Xswiftc -enable-upcoming-feature -Xswiftc InferSendableFromCaptures 2>&1
wasm-6.1-latest: Pulling from saguaro1/spi-images
Digest: sha256:290f441d1f5b7bf0dbbe61e8b7514208804cdcb507d57b3c762463ad036298f7
Status: Image is up to date for registry.gitlab.com/saguaro1/spi-images:wasm-6.1-latest
Building for debugging...
[0/2] Write sources
[1/2] Write swift-version-24593BA9C3E375BF.txt
[3/10] Compiling InAppMaster SKProduct+InAppProductProtocol.swift
/host/spi-builder-workspace/Sources/InAppMaster/Data/InAppProductProtocol.swift:9:8: error: no such module 'StoreKit'
 7 |
 8 | import Foundation
 9 | import StoreKit
   |        `- error: no such module 'StoreKit'
10 |
11 | public protocol InAppProductProtocol {
[4/11] Compiling InAppMaster InAppService.swift
/host/spi-builder-workspace/Sources/InAppMaster/Data/InAppProductProtocol.swift:9:8: error: no such module 'StoreKit'
 7 |
 8 | import Foundation
 9 | import StoreKit
   |        `- error: no such module 'StoreKit'
10 |
11 | public protocol InAppProductProtocol {
[5/11] Compiling InAppMaster Product+InAppProductProtocol.swift
/host/spi-builder-workspace/Sources/InAppMaster/Data/InAppProductProtocol.swift:9:8: error: no such module 'StoreKit'
 7 |
 8 | import Foundation
 9 | import StoreKit
   |        `- error: no such module 'StoreKit'
10 |
11 | public protocol InAppProductProtocol {
[6/11] Compiling InAppMaster InAppModernService.swift
/host/spi-builder-workspace/Sources/InAppMaster/Data/InAppProductProtocol.swift:9:8: error: no such module 'StoreKit'
 7 |
 8 | import Foundation
 9 | import StoreKit
   |        `- error: no such module 'StoreKit'
10 |
11 | public protocol InAppProductProtocol {
[7/11] Compiling InAppMaster InAppLegacyService.swift
/host/spi-builder-workspace/Sources/InAppMaster/Data/InAppProductProtocol.swift:9:8: error: no such module 'StoreKit'
 7 |
 8 | import Foundation
 9 | import StoreKit
   |        `- error: no such module 'StoreKit'
10 |
11 | public protocol InAppProductProtocol {
[8/11] Compiling InAppMaster InAppRefreshReceiptService.swift
/host/spi-builder-workspace/Sources/InAppMaster/Data/InAppProductProtocol.swift:9:8: error: no such module 'StoreKit'
 7 |
 8 | import Foundation
 9 | import StoreKit
   |        `- error: no such module 'StoreKit'
10 |
11 | public protocol InAppProductProtocol {
[9/11] Compiling InAppMaster InAppStoreKitError.swift
/host/spi-builder-workspace/Sources/InAppMaster/Data/InAppProductProtocol.swift:9:8: error: no such module 'StoreKit'
 7 |
 8 | import Foundation
 9 | import StoreKit
   |        `- error: no such module 'StoreKit'
10 |
11 | public protocol InAppProductProtocol {
[10/11] Compiling InAppMaster InAppProductProtocol.swift
/host/spi-builder-workspace/Sources/InAppMaster/Data/InAppProductProtocol.swift:9:8: error: no such module 'StoreKit'
 7 |
 8 | import Foundation
 9 | import StoreKit
   |        `- error: no such module 'StoreKit'
10 |
11 | public protocol InAppProductProtocol {
error: emit-module command failed with exit code 1 (use -v to see invocation)
[11/11] Emitting module InAppMaster
/host/spi-builder-workspace/Sources/InAppMaster/Data/InAppProductProtocol.swift:9:8: error: no such module 'StoreKit'
 7 |
 8 | import Foundation
 9 | import StoreKit
   |        `- error: no such module 'StoreKit'
10 |
11 | public protocol InAppProductProtocol {
Running build ...
bash -c docker run --pull=always --rm -v "checkouts-53886770-2":/host -w "$PWD" -e JAVA_HOME="/root/.sdkman/candidates/java/current" -e SPI_BUILD="1" -e SPI_PROCESSING="1" registry.gitlab.com/saguaro1/spi-images:wasm-6.1-latest swift build --swift-sdk wasm32-unknown-wasi 2>&1
wasm-6.1-latest: Pulling from saguaro1/spi-images
Digest: sha256:290f441d1f5b7bf0dbbe61e8b7514208804cdcb507d57b3c762463ad036298f7
Status: Image is up to date for registry.gitlab.com/saguaro1/spi-images:wasm-6.1-latest
[0/1] Planning build
Building for debugging...
[0/1] Write swift-version-24593BA9C3E375BF.txt
[2/9] Compiling InAppMaster InAppRefreshReceiptService.swift
/host/spi-builder-workspace/Sources/InAppMaster/Data/InAppProductProtocol.swift:9:8: error: no such module 'StoreKit'
 7 |
 8 | import Foundation
 9 | import StoreKit
   |        `- error: no such module 'StoreKit'
10 |
11 | public protocol InAppProductProtocol {
error: emit-module command failed with exit code 1 (use -v to see invocation)
[3/10] Emitting module InAppMaster
/host/spi-builder-workspace/Sources/InAppMaster/Data/InAppProductProtocol.swift:9:8: error: no such module 'StoreKit'
 7 |
 8 | import Foundation
 9 | import StoreKit
   |        `- error: no such module 'StoreKit'
10 |
11 | public protocol InAppProductProtocol {
[4/10] Compiling InAppMaster InAppStoreKitError.swift
/host/spi-builder-workspace/Sources/InAppMaster/Data/InAppProductProtocol.swift:9:8: error: no such module 'StoreKit'
 7 |
 8 | import Foundation
 9 | import StoreKit
   |        `- error: no such module 'StoreKit'
10 |
11 | public protocol InAppProductProtocol {
[5/10] Compiling InAppMaster InAppProductProtocol.swift
/host/spi-builder-workspace/Sources/InAppMaster/Data/InAppProductProtocol.swift:9:8: error: no such module 'StoreKit'
 7 |
 8 | import Foundation
 9 | import StoreKit
   |        `- error: no such module 'StoreKit'
10 |
11 | public protocol InAppProductProtocol {
[6/10] Compiling InAppMaster InAppModernService.swift
/host/spi-builder-workspace/Sources/InAppMaster/Data/InAppProductProtocol.swift:9:8: error: no such module 'StoreKit'
 7 |
 8 | import Foundation
 9 | import StoreKit
   |        `- error: no such module 'StoreKit'
10 |
11 | public protocol InAppProductProtocol {
[7/10] Compiling InAppMaster SKProduct+InAppProductProtocol.swift
/host/spi-builder-workspace/Sources/InAppMaster/Data/InAppProductProtocol.swift:9:8: error: no such module 'StoreKit'
 7 |
 8 | import Foundation
 9 | import StoreKit
   |        `- error: no such module 'StoreKit'
10 |
11 | public protocol InAppProductProtocol {
[8/10] Compiling InAppMaster InAppLegacyService.swift
/host/spi-builder-workspace/Sources/InAppMaster/Data/InAppProductProtocol.swift:9:8: error: no such module 'StoreKit'
 7 |
 8 | import Foundation
 9 | import StoreKit
   |        `- error: no such module 'StoreKit'
10 |
11 | public protocol InAppProductProtocol {
[9/10] Compiling InAppMaster Product+InAppProductProtocol.swift
/host/spi-builder-workspace/Sources/InAppMaster/Data/InAppProductProtocol.swift:9:8: error: no such module 'StoreKit'
 7 |
 8 | import Foundation
 9 | import StoreKit
   |        `- error: no such module 'StoreKit'
10 |
11 | public protocol InAppProductProtocol {
[10/10] Compiling InAppMaster InAppService.swift
/host/spi-builder-workspace/Sources/InAppMaster/Data/InAppProductProtocol.swift:9:8: error: no such module 'StoreKit'
 7 |
 8 | import Foundation
 9 | import StoreKit
   |        `- error: no such module 'StoreKit'
10 |
11 | public protocol InAppProductProtocol {
BUILD FAILURE 6.1 wasm