The Swift Package Index logo.Swift Package Index

Build Information

Failed to build amethyst-vein, reference 1.2.0 (d5e5f5), with Swift 6.4 for watchOS using Xcode 27.0 on 23 Oct 2026 20:29:32 UTC.

Build Command

env DEVELOPER_DIR=/Applications/Xcode-27.0.0.app xcrun xcodebuild -IDEClonedSourcePackagesDirPathOverride=$PWD/.dependencies -skipMacroValidation -skipPackagePluginValidation -derivedDataPath $PWD/.derivedData build -scheme amethyst-vein-Package -destination generic/platform=watchOS

Build Log

2026-10-23 16:28:54.228 appintentsmetadataprocessor[3758:16033] Starting appintentsmetadataprocessor export
2026-10-23 16:28:54.298 appintentsmetadataprocessor[3758:16033] Extracted no relevant App Intents symbols, skipping writing output
SwiftExplicitDependencyGeneratePcm arm64 /Users/admin/builder/spi-builder-workspace/.derivedData/Build/Intermediates.noindex/SwiftExplicitPrecompiledModules/SQLCipher-9JTR98OOMN41MU89JW32CSU5I.pcm
SwiftExplicitDependencyGeneratePcm arm64 /Users/admin/builder/spi-builder-workspace/.derivedData/Build/Intermediates.noindex/SwiftExplicitPrecompiledModules/_AtomicsShims-71X70025M55DWMK54WGLOS32G.pcm
SwiftExplicitDependencyGeneratePcm arm64_32 /Users/admin/builder/spi-builder-workspace/.derivedData/Build/Intermediates.noindex/SwiftExplicitPrecompiledModules/_AtomicsShims-46D1Q362E3AROPT5VXREAJ5NG.pcm
SwiftExplicitDependencyGeneratePcm arm64_32 /Users/admin/builder/spi-builder-workspace/.derivedData/Build/Intermediates.noindex/SwiftExplicitPrecompiledModules/SQLCipher-7JYY8508RD17GRR6ECNLNIZ02.pcm
SwiftEmitModule normal arm64_32 Emitting\ module\ for\ Vein (in target 'Vein' from project 'amethyst-vein')
SwiftCompile normal arm64_32 (in target 'Vein' from project 'amethyst-vein')
    cd /Users/admin/builder/spi-builder-workspace/.swiftpm/xcode

SwiftCompile normal arm64_32 Compiling\ IntegratedKeyProvider.swift,\ KeyProviderProtocol.swift,\ ManagedObjectContext+Check-Integrity.swift,\ ManagedObjectContext+Fetch.swift,\ ManagedObjectContext+Migration.swift /Users/admin/builder/spi-builder-workspace/Sources/Vein/ModelContext/KeyProviders/IntegratedKeyProvider.swift /Users/admin/builder/spi-builder-workspace/Sources/Vein/ModelContext/KeyProviders/KeyProviderProtocol.swift /Users/admin/builder/spi-builder-workspace/Sources/Vein/ModelContext/ManagedObjectContext/ManagedObjectContext+Check-Integrity.swift /Users/admin/builder/spi-builder-workspace/Sources/Vein/ModelContext/ManagedObjectContext/ManagedObjectContext+Fetch.swift /Users/admin/builder/spi-builder-workspace/Sources/Vein/ModelContext/ManagedObjectContext/ManagedObjectContext+Migration.swift (in target 'Vein' from project 'amethyst-vein')
SwiftCompile normal arm64_32 /Users/admin/builder/spi-builder-workspace/Sources/Vein/ModelContext/KeyProviders/IntegratedKeyProvider.swift (in target 'Vein' from project 'amethyst-vein')
    cd /Users/admin/builder/spi-builder-workspace/.swiftpm/xcode
    builtin-SwiftPerFileCompile IntegratedKeyProvider.swift
SwiftCompile normal arm64_32 /Users/admin/builder/spi-builder-workspace/Sources/Vein/ModelContext/KeyProviders/KeyProviderProtocol.swift (in target 'Vein' from project 'amethyst-vein')
    cd /Users/admin/builder/spi-builder-workspace/.swiftpm/xcode
    builtin-SwiftPerFileCompile KeyProviderProtocol.swift
SwiftCompile normal arm64_32 /Users/admin/builder/spi-builder-workspace/Sources/Vein/ModelContext/ManagedObjectContext/ManagedObjectContext+Check-Integrity.swift (in target 'Vein' from project 'amethyst-vein')
    cd /Users/admin/builder/spi-builder-workspace/.swiftpm/xcode
    builtin-SwiftPerFileCompile ManagedObjectContext+Check-Integrity.swift
SwiftCompile normal arm64_32 /Users/admin/builder/spi-builder-workspace/Sources/Vein/ModelContext/ManagedObjectContext/ManagedObjectContext+Fetch.swift (in target 'Vein' from project 'amethyst-vein')
    cd /Users/admin/builder/spi-builder-workspace/.swiftpm/xcode
    builtin-SwiftPerFileCompile ManagedObjectContext+Fetch.swift
SwiftCompile normal arm64_32 /Users/admin/builder/spi-builder-workspace/Sources/Vein/ModelContext/ManagedObjectContext/ManagedObjectContext+Migration.swift (in target 'Vein' from project 'amethyst-vein')
    cd /Users/admin/builder/spi-builder-workspace/.swiftpm/xcode
    builtin-SwiftPerFileCompile ManagedObjectContext+Migration.swift
SwiftCompile normal arm64_32 Compiling\ FieldExtension.swift,\ ResultToMOCError.swift,\ DTOs.swift,\ FetchTypes.swift,\ ManagedObjectContextError.swift /Users/admin/builder/spi-builder-workspace/Sources/Vein/ModelContext/Utils/FieldExtension.swift /Users/admin/builder/spi-builder-workspace/Sources/Vein/ModelContext/Utils/ResultToMOCError.swift /Users/admin/builder/spi-builder-workspace/Sources/Vein/ModelContext/Values/DTOs.swift /Users/admin/builder/spi-builder-workspace/Sources/Vein/ModelContext/Values/FetchTypes.swift /Users/admin/builder/spi-builder-workspace/Sources/Vein/ModelContext/Values/ManagedObjectContextError.swift (in target 'Vein' from project 'amethyst-vein')
/Users/admin/builder/spi-builder-workspace/Sources/Vein/ModelContext/Values/FetchTypes.swift:49:20: error: 'Predicate' is only available in watchOS 10 or newer
 20 | /// Paginated requests ignore in memory changes during the query.
 21 | /// Models pending deletion will still be removed from the results.
 22 | public struct PaginatedFetchDescriptor<T: PersistentModel>: Sendable {
    |               `- note: add '@available' attribute to enclosing generic struct
 23 |     public let modelPredicate: ModelPredicate<T>
 24 |     /// The sort rules that tell the fetch how to order its results.
    :
 46 |     /// optionally, arranges the fetched models in a particular order.
 47 |     @available(macOS 14, iOS 17, tvOS 17, macCatalyst 17, *)
 48 |     public init(
    |            `- note: add '@available' attribute to enclosing initializer
 49 |         predicate: Predicate<T>,
    |                    `- error: 'Predicate' is only available in watchOS 10 or newer
 50 |         sortBy sortRules: [SortRule<T>] = [],
 51 |         limit: Int,
/Users/admin/builder/spi-builder-workspace/Sources/Vein/ModelContext/Values/FetchTypes.swift:120:20: error: 'Predicate' is only available in watchOS 10 or newer
 93 |
 94 | /// A structure describing a fetch request.
 95 | public struct FetchDescriptor<T: PersistentModel> {
    |               `- note: add '@available' attribute to enclosing generic struct
 96 |     public let modelPredicate: ModelPredicate<T>
 97 |
    :
117 |     /// optionally, arranges the fetched models in a particular order.
118 |     @available(macOS 14, iOS 17, tvOS 17, macCatalyst 17, *)
119 |     public init(
    |            `- note: add '@available' attribute to enclosing initializer
120 |         predicate: Predicate<T>,
    |                    `- error: 'Predicate' is only available in watchOS 10 or newer
121 |         sortBy sortRules: [SortRule<T>] = []
122 |     ) throws {
Failed frontend command:
/Applications/Xcode-27.0.0.app/Contents/Developer/Toolchains/XcodeDefault.xctoolchain/usr/bin/swift-frontend -frontend -c /Users/admin/builder/spi-builder-workspace/Sources/Vein/Logging/LogConfiguration.swift /Users/admin/builder/spi-builder-workspace/Sources/Vein/Model/PropertyWrappers/Fields.swift /Users/admin/builder/spi-builder-workspace/Sources/Vein/Model/PropertyWrappers/ManyRelationship.swift /Users/admin/builder/spi-builder-workspace/Sources/Vein/Model/PropertyWrappers/OneRelationship.swift /Users/admin/builder/spi-builder-workspace/Sources/Vein/Model/PropertyWrappers/PrimaryKeyWrapper.swift /Users/admin/builder/spi-builder-workspace/Sources/Vein/Model/PropertyWrappers/VeinNotificationGuard.swift /Users/admin/builder/spi-builder-workspace/Sources/Vein/Model/Protocols/FieldBase.swift /Users/admin/builder/spi-builder-workspace/Sources/Vein/Model/Protocols/Persistable.swift /Users/admin/builder/spi-builder-workspace/Sources/Vein/Model/Protocols/PersistedField.swift /Users/admin/builder/spi-builder-workspace/Sources/Vein/Model/Protocols/PersistedRelationship.swift /Users/admin/builder/spi-builder-workspace/Sources/Vein/Model/Protocols/PersistentModel.swift /Users/admin/builder/spi-builder-workspace/Sources/Vein/Model/Values/MigrationStage.swift /Users/admin/builder/spi-builder-workspace/Sources/Vein/Model/Values/ModelVersion.swift /Users/admin/builder/spi-builder-workspace/Sources/Vein/Model/Values/ReferenceCountedObservers.swift /Users/admin/builder/spi-builder-workspace/Sources/Vein/Model/Values/SQLiteTypeName.swift /Users/admin/builder/spi-builder-workspace/Sources/Vein/ModelContext/KeyProviders/IntegratedKeyProvider.swift /Users/admin/builder/spi-builder-workspace/Sources/Vein/ModelContext/KeyProviders/KeyProviderProtocol.swift /Users/admin/builder/spi-builder-workspace/Sources/Vein/ModelContext/ManagedObjectContext/ManagedObjectContext+Check-Integrity.swift /Users/admin/builder/spi-builder-workspace/Sources/Vein/ModelContext/ManagedObjectContext/ManagedObjectContext+Fetch.swift /Users/admin/builder/spi-builder-workspace/Sources/Vein/ModelContext/ManagedObjectContext/ManagedObjectContext+Migration.swift /Users/admin/builder/spi-builder-workspace/Sources/Vein/ModelContext/ManagedObjectContext/ManagedObjectContext+Persist.swift /Users/admin/builder/spi-builder-workspace/Sources/Vein/ModelContext/ManagedObjectContext/ManagedObjectContext+Relationship.swift /Users/admin/builder/spi-builder-workspace/Sources/Vein/ModelContext/ManagedObjectContext/ManagedObjectContext+SingleInstance.swift /Users/admin/builder/spi-builder-workspace/Sources/Vein/ModelContext/ManagedObjectContext/ManagedObjectContext+Surface.swift /Users/admin/builder/spi-builder-workspace/Sources/Vein/ModelContext/ManagedObjectContext/ManagedObjectContext+Transaction.swift /Users/admin/builder/spi-builder-workspace/Sources/Vein/ModelContext/ManagedObjectContext/ManagedObjectContext+UI.swift /Users/admin/builder/spi-builder-workspace/Sources/Vein/ModelContext/ManagedObjectContext/ManagedObjectContext.swift /Users/admin/builder/spi-builder-workspace/Sources/Vein/ModelContext/ModelContainer.swift /Users/admin/builder/spi-builder-workspace/Sources/Vein/ModelContext/Mutex.swift /Users/admin/builder/spi-builder-workspace/Sources/Vein/ModelContext/Protocols/AnyQueryObserver.swift -primary-file /Users/admin/builder/spi-builder-workspace/Sources/Vein/ModelContext/Utils/FieldExtension.swift -primary-file /Users/admin/builder/spi-builder-workspace/Sources/Vein/ModelContext/Utils/ResultToMOCError.swift -primary-file /Users/admin/builder/spi-builder-workspace/Sources/Vein/ModelContext/Values/DTOs.swift -primary-file /Users/admin/builder/spi-builder-workspace/Sources/Vein/ModelContext/Values/FetchTypes.swift -primary-file /Users/admin/builder/spi-builder-workspace/Sources/Vein/ModelContext/Values/ManagedObjectContextError.swift /Users/admin/builder/spi-builder-workspace/Sources/Vein/ModelContext/Values/ModelConfiguration.swift /Users/admin/builder/spi-builder-workspace/Sources/Vein/ModelContext/Values/ModelPredicate.swift /Users/admin/builder/spi-builder-workspace/Sources/Vein/ModelContext/Values/PrimitiveState.swift /Users/admin/builder/spi-builder-workspace/Sources/Vein/ModelContext/Values/RelationshipIntegrityReport.swift /Users/admin/builder/spi-builder-workspace/Sources/Vein/ModelContext/Values/TableBuilder.swift /Users/admin/builder/spi-builder-workspace/Sources/Vein/ModelContext/Values/UnderlayingFieldType.swift /Users/admin/builder/spi-builder-workspace/Sources/Vein/ModelContext/WindowsCredential.swift /Users/admin/builder/spi-builder-workspace/Sources/Vein/ObservationNotificationConfigurable.swift /Users/admin/builder/spi-builder-workspace/Sources/Vein/Utils/Extension/Array.swift /Users/admin/builder/spi-builder-workspace/Sources/Vein/Utils/Extension/Optional.swift /Users/admin/builder/spi-builder-workspace/Sources/Vein/Utils/Filter.swift /Users/admin/builder/spi-builder-workspace/Sources/Vein/Utils/Predicate.swift /Users/admin/builder/spi-builder-workspace/Sources/Vein/Utils/SortRule.swift -supplementary-output-file-map /Users/admin/builder/spi-builder-workspace/.derivedData/Build/Intermediates.noindex/amethyst-vein.build/Debug-watchos/Vein-t.build/Objects-normal/arm64_32/supplementaryOutputs-35 -target arm64_32-apple-watchos9.0 -module-can-import-version UIKit 9127.0.84.1 9127.0.84 -disable-cross-import-overlay-search -load-resolved-plugin /Applications/Xcode-27.0.0.app/Contents/Developer/Platforms/WatchOS.platform/Developer/usr/lib/swift/host/plugins/libFoundationMacros.dylib\#/Applications/Xcode-27.0.0.app/Contents/Developer/Platforms/WatchOS.platform/Developer/usr/bin/swift-plugin-server\#FoundationMacros -load-resolved-plugin /Applications/Xcode-27.0.0.app/Contents/Developer/Platforms/WatchOS.platform/Developer/usr/lib/swift/host/plugins/libObservationMacros.dylib\#/Applications/Xcode-27.0.0.app/Contents/Developer/Platforms/WatchOS.platform/Developer/usr/bin/swift-plugin-server\#ObservationMacros -load-resolved-plugin /Applications/Xcode-27.0.0.app/Contents/Developer/Platforms/WatchOS.platform/Developer/usr/lib/swift/host/plugins/libSwiftMacros.dylib\#/Applications/Xcode-27.0.0.app/Contents/Developer/Platforms/WatchOS.platform/Developer/usr/bin/swift-plugin-server\#SwiftMacros -disable-implicit-swift-modules -Xcc -fno-implicit-modules -Xcc -fno-implicit-module-maps -explicit-swift-module-map-file /Users/admin/builder/spi-builder-workspace/.derivedData/Build/Intermediates.noindex/amethyst-vein.build/Debug-watchos/Vein-t.build/Objects-normal/arm64_32/Vein-dependencies-2.json -enable-objc-interop -sdk /Applications/Xcode-27.0.0.app/Contents/Developer/Platforms/WatchOS.platform/Developer/SDKs/WatchOS27.0.sdk -I /Users/admin/builder/spi-builder-workspace/.derivedData/Build/Products/Debug-watchos -Isystem /Applications/Xcode-27.0.0.app/Contents/Developer/Platforms/WatchOS.platform/Developer/usr/lib -F /Users/admin/builder/spi-builder-workspace/.derivedData/Build/Products/Debug-watchos/PackageFrameworks -F /Users/admin/builder/spi-builder-workspace/.derivedData/Build/Products/Debug-watchos -F /Applications/Xcode-27.0.0.app/Contents/Developer/Platforms/WatchOS.platform/Developer/Library/Frameworks -F /Applications/Xcode-27.0.0.app/Contents/Developer/Platforms/WatchOS.platform/Developer/SDKs/WatchOS27.0.sdk/Developer/Library/Frameworks -module-cache-path /Users/admin/builder/spi-builder-workspace/.derivedData/Build/Intermediates.noindex/SwiftExplicitPrecompiledModules -no-color-diagnostics -Xcc -fno-color-diagnostics -enable-testing -g -debug-info-format\=dwarf -dwarf-version\=4 -profile-generate -profile-coverage-mapping -swift-version 6 -Onone -D SWIFT_PACKAGE -D DEBUG -D SWIFT_MODULE_RESOURCE_BUNDLE_UNAVAILABLE -D Xcode -serialize-debugging-options -enable-experimental-feature DebugDescriptionMacro -empty-abi-descriptor -validate-clang-modules-once -clang-build-session-file /Users/admin/builder/spi-builder-workspace/.derivedData/ModuleCache.noindex/Session.modulevalidation -Xcc -working-directory -Xcc /Users/admin/builder/spi-builder-workspace/.swiftpm/xcode -enable-anonymous-context-mangled-names -file-compilation-dir /Users/admin/builder/spi-builder-workspace/.swiftpm/xcode -Xcc -fmodule-map-file\=/Users/admin/builder/spi-builder-workspace/.derivedData/Build/Intermediates.noindex/GeneratedModuleMaps-watchos/SQLCipher.modulemap -Xcc -fmodule-map-file\=/Users/admin/builder/spi-builder-workspace/.dependencies/checkouts/swift-atomics/Sources/_AtomicsShims/include/module.modulemap -Xcc -D_LIBCPP_HARDENING_MODE\=_LIBCPP_HARDENING_MODE_DEBUG -Xcc -ivfsstatcache -Xcc /Users/admin/builder/spi-builder-workspace/.derivedData/SDKStatCaches.noindex/watchos27.0-24R360-e829b21a6f8c9b70876ba0858053c044b9db9bc9c079ee3c7b5f3373b13d10bc.sdkstatcache -Xcc -fmodules-prune-interval\=86400 -Xcc -fmodules-prune-after\=345600 -Xcc -I/Users/admin/builder/spi-builder-workspace/.dependencies/checkouts/swift-sqlcipher/Sources/SQLCipher/sqlite -Xcc -I/Users/admin/builder/spi-builder-workspace/.dependencies/checkouts/swift-atomics/Sources/_AtomicsShims/include -Xcc -I/Users/admin/builder/spi-builder-workspace/.derivedData/Build/Products/Debug-watchos/include -Xcc -I/Users/admin/builder/spi-builder-workspace/.derivedData/Build/Intermediates.noindex/amethyst-vein.build/Debug-watchos/Vein-t.build/DerivedSources-normal/arm64_32 -Xcc -I/Users/admin/builder/spi-builder-workspace/.derivedData/Build/Intermediates.noindex/amethyst-vein.build/Debug-watchos/Vein-t.build/DerivedSources/arm64_32 -Xcc -I/Users/admin/builder/spi-builder-workspace/.derivedData/Build/Intermediates.noindex/amethyst-vein.build/Debug-watchos/Vein-t.build/DerivedSources -Xcc -DSWIFT_PACKAGE -Xcc -DDEBUG\=1 -no-auto-bridging-header-chaining -module-name Vein -package-name spi_builder_workspace -const-gather-protocols-file /Users/admin/builder/spi-builder-workspace/.derivedData/Build/Intermediates.noindex/amethyst-vein.build/Debug-watchos/Vein-t.build/Objects-normal/arm64_32/Vein_const_extract_protocols.json -disable-clang-spi -clang-target arm64_32-apple-watchos27.0 -target-sdk-version 27.0 -target-sdk-name watchos27.0 -in-process-plugin-server-path /Applications/Xcode-27.0.0.app/Contents/Developer/Toolchains/XcodeDefault.xctoolchain/usr/lib/swift/host/libSwiftInProcPluginServer.dylib -parse-as-library -o /Users/admin/builder/spi-builder-workspace/.derivedData/Build/Intermediates.noindex/amethyst-vein.build/Debug-watchos/Vein-t.build/Objects-normal/arm64_32/FieldExtension.o -o /Users/admin/builder/spi-builder-workspace/.derivedData/Build/Intermediates.noindex/amethyst-vein.build/Debug-watchos/Vein-t.build/Objects-normal/arm64_32/ResultToMOCError.o -o /Users/admin/builder/spi-builder-workspace/.derivedData/Build/Intermediates.noindex/amethyst-vein.build/Debug-watchos/Vein-t.build/Objects-normal/arm64_32/DTOs.o -o /Users/admin/builder/spi-builder-workspace/.derivedData/Build/Intermediates.noindex/amethyst-vein.build/Debug-watchos/Vein-t.build/Objects-normal/arm64_32/FetchTypes.o -o /Users/admin/builder/spi-builder-workspace/.derivedData/Build/Intermediates.noindex/amethyst-vein.build/Debug-watchos/Vein-t.build/Objects-normal/arm64_32/ManagedObjectContextError.o -debug-module-path /Users/admin/builder/spi-builder-workspace/.derivedData/Build/Intermediates.noindex/amethyst-vein.build/Debug-watchos/Vein-t.build/Objects-normal/arm64_32/Vein.swiftmodule -index-unit-output-path /amethyst-vein.build/Debug-watchos/Vein-t.build/Objects-normal/arm64_32/FieldExtension.o -index-unit-output-path /amethyst-vein.build/Debug-watchos/Vein-t.build/Objects-normal/arm64_32/ResultToMOCError.o -index-unit-output-path /amethyst-vein.build/Debug-watchos/Vein-t.build/Objects-normal/arm64_32/DTOs.o -index-unit-output-path /amethyst-vein.build/Debug-watchos/Vein-t.build/Objects-normal/arm64_32/FetchTypes.o -index-unit-output-path /amethyst-vein.build/Debug-watchos/Vein-t.build/Objects-normal/arm64_32/ManagedObjectContextError.o -index-store-path /Users/admin/builder/spi-builder-workspace/.derivedData/Index.noindex/DataStore -index-system-modules
SwiftCompile normal arm64_32 /Users/admin/builder/spi-builder-workspace/Sources/Vein/ModelContext/Utils/FieldExtension.swift (in target 'Vein' from project 'amethyst-vein')
    cd /Users/admin/builder/spi-builder-workspace/.swiftpm/xcode
    builtin-SwiftPerFileCompile FieldExtension.swift
SwiftCompile normal arm64_32 /Users/admin/builder/spi-builder-workspace/Sources/Vein/ModelContext/Utils/ResultToMOCError.swift (in target 'Vein' from project 'amethyst-vein')
    cd /Users/admin/builder/spi-builder-workspace/.swiftpm/xcode
    builtin-SwiftPerFileCompile ResultToMOCError.swift
SwiftCompile normal arm64_32 /Users/admin/builder/spi-builder-workspace/Sources/Vein/ModelContext/Values/DTOs.swift (in target 'Vein' from project 'amethyst-vein')
    cd /Users/admin/builder/spi-builder-workspace/.swiftpm/xcode
    builtin-SwiftPerFileCompile DTOs.swift
SwiftCompile normal arm64_32 /Users/admin/builder/spi-builder-workspace/Sources/Vein/ModelContext/Values/FetchTypes.swift (in target 'Vein' from project 'amethyst-vein')
    cd /Users/admin/builder/spi-builder-workspace/.swiftpm/xcode
    builtin-SwiftPerFileCompile FetchTypes.swift
SwiftCompile normal arm64_32 /Users/admin/builder/spi-builder-workspace/Sources/Vein/ModelContext/Values/ManagedObjectContextError.swift (in target 'Vein' from project 'amethyst-vein')
    cd /Users/admin/builder/spi-builder-workspace/.swiftpm/xcode
    builtin-SwiftPerFileCompile ManagedObjectContextError.swift
SwiftCompile normal arm64_32 Compiling\ ManagedObjectContext+Persist.swift,\ ManagedObjectContext+Relationship.swift,\ ManagedObjectContext+SingleInstance.swift,\ ManagedObjectContext+Surface.swift,\ ManagedObjectContext+Transaction.swift /Users/admin/builder/spi-builder-workspace/Sources/Vein/ModelContext/ManagedObjectContext/ManagedObjectContext+Persist.swift /Users/admin/builder/spi-builder-workspace/Sources/Vein/ModelContext/ManagedObjectContext/ManagedObjectContext+Relationship.swift /Users/admin/builder/spi-builder-workspace/Sources/Vein/ModelContext/ManagedObjectContext/ManagedObjectContext+SingleInstance.swift /Users/admin/builder/spi-builder-workspace/Sources/Vein/ModelContext/ManagedObjectContext/ManagedObjectContext+Surface.swift /Users/admin/builder/spi-builder-workspace/Sources/Vein/ModelContext/ManagedObjectContext/ManagedObjectContext+Transaction.swift (in target 'Vein' from project 'amethyst-vein')
SwiftCompile normal arm64_32 /Users/admin/builder/spi-builder-workspace/Sources/Vein/ModelContext/ManagedObjectContext/ManagedObjectContext+Persist.swift (in target 'Vein' from project 'amethyst-vein')
    cd /Users/admin/builder/spi-builder-workspace/.swiftpm/xcode
    builtin-SwiftPerFileCompile ManagedObjectContext+Persist.swift
SwiftCompile normal arm64_32 /Users/admin/builder/spi-builder-workspace/Sources/Vein/ModelContext/ManagedObjectContext/ManagedObjectContext+Relationship.swift (in target 'Vein' from project 'amethyst-vein')
    cd /Users/admin/builder/spi-builder-workspace/.swiftpm/xcode
    builtin-SwiftPerFileCompile ManagedObjectContext+Relationship.swift
SwiftCompile normal arm64_32 /Users/admin/builder/spi-builder-workspace/Sources/Vein/ModelContext/ManagedObjectContext/ManagedObjectContext+SingleInstance.swift (in target 'Vein' from project 'amethyst-vein')
    cd /Users/admin/builder/spi-builder-workspace/.swiftpm/xcode
    builtin-SwiftPerFileCompile ManagedObjectContext+SingleInstance.swift
SwiftCompile normal arm64_32 /Users/admin/builder/spi-builder-workspace/Sources/Vein/ModelContext/ManagedObjectContext/ManagedObjectContext+Surface.swift (in target 'Vein' from project 'amethyst-vein')
    cd /Users/admin/builder/spi-builder-workspace/.swiftpm/xcode
    builtin-SwiftPerFileCompile ManagedObjectContext+Surface.swift
SwiftCompile normal arm64_32 /Users/admin/builder/spi-builder-workspace/Sources/Vein/ModelContext/ManagedObjectContext/ManagedObjectContext+Transaction.swift (in target 'Vein' from project 'amethyst-vein')
    cd /Users/admin/builder/spi-builder-workspace/.swiftpm/xcode
    builtin-SwiftPerFileCompile ManagedObjectContext+Transaction.swift
SwiftCompile normal arm64_32 Compiling\ LogConfiguration.swift,\ Fields.swift,\ ManyRelationship.swift,\ OneRelationship.swift,\ PrimaryKeyWrapper.swift /Users/admin/builder/spi-builder-workspace/Sources/Vein/Logging/LogConfiguration.swift /Users/admin/builder/spi-builder-workspace/Sources/Vein/Model/PropertyWrappers/Fields.swift /Users/admin/builder/spi-builder-workspace/Sources/Vein/Model/PropertyWrappers/ManyRelationship.swift /Users/admin/builder/spi-builder-workspace/Sources/Vein/Model/PropertyWrappers/OneRelationship.swift /Users/admin/builder/spi-builder-workspace/Sources/Vein/Model/PropertyWrappers/PrimaryKeyWrapper.swift (in target 'Vein' from project 'amethyst-vein')
SwiftCompile normal arm64_32 /Users/admin/builder/spi-builder-workspace/Sources/Vein/Logging/LogConfiguration.swift (in target 'Vein' from project 'amethyst-vein')
    cd /Users/admin/builder/spi-builder-workspace/.swiftpm/xcode
    builtin-SwiftPerFileCompile LogConfiguration.swift
SwiftCompile normal arm64_32 /Users/admin/builder/spi-builder-workspace/Sources/Vein/Model/PropertyWrappers/Fields.swift (in target 'Vein' from project 'amethyst-vein')
    cd /Users/admin/builder/spi-builder-workspace/.swiftpm/xcode
    builtin-SwiftPerFileCompile Fields.swift
SwiftCompile normal arm64_32 /Users/admin/builder/spi-builder-workspace/Sources/Vein/Model/PropertyWrappers/ManyRelationship.swift (in target 'Vein' from project 'amethyst-vein')
    cd /Users/admin/builder/spi-builder-workspace/.swiftpm/xcode
    builtin-SwiftPerFileCompile ManyRelationship.swift
SwiftCompile normal arm64_32 /Users/admin/builder/spi-builder-workspace/Sources/Vein/Model/PropertyWrappers/OneRelationship.swift (in target 'Vein' from project 'amethyst-vein')
    cd /Users/admin/builder/spi-builder-workspace/.swiftpm/xcode
    builtin-SwiftPerFileCompile OneRelationship.swift
SwiftCompile normal arm64_32 /Users/admin/builder/spi-builder-workspace/Sources/Vein/Model/PropertyWrappers/PrimaryKeyWrapper.swift (in target 'Vein' from project 'amethyst-vein')
    cd /Users/admin/builder/spi-builder-workspace/.swiftpm/xcode
    builtin-SwiftPerFileCompile PrimaryKeyWrapper.swift
SwiftEmitModule normal arm64 Emitting\ module\ for\ Vein (in target 'Vein' from project 'amethyst-vein')
SwiftCompile normal arm64 (in target 'Vein' from project 'amethyst-vein')
    cd /Users/admin/builder/spi-builder-workspace/.swiftpm/xcode

SwiftCompile normal arm64 Compiling\ LogConfiguration.swift,\ Fields.swift,\ ManyRelationship.swift,\ OneRelationship.swift,\ PrimaryKeyWrapper.swift /Users/admin/builder/spi-builder-workspace/Sources/Vein/Logging/LogConfiguration.swift /Users/admin/builder/spi-builder-workspace/Sources/Vein/Model/PropertyWrappers/Fields.swift /Users/admin/builder/spi-builder-workspace/Sources/Vein/Model/PropertyWrappers/ManyRelationship.swift /Users/admin/builder/spi-builder-workspace/Sources/Vein/Model/PropertyWrappers/OneRelationship.swift /Users/admin/builder/spi-builder-workspace/Sources/Vein/Model/PropertyWrappers/PrimaryKeyWrapper.swift (in target 'Vein' from project 'amethyst-vein')
SwiftCompile normal arm64 /Users/admin/builder/spi-builder-workspace/Sources/Vein/Logging/LogConfiguration.swift (in target 'Vein' from project 'amethyst-vein')
    cd /Users/admin/builder/spi-builder-workspace/.swiftpm/xcode
    builtin-SwiftPerFileCompile LogConfiguration.swift
SwiftCompile normal arm64 /Users/admin/builder/spi-builder-workspace/Sources/Vein/Model/PropertyWrappers/Fields.swift (in target 'Vein' from project 'amethyst-vein')
    cd /Users/admin/builder/spi-builder-workspace/.swiftpm/xcode
    builtin-SwiftPerFileCompile Fields.swift
SwiftCompile normal arm64 /Users/admin/builder/spi-builder-workspace/Sources/Vein/Model/PropertyWrappers/ManyRelationship.swift (in target 'Vein' from project 'amethyst-vein')
    cd /Users/admin/builder/spi-builder-workspace/.swiftpm/xcode
    builtin-SwiftPerFileCompile ManyRelationship.swift
SwiftCompile normal arm64 /Users/admin/builder/spi-builder-workspace/Sources/Vein/Model/PropertyWrappers/OneRelationship.swift (in target 'Vein' from project 'amethyst-vein')
    cd /Users/admin/builder/spi-builder-workspace/.swiftpm/xcode
    builtin-SwiftPerFileCompile OneRelationship.swift
SwiftCompile normal arm64 /Users/admin/builder/spi-builder-workspace/Sources/Vein/Model/PropertyWrappers/PrimaryKeyWrapper.swift (in target 'Vein' from project 'amethyst-vein')
    cd /Users/admin/builder/spi-builder-workspace/.swiftpm/xcode
    builtin-SwiftPerFileCompile PrimaryKeyWrapper.swift
SwiftCompile normal arm64 Compiling\ ManagedObjectContext+UI.swift,\ ManagedObjectContext.swift,\ ModelContainer.swift,\ Mutex.swift,\ AnyQueryObserver.swift /Users/admin/builder/spi-builder-workspace/Sources/Vein/ModelContext/ManagedObjectContext/ManagedObjectContext+UI.swift /Users/admin/builder/spi-builder-workspace/Sources/Vein/ModelContext/ManagedObjectContext/ManagedObjectContext.swift /Users/admin/builder/spi-builder-workspace/Sources/Vein/ModelContext/ModelContainer.swift /Users/admin/builder/spi-builder-workspace/Sources/Vein/ModelContext/Mutex.swift /Users/admin/builder/spi-builder-workspace/Sources/Vein/ModelContext/Protocols/AnyQueryObserver.swift (in target 'Vein' from project 'amethyst-vein')
SwiftCompile normal arm64 /Users/admin/builder/spi-builder-workspace/Sources/Vein/ModelContext/ManagedObjectContext/ManagedObjectContext+UI.swift (in target 'Vein' from project 'amethyst-vein')
    cd /Users/admin/builder/spi-builder-workspace/.swiftpm/xcode
    builtin-SwiftPerFileCompile ManagedObjectContext+UI.swift
SwiftCompile normal arm64 /Users/admin/builder/spi-builder-workspace/Sources/Vein/ModelContext/ManagedObjectContext/ManagedObjectContext.swift (in target 'Vein' from project 'amethyst-vein')
    cd /Users/admin/builder/spi-builder-workspace/.swiftpm/xcode
    builtin-SwiftPerFileCompile ManagedObjectContext.swift
SwiftCompile normal arm64 /Users/admin/builder/spi-builder-workspace/Sources/Vein/ModelContext/ModelContainer.swift (in target 'Vein' from project 'amethyst-vein')
    cd /Users/admin/builder/spi-builder-workspace/.swiftpm/xcode
    builtin-SwiftPerFileCompile ModelContainer.swift
SwiftCompile normal arm64 /Users/admin/builder/spi-builder-workspace/Sources/Vein/ModelContext/Mutex.swift (in target 'Vein' from project 'amethyst-vein')
    cd /Users/admin/builder/spi-builder-workspace/.swiftpm/xcode
    builtin-SwiftPerFileCompile Mutex.swift
SwiftCompile normal arm64 /Users/admin/builder/spi-builder-workspace/Sources/Vein/ModelContext/Protocols/AnyQueryObserver.swift (in target 'Vein' from project 'amethyst-vein')
    cd /Users/admin/builder/spi-builder-workspace/.swiftpm/xcode
    builtin-SwiftPerFileCompile AnyQueryObserver.swift
SwiftExplicitDependencyGeneratePcm x86_64 /Users/admin/builder/spi-builder-workspace/.derivedData/SDKExplicitPrecompiledModules/_Builtin_stddef-F0F2KXCVQCI39JM03GIQYP4WQ.pcm
PruneExplicitPrecompiledModules /Users/admin/builder/spi-builder-workspace/.derivedData/Build/Intermediates.noindex/ExplicitPrecompiledModules
PruneExplicitPrecompiledModules /Users/admin/builder/spi-builder-workspace/.derivedData/Build/Intermediates.noindex/SwiftExplicitPrecompiledModules
PruneExplicitPrecompiledModules /Users/admin/builder/spi-builder-workspace/.derivedData/SDKExplicitPrecompiledModules
2026-10-23 16:28:24.482 xcodebuild[1964:10130] [MT] IDERunDestination: Supported platforms for the buildables in the current scheme is empty.
** BUILD FAILED **
The following build commands failed:
	SwiftCompile normal arm64_32 Compiling\ FieldExtension.swift,\ ResultToMOCError.swift,\ DTOs.swift,\ FetchTypes.swift,\ ManagedObjectContextError.swift /Users/admin/builder/spi-builder-workspace/Sources/Vein/ModelContext/Utils/FieldExtension.swift /Users/admin/builder/spi-builder-workspace/Sources/Vein/ModelContext/Utils/ResultToMOCError.swift /Users/admin/builder/spi-builder-workspace/Sources/Vein/ModelContext/Values/DTOs.swift /Users/admin/builder/spi-builder-workspace/Sources/Vein/ModelContext/Values/FetchTypes.swift /Users/admin/builder/spi-builder-workspace/Sources/Vein/ModelContext/Values/ManagedObjectContextError.swift (in target 'Vein' from project 'amethyst-vein')
	SwiftCompile normal arm64_32 /Users/admin/builder/spi-builder-workspace/Sources/Vein/ModelContext/Values/FetchTypes.swift (in target 'Vein' from project 'amethyst-vein')
	Building workspace amethyst-vein with scheme amethyst-vein-Package
(3 failures)
Command line invocation:
    /Applications/Xcode-27.0.0.app/Contents/Developer/usr/bin/xcodebuild -IDEClonedSourcePackagesDirPathOverride=/Users/admin/builder/spi-builder-workspace/.dependencies -resolvePackageDependencies
Resolve Package Graph
Resolved source packages:
  swift-http-structured-headers: https://github.com/apple/swift-http-structured-headers.git @ 1.7.0
  swift-nio-extras: https://github.com/apple/swift-nio-extras.git @ 1.35.1
  swift-syntax: https://github.com/swiftlang/swift-syntax.git @ 604.0.0
  swift-numerics: https://github.com/apple/swift-numerics.git @ 1.1.1
  swift-service-lifecycle: https://github.com/swift-server/swift-service-lifecycle.git @ 2.13.0
  swift-http-types: https://github.com/apple/swift-http-types.git @ 1.8.0
  swift-algorithms: https://github.com/apple/swift-algorithms.git @ 1.2.1
  swift-asn1: https://github.com/apple/swift-asn1.git @ 1.7.3
  CryptoSwift: https://github.com/krzyzanowskim/CryptoSwift.git @ 1.10.0
  KeyringAccess: https://github.com/amethystsoft/KeyringAccess.git @ 1.0.0
  SymbolKit: https://github.com/swiftlang/swift-docc-symbolkit @ 1.0.0
  swift-certificates: https://github.com/apple/swift-certificates.git @ 1.21.0
  SwiftCheck: https://github.com/typelift/SwiftCheck.git @ 0.12.0
  Chalk: https://github.com/mxcl/Chalk.git @ 0.5.0
  swift-crypto: https://github.com/apple/swift-crypto.git @ 4.5.2
  swift-nio-ssl: https://github.com/apple/swift-nio-ssl.git @ 2.37.5
  swift-collections: https://github.com/apple/swift-collections.git @ 1.7.4
  KeychainAccess: https://github.com/kishikawakatsumi/keychainaccess.git @ 4.2.2
  swift-log: https://github.com/apple/swift-log.git @ 1.16.2
  amethyst-vein: /Users/admin/builder/spi-builder-workspace
  swift-nio-http2: https://github.com/apple/swift-nio-http2.git @ 1.46.0
  SwiftDocCPlugin: https://github.com/swiftlang/swift-docc-plugin.git @ 1.5.0
  swift-sqlcipher: https://github.com/skiptools/swift-sqlcipher.git @ 1.13.0
  swift-argument-parser: https://github.com/apple/swift-argument-parser @ 1.8.2
  FileCheck: https://github.com/llvm-swift/FileCheck.git @ 0.2.6
  swift-async-algorithms: https://github.com/apple/swift-async-algorithms.git @ 1.1.7
  swift-nio: https://github.com/apple/swift-nio.git @ 2.104.0
  swift-atomics: https://github.com/apple/swift-atomics.git @ 1.3.1
  swift-system: https://github.com/apple/swift-system.git @ 1.8.1
  DBUS: https://github.com/wendylabsinc/dbus.git @ 0.4.1
resolved source packages: swift-http-structured-headers, swift-nio-extras, swift-syntax, swift-numerics, swift-service-lifecycle, swift-http-types, swift-algorithms, swift-asn1, CryptoSwift, KeyringAccess, SymbolKit, swift-certificates, SwiftCheck, Chalk, swift-crypto, swift-nio-ssl, swift-collections, KeychainAccess, swift-log, amethyst-vein, swift-nio-http2, SwiftDocCPlugin, swift-sqlcipher, swift-argument-parser, FileCheck, swift-async-algorithms, swift-nio, swift-atomics, swift-system, DBUS
2026-10-23 16:29:05.057 xcodebuild[3775:16112] [MT] IDERunDestination: Supported platforms for the buildables in the current scheme is empty.
{
  "dependencies" : [
    {
      "identity" : "swift-sqlcipher",
      "requirement" : {
        "range" : [
          {
            "lower_bound" : "1.11.0",
            "upper_bound" : "2.0.0"
          }
        ]
      },
      "type" : "sourceControl",
      "url" : "https://github.com/skiptools/swift-sqlcipher.git"
    },
    {
      "identity" : "swift-syntax",
      "requirement" : {
        "range" : [
          {
            "lower_bound" : "600.0.0",
            "upper_bound" : "610.0.0"
          }
        ]
      },
      "type" : "sourceControl",
      "url" : "https://github.com/swiftlang/swift-syntax.git"
    },
    {
      "identity" : "swift-log",
      "requirement" : {
        "range" : [
          {
            "lower_bound" : "1.9.1",
            "upper_bound" : "2.0.0"
          }
        ]
      },
      "type" : "sourceControl",
      "url" : "https://github.com/apple/swift-log.git"
    },
    {
      "identity" : "keychainaccess",
      "requirement" : {
        "range" : [
          {
            "lower_bound" : "4.2.2",
            "upper_bound" : "5.0.0"
          }
        ]
      },
      "type" : "sourceControl",
      "url" : "https://github.com/kishikawakatsumi/keychainaccess.git"
    },
    {
      "identity" : "keyringaccess",
      "requirement" : {
        "range" : [
          {
            "lower_bound" : "1.0.0",
            "upper_bound" : "2.0.0"
          }
        ]
      },
      "type" : "sourceControl",
      "url" : "https://github.com/amethystsoft/KeyringAccess.git"
    },
    {
      "identity" : "swift-atomics",
      "requirement" : {
        "range" : [
          {
            "lower_bound" : "1.3.1",
            "upper_bound" : "2.0.0"
          }
        ]
      },
      "type" : "sourceControl",
      "url" : "https://github.com/apple/swift-atomics.git"
    },
    {
      "identity" : "swift-docc-plugin",
      "requirement" : {
        "range" : [
          {
            "lower_bound" : "1.1.0",
            "upper_bound" : "2.0.0"
          }
        ]
      },
      "type" : "sourceControl",
      "url" : "https://github.com/swiftlang/swift-docc-plugin.git"
    },
    {
      "identity" : "swiftcheck",
      "requirement" : {
        "range" : [
          {
            "lower_bound" : "0.12.0",
            "upper_bound" : "0.13.0"
          }
        ]
      },
      "type" : "sourceControl",
      "url" : "https://github.com/typelift/SwiftCheck.git"
    },
    {
      "identity" : "swift-cross-ui",
      "requirement" : {
        "range" : [
          {
            "lower_bound" : "0.8.0",
            "upper_bound" : "0.11.0"
          }
        ]
      },
      "type" : "sourceControl",
      "url" : "https://github.com/moreSwift/swift-cross-ui.git"
    },
    {
      "identity" : "vein-filter",
      "requirement" : {
        "range" : [
          {
            "lower_bound" : "1.0.0",
            "upper_bound" : "2.0.0"
          }
        ]
      },
      "type" : "sourceControl",
      "url" : "https://github.com/amethystsoft/vein-filter.git"
    }
  ],
  "manifest_display_name" : "amethyst-vein",
  "name" : "amethyst-vein",
  "path" : "/Users/admin/builder/spi-builder-workspace",
  "platforms" : [
    {
      "name" : "macos",
      "version" : "13.0"
    },
    {
      "name" : "ios",
      "version" : "16.0"
    },
    {
      "name" : "tvos",
      "version" : "16.0"
    },
    {
      "name" : "maccatalyst",
      "version" : "16.0"
    },
    {
      "name" : "visionos",
      "version" : "1.0"
    }
  ],
  "products" : [
    {
      "name" : "Vein",
      "targets" : [
        "Vein"
      ],
      "type" : {
        "library" : [
          "automatic"
        ]
      }
    },
    {
      "name" : "VeinCore",
      "targets" : [
        "VeinCore"
      ],
      "type" : {
        "library" : [
          "automatic"
        ]
      }
    },
    {
      "name" : "VeinSwiftUI",
      "targets" : [
        "VeinSwiftUI"
      ],
      "type" : {
        "library" : [
          "automatic"
        ]
      }
    },
    {
      "name" : "VeinSCUI",
      "targets" : [
        "VeinSCUI"
      ],
      "type" : {
        "library" : [
          "automatic"
        ]
      }
    },
    {
      "name" : "VeinTesting",
      "targets" : [
        "VeinTesting"
      ],
      "type" : {
        "library" : [
          "automatic"
        ]
      }
    },
    {
      "name" : "ULID",
      "targets" : [
        "ULID"
      ],
      "type" : {
        "library" : [
          "automatic"
        ]
      }
    },
    {
      "name" : "VeinSwiftUIMacros",
      "targets" : [
        "VeinSwiftUIMacros"
      ],
      "type" : {
        "macro" : null
      }
    },
    {
      "name" : "VeinSCUIMacros",
      "targets" : [
        "VeinSCUIMacros"
      ],
      "type" : {
        "macro" : null
      }
    },
    {
      "name" : "VeinCoreMacros",
      "targets" : [
        "VeinCoreMacros"
      ],
      "type" : {
        "macro" : null
      }
    }
  ],
  "targets" : [
    {
      "c99name" : "VeinTests",
      "module_type" : "SwiftTarget",
      "name" : "VeinTests",
      "path" : "Tests/VeinTests",
      "product_dependencies" : [
        "Logging",
        "SQLiteDB",
        "SwiftSyntaxMacrosTestSupport",
        "SwiftSyntaxMacros",
        "SwiftSyntaxMacroExpansion",
        "SwiftCheck"
      ],
      "sources" : [
        "Bugs/BugTests.swift",
        "Bugs/LazyJSONB.swift",
        "Context/FetchCount.swift",
        "Context/IdentityMapClearing.swift",
        "Context/ManagedObjectContextTests.swift",
        "Context/ModelUsageConstraints.swift",
        "Context/TestWriteCache.swift",
        "Encryption/EncryptionTest.swift",
        "Fields/FieldBehaviorTests.swift",
        "Fields/LazyFieldTests.swift",
        "Filter/FilterOnDBTest.swift",
        "Filter/ModelLevelFilter.swift",
        "Filter/ModelLevelFilterPersistableValue.swift",
        "GlobalSetup.swift",
        "Helpers/DiskUsingTest.swift",
        "Integrity/Helpers.swift",
        "Integrity/RelationshipIntegrityChecks+ManyToMany.swift",
        "Integrity/RelationshipIntegrityChecks+OneToMany.swift",
        "Integrity/RelationshipIntegrityChecks+OneToOne.swift",
        "Integrity/RelationshipIntegrityChecks+Shared.swift",
        "Macros/MacrosTests.swift",
        "Migrations/ComplexMigrationTests.swift",
        "Migrations/DetermineMigrationStage/NoMigrationForOutdatedModelVersion.swift",
        "Migrations/DetermineMigrationStage/NoSchemaMatchingVersion.swift",
        "Migrations/FieldsAdded.swift",
        "Migrations/ModelsUnhandledAfterMigration.swift",
        "Migrations/TestMigrationStoppingAtPassedVersion.swift",
        "Migrations/Unchanged+Delete.swift",
        "Migrations/VersionedSchemaIsNotPartOfSchemaMigrationPlan.swift",
        "ModelContainer/ModelContainerTests.swift",
        "Persistable/Codable.swift",
        "Persistable/RawRepresentable.swift",
        "Predicate/ModelLevelPredicate.swift",
        "Predicate/ModelLevelPredicatePersistableValue.swift",
        "Predicate/PredicateOnDBTest.swift",
        "ProcessInfo.swift",
        "QueryAPICoverage.swift",
        "ReferenceCountedObserversTest.swift",
        "Relationships/RelationshipManyManyTest.swift",
        "Relationships/RelationshipMigrationTest.swift",
        "Relationships/RelationshipSelfReferentialTree.swift",
        "Relationships/RelationshipToNoneTests.swift",
        "Relationships/RelationshipUpdateTest.swift",
        "Relationships/RelationshiptDeleteRuleTest.swift",
        "SortRule/SortRuleConversionTest.swift",
        "SortRule/SortRuleOnDBTest.swift",
        "SortRule/SortRuleSortingTests.swift",
        "SortRule/SortedFetch.swift",
        "SwiftCheck/ManyToManyGeneratedOperations.swift",
        "SwiftCheck/OneToManyGeneratedOperations.swift",
        "SwiftCheck/OneToOneGeneratedOperations.swift",
        "SwiftCheck/SwiftCheck.swift",
        "SwiftCheck/SwiftCheckConfiguration.swift",
        "SwiftCheck/SwiftCheckOperations.swift",
        "SwiftCheck/TestLimitOffset.swift",
        "VeinSCUI/SCUIQueryObserverChain.swift",
        "VeinSwiftUI/SwiftUIQuery.swift",
        "VeinSwiftUI/SwiftUIQueryObserverChain.swift",
        "VeinSwiftUI/SwiftUIWrappers.swift",
        "Windows/CredStoreTests.swift"
      ],
      "target_dependencies" : [
        "Vein",
        "VeinCore",
        "VeinCoreMacros"
      ],
      "type" : "test"
    },
    {
      "c99name" : "VeinTestingTests",
      "module_type" : "SwiftTarget",
      "name" : "VeinTestingTests",
      "path" : "Tests/VeinTestingTests",
      "product_dependencies" : [
        "Logging"
      ],
      "sources" : [
        "MigrationVerification.swift",
        "StepByStep.swift",
        "TestWholeChain.swift"
      ],
      "target_dependencies" : [
        "VeinTesting",
        "Vein",
        "VeinCore",
        "VeinCoreMacros"
      ],
      "type" : "test"
    },
    {
      "c99name" : "VeinTesting",
      "module_type" : "SwiftTarget",
      "name" : "VeinTesting",
      "path" : "Sources/VeinTesting",
      "product_memberships" : [
        "VeinTesting"
      ],
      "sources" : [
        "MigrationTester.swift"
      ],
      "target_dependencies" : [
        "VeinCore"
      ],
      "type" : "library"
    },
    {
      "c99name" : "VeinSwiftUIMacros",
      "module_type" : "SwiftTarget",
      "name" : "VeinSwiftUIMacros",
      "path" : "Sources/VeinSwiftUIMacros",
      "product_dependencies" : [
        "SwiftSyntax",
        "SwiftSyntaxMacros",
        "SwiftCompilerPlugin"
      ],
      "product_memberships" : [
        "VeinSwiftUI",
        "VeinSwiftUIMacros"
      ],
      "sources" : [
        "CompilerPlugin.swift",
        "ModelMacro.swift"
      ],
      "target_dependencies" : [
        "VeinMacrosCore"
      ],
      "type" : "macro"
    },
    {
      "c99name" : "VeinSwiftUI",
      "module_type" : "SwiftTarget",
      "name" : "VeinSwiftUI",
      "path" : "Sources/VeinSwiftUI",
      "product_memberships" : [
        "VeinSwiftUI"
      ],
      "sources" : [
        "Fields.swift",
        "ModelContainer.swift",
        "ModelMacro.swift",
        "Query.swift",
        "RelationshipMacro.swift"
      ],
      "target_dependencies" : [
        "Vein",
        "VeinSwiftUIMacros"
      ],
      "type" : "library"
    },
    {
      "c99name" : "VeinSCUIMacros",
      "module_type" : "SwiftTarget",
      "name" : "VeinSCUIMacros",
      "path" : "Sources/VeinSCUIMacros",
      "product_dependencies" : [
        "SwiftSyntax",
        "SwiftSyntaxMacros",
        "SwiftCompilerPlugin"
      ],
      "product_memberships" : [
        "VeinSCUI",
        "VeinSCUIMacros"
      ],
      "sources" : [
        "CompilerPlugin.swift",
        "ModelMacro.swift"
      ],
      "target_dependencies" : [
        "VeinMacrosCore"
      ],
      "type" : "macro"
    },
    {
      "c99name" : "VeinSCUI",
      "module_type" : "SwiftTarget",
      "name" : "VeinSCUI",
      "path" : "Sources/VeinSCUI",
      "product_memberships" : [
        "VeinSCUI"
      ],
      "sources" : [
        "Fields.swift",
        "ModelContainer.swift",
        "ModelMacro.swift",
        "Query.swift",
        "RelationshipMacro.swift"
      ],
      "target_dependencies" : [
        "Vein",
        "VeinSCUIMacros"
      ],
      "type" : "library"
    },
    {
      "c99name" : "VeinMacrosCore",
      "module_type" : "SwiftTarget",
      "name" : "VeinMacrosCore",
      "path" : "Sources/VeinMacrosCore",
      "product_dependencies" : [
        "SwiftSyntax",
        "SwiftSyntaxMacros",
        "SwiftCompilerPlugin"
      ],
      "product_memberships" : [
        "VeinCore",
        "VeinSwiftUI",
        "VeinSCUI",
        "VeinTesting",
        "VeinSwiftUIMacros",
        "VeinSCUIMacros",
        "VeinCoreMacros"
      ],
      "sources" : [
        "InitializerVisitor.swift",
        "MacroError.swift",
        "ModelMacroBase.swift"
      ],
      "type" : "library"
    },
    {
      "c99name" : "VeinCoreMacros",
      "module_type" : "SwiftTarget",
      "name" : "VeinCoreMacros",
      "path" : "Sources/VeinCoreMacros",
      "product_dependencies" : [
        "SwiftSyntax",
        "SwiftSyntaxMacros",
        "SwiftCompilerPlugin"
      ],
      "product_memberships" : [
        "VeinCore",
        "VeinTesting",
        "VeinCoreMacros"
      ],
      "sources" : [
        "CompilerPlugin.swift",
        "ModelMacro.swift"
      ],
      "target_dependencies" : [
        "VeinMacrosCore"
      ],
      "type" : "macro"
    },
    {
      "c99name" : "VeinCore",
      "module_type" : "SwiftTarget",
      "name" : "VeinCore",
      "path" : "Sources/VeinCore",
      "product_memberships" : [
        "VeinCore",
        "VeinTesting"
      ],
      "sources" : [
        "ModelContainer.swift",
        "ModelMacro.swift",
        "RelationshipMacro.swift"
      ],
      "target_dependencies" : [
        "Vein",
        "VeinCoreMacros"
      ],
      "type" : "library"
    },
    {
      "c99name" : "Vein",
      "module_type" : "SwiftTarget",
      "name" : "Vein",
      "path" : "Sources/Vein",
      "product_dependencies" : [
        "SQLiteDB",
        "Logging",
        "KeychainAccess",
        "KeyringAccess",
        "Atomics"
      ],
      "product_memberships" : [
        "Vein",
        "VeinCore",
        "VeinSwiftUI",
        "VeinSCUI",
        "VeinTesting"
      ],
      "sources" : [
        "Logging/LogConfiguration.swift",
        "Model/PropertyWrappers/Fields.swift",
        "Model/PropertyWrappers/ManyRelationship.swift",
        "Model/PropertyWrappers/OneRelationship.swift",
        "Model/PropertyWrappers/PrimaryKeyWrapper.swift",
        "Model/PropertyWrappers/VeinNotificationGuard.swift",
        "Model/Protocols/FieldBase.swift",
        "Model/Protocols/Persistable.swift",
        "Model/Protocols/PersistedField.swift",
        "Model/Protocols/PersistedRelationship.swift",
        "Model/Protocols/PersistentModel.swift",
        "Model/Values/MigrationStage.swift",
        "Model/Values/ModelVersion.swift",
        "Model/Values/ReferenceCountedObservers.swift",
        "Model/Values/SQLiteTypeName.swift",
        "ModelContext/KeyProviders/IntegratedKeyProvider.swift",
        "ModelContext/KeyProviders/KeyProviderProtocol.swift",
        "ModelContext/ManagedObjectContext/ManagedObjectContext+Check-Integrity.swift",
        "ModelContext/ManagedObjectContext/ManagedObjectContext+Fetch.swift",
        "ModelContext/ManagedObjectContext/ManagedObjectContext+Migration.swift",
        "ModelContext/ManagedObjectContext/ManagedObjectContext+Persist.swift",
        "ModelContext/ManagedObjectContext/ManagedObjectContext+Relationship.swift",
        "ModelContext/ManagedObjectContext/ManagedObjectContext+SingleInstance.swift",
        "ModelContext/ManagedObjectContext/ManagedObjectContext+Surface.swift",
        "ModelContext/ManagedObjectContext/ManagedObjectContext+Transaction.swift",
        "ModelContext/ManagedObjectContext/ManagedObjectContext+UI.swift",
        "ModelContext/ManagedObjectContext/ManagedObjectContext.swift",
        "ModelContext/ModelContainer.swift",
        "ModelContext/Mutex.swift",
        "ModelContext/Protocols/AnyQueryObserver.swift",
        "ModelContext/Utils/FieldExtension.swift",
        "ModelContext/Utils/ResultToMOCError.swift",
        "ModelContext/Values/DTOs.swift",
        "ModelContext/Values/FetchTypes.swift",
        "ModelContext/Values/ManagedObjectContextError.swift",
        "ModelContext/Values/ModelConfiguration.swift",
        "ModelContext/Values/ModelPredicate.swift",
        "ModelContext/Values/PrimitiveState.swift",
        "ModelContext/Values/RelationshipIntegrityReport.swift",
        "ModelContext/Values/TableBuilder.swift",
        "ModelContext/Values/UnderlayingFieldType.swift",
        "ModelContext/WindowsCredential.swift",
        "ObservationNotificationConfigurable.swift",
        "Utils/Extension/Array.swift",
        "Utils/Extension/Optional.swift",
        "Utils/Filter.swift",
        "Utils/Predicate.swift",
        "Utils/SortRule.swift"
      ],
      "target_dependencies" : [
        "ULID"
      ],
      "type" : "library"
    },
    {
      "c99name" : "ULIDTests",
      "module_type" : "SwiftTarget",
      "name" : "ULIDTests",
      "path" : "Tests/ULIDTests",
      "sources" : [
        "Data+Base32Tests.swift",
        "ULIDTesting.swift"
      ],
      "target_dependencies" : [
        "ULID"
      ],
      "type" : "test"
    },
    {
      "c99name" : "ULID",
      "module_type" : "SwiftTarget",
      "name" : "ULID",
      "path" : "Sources/ULID",
      "product_memberships" : [
        "Vein",
        "VeinCore",
        "VeinSwiftUI",
        "VeinSCUI",
        "VeinTesting",
        "ULID"
      ],
      "sources" : [
        "Data+Base32.swift",
        "ULID.swift"
      ],
      "type" : "library"
    },
    {
      "c99name" : "MultithreadedTests",
      "module_type" : "SwiftTarget",
      "name" : "MultithreadedTests",
      "path" : "Tests/MultithreadedTests",
      "sources" : [
        "MultithreadedStressTests.swift",
        "MultithreadedTest.swift"
      ],
      "target_dependencies" : [
        "Vein",
        "VeinCore",
        "VeinCoreMacros"
      ],
      "type" : "test"
    }
  ],
  "tools_version" : "6.2"
}
{
  "workspace" : {
    "name" : "amethyst-vein",
    "schemes" : [
      "amethyst-vein-Package",
      "ULID",
      "Vein",
      "VeinCore",
      "VeinSCUI",
      "VeinSwiftUI",
      "VeinTesting"
    ]
  }
}
2026-10-23 16:29:15.993 xcodebuild[3843:16574] [MT] IDERunDestination: Supported platforms for the buildables in the current scheme is empty.
Running build ...
env DEVELOPER_DIR=/Applications/Xcode-27.0.0.app xcrun xcodebuild -IDEClonedSourcePackagesDirPathOverride=$PWD/.dependencies -skipMacroValidation -skipPackagePluginValidation -derivedDataPath $PWD/.derivedData build -scheme amethyst-vein-Package -destination generic/platform=watchOS
Command line invocation:
    /Applications/Xcode-27.0.0.app/Contents/Developer/usr/bin/xcodebuild -IDEClonedSourcePackagesDirPathOverride=/Users/admin/builder/spi-builder-workspace/.dependencies -skipMacroValidation -skipPackagePluginValidation -derivedDataPath /Users/admin/builder/spi-builder-workspace/.derivedData build -scheme amethyst-vein-Package -destination generic/platform=watchOS
Resolve Package Graph
Resolved source packages:
  swift-http-types: https://github.com/apple/swift-http-types.git @ 1.8.0
  swift-crypto: https://github.com/apple/swift-crypto.git @ 4.5.2
  swift-nio-http2: https://github.com/apple/swift-nio-http2.git @ 1.46.0
  KeyringAccess: https://github.com/amethystsoft/KeyringAccess.git @ 1.0.0
  swift-sqlcipher: https://github.com/skiptools/swift-sqlcipher.git @ 1.13.0
  CryptoSwift: https://github.com/krzyzanowskim/CryptoSwift.git @ 1.10.0
  DBUS: https://github.com/wendylabsinc/dbus.git @ 0.4.1
  swift-collections: https://github.com/apple/swift-collections.git @ 1.7.4
  swift-asn1: https://github.com/apple/swift-asn1.git @ 1.7.3
  swift-http-structured-headers: https://github.com/apple/swift-http-structured-headers.git @ 1.7.0
  Chalk: https://github.com/mxcl/Chalk.git @ 0.5.0
  swift-nio: https://github.com/apple/swift-nio.git @ 2.104.0
  swift-nio-extras: https://github.com/apple/swift-nio-extras.git @ 1.35.1
  swift-algorithms: https://github.com/apple/swift-algorithms.git @ 1.2.1
  swift-certificates: https://github.com/apple/swift-certificates.git @ 1.21.0
  SwiftCheck: https://github.com/typelift/SwiftCheck.git @ 0.12.0
  swift-atomics: https://github.com/apple/swift-atomics.git @ 1.3.1
  KeychainAccess: https://github.com/kishikawakatsumi/keychainaccess.git @ 4.2.2
  swift-log: https://github.com/apple/swift-log.git @ 1.16.2
  SwiftDocCPlugin: https://github.com/swiftlang/swift-docc-plugin.git @ 1.5.0
  swift-async-algorithms: https://github.com/apple/swift-async-algorithms.git @ 1.1.7
  swift-system: https://github.com/apple/swift-system.git @ 1.8.1
  swift-syntax: https://github.com/swiftlang/swift-syntax.git @ 604.0.0
  swift-numerics: https://github.com/apple/swift-numerics.git @ 1.1.1
  swift-nio-ssl: https://github.com/apple/swift-nio-ssl.git @ 2.37.5
  amethyst-vein: /Users/admin/builder/spi-builder-workspace
  swift-service-lifecycle: https://github.com/swift-server/swift-service-lifecycle.git @ 2.13.0
  swift-argument-parser: https://github.com/apple/swift-argument-parser @ 1.8.2
  FileCheck: https://github.com/llvm-swift/FileCheck.git @ 0.2.6
  SymbolKit: https://github.com/swiftlang/swift-docc-symbolkit @ 1.0.0
ComputePackagePrebuildTargetDependencyGraph
Prepare packages
CreateBuildRequest
SendProjectDescription
CreateBuildOperation
ComputeTargetDependencyGraph
note: Building targets in dependency order
note: Target dependency graph (50 targets)
    Target 'ULID-product' in project 'amethyst-vein'
        ➜ Explicit dependency on target 'ULID' in project 'amethyst-vein'
    Target 'VeinTesting-product' in project 'amethyst-vein'
        ➜ Explicit dependency on target 'VeinTesting' in project 'amethyst-vein'
        ➜ Explicit dependency on target 'ULID' in project 'amethyst-vein'
        ➜ Explicit dependency on target 'Vein' in project 'amethyst-vein'
        ➜ Explicit dependency on target 'VeinCoreMacros' in project 'amethyst-vein'
        ➜ Explicit dependency on target 'VeinCore' in project 'amethyst-vein'
        ➜ Explicit dependency on target 'SQLiteDB-product' in project 'swift-sqlcipher'
        ➜ Explicit dependency on target 'Logging-product' in project 'swift-log'
        ➜ Explicit dependency on target 'KeychainAccess-product' in project 'KeychainAccess'
        ➜ Explicit dependency on target 'Atomics-product' in project 'swift-atomics'
    Target 'VeinTesting' in project 'amethyst-vein'
        ➜ Explicit dependency on target 'ULID' in project 'amethyst-vein'
        ➜ Explicit dependency on target 'Vein' in project 'amethyst-vein'
        ➜ Explicit dependency on target 'VeinCoreMacros' in project 'amethyst-vein'
        ➜ Explicit dependency on target 'VeinCore' in project 'amethyst-vein'
        ➜ Explicit dependency on target 'SQLiteDB-product' in project 'swift-sqlcipher'
        ➜ Explicit dependency on target 'Logging-product' in project 'swift-log'
        ➜ Explicit dependency on target 'KeychainAccess-product' in project 'KeychainAccess'
        ➜ Explicit dependency on target 'Atomics-product' in project 'swift-atomics'
    Target 'VeinSCUI-product' in project 'amethyst-vein'
        ➜ Explicit dependency on target 'VeinSCUI' in project 'amethyst-vein'
        ➜ Explicit dependency on target 'ULID' in project 'amethyst-vein'
        ➜ Explicit dependency on target 'Vein' in project 'amethyst-vein'
        ➜ Explicit dependency on target 'VeinSCUIMacros' in project 'amethyst-vein'
        ➜ Explicit dependency on target 'SQLiteDB-product' in project 'swift-sqlcipher'
        ➜ Explicit dependency on target 'Logging-product' in project 'swift-log'
        ➜ Explicit dependency on target 'KeychainAccess-product' in project 'KeychainAccess'
        ➜ Explicit dependency on target 'Atomics-product' in project 'swift-atomics'
    Target 'VeinSCUI' in project 'amethyst-vein'
        ➜ Explicit dependency on target 'ULID' in project 'amethyst-vein'
        ➜ Explicit dependency on target 'Vein' in project 'amethyst-vein'
        ➜ Explicit dependency on target 'VeinSCUIMacros' in project 'amethyst-vein'
        ➜ Explicit dependency on target 'SQLiteDB-product' in project 'swift-sqlcipher'
        ➜ Explicit dependency on target 'Logging-product' in project 'swift-log'
        ➜ Explicit dependency on target 'KeychainAccess-product' in project 'KeychainAccess'
        ➜ Explicit dependency on target 'Atomics-product' in project 'swift-atomics'
    Target 'VeinSCUIMacros' in project 'amethyst-vein'
        ➜ Explicit dependency on target 'VeinMacrosCore' in project 'amethyst-vein'
        ➜ Explicit dependency on target 'SwiftSyntax-product' in project 'swift-syntax'
        ➜ Explicit dependency on target 'SwiftSyntaxMacros-product' in project 'swift-syntax'
        ➜ Explicit dependency on target 'SwiftCompilerPlugin-product' in project 'swift-syntax'
    Target 'VeinSwiftUI-product' in project 'amethyst-vein'
        ➜ Explicit dependency on target 'VeinSwiftUI' in project 'amethyst-vein'
        ➜ Explicit dependency on target 'ULID' in project 'amethyst-vein'
        ➜ Explicit dependency on target 'Vein' in project 'amethyst-vein'
        ➜ Explicit dependency on target 'VeinSwiftUIMacros' in project 'amethyst-vein'
        ➜ Explicit dependency on target 'SQLiteDB-product' in project 'swift-sqlcipher'
        ➜ Explicit dependency on target 'Logging-product' in project 'swift-log'
        ➜ Explicit dependency on target 'KeychainAccess-product' in project 'KeychainAccess'
        ➜ Explicit dependency on target 'Atomics-product' in project 'swift-atomics'
    Target 'VeinSwiftUI' in project 'amethyst-vein'
        ➜ Explicit dependency on target 'ULID' in project 'amethyst-vein'
        ➜ Explicit dependency on target 'Vein' in project 'amethyst-vein'
        ➜ Explicit dependency on target 'VeinSwiftUIMacros' in project 'amethyst-vein'
        ➜ Explicit dependency on target 'SQLiteDB-product' in project 'swift-sqlcipher'
        ➜ Explicit dependency on target 'Logging-product' in project 'swift-log'
        ➜ Explicit dependency on target 'KeychainAccess-product' in project 'KeychainAccess'
        ➜ Explicit dependency on target 'Atomics-product' in project 'swift-atomics'
    Target 'VeinSwiftUIMacros' in project 'amethyst-vein'
        ➜ Explicit dependency on target 'VeinMacrosCore' in project 'amethyst-vein'
        ➜ Explicit dependency on target 'SwiftSyntax-product' in project 'swift-syntax'
        ➜ Explicit dependency on target 'SwiftSyntaxMacros-product' in project 'swift-syntax'
        ➜ Explicit dependency on target 'SwiftCompilerPlugin-product' in project 'swift-syntax'
    Target 'VeinCore-product' in project 'amethyst-vein'
        ➜ Explicit dependency on target 'VeinCore' in project 'amethyst-vein'
        ➜ Explicit dependency on target 'ULID' in project 'amethyst-vein'
        ➜ Explicit dependency on target 'Vein' in project 'amethyst-vein'
        ➜ Explicit dependency on target 'VeinCoreMacros' in project 'amethyst-vein'
        ➜ Explicit dependency on target 'SQLiteDB-product' in project 'swift-sqlcipher'
        ➜ Explicit dependency on target 'Logging-product' in project 'swift-log'
        ➜ Explicit dependency on target 'KeychainAccess-product' in project 'KeychainAccess'
        ➜ Explicit dependency on target 'Atomics-product' in project 'swift-atomics'
    Target 'VeinCore' in project 'amethyst-vein'
        ➜ Explicit dependency on target 'ULID' in project 'amethyst-vein'
        ➜ Explicit dependency on target 'Vein' in project 'amethyst-vein'
        ➜ Explicit dependency on target 'VeinCoreMacros' in project 'amethyst-vein'
        ➜ Explicit dependency on target 'SQLiteDB-product' in project 'swift-sqlcipher'
        ➜ Explicit dependency on target 'Logging-product' in project 'swift-log'
        ➜ Explicit dependency on target 'KeychainAccess-product' in project 'KeychainAccess'
        ➜ Explicit dependency on target 'Atomics-product' in project 'swift-atomics'
    Target 'VeinCoreMacros' in project 'amethyst-vein'
        ➜ Explicit dependency on target 'VeinMacrosCore' in project 'amethyst-vein'
        ➜ Explicit dependency on target 'SwiftSyntax-product' in project 'swift-syntax'
        ➜ Explicit dependency on target 'SwiftSyntaxMacros-product' in project 'swift-syntax'
        ➜ Explicit dependency on target 'SwiftCompilerPlugin-product' in project 'swift-syntax'
    Target 'VeinMacrosCore' in project 'amethyst-vein'
        ➜ Explicit dependency on target 'SwiftSyntax-product' in project 'swift-syntax'
        ➜ Explicit dependency on target 'SwiftSyntaxMacros-product' in project 'swift-syntax'
        ➜ Explicit dependency on target 'SwiftCompilerPlugin-product' in project 'swift-syntax'
    Target 'SwiftCompilerPlugin-product' in project 'swift-syntax'
        ➜ Explicit dependency on target 'SwiftCompilerPlugin' in project 'swift-syntax'
        ➜ Explicit dependency on target '_SwiftSyntaxCShims' in project 'swift-syntax'
        ➜ Explicit dependency on target 'SwiftSyntax509' in project 'swift-syntax'
        ➜ Explicit dependency on target 'SwiftSyntax510' in project 'swift-syntax'
        ➜ Explicit dependency on target 'SwiftSyntax600' in project 'swift-syntax'
        ➜ Explicit dependency on target 'SwiftSyntax601' in project 'swift-syntax'
        ➜ Explicit dependency on target 'SwiftSyntax602' in project 'swift-syntax'
        ➜ Explicit dependency on target 'SwiftSyntax603' in project 'swift-syntax'
        ➜ Explicit dependency on target 'SwiftSyntax604' in project 'swift-syntax'
        ➜ Explicit dependency on target 'SwiftSyntax' in project 'swift-syntax'
        ➜ Explicit dependency on target 'SwiftDiagnostics' in project 'swift-syntax'
        ➜ Explicit dependency on target 'SwiftParser' in project 'swift-syntax'
        ➜ Explicit dependency on target 'SwiftOperators' in project 'swift-syntax'
        ➜ Explicit dependency on target 'SwiftBasicFormat' in project 'swift-syntax'
        ➜ Explicit dependency on target 'SwiftParserDiagnostics' in project 'swift-syntax'
        ➜ Explicit dependency on target 'SwiftSyntaxBuilder' in project 'swift-syntax'
        ➜ Explicit dependency on target 'SwiftIfConfig' in project 'swift-syntax'
        ➜ Explicit dependency on target 'SwiftSyntaxMacros' in project 'swift-syntax'
        ➜ Explicit dependency on target 'SwiftSyntaxMacroExpansion' in project 'swift-syntax'
        ➜ Explicit dependency on target 'SwiftCompilerPluginMessageHandling' in project 'swift-syntax'
    Target 'SwiftCompilerPlugin' in project 'swift-syntax'
        ➜ Explicit dependency on target '_SwiftSyntaxCShims' in project 'swift-syntax'
        ➜ Explicit dependency on target 'SwiftSyntax509' in project 'swift-syntax'
        ➜ Explicit dependency on target 'SwiftSyntax510' in project 'swift-syntax'
        ➜ Explicit dependency on target 'SwiftSyntax600' in project 'swift-syntax'
        ➜ Explicit dependency on target 'SwiftSyntax601' in project 'swift-syntax'
        ➜ Explicit dependency on target 'SwiftSyntax602' in project 'swift-syntax'
        ➜ Explicit dependency on target 'SwiftSyntax603' in project 'swift-syntax'
        ➜ Explicit dependency on target 'SwiftSyntax604' in project 'swift-syntax'
        ➜ Explicit dependency on target 'SwiftSyntax' in project 'swift-syntax'
        ➜ Explicit dependency on target 'SwiftDiagnostics' in project 'swift-syntax'
        ➜ Explicit dependency on target 'SwiftParser' in project 'swift-syntax'
        ➜ Explicit dependency on target 'SwiftOperators' in project 'swift-syntax'
        ➜ Explicit dependency on target 'SwiftBasicFormat' in project 'swift-syntax'
        ➜ Explicit dependency on target 'SwiftParserDiagnostics' in project 'swift-syntax'
        ➜ Explicit dependency on target 'SwiftSyntaxBuilder' in project 'swift-syntax'
        ➜ Explicit dependency on target 'SwiftIfConfig' in project 'swift-syntax'
        ➜ Explicit dependency on target 'SwiftSyntaxMacros' in project 'swift-syntax'
        ➜ Explicit dependency on target 'SwiftSyntaxMacroExpansion' in project 'swift-syntax'
        ➜ Explicit dependency on target 'SwiftCompilerPluginMessageHandling' in project 'swift-syntax'
    Target 'SwiftCompilerPluginMessageHandling' in project 'swift-syntax'
        ➜ Explicit dependency on target '_SwiftSyntaxCShims' in project 'swift-syntax'
        ➜ Explicit dependency on target 'SwiftSyntax509' in project 'swift-syntax'
        ➜ Explicit dependency on target 'SwiftSyntax510' in project 'swift-syntax'
        ➜ Explicit dependency on target 'SwiftSyntax600' in project 'swift-syntax'
        ➜ Explicit dependency on target 'SwiftSyntax601' in project 'swift-syntax'
        ➜ Explicit dependency on target 'SwiftSyntax602' in project 'swift-syntax'
        ➜ Explicit dependency on target 'SwiftSyntax603' in project 'swift-syntax'
        ➜ Explicit dependency on target 'SwiftSyntax604' in project 'swift-syntax'
        ➜ Explicit dependency on target 'SwiftSyntax' in project 'swift-syntax'
        ➜ Explicit dependency on target 'SwiftDiagnostics' in project 'swift-syntax'
        ➜ Explicit dependency on target 'SwiftParser' in project 'swift-syntax'
        ➜ Explicit dependency on target 'SwiftOperators' in project 'swift-syntax'
        ➜ Explicit dependency on target 'SwiftBasicFormat' in project 'swift-syntax'
        ➜ Explicit dependency on target 'SwiftParserDiagnostics' in project 'swift-syntax'
        ➜ Explicit dependency on target 'SwiftSyntaxBuilder' in project 'swift-syntax'
        ➜ Explicit dependency on target 'SwiftIfConfig' in project 'swift-syntax'
        ➜ Explicit dependency on target 'SwiftSyntaxMacros' in project 'swift-syntax'
        ➜ Explicit dependency on target 'SwiftSyntaxMacroExpansion' in project 'swift-syntax'
    Target 'SwiftSyntaxMacroExpansion' in project 'swift-syntax'
        ➜ Explicit dependency on target '_SwiftSyntaxCShims' in project 'swift-syntax'
        ➜ Explicit dependency on target 'SwiftSyntax509' in project 'swift-syntax'
        ➜ Explicit dependency on target 'SwiftSyntax510' in project 'swift-syntax'
        ➜ Explicit dependency on target 'SwiftSyntax600' in project 'swift-syntax'
        ➜ Explicit dependency on target 'SwiftSyntax601' in project 'swift-syntax'
        ➜ Explicit dependency on target 'SwiftSyntax602' in project 'swift-syntax'
        ➜ Explicit dependency on target 'SwiftSyntax603' in project 'swift-syntax'
        ➜ Explicit dependency on target 'SwiftSyntax604' in project 'swift-syntax'
        ➜ Explicit dependency on target 'SwiftSyntax' in project 'swift-syntax'
        ➜ Explicit dependency on target 'SwiftBasicFormat' in project 'swift-syntax'
        ➜ Explicit dependency on target 'SwiftParser' in project 'swift-syntax'
        ➜ Explicit dependency on target 'SwiftDiagnostics' in project 'swift-syntax'
        ➜ Explicit dependency on target 'SwiftParserDiagnostics' in project 'swift-syntax'
        ➜ Explicit dependency on target 'SwiftSyntaxBuilder' in project 'swift-syntax'
        ➜ Explicit dependency on target 'SwiftOperators' in project 'swift-syntax'
        ➜ Explicit dependency on target 'SwiftIfConfig' in project 'swift-syntax'
        ➜ Explicit dependency on target 'SwiftSyntaxMacros' in project 'swift-syntax'
    Target 'SwiftSyntaxMacros-product' in project 'swift-syntax'
        ➜ Explicit dependency on target 'SwiftSyntaxMacros' in project 'swift-syntax'
        ➜ Explicit dependency on target '_SwiftSyntaxCShims' in project 'swift-syntax'
        ➜ Explicit dependency on target 'SwiftSyntax509' in project 'swift-syntax'
        ➜ Explicit dependency on target 'SwiftSyntax510' in project 'swift-syntax'
        ➜ Explicit dependency on target 'SwiftSyntax600' in project 'swift-syntax'
        ➜ Explicit dependency on target 'SwiftSyntax601' in project 'swift-syntax'
        ➜ Explicit dependency on target 'SwiftSyntax602' in project 'swift-syntax'
        ➜ Explicit dependency on target 'SwiftSyntax603' in project 'swift-syntax'
        ➜ Explicit dependency on target 'SwiftSyntax604' in project 'swift-syntax'
        ➜ Explicit dependency on target 'SwiftSyntax' in project 'swift-syntax'
        ➜ Explicit dependency on target 'SwiftDiagnostics' in project 'swift-syntax'
        ➜ Explicit dependency on target 'SwiftBasicFormat' in project 'swift-syntax'
        ➜ Explicit dependency on target 'SwiftParser' in project 'swift-syntax'
        ➜ Explicit dependency on target 'SwiftParserDiagnostics' in project 'swift-syntax'
        ➜ Explicit dependency on target 'SwiftSyntaxBuilder' in project 'swift-syntax'
        ➜ Explicit dependency on target 'SwiftOperators' in project 'swift-syntax'
        ➜ Explicit dependency on target 'SwiftIfConfig' in project 'swift-syntax'
    Target 'SwiftSyntaxMacros' in project 'swift-syntax'
        ➜ Explicit dependency on target '_SwiftSyntaxCShims' in project 'swift-syntax'
        ➜ Explicit dependency on target 'SwiftSyntax509' in project 'swift-syntax'
        ➜ Explicit dependency on target 'SwiftSyntax510' in project 'swift-syntax'
        ➜ Explicit dependency on target 'SwiftSyntax600' in project 'swift-syntax'
        ➜ Explicit dependency on target 'SwiftSyntax601' in project 'swift-syntax'
        ➜ Explicit dependency on target 'SwiftSyntax602' in project 'swift-syntax'
        ➜ Explicit dependency on target 'SwiftSyntax603' in project 'swift-syntax'
        ➜ Explicit dependency on target 'SwiftSyntax604' in project 'swift-syntax'
        ➜ Explicit dependency on target 'SwiftSyntax' in project 'swift-syntax'
        ➜ Explicit dependency on target 'SwiftDiagnostics' in project 'swift-syntax'
        ➜ Explicit dependency on target 'SwiftBasicFormat' in project 'swift-syntax'
        ➜ Explicit dependency on target 'SwiftParser' in project 'swift-syntax'
        ➜ Explicit dependency on target 'SwiftParserDiagnostics' in project 'swift-syntax'
        ➜ Explicit dependency on target 'SwiftSyntaxBuilder' in project 'swift-syntax'
        ➜ Explicit dependency on target 'SwiftOperators' in project 'swift-syntax'
        ➜ Explicit dependency on target 'SwiftIfConfig' in project 'swift-syntax'
    Target 'SwiftIfConfig' in project 'swift-syntax'
        ➜ Explicit dependency on target '_SwiftSyntaxCShims' in project 'swift-syntax'
        ➜ Explicit dependency on target 'SwiftSyntax509' in project 'swift-syntax'
        ➜ Explicit dependency on target 'SwiftSyntax510' in project 'swift-syntax'
        ➜ Explicit dependency on target 'SwiftSyntax600' in project 'swift-syntax'
        ➜ Explicit dependency on target 'SwiftSyntax601' in project 'swift-syntax'
        ➜ Explicit dependency on target 'SwiftSyntax602' in project 'swift-syntax'
        ➜ Explicit dependency on target 'SwiftSyntax603' in project 'swift-syntax'
        ➜ Explicit dependency on target 'SwiftSyntax604' in project 'swift-syntax'
        ➜ Explicit dependency on target 'SwiftSyntax' in project 'swift-syntax'
        ➜ Explicit dependency on target 'SwiftBasicFormat' in project 'swift-syntax'
        ➜ Explicit dependency on target 'SwiftParser' in project 'swift-syntax'
        ➜ Explicit dependency on target 'SwiftDiagnostics' in project 'swift-syntax'
        ➜ Explicit dependency on target 'SwiftParserDiagnostics' in project 'swift-syntax'
        ➜ Explicit dependency on target 'SwiftSyntaxBuilder' in project 'swift-syntax'
        ➜ Explicit dependency on target 'SwiftOperators' in project 'swift-syntax'
    Target 'SwiftOperators' in project 'swift-syntax'
        ➜ Explicit dependency on target '_SwiftSyntaxCShims' in project 'swift-syntax'
        ➜ Explicit dependency on target 'SwiftSyntax509' in project 'swift-syntax'
        ➜ Explicit dependency on target 'SwiftSyntax510' in project 'swift-syntax'
        ➜ Explicit dependency on target 'SwiftSyntax600' in project 'swift-syntax'
        ➜ Explicit dependency on target 'SwiftSyntax601' in project 'swift-syntax'
        ➜ Explicit dependency on target 'SwiftSyntax602' in project 'swift-syntax'
        ➜ Explicit dependency on target 'SwiftSyntax603' in project 'swift-syntax'
        ➜ Explicit dependency on target 'SwiftSyntax604' in project 'swift-syntax'
        ➜ Explicit dependency on target 'SwiftSyntax' in project 'swift-syntax'
        ➜ Explicit dependency on target 'SwiftDiagnostics' in project 'swift-syntax'
        ➜ Explicit dependency on target 'SwiftParser' in project 'swift-syntax'
    Target 'SwiftSyntaxBuilder' in project 'swift-syntax'
        ➜ Explicit dependency on target '_SwiftSyntaxCShims' in project 'swift-syntax'
        ➜ Explicit dependency on target 'SwiftSyntax509' in project 'swift-syntax'
        ➜ Explicit dependency on target 'SwiftSyntax510' in project 'swift-syntax'
        ➜ Explicit dependency on target 'SwiftSyntax600' in project 'swift-syntax'
        ➜ Explicit dependency on target 'SwiftSyntax601' in project 'swift-syntax'
        ➜ Explicit dependency on target 'SwiftSyntax602' in project 'swift-syntax'
        ➜ Explicit dependency on target 'SwiftSyntax603' in project 'swift-syntax'
        ➜ Explicit dependency on target 'SwiftSyntax604' in project 'swift-syntax'
        ➜ Explicit dependency on target 'SwiftSyntax' in project 'swift-syntax'
        ➜ Explicit dependency on target 'SwiftBasicFormat' in project 'swift-syntax'
        ➜ Explicit dependency on target 'SwiftParser' in project 'swift-syntax'
        ➜ Explicit dependency on target 'SwiftDiagnostics' in project 'swift-syntax'
        ➜ Explicit dependency on target 'SwiftParserDiagnostics' in project 'swift-syntax'
    Target 'SwiftParserDiagnostics' in project 'swift-syntax'
        ➜ Explicit dependency on target '_SwiftSyntaxCShims' in project 'swift-syntax'
        ➜ Explicit dependency on target 'SwiftSyntax509' in project 'swift-syntax'
        ➜ Explicit dependency on target 'SwiftSyntax510' in project 'swift-syntax'
        ➜ Explicit dependency on target 'SwiftSyntax600' in project 'swift-syntax'
        ➜ Explicit dependency on target 'SwiftSyntax601' in project 'swift-syntax'
        ➜ Explicit dependency on target 'SwiftSyntax602' in project 'swift-syntax'
        ➜ Explicit dependency on target 'SwiftSyntax603' in project 'swift-syntax'
        ➜ Explicit dependency on target 'SwiftSyntax604' in project 'swift-syntax'
        ➜ Explicit dependency on target 'SwiftSyntax' in project 'swift-syntax'
        ➜ Explicit dependency on target 'SwiftBasicFormat' in project 'swift-syntax'
        ➜ Explicit dependency on target 'SwiftDiagnostics' in project 'swift-syntax'
        ➜ Explicit dependency on target 'SwiftParser' in project 'swift-syntax'
    Target 'SwiftParser' in project 'swift-syntax'
        ➜ Explicit dependency on target '_SwiftSyntaxCShims' in project 'swift-syntax'
        ➜ Explicit dependency on target 'SwiftSyntax509' in project 'swift-syntax'
        ➜ Explicit dependency on target 'SwiftSyntax510' in project 'swift-syntax'
        ➜ Explicit dependency on target 'SwiftSyntax600' in project 'swift-syntax'
        ➜ Explicit dependency on target 'SwiftSyntax601' in project 'swift-syntax'
        ➜ Explicit dependency on target 'SwiftSyntax602' in project 'swift-syntax'
        ➜ Explicit dependency on target 'SwiftSyntax603' in project 'swift-syntax'
        ➜ Explicit dependency on target 'SwiftSyntax604' in project 'swift-syntax'
        ➜ Explicit dependency on target 'SwiftSyntax' in project 'swift-syntax'
    Target 'SwiftBasicFormat' in project 'swift-syntax'
        ➜ Explicit dependency on target '_SwiftSyntaxCShims' in project 'swift-syntax'
        ➜ Explicit dependency on target 'SwiftSyntax509' in project 'swift-syntax'
        ➜ Explicit dependency on target 'SwiftSyntax510' in project 'swift-syntax'
        ➜ Explicit dependency on target 'SwiftSyntax600' in project 'swift-syntax'
        ➜ Explicit dependency on target 'SwiftSyntax601' in project 'swift-syntax'
        ➜ Explicit dependency on target 'SwiftSyntax602' in project 'swift-syntax'
        ➜ Explicit dependency on target 'SwiftSyntax603' in project 'swift-syntax'
        ➜ Explicit dependency on target 'SwiftSyntax604' in project 'swift-syntax'
        ➜ Explicit dependency on target 'SwiftSyntax' in project 'swift-syntax'
    Target 'SwiftDiagnostics' in project 'swift-syntax'
        ➜ Explicit dependency on target '_SwiftSyntaxCShims' in project 'swift-syntax'
        ➜ Explicit dependency on target 'SwiftSyntax509' in project 'swift-syntax'
        ➜ Explicit dependency on target 'SwiftSyntax510' in project 'swift-syntax'
        ➜ Explicit dependency on target 'SwiftSyntax600' in project 'swift-syntax'
        ➜ Explicit dependency on target 'SwiftSyntax601' in project 'swift-syntax'
        ➜ Explicit dependency on target 'SwiftSyntax602' in project 'swift-syntax'
        ➜ Explicit dependency on target 'SwiftSyntax603' in project 'swift-syntax'
        ➜ Explicit dependency on target 'SwiftSyntax604' in project 'swift-syntax'
        ➜ Explicit dependency on target 'SwiftSyntax' in project 'swift-syntax'
    Target 'SwiftSyntax-product' in project 'swift-syntax'
        ➜ Explicit dependency on target 'SwiftSyntax' in project 'swift-syntax'
        ➜ Explicit dependency on target '_SwiftSyntaxCShims' in project 'swift-syntax'
        ➜ Explicit dependency on target 'SwiftSyntax509' in project 'swift-syntax'
        ➜ Explicit dependency on target 'SwiftSyntax510' in project 'swift-syntax'
        ➜ Explicit dependency on target 'SwiftSyntax600' in project 'swift-syntax'
        ➜ Explicit dependency on target 'SwiftSyntax601' in project 'swift-syntax'
        ➜ Explicit dependency on target 'SwiftSyntax602' in project 'swift-syntax'
        ➜ Explicit dependency on target 'SwiftSyntax603' in project 'swift-syntax'
        ➜ Explicit dependency on target 'SwiftSyntax604' in project 'swift-syntax'
    Target 'SwiftSyntax' in project 'swift-syntax'
        ➜ Explicit dependency on target '_SwiftSyntaxCShims' in project 'swift-syntax'
        ➜ Explicit dependency on target 'SwiftSyntax509' in project 'swift-syntax'
        ➜ Explicit dependency on target 'SwiftSyntax510' in project 'swift-syntax'
        ➜ Explicit dependency on target 'SwiftSyntax600' in project 'swift-syntax'
        ➜ Explicit dependency on target 'SwiftSyntax601' in project 'swift-syntax'
        ➜ Explicit dependency on target 'SwiftSyntax602' in project 'swift-syntax'
        ➜ Explicit dependency on target 'SwiftSyntax603' in project 'swift-syntax'
        ➜ Explicit dependency on target 'SwiftSyntax604' in project 'swift-syntax'
    Target 'SwiftSyntax604' in project 'swift-syntax' (no dependencies)
    Target 'SwiftSyntax603' in project 'swift-syntax' (no dependencies)
    Target 'SwiftSyntax602' in project 'swift-syntax' (no dependencies)
    Target 'SwiftSyntax601' in project 'swift-syntax' (no dependencies)
    Target 'SwiftSyntax600' in project 'swift-syntax' (no dependencies)
    Target 'SwiftSyntax510' in project 'swift-syntax' (no dependencies)
    Target 'SwiftSyntax509' in project 'swift-syntax' (no dependencies)
    Target '_SwiftSyntaxCShims' in project 'swift-syntax' (no dependencies)
    Target 'Vein-product' in project 'amethyst-vein'
        ➜ Explicit dependency on target 'Vein' in project 'amethyst-vein'
        ➜ Explicit dependency on target 'ULID' in project 'amethyst-vein'
        ➜ Explicit dependency on target 'SQLiteDB-product' in project 'swift-sqlcipher'
        ➜ Explicit dependency on target 'Logging-product' in project 'swift-log'
        ➜ Explicit dependency on target 'KeychainAccess-product' in project 'KeychainAccess'
        ➜ Explicit dependency on target 'Atomics-product' in project 'swift-atomics'
    Target 'Vein' in project 'amethyst-vein'
        ➜ Explicit dependency on target 'ULID' in project 'amethyst-vein'
        ➜ Explicit dependency on target 'SQLiteDB-product' in project 'swift-sqlcipher'
        ➜ Explicit dependency on target 'Logging-product' in project 'swift-log'
        ➜ Explicit dependency on target 'KeychainAccess-product' in project 'KeychainAccess'
        ➜ Explicit dependency on target 'Atomics-product' in project 'swift-atomics'
    Target 'Atomics-product' in project 'swift-atomics'
        ➜ Explicit dependency on target 'Atomics' in project 'swift-atomics'
        ➜ Explicit dependency on target '_AtomicsShims' in project 'swift-atomics'
    Target 'Atomics' in project 'swift-atomics'
        ➜ Explicit dependency on target '_AtomicsShims' in project 'swift-atomics'
    Target '_AtomicsShims' in project 'swift-atomics' (no dependencies)
    Target 'KeychainAccess-product' in project 'KeychainAccess'
        ➜ Explicit dependency on target 'KeychainAccess' in project 'KeychainAccess'
    Target 'KeychainAccess' in project 'KeychainAccess' (no dependencies)
    Target 'Logging-product' in project 'swift-log'
        ➜ Explicit dependency on target 'Logging' in project 'swift-log'
    Target 'Logging' in project 'swift-log' (no dependencies)
    Target 'SQLiteDB-product' in project 'swift-sqlcipher'
        ➜ Explicit dependency on target 'SQLiteDB' in project 'swift-sqlcipher'
        ➜ Explicit dependency on target 'swift-sqlcipher_SQLiteDB' in project 'swift-sqlcipher'
        ➜ Explicit dependency on target 'SQLCipher' in project 'swift-sqlcipher'
    Target 'SQLiteDB' in project 'swift-sqlcipher'
        ➜ Explicit dependency on target 'swift-sqlcipher_SQLiteDB' in project 'swift-sqlcipher'
        ➜ Explicit dependency on target 'SQLCipher' in project 'swift-sqlcipher'
    Target 'SQLCipher' in project 'swift-sqlcipher' (no dependencies)
    Target 'swift-sqlcipher_SQLiteDB' in project 'swift-sqlcipher' (no dependencies)
    Target 'ULID' in project 'amethyst-vein' (no dependencies)
GatherProvisioningInputs
CreateBuildDescription
ClangStatCache /Applications/Xcode-27.0.0.app/Contents/Developer/Toolchains/XcodeDefault.xctoolchain/usr/bin/clang-stat-cache /Applications/Xcode-27.0.0.app/Contents/Developer/Platforms/WatchOS.platform/Developer/SDKs/WatchOS27.0.sdk /Users/admin/builder/spi-builder-workspace/.derivedData/SDKStatCaches.noindex/watchos27.0-24R360-e829b21a6f8c9b70876ba0858053c044b9db9bc9c079ee3c7b5f3373b13d10bc.sdkstatcache
    cd /Users/admin/builder/spi-builder-workspace/.swiftpm/xcode
    /Applications/Xcode-27.0.0.app/Contents/Developer/Toolchains/XcodeDefault.xctoolchain/usr/bin/clang-stat-cache /Applications/Xcode-27.0.0.app/Contents/Developer/Platforms/WatchOS.platform/Developer/SDKs/WatchOS27.0.sdk -o /Users/admin/builder/spi-builder-workspace/.derivedData/SDKStatCaches.noindex/watchos27.0-24R360-e829b21a6f8c9b70876ba0858053c044b9db9bc9c079ee3c7b5f3373b13d10bc.sdkstatcache
ClangStatCache /Applications/Xcode-27.0.0.app/Contents/Developer/Toolchains/XcodeDefault.xctoolchain/usr/bin/clang-stat-cache /Applications/Xcode-27.0.0.app/Contents/Developer/Platforms/MacOSX.platform/Developer/SDKs/MacOSX27.0.sdk /Users/admin/builder/spi-builder-workspace/.derivedData/SDKStatCaches.noindex/macosx27.0-26A425-e829b21a6f8c9b70876ba0858053c04489db99fe7804849a4777d653a8cfc1be.sdkstatcache
    cd /Users/admin/builder/spi-builder-workspace/.swiftpm/xcode
    /Applications/Xcode-27.0.0.app/Contents/Developer/Toolchains/XcodeDefault.xctoolchain/usr/bin/clang-stat-cache /Applications/Xcode-27.0.0.app/Contents/Developer/Platforms/MacOSX.platform/Developer/SDKs/MacOSX27.0.sdk -o /Users/admin/builder/spi-builder-workspace/.derivedData/SDKStatCaches.noindex/macosx27.0-26A425-e829b21a6f8c9b70876ba0858053c04489db99fe7804849a4777d653a8cfc1be.sdkstatcache
SwiftDriver Vein normal arm64_32 com.apple.xcode.tools.swift.compiler (in target 'Vein' from project 'amethyst-vein')
    cd /Users/admin/builder/spi-builder-workspace/.swiftpm/xcode
    builtin-SwiftDriver -- /Applications/Xcode-27.0.0.app/Contents/Developer/Toolchains/XcodeDefault.xctoolchain/usr/bin/swiftc -parse-as-library -module-name Vein -Onone @/Users/admin/builder/spi-builder-workspace/.derivedData/Build/Intermediates.noindex/amethyst-vein.build/Debug-watchos/Vein-t.build/Objects-normal/arm64_32/Vein.SwiftFileList -DSWIFT_PACKAGE -DDEBUG -DSWIFT_MODULE_RESOURCE_BUNDLE_UNAVAILABLE -Xcc -fmodule-map-file\=/Users/admin/builder/spi-builder-workspace/.derivedData/Build/Intermediates.noindex/GeneratedModuleMaps-watchos/SQLCipher.modulemap -Xcc -fmodule-map-file\=/Users/admin/builder/spi-builder-workspace/.dependencies/checkouts/swift-atomics/Sources/_AtomicsShims/include/module.modulemap -DXcode -plugin-path /Applications/Xcode-27.0.0.app/Contents/Developer/Toolchains/XcodeDefault.xctoolchain/usr/lib/swift/host/plugins/testing -enable-experimental-feature DebugDescriptionMacro -sdk /Applications/Xcode-27.0.0.app/Contents/Developer/Platforms/WatchOS.platform/Developer/SDKs/WatchOS27.0.sdk -target arm64_32-apple-watchos9.0 -g -module-cache-path /Users/admin/builder/spi-builder-workspace/.derivedData/ModuleCache.noindex -Xfrontend -serialize-debugging-options -profile-coverage-mapping -profile-generate -enable-testing -index-store-path /Users/admin/builder/spi-builder-workspace/.derivedData/Index.noindex/DataStore -Xcc -D_LIBCPP_HARDENING_MODE\=_LIBCPP_HARDENING_MODE_DEBUG -swift-version 6 -I /Users/admin/builder/spi-builder-workspace/.derivedData/Build/Products/Debug-watchos -Isystem /Applications/Xcode-27.0.0.app/Contents/Developer/Platforms/WatchOS.platform/Developer/usr/lib -F /Users/admin/builder/spi-builder-workspace/.derivedData/Build/Products/Debug-watchos/PackageFrameworks -F /Users/admin/builder/spi-builder-workspace/.derivedData/Build/Products/Debug-watchos -F /Applications/Xcode-27.0.0.app/Contents/Developer/Platforms/WatchOS.platform/Developer/Library/Frameworks -F /Applications/Xcode-27.0.0.app/Contents/Developer/Platforms/WatchOS.platform/Developer/SDKs/WatchOS27.0.sdk/Developer/Library/Frameworks -c -j10 -enable-batch-mode -incremental -Xcc -ivfsstatcache -Xcc /Users/admin/builder/spi-builder-workspace/.derivedData/SDKStatCaches.noindex/watchos27.0-24R360-e829b21a6f8c9b70876ba0858053c044b9db9bc9c079ee3c7b5f3373b13d10bc.sdkstatcache -output-file-map /Users/admin/builder/spi-builder-workspace/.derivedData/Build/Intermediates.noindex/amethyst-vein.build/Debug-watchos/Vein-t.build/Objects-normal/arm64_32/Vein-OutputFileMap.json -save-temps -no-color-diagnostics -explicit-module-build -module-cache-path /Users/admin/builder/spi-builder-workspace/.derivedData/Build/Intermediates.noindex/SwiftExplicitPrecompiledModules -clang-scanner-module-cache-path /Users/admin/builder/spi-builder-workspace/.derivedData/ModuleCache.noindex -sdk-module-cache-path /Users/admin/builder/spi-builder-workspace/.derivedData/SDKExplicitPrecompiledModules -emit-dependencies -emit-module -emit-module-path /Users/admin/builder/spi-builder-workspace/.derivedData/Build/Intermediates.noindex/amethyst-vein.build/Debug-watchos/Vein-t.build/Objects-normal/arm64_32/Vein.swiftmodule -serialize-diagnostics -dependency-scan-serialize-diagnostics-path /Users/admin/builder/spi-builder-workspace/.derivedData/Build/Intermediates.noindex/amethyst-vein.build/Debug-watchos/Vein-t.build/Objects-normal/arm64_32/Vein-dependency-scan.dia -validate-clang-modules-once -clang-build-session-file /Users/admin/builder/spi-builder-workspace/.derivedData/ModuleCache.noindex/Session.modulevalidation -Xcc -fmodules-prune-interval\=86400 -Xcc -fmodules-prune-after\=345600 -package-name spi_builder_workspace -emit-const-values -const-gather-protocols-list /Users/admin/builder/spi-builder-workspace/.derivedData/Build/Intermediates.noindex/amethyst-vein.build/Debug-watchos/Vein-t.build/Objects-normal/arm64_32/Vein_const_extract_protocols.json -Xcc -I/Users/admin/builder/spi-builder-workspace/.dependencies/checkouts/swift-sqlcipher/Sources/SQLCipher/sqlite -Xcc -I/Users/admin/builder/spi-builder-workspace/.dependencies/checkouts/swift-atomics/Sources/_AtomicsShims/include -Xcc -I/Users/admin/builder/spi-builder-workspace/.derivedData/Build/Products/Debug-watchos/include -Xcc -I/Users/admin/builder/spi-builder-workspace/.derivedData/Build/Intermediates.noindex/amethyst-vein.build/Debug-watchos/Vein-t.build/DerivedSources-normal/arm64_32 -Xcc -I/Users/admin/builder/spi-builder-workspace/.derivedData/Build/Intermediates.noindex/amethyst-vein.build/Debug-watchos/Vein-t.build/DerivedSources/arm64_32 -Xcc -I/Users/admin/builder/spi-builder-workspace/.derivedData/Build/Intermediates.noindex/amethyst-vein.build/Debug-watchos/Vein-t.build/DerivedSources -Xcc -DSWIFT_PACKAGE -Xcc -DDEBUG\=1 -emit-objc-header -emit-objc-header-path /Users/admin/builder/spi-builder-workspace/.derivedData/Build/Intermediates.noindex/amethyst-vein.build/Debug-watchos/Vein-t.build/Objects-normal/arm64_32/Vein-Swift.h -working-directory /Users/admin/builder/spi-builder-workspace/.swiftpm/xcode -experimental-emit-module-separately -disable-cmo
SwiftDriver Vein normal arm64 com.apple.xcode.tools.swift.compiler (in target 'Vein' from project 'amethyst-vein')
    cd /Users/admin/builder/spi-builder-workspace/.swiftpm/xcode
    builtin-SwiftDriver -- /Applications/Xcode-27.0.0.app/Contents/Developer/Toolchains/XcodeDefault.xctoolchain/usr/bin/swiftc -parse-as-library -module-name Vein -Onone @/Users/admin/builder/spi-builder-workspace/.derivedData/Build/Intermediates.noindex/amethyst-vein.build/Debug-watchos/Vein-t.build/Objects-normal/arm64/Vein.SwiftFileList -DSWIFT_PACKAGE -DDEBUG -DSWIFT_MODULE_RESOURCE_BUNDLE_UNAVAILABLE -Xcc -fmodule-map-file\=/Users/admin/builder/spi-builder-workspace/.derivedData/Build/Intermediates.noindex/GeneratedModuleMaps-watchos/SQLCipher.modulemap -Xcc -fmodule-map-file\=/Users/admin/builder/spi-builder-workspace/.dependencies/checkouts/swift-atomics/Sources/_AtomicsShims/include/module.modulemap -DXcode -plugin-path /Applications/Xcode-27.0.0.app/Contents/Developer/Toolchains/XcodeDefault.xctoolchain/usr/lib/swift/host/plugins/testing -enable-experimental-feature DebugDescriptionMacro -sdk /Applications/Xcode-27.0.0.app/Contents/Developer/Platforms/WatchOS.platform/Developer/SDKs/WatchOS27.0.sdk -target arm64-apple-watchos9.0 -g -module-cache-path /Users/admin/builder/spi-builder-workspace/.derivedData/ModuleCache.noindex -Xfrontend -serialize-debugging-options -profile-coverage-mapping -profile-generate -enable-testing -index-store-path /Users/admin/builder/spi-builder-workspace/.derivedData/Index.noindex/DataStore -Xcc -D_LIBCPP_HARDENING_MODE\=_LIBCPP_HARDENING_MODE_DEBUG -swift-version 6 -I /Users/admin/builder/spi-builder-workspace/.derivedData/Build/Products/Debug-watchos -Isystem /Applications/Xcode-27.0.0.app/Contents/Developer/Platforms/WatchOS.platform/Developer/usr/lib -F /Users/admin/builder/spi-builder-workspace/.derivedData/Build/Products/Debug-watchos/PackageFrameworks -F /Users/admin/builder/spi-builder-workspace/.derivedData/Build/Products/Debug-watchos -F /Applications/Xcode-27.0.0.app/Contents/Developer/Platforms/WatchOS.platform/Developer/Library/Frameworks -F /Applications/Xcode-27.0.0.app/Contents/Developer/Platforms/WatchOS.platform/Developer/SDKs/WatchOS27.0.sdk/Developer/Library/Frameworks -c -j10 -enable-batch-mode -incremental -Xcc -ivfsstatcache -Xcc /Users/admin/builder/spi-builder-workspace/.derivedData/SDKStatCaches.noindex/watchos27.0-24R360-e829b21a6f8c9b70876ba0858053c044b9db9bc9c079ee3c7b5f3373b13d10bc.sdkstatcache -output-file-map /Users/admin/builder/spi-builder-workspace/.derivedData/Build/Intermediates.noindex/amethyst-vein.build/Debug-watchos/Vein-t.build/Objects-normal/arm64/Vein-OutputFileMap.json -save-temps -no-color-diagnostics -explicit-module-build -module-cache-path /Users/admin/builder/spi-builder-workspace/.derivedData/Build/Intermediates.noindex/SwiftExplicitPrecompiledModules -clang-scanner-module-cache-path /Users/admin/builder/spi-builder-workspace/.derivedData/ModuleCache.noindex -sdk-module-cache-path /Users/admin/builder/spi-builder-workspace/.derivedData/SDKExplicitPrecompiledModules -emit-dependencies -emit-module -emit-module-path /Users/admin/builder/spi-builder-workspace/.derivedData/Build/Intermediates.noindex/amethyst-vein.build/Debug-watchos/Vein-t.build/Objects-normal/arm64/Vein.swiftmodule -serialize-diagnostics -dependency-scan-serialize-diagnostics-path /Users/admin/builder/spi-builder-workspace/.derivedData/Build/Intermediates.noindex/amethyst-vein.build/Debug-watchos/Vein-t.build/Objects-normal/arm64/Vein-dependency-scan.dia -validate-clang-modules-once -clang-build-session-file /Users/admin/builder/spi-builder-workspace/.derivedData/ModuleCache.noindex/Session.modulevalidation -Xcc -fmodules-prune-interval\=86400 -Xcc -fmodules-prune-after\=345600 -package-name spi_builder_workspace -emit-const-values -const-gather-protocols-list /Users/admin/builder/spi-builder-workspace/.derivedData/Build/Intermediates.noindex/amethyst-vein.build/Debug-watchos/Vein-t.build/Objects-normal/arm64/Vein_const_extract_protocols.json -Xcc -I/Users/admin/builder/spi-builder-workspace/.dependencies/checkouts/swift-sqlcipher/Sources/SQLCipher/sqlite -Xcc -I/Users/admin/builder/spi-builder-workspace/.dependencies/checkouts/swift-atomics/Sources/_AtomicsShims/include -Xcc -I/Users/admin/builder/spi-builder-workspace/.derivedData/Build/Products/Debug-watchos/include -Xcc -I/Users/admin/builder/spi-builder-workspace/.derivedData/Build/Intermediates.noindex/amethyst-vein.build/Debug-watchos/Vein-t.build/DerivedSources-normal/arm64 -Xcc -I/Users/admin/builder/spi-builder-workspace/.derivedData/Build/Intermediates.noindex/amethyst-vein.build/Debug-watchos/Vein-t.build/DerivedSources/arm64 -Xcc -I/Users/admin/builder/spi-builder-workspace/.derivedData/Build/Intermediates.noindex/amethyst-vein.build/Debug-watchos/Vein-t.build/DerivedSources -Xcc -DSWIFT_PACKAGE -Xcc -DDEBUG\=1 -emit-objc-header -emit-objc-header-path /Users/admin/builder/spi-builder-workspace/.derivedData/Build/Intermediates.noindex/amethyst-vein.build/Debug-watchos/Vein-t.build/Objects-normal/arm64/Vein-Swift.h -working-directory /Users/admin/builder/spi-builder-workspace/.swiftpm/xcode -experimental-emit-module-separately -disable-cmo
SwiftDriver SwiftSyntax normal x86_64 com.apple.xcode.tools.swift.compiler (in target 'SwiftSyntax' from project 'swift-syntax')
    cd /Users/admin/builder/spi-builder-workspace/.swiftpm/xcode
    builtin-SwiftDriver -- /Applications/Xcode-27.0.0.app/Contents/Developer/Toolchains/XcodeDefault.xctoolchain/usr/bin/swiftc -parse-as-library -module-name SwiftSyntax -Onone @/Users/admin/builder/spi-builder-workspace/.derivedData/Build/Intermediates.noindex/swift-syntax.build/Debug/SwiftSyntax-t.build/Objects-normal/x86_64/SwiftSyntax.SwiftFileList -DSWIFT_PACKAGE -DDEBUG -DSWIFT_MODULE_RESOURCE_BUNDLE_UNAVAILABLE -Xcc -fmodule-map-file\=/Users/admin/builder/spi-builder-workspace/.dependencies/checkouts/swift-syntax/Sources/_SwiftSyntaxCShims/include/module.modulemap -DXcode -plugin-path /Applications/Xcode-27.0.0.app/Contents/Developer/Toolchains/XcodeDefault.xctoolchain/usr/lib/swift/host/plugins/testing -enable-experimental-feature DebugDescriptionMacro -sdk /Applications/Xcode-27.0.0.app/Contents/Developer/Platforms/MacOSX.platform/Developer/SDKs/MacOSX27.0.sdk -target x86_64-apple-macos12.0 -g -module-cache-path /Users/admin/builder/spi-builder-workspace/.derivedData/ModuleCache.noindex -Xfrontend -serialize-debugging-options -profile-coverage-mapping -profile-generate -enable-testing -suppress-warnings -index-store-path /Users/admin/builder/spi-builder-workspace/.derivedData/Index.noindex/DataStore -Xcc -D_LIBCPP_HARDENING_MODE\=_LIBCPP_HARDENING_MODE_DEBUG -swift-version 6 -I /Users/admin/builder/spi-builder-workspace/.derivedData/Build/Products/Debug -Isystem /Applications/Xcode-27.0.0.app/Contents/Developer/Platforms/MacOSX.platform/Developer/usr/lib -F /Users/admin/builder/spi-builder-workspace/.derivedData/Build/Products/Debug/PackageFrameworks -F /Users/admin/builder/spi-builder-workspace/.derivedData/Build/Products/Debug -F /Applications/Xcode-27.0.0.app/Contents/Developer/Platforms/MacOSX.platform/Developer/Library/Frameworks -c -j10 -enable-batch-mode -incremental -Xcc -ivfsstatcache -Xcc /Users/admin/builder/spi-builder-workspace/.derivedData/SDKStatCaches.noindex/macosx27.0-26A425-e829b21a6f8c9b70876ba0858053c04489db99fe7804849a4777d653a8cfc1be.sdkstatcache -output-file-map /Users/admin/builder/spi-builder-workspace/.derivedData/Build/Intermediates.noindex/swift-syntax.build/Debug/SwiftSyntax-t.build/Objects-normal/x86_64/SwiftSyntax-OutputFileMap.json -save-temps -no-color-diagnostics -explicit-module-build -module-cache-path /Users/admin/builder/spi-builder-workspace/.derivedData/Build/Intermediates.noindex/SwiftExplicitPrecompiledModules -clang-scanner-module-cache-path /Users/admin/builder/spi-builder-workspace/.derivedData/ModuleCache.noindex -sdk-module-cache-path /Users/admin/builder/spi-builder-workspace/.derivedData/SDKExplicitPrecompiledModules -emit-dependencies -emit-module -emit-module-path /Users/admin/builder/spi-builder-workspace/.derivedData/Build/Intermediates.noindex/swift-syntax.build/Debug/SwiftSyntax-t.build/Objects-normal/x86_64/SwiftSyntax.swiftmodule -serialize-diagnostics -dependency-scan-serialize-diagnostics-path /Users/admin/builder/spi-builder-workspace/.derivedData/Build/Intermediates.noindex/swift-syntax.build/Debug/SwiftSyntax-t.build/Objects-normal/x86_64/SwiftSyntax-dependency-scan.dia -validate-clang-modules-once -clang-build-session-file /Users/admin/builder/spi-builder-workspace/.derivedData/ModuleCache.noindex/Session.modulevalidation -Xcc -fmodules-prune-interval\=86400 -Xcc -fmodules-prune-after\=345600 -package-name swift_syntax -emit-const-values -const-gather-protocols-list /Users/admin/builder/spi-builder-workspace/.derivedData/Build/Intermediates.noindex/swift-syntax.build/Debug/SwiftSyntax-t.build/Objects-normal/x86_64/SwiftSyntax_const_extract_protocols.json -Xcc -I/Users/admin/builder/spi-builder-workspace/.dependencies/checkouts/swift-syntax/Sources/_SwiftSyntaxCShims/include -Xcc -I/Users/admin/builder/spi-builder-workspace/.derivedData/Build/Products/Debug/include -Xcc -I/Users/admin/builder/spi-builder-workspace/.derivedData/Build/Intermediates.noindex/swift-syntax.build/Debug/SwiftSyntax-t.build/DerivedSources-normal/x86_64 -Xcc -I/Users/admin/builder/spi-builder-workspace/.derivedData/Build/Intermediates.noindex/swift-syntax.build/Debug/SwiftSyntax-t.build/DerivedSources/x86_64 -Xcc -I/Users/admin/builder/spi-builder-workspace/.derivedData/Build/Intermediates.noindex/swift-syntax.build/Debug/SwiftSyntax-t.build/DerivedSources -Xcc -DSWIFT_PACKAGE -Xcc -DDEBUG\=1 -emit-objc-header -emit-objc-header-path /Users/admin/builder/spi-builder-workspace/.derivedData/Build/Intermediates.noindex/swift-syntax.build/Debug/SwiftSyntax-t.build/Objects-normal/x86_64/SwiftSyntax-Swift.h -working-directory /Users/admin/builder/spi-builder-workspace/.swiftpm/xcode -experimental-emit-module-separately -disable-cmo
SwiftDriver SwiftSyntax normal arm64 com.apple.xcode.tools.swift.compiler (in target 'SwiftSyntax' from project 'swift-syntax')
    cd /Users/admin/builder/spi-builder-workspace/.swiftpm/xcode
    builtin-SwiftDriver -- /Applications/Xcode-27.0.0.app/Contents/Developer/Toolchains/XcodeDefault.xctoolchain/usr/bin/swiftc -parse-as-library -module-name SwiftSyntax -Onone @/Users/admin/builder/spi-builder-workspace/.derivedData/Build/Intermediates.noindex/swift-syntax.build/Debug/SwiftSyntax-t.build/Objects-normal/arm64/SwiftSyntax.SwiftFileList -DSWIFT_PACKAGE -DDEBUG -DSWIFT_MODULE_RESOURCE_BUNDLE_UNAVAILABLE -Xcc -fmodule-map-file\=/Users/admin/builder/spi-builder-workspace/.dependencies/checkouts/swift-syntax/Sources/_SwiftSyntaxCShims/include/module.modulemap -DXcode -plugin-path /Applications/Xcode-27.0.0.app/Contents/Developer/Toolchains/XcodeDefault.xctoolchain/usr/lib/swift/host/plugins/testing -enable-experimental-feature DebugDescriptionMacro -sdk /Applications/Xcode-27.0.0.app/Contents/Developer/Platforms/MacOSX.platform/Developer/SDKs/MacOSX27.0.sdk -target arm64-apple-macos12.0 -g -module-cache-path /Users/admin/builder/spi-builder-workspace/.derivedData/ModuleCache.noindex -Xfrontend -serialize-debugging-options -profile-coverage-mapping -profile-generate -enable-testing -suppress-warnings -index-store-path /Users/admin/builder/spi-builder-workspace/.derivedData/Index.noindex/DataStore -Xcc -D_LIBCPP_HARDENING_MODE\=_LIBCPP_HARDENING_MODE_DEBUG -swift-version 6 -I /Users/admin/builder/spi-builder-workspace/.derivedData/Build/Products/Debug -Isystem /Applications/Xcode-27.0.0.app/Contents/Developer/Platforms/MacOSX.platform/Developer/usr/lib -F /Users/admin/builder/spi-builder-workspace/.derivedData/Build/Products/Debug/PackageFrameworks -F /Users/admin/builder/spi-builder-workspace/.derivedData/Build/Products/Debug -F /Applications/Xcode-27.0.0.app/Contents/Developer/Platforms/MacOSX.platform/Developer/Library/Frameworks -c -j10 -enable-batch-mode -incremental -Xcc -ivfsstatcache -Xcc /Users/admin/builder/spi-builder-workspace/.derivedData/SDKStatCaches.noindex/macosx27.0-26A425-e829b21a6f8c9b70876ba0858053c04489db99fe7804849a4777d653a8cfc1be.sdkstatcache -output-file-map /Users/admin/builder/spi-builder-workspace/.derivedData/Build/Intermediates.noindex/swift-syntax.build/Debug/SwiftSyntax-t.build/Objects-normal/arm64/SwiftSyntax-OutputFileMap.json -save-temps -no-color-diagnostics -explicit-module-build -module-cache-path /Users/admin/builder/spi-builder-workspace/.derivedData/Build/Intermediates.noindex/SwiftExplicitPrecompiledModules -clang-scanner-module-cache-path /Users/admin/builder/spi-builder-workspace/.derivedData/ModuleCache.noindex -sdk-module-cache-path /Users/admin/builder/spi-builder-workspace/.derivedData/SDKExplicitPrecompiledModules -emit-dependencies -emit-module -emit-module-path /Users/admin/builder/spi-builder-workspace/.derivedData/Build/Intermediates.noindex/swift-syntax.build/Debug/SwiftSyntax-t.build/Objects-normal/arm64/SwiftSyntax.swiftmodule -serialize-diagnostics -dependency-scan-serialize-diagnostics-path /Users/admin/builder/spi-builder-workspace/.derivedData/Build/Intermediates.noindex/swift-syntax.build/Debug/SwiftSyntax-t.build/Objects-normal/arm64/SwiftSyntax-dependency-scan.dia -validate-clang-modules-once -clang-build-session-file /Users/admin/builder/spi-builder-workspace/.derivedData/ModuleCache.noindex/Session.modulevalidation -Xcc -fmodules-prune-interval\=86400 -Xcc -fmodules-prune-after\=345600 -package-name swift_syntax -emit-const-values -const-gather-protocols-list /Users/admin/builder/spi-builder-workspace/.derivedData/Build/Intermediates.noindex/swift-syntax.build/Debug/SwiftSyntax-t.build/Objects-normal/arm64/SwiftSyntax_const_extract_protocols.json -Xcc -I/Users/admin/builder/spi-builder-workspace/.dependencies/checkouts/swift-syntax/Sources/_SwiftSyntaxCShims/include -Xcc -I/Users/admin/builder/spi-builder-workspace/.derivedData/Build/Products/Debug/include -Xcc -I/Users/admin/builder/spi-builder-workspace/.derivedData/Build/Intermediates.noindex/swift-syntax.build/Debug/SwiftSyntax-t.build/DerivedSources-normal/arm64 -Xcc -I/Users/admin/builder/spi-builder-workspace/.derivedData/Build/Intermediates.noindex/swift-syntax.build/Debug/SwiftSyntax-t.build/DerivedSources/arm64 -Xcc -I/Users/admin/builder/spi-builder-workspace/.derivedData/Build/Intermediates.noindex/swift-syntax.build/Debug/SwiftSyntax-t.build/DerivedSources -Xcc -DSWIFT_PACKAGE -Xcc -DDEBUG\=1 -emit-objc-header -emit-objc-header-path /Users/admin/builder/spi-builder-workspace/.derivedData/Build/Intermediates.noindex/swift-syntax.build/Debug/SwiftSyntax-t.build/Objects-normal/arm64/SwiftSyntax-Swift.h -working-directory /Users/admin/builder/spi-builder-workspace/.swiftpm/xcode -experimental-emit-module-separately -disable-cmo
CompileC /Users/admin/builder/spi-builder-workspace/.derivedData/Build/Intermediates.noindex/swift-sqlcipher.build/Debug-watchos/SQLCipher-t.build/Objects-normal/arm64/sqlite3.o /Users/admin/builder/spi-builder-workspace/.dependencies/checkouts/swift-sqlcipher/Sources/SQLCipher/sqlite/sqlite3.c normal arm64 c com.apple.compilers.llvm.clang.1_0.compiler (in target 'SQLCipher' from project 'swift-sqlcipher')
    cd /Users/admin/builder/spi-builder-workspace/.swiftpm/xcode

    Using response file: /Users/admin/builder/spi-builder-workspace/.derivedData/Build/Intermediates.noindex/swift-sqlcipher.build/Debug-watchos/SQLCipher-t.build/Objects-normal/arm64/7187679823f38a2a940e0043cdf9d637-common-args.resp

    /Applications/Xcode-27.0.0.app/Contents/Developer/Toolchains/XcodeDefault.xctoolchain/usr/bin/clang -x c -ivfsstatcache /Users/admin/builder/spi-builder-workspace/.derivedData/SDKStatCaches.noindex/watchos27.0-24R360-e829b21a6f8c9b70876ba0858053c044b9db9bc9c079ee3c7b5f3373b13d10bc.sdkstatcache -target arm64-apple-watchos9.0 -fmessage-length\=0 -fdiagnostics-show-note-include-stack -fmacro-backtrace-limit\=0 -fno-color-diagnostics -fmodules-prune-interval\=86400 -fmodules-prune-after\=345600 -fbuild-session-file\=/Users/admin/builder/spi-builder-workspace/.derivedData/ModuleCache.noindex/Session.modulevalidation -fmodules-validate-once-per-build-session -Wnon-modular-include-in-framework-module -Werror\=non-modular-include-in-framework-module -Wno-trigraphs -Wno-missing-field-initializers -Wno-missing-prototypes -Wno-return-type -Wno-missing-braces -Wparentheses -Wswitch -Wno-unused-function -Wno-unused-label -Wno-unused-parameter -Wno-unused-variable -Wunused-value -Wno-empty-body -Wno-uninitialized -Wno-unknown-pragmas -w -Wno-shadow -Wno-four-char-constants -Wno-conversion -Wno-constant-conversion -Wno-int-conversion -Wno-bool-conversion -Wno-enum-conversion -Wno-float-conversion -Wno-non-literal-null-conversion -Wno-objc-literal-conversion -Wshorten-64-to-32 -Wpointer-sign -Wno-newline-eof -Wno-implicit-fallthrough -isysroot /Applications/Xcode-27.0.0.app/Contents/Developer/Platforms/WatchOS.platform/Developer/SDKs/WatchOS27.0.sdk -fstrict-aliasing -Wdeprecated-declarations -Wno-sign-conversion -Wno-infinite-recursion -Wno-comma -Wno-block-capture-autoreleasing -Wno-strict-prototypes -Wno-semicolon-before-method-body -index-store-path /Users/admin/builder/spi-builder-workspace/.derivedData/Index.noindex/DataStore @/Users/admin/builder/spi-builder-workspace/.derivedData/Build/Intermediates.noindex/swift-sqlcipher.build/Debug-watchos/SQLCipher-t.build/Objects-normal/arm64/7187679823f38a2a940e0043cdf9d637-common-args.resp -MMD -MT dependencies -MF /Users/admin/builder/spi-builder-workspace/.derivedData/Build/Intermediates.noindex/swift-sqlcipher.build/Debug-watchos/SQLCipher-t.build/Objects-normal/arm64/sqlite3.d --serialize-diagnostics /Users/admin/builder/spi-builder-workspace/.derivedData/Build/Intermediates.noindex/swift-sqlcipher.build/Debug-watchos/SQLCipher-t.build/Objects-normal/arm64/sqlite3.dia -c /Users/admin/builder/spi-builder-workspace/.dependencies/checkouts/swift-sqlcipher/Sources/SQLCipher/sqlite/sqlite3.c -o /Users/admin/builder/spi-builder-workspace/.derivedData/Build/Intermediates.noindex/swift-sqlcipher.build/Debug-watchos/SQLCipher-t.build/Objects-normal/arm64/sqlite3.o -index-unit-output-path /swift-sqlcipher.build/Debug-watchos/SQLCipher-t.build/Objects-normal/arm64/sqlite3.o
Failed frontend command:
/Applications/Xcode-27.0.0.app/Contents/Developer/Toolchains/XcodeDefault.xctoolchain/usr/bin/clang -cc1 -Wundef-prefix\=TARGET_OS_ -fdiagnostics-show-note-include-stack -fmacro-backtrace-limit\=0 -w -ferror-limit 19 -serialize-diagnostic-file /Users/admin/builder/spi-builder-workspace/.derivedData/Build/Intermediates.noindex/swift-sqlcipher.build/Debug-watchos/SQLCipher-t.build/Objects-normal/arm64/sqlite3.dia -Wdeprecated-objc-isa-usage -Werror\=deprecated-objc-isa-usage -Werror\=implicit-function-declaration -Wnon-modular-include-in-framework-module -Werror\=non-modular-include-in-framework-module -Wno-trigraphs -Wno-missing-field-initializers -Wno-missing-prototypes -Wno-return-type -Wno-missing-braces -Wparentheses -Wswitch -Wno-unused-function -Wno-unused-label -Wno-unused-parameter -Wno-unused-variable -Wunused-value -Wno-empty-body -Wno-uninitialized -Wno-unknown-pragmas -Wno-shadow -Wno-four-char-constants -Wno-conversion -Wno-constant-conversion -Wno-int-conversion -Wno-bool-conversion -Wno-enum-conversion -Wno-float-conversion -Wno-non-literal-null-conversion -Wno-objc-literal-conversion -Wshorten-64-to-32 -Wpointer-sign -Wno-newline-eof -Wno-implicit-fallthrough -Wdeprecated-declarations -Wno-sign-conversion -Wno-infinite-recursion -Wno-comma -Wno-block-capture-autoreleasing -Wno-strict-prototypes -Wno-semicolon-before-method-body -Wno-elaborated-enum-base -Wno-error\=allocator-wrappers -index-store-path /Users/admin/builder/spi-builder-workspace/.derivedData/Index.noindex/DataStore -index-unit-output-path /swift-sqlcipher.build/Debug-watchos/SQLCipher-t.build/Objects-normal/arm64/sqlite3.o -fmodule-map-file\=/Applications/Xcode-27.0.0.app/Contents/Developer/Toolchains/XcodeDefault.xctoolchain/usr/lib/clang/21/include/module.modulemap -fmodule-map-file\=/Applications/Xcode-27.0.0.app/Contents/Developer/Platforms/WatchOS.platform/Developer/SDKs/WatchOS.sdk/usr/include/DarwinFoundation1.modulemap -fmodule-map-file\=/Applications/Xcode-27.0.0.app/Contents/Developer/Toolchains/XcodeDefault.xctoolchain/usr/lib/clang/21/include/module.modulemap -fmodule-map-file\=/Applications/Xcode-27.0.0.app/Contents/Developer/Platforms/WatchOS.platform/Developer/SDKs/WatchOS.sdk/usr/include/DarwinFoundation2.modulemap -fmodule-map-file\=/Applications/Xcode-27.0.0.app/Contents/Developer/Toolchains/XcodeDefault.xctoolchain/usr/lib/clang/21/include/module.modulemap -fmodule-map-file\=/Applications/Xcode-27.0.0.app/Contents/Developer/Platforms/WatchOS.platform/Developer/SDKs/WatchOS.sdk/usr/include/DarwinFoundation3.modulemap -fmodule-map-file\=/Applications/Xcode-27.0.0.app/Contents/Developer/Toolchains/XcodeDefault.xctoolchain/usr/lib/clang/21/include/module.modulemap -fmodule-map-file\=/Applications/Xcode-27.0.0.app/Contents/Developer/Platforms/WatchOS.platform/Developer/SDKs/WatchOS.sdk/usr/include/Darwin.modulemap -fmodule-map-file\=/Applications/Xcode-27.0.0.app/Contents/Developer/Platforms/WatchOS.platform/Developer/SDKs/WatchOS.sdk/usr/include/os.modulemap -o /Users/admin/builder/spi-builder-workspace/.derivedData/Build/Intermediates.noindex/swift-sqlcipher.build/Debug-watchos/SQLCipher-t.build/Objects-normal/arm64/sqlite3.o -disable-free -emit-obj -x c /Users/admin/builder/spi-builder-workspace/.dependencies/checkouts/swift-sqlcipher/Sources/SQLCipher/sqlite/sqlite3.c -target-abi darwinpcs -target-cpu apple-s9 -target-feature +v8.6a -target-feature +aes -target-feature +bf16 -target-feature +complxnum -target-feature +crc -target-feature +dotprod -target-feature +fp-armv8 -target-feature +fp16fml -target-feature +fpac -target-feature +fullfp16 -target-feature +hcx -target-feature +i8mm -target-feature +jsconv -target-feature +lse -target-feature +neon -target-feature +pauth -target-feature +perfmon -target-feature +ras -target-feature +rcpc -target-feature +rdm -target-feature +sha2 -target-feature +sha3 -target-feature +ssbs -triple arm64-apple-watchos9.0.0 -target-linker-version 1166.2 -target-sdk-version\=27.0 -fmodules-validate-system-headers -fno-modulemap-allow-subdirectory-search -isysroot /Applications/Xcode-27.0.0.app/Contents/Developer/Platforms/WatchOS.platform/Developer/SDKs/WatchOS27.0.sdk -resource-dir /Applications/Xcode-27.0.0.app/Contents/Developer/Toolchains/XcodeDefault.xctoolchain/usr/lib/clang/21 -fmodule-format\=obj -fmodule-file\=Darwin\=/Users/admin/builder/spi-builder-workspace/.derivedData/Build/Intermediates.noindex/ExplicitPrecompiledModules/Darwin-77U3G86VONF4KRHKJ8CVU75EW.pcm -fmodule-file\=_Builtin_limits\=/Users/admin/builder/spi-builder-workspace/.derivedData/Build/Intermediates.noindex/ExplicitPrecompiledModules/_Builtin_limits-E06MRDQYROS6SYRNVMNV0MYKP.pcm -fmodule-file\=_Builtin_stdarg\=/Users/admin/builder/spi-builder-workspace/.derivedData/Build/Intermediates.noindex/ExplicitPrecompiledModules/_Builtin_stdarg-BCU595Q2TZOBOB0E1ZP0YIMKU.pcm -fmodule-file\=_Builtin_stddef\=/Users/admin/builder/spi-builder-workspace/.derivedData/Build/Intermediates.noindex/ExplicitPrecompiledModules/_Builtin_stddef-6ZKR4IGB98BG9A7PWLCRKETLK.pcm -fmodule-file\=_Builtin_stdint\=/Users/admin/builder/spi-builder-workspace/.derivedData/Build/Intermediates.noindex/ExplicitPrecompiledModules/_Builtin_stdint-I9RN5STJ26M9WLWEWYB9HQBX.pcm -fmodule-file\=_DarwinFoundation1\=/Users/admin/builder/spi-builder-workspace/.derivedData/Build/Intermediates.noindex/ExplicitPrecompiledModules/_DarwinFoundation1-5D3J20XPHV3HJ1PYIIF4LBZDM.pcm -fmodule-file\=_DarwinFoundation2\=/Users/admin/builder/spi-builder-workspace/.derivedData/Build/Intermediates.noindex/ExplicitPrecompiledModules/_DarwinFoundation2-13X5AQFOZKXMQ6R2NHEZCA1Y1.pcm -fmodule-file\=_DarwinFoundation3\=/Users/admin/builder/spi-builder-workspace/.derivedData/Build/Intermediates.noindex/ExplicitPrecompiledModules/_DarwinFoundation3-16LTN2M50TG31ATS1ZYXVB061.pcm -fmodule-file\=os\=/Users/admin/builder/spi-builder-workspace/.derivedData/Build/Intermediates.noindex/ExplicitPrecompiledModules/os-X3NQ9VYZI72Z7KKWJU6QSOC7.pcm -I /Users/admin/builder/spi-builder-workspace/.derivedData/Build/Products/Debug-watchos/include -I /Users/admin/builder/spi-builder-workspace/.dependencies/checkouts/swift-sqlcipher/Sources/SQLCipher/sqlite -I /Users/admin/builder/spi-builder-workspace/.dependencies/checkouts/swift-sqlcipher/Sources/SQLCipher/libtomcrypt/headers -I /Users/admin/builder/spi-builder-workspace/.derivedData/Build/Intermediates.noindex/swift-sqlcipher.build/Debug-watchos/SQLCipher-t.build/DerivedSources-normal/arm64 -I /Users/admin/builder/spi-builder-workspace/.derivedData/Build/Intermediates.noindex/swift-sqlcipher.build/Debug-watchos/SQLCipher-t.build/DerivedSources/arm64 -I /Users/admin/builder/spi-builder-workspace/.derivedData/Build/Intermediates.noindex/swift-sqlcipher.build/Debug-watchos/SQLCipher-t.build/DerivedSources -F /Users/admin/builder/spi-builder-workspace/.derivedData/Build/Products/Debug-watchos -iframework /Applications/Xcode-27.0.0.app/Contents/Developer/Platforms/WatchOS.platform/Developer/Library/Frameworks -iframework /Applications/Xcode-27.0.0.app/Contents/Developer/Platforms/WatchOS.platform/Developer/SDKs/WatchOS27.0.sdk/Developer/Library/Frameworks -internal-isystem /Applications/Xcode-27.0.0.app/Contents/Developer/Platforms/WatchOS.platform/Developer/SDKs/WatchOS27.0.sdk/usr/local/include -internal-isystem /Applications/Xcode-27.0.0.app/Contents/Developer/Toolchains/XcodeDefault.xctoolchain/usr/lib/clang/21/include -internal-externc-isystem /Applications/Xcode-27.0.0.app/Contents/Developer/Platforms/WatchOS.platform/Developer/SDKs/WatchOS27.0.sdk/usr/include -internal-externc-isystem /Applications/Xcode-27.0.0.app/Contents/Developer/Toolchains/XcodeDefault.xctoolchain/usr/include -internal-iframework /Applications/Xcode-27.0.0.app/Contents/Developer/Platforms/WatchOS.platform/Developer/SDKs/WatchOS27.0.sdk/System/Library/Frameworks -internal-iframework /Applications/Xcode-27.0.0.app/Contents/Developer/Platforms/WatchOS.platform/Developer/SDKs/WatchOS27.0.sdk/System/Library/SubFrameworks -internal-iframework /Applications/Xcode-27.0.0.app/Contents/Developer/Platforms/WatchOS.platform/Developer/SDKs/WatchOS27.0.sdk/Library/Frameworks -ivfsstatcache /Users/admin/builder/spi-builder-workspace/.derivedData/SDKStatCaches.noindex/watchos27.0-24R360-e829b21a6f8c9b70876ba0858053c044b9db9bc9c079ee3c7b5f3373b13d10bc.sdkstatcache -std\=gnu17 -fskip-odr-check-in-gmf -fmodules -fmodule-name\=SQLCipher -fno-implicit-modules -fmax-type-align\=16 -fpascal-strings -fstack-check -fvisibility-inlines-hidden-static-local-var -mdarwin-stkchk-strong-link -fno-odr-hash-protocols -pic-level 2 -fencode-extended-block-signature -stack-protector 1 -fgnuc-version\=4.2.1 -fblocks -fno-convergent-functions -ffp-contract\=on -fclang-abi-compat\=4.0 -fno-experimental-relative-c++-abi-vtables -fno-file-reproducible -clang-vendor-feature\=+disableNonDependentMemberExprInCurrentInstantiation -clang-vendor-feature\=+enableAggressiveVLAFolding -clang-vendor-feature\=+revert09abecef7bbf -clang-vendor-feature\=+thisNoAlignAttr -clang-vendor-feature\=+thisNoNullAttr -clang-vendor-feature\=+disableAtImportPrivateFrameworkInImplementationError -O0 -fno-assume-unique-vtables -fdebug-compilation-dir\=/Users/admin/builder/spi-builder-workspace/.swiftpm/xcode -fcoverage-compilation-dir\=/Users/admin/builder/spi-builder-workspace/.swiftpm/xcode -fcoverage-mapping -fcommon -fdwarf2-cfi-asm -fobjc-msgsend-selector-stubs -fregister-global-dtors-with-atexit -fno-strict-return -dwarf-version\=4 -debugger-tuning\=lldb -disable-llvm-verifier -dwarf-ext-refs -funwind-tables\=1 -fprofile-instrument\=clang -enable-tlsdesc -clear-ast-before-backend -discard-value-names -main-file-name sqlite3.c -mframe-pointer\=non-leaf -debug-info-kind\=standalone -fno-loop-interchange -fdiagnostics-hotness-threshold\=0 -fdiagnostics-misexpect-tolerance\=0 -D DEBUG\=1 -D HAVE_GETHOSTUUID\=0 -D HAVE_ISNAN\=1 -D HAVE_STDINT_H -D HAVE_UTIME\=1 -D SQLCIPHER_CRYPTO_CUSTOM\=sqlcipher_ltc_setup -D SQLCIPHER_CRYPTO_LIBTOMCRYPT -D SQLITE_DEFAULT_MEMSTATUS\=0 -D SQLITE_DEFAULT_WAL_SYNCHRONOUS\=1 -D SQLITE_DQS\=0 -D SQLITE_ENABLE_API_ARMOR -D SQLITE_ENABLE_CARRAY -D SQLITE_ENABLE_COLUMN_METADATA -D SQLITE_ENABLE_DBSTAT_VTAB -D SQLITE_ENABLE_FTS3 -D SQLITE_ENABLE_FTS3_PARENTHESIS -D SQLITE_ENABLE_FTS3_TOKENZIER -D SQLITE_ENABLE_FTS4 -D SQLITE_ENABLE_FTS5 -D SQLITE_ENABLE_MATH_FUNCTIONS -D SQLITE_ENABLE_MEMORY_MANAGEMENT -D SQLITE_ENABLE_PERCENTILE -D SQLITE_ENABLE_PREUPDATE_HOOK -D SQLITE_ENABLE_RTREE -D SQLITE_ENABLE_SESSION -D SQLITE_ENABLE_SNAPSHOT -D SQLITE_ENABLE_STAT4 -D SQLITE_ENABLE_STMTVTAB -D SQLITE_ENABLE_UNKNOWN_SQL_FUNCTION -D SQLITE_ENABLE_UNLOCK_NOTIFY -D SQLITE_EXTRA_INIT\=sqlcipher_extra_init -D SQLITE_EXTRA_SHUTDOWN\=sqlcipher_extra_shutdown -D SQLITE_HAS_CODEC -D SQLITE_HOMEGROWN_RECURSIVE_MUTEX -D SQLITE_LIKE_DOESNT_MATCH_BLOBS -D SQLITE_MAX_EXPR_DEPTH\=0 -D SQLITE_MAX_VARIABLE_NUMBER\=250000 -D SQLITE_OMIT_DEPRECATED -D SQLITE_OMIT_PROGRESS_CALLBACK -D SQLITE_SECURE_DELETE -D SQLITE_STRICT_SUBTYPE\=1 -D SQLITE_TEMP_STORE\=2 -D SQLITE_THREADSAFE\=1 -D SQLITE_USE_ALLOCA -D SQLITE_USE_URI -D SWIFT_PACKAGE -D Xcode -fdefine-target-os-macros -MT dependencies -dependency-file /Users/admin/builder/spi-builder-workspace/.derivedData/Build/Intermediates.noindex/swift-sqlcipher.build/Debug-watchos/SQLCipher-t.build/Objects-normal/arm64/sqlite3.d -skip-unused-modulemap-deps -module-file-deps\=direct -fdepfile-entry\=/Applications/Xcode-27.0.0.app/Contents/Developer/Platforms/WatchOS.platform/Developer/SDKs/WatchOS27.0.sdk/SDKSettings.json
CompileC /Users/admin/builder/spi-builder-workspace/.derivedData/Build/Intermediates.noindex/swift-sqlcipher.build/Debug-watchos/SQLCipher-t.build/Objects-normal/arm64_32/sqlite3.o /Users/admin/builder/spi-builder-workspace/.dependencies/checkouts/swift-sqlcipher/Sources/SQLCipher/sqlite/sqlite3.c normal arm64_32 c com.apple.compilers.llvm.clang.1_0.compiler (in target 'SQLCipher' from project 'swift-sqlcipher')
    cd /Users/admin/builder/spi-builder-workspace/.swiftpm/xcode

    Using response file: /Users/admin/builder/spi-builder-workspace/.derivedData/Build/Intermediates.noindex/swift-sqlcipher.build/Debug-watchos/SQLCipher-t.build/Objects-normal/arm64_32/7187679823f38a2a940e0043cdf9d637-common-args.resp

    /Applications/Xcode-27.0.0.app/Contents/Developer/Toolchains/XcodeDefault.xctoolchain/usr/bin/clang -x c -ivfsstatcache /Users/admin/builder/spi-builder-workspace/.derivedData/SDKStatCaches.noindex/watchos27.0-24R360-e829b21a6f8c9b70876ba0858053c044b9db9bc9c079ee3c7b5f3373b13d10bc.sdkstatcache -target arm64_32-apple-watchos9.0 -fmessage-length\=0 -fdiagnostics-show-note-include-stack -fmacro-backtrace-limit\=0 -fno-color-diagnostics -fmodules-prune-interval\=86400 -fmodules-prune-after\=345600 -fbuild-session-file\=/Users/admin/builder/spi-builder-workspace/.derivedData/ModuleCache.noindex/Session.modulevalidation -fmodules-validate-once-per-build-session -Wnon-modular-include-in-framework-module -Werror\=non-modular-include-in-framework-module -Wno-trigraphs -Wno-missing-field-initializers -Wno-missing-prototypes -Wno-return-type -Wno-missing-braces -Wparentheses -Wswitch -Wno-unused-function -Wno-unused-label -Wno-unused-parameter -Wno-unused-variable -Wunused-value -Wno-empty-body -Wno-uninitialized -Wno-unknown-pragmas -w -Wno-shadow -Wno-four-char-constants -Wno-conversion -Wno-constant-conversion -Wno-int-conversion -Wno-bool-conversion -Wno-enum-conversion -Wno-float-conversion -Wno-non-literal-null-conversion -Wno-objc-literal-conversion -Wno-shorten-64-to-32 -Wpointer-sign -Wno-newline-eof -Wno-implicit-fallthrough -isysroot /Applications/Xcode-27.0.0.app/Contents/Developer/Platforms/WatchOS.platform/Developer/SDKs/WatchOS27.0.sdk -fstrict-aliasing -Wdeprecated-declarations -Wno-sign-conversion -Wno-infinite-recursion -Wno-comma -Wno-block-capture-autoreleasing -Wno-strict-prototypes -Wno-semicolon-before-method-body -index-store-path /Users/admin/builder/spi-builder-workspace/.derivedData/Index.noindex/DataStore @/Users/admin/builder/spi-builder-workspace/.derivedData/Build/Intermediates.noindex/swift-sqlcipher.build/Debug-watchos/SQLCipher-t.build/Objects-normal/arm64_32/7187679823f38a2a940e0043cdf9d637-common-args.resp -MMD -MT dependencies -MF /Users/admin/builder/spi-builder-workspace/.derivedData/Build/Intermediates.noindex/swift-sqlcipher.build/Debug-watchos/SQLCipher-t.build/Objects-normal/arm64_32/sqlite3.d --serialize-diagnostics /Users/admin/builder/spi-builder-workspace/.derivedData/Build/Intermediates.noindex/swift-sqlcipher.build/Debug-watchos/SQLCipher-t.build/Objects-normal/arm64_32/sqlite3.dia -c /Users/admin/builder/spi-builder-workspace/.dependencies/checkouts/swift-sqlcipher/Sources/SQLCipher/sqlite/sqlite3.c -o /Users/admin/builder/spi-builder-workspace/.derivedData/Build/Intermediates.noindex/swift-sqlcipher.build/Debug-watchos/SQLCipher-t.build/Objects-normal/arm64_32/sqlite3.o -index-unit-output-path /swift-sqlcipher.build/Debug-watchos/SQLCipher-t.build/Objects-normal/arm64_32/sqlite3.o
Failed frontend command:
/Applications/Xcode-27.0.0.app/Contents/Developer/Toolchains/XcodeDefault.xctoolchain/usr/bin/clang -cc1 -Wundef-prefix\=TARGET_OS_ -fdiagnostics-show-note-include-stack -fmacro-backtrace-limit\=0 -w -ferror-limit 19 -serialize-diagnostic-file /Users/admin/builder/spi-builder-workspace/.derivedData/Build/Intermediates.noindex/swift-sqlcipher.build/Debug-watchos/SQLCipher-t.build/Objects-normal/arm64_32/sqlite3.dia -Wdeprecated-objc-isa-usage -Werror\=deprecated-objc-isa-usage -Werror\=implicit-function-declaration -Wnon-modular-include-in-framework-module -Werror\=non-modular-include-in-framework-module -Wno-trigraphs -Wno-missing-field-initializers -Wno-missing-prototypes -Wno-return-type -Wno-missing-braces -Wparentheses -Wswitch -Wno-unused-function -Wno-unused-label -Wno-unused-parameter -Wno-unused-variable -Wunused-value -Wno-empty-body -Wno-uninitialized -Wno-unknown-pragmas -Wno-shadow -Wno-four-char-constants -Wno-conversion -Wno-constant-conversion -Wno-int-conversion -Wno-bool-conversion -Wno-enum-conversion -Wno-float-conversion -Wno-non-literal-null-conversion -Wno-objc-literal-conversion -Wno-shorten-64-to-32 -Wpointer-sign -Wno-newline-eof -Wno-implicit-fallthrough -Wdeprecated-declarations -Wno-sign-conversion -Wno-infinite-recursion -Wno-comma -Wno-block-capture-autoreleasing -Wno-strict-prototypes -Wno-semicolon-before-method-body -Wno-elaborated-enum-base -Wno-error\=allocator-wrappers -index-store-path /Users/admin/builder/spi-builder-workspace/.derivedData/Index.noindex/DataStore -index-unit-output-path /swift-sqlcipher.build/Debug-watchos/SQLCipher-t.build/Objects-normal/arm64_32/sqlite3.o -fmodule-map-file\=/Applications/Xcode-27.0.0.app/Contents/Developer/Toolchains/XcodeDefault.xctoolchain/usr/lib/clang/21/include/module.modulemap -fmodule-map-file\=/Applications/Xcode-27.0.0.app/Contents/Developer/Platforms/WatchOS.platform/Developer/SDKs/WatchOS.sdk/usr/include/DarwinFoundation1.modulemap -fmodule-map-file\=/Applications/Xcode-27.0.0.app/Contents/Developer/Toolchains/XcodeDefault.xctoolchain/usr/lib/clang/21/include/module.modulemap -fmodule-map-file\=/Applications/Xcode-27.0.0.app/Contents/Developer/Platforms/WatchOS.platform/Developer/SDKs/WatchOS.sdk/usr/include/DarwinFoundation2.modulemap -fmodule-map-file\=/Applications/Xcode-27.0.0.app/Contents/Developer/Toolchains/XcodeDefault.xctoolchain/usr/lib/clang/21/include/module.modulemap -fmodule-map-file\=/Applications/Xcode-27.0.0.app/Contents/Developer/Platforms/WatchOS.platform/Developer/SDKs/WatchOS.sdk/usr/include/DarwinFoundation3.modulemap -fmodule-map-file\=/Applications/Xcode-27.0.0.app/Contents/Developer/Toolchains/XcodeDefault.xctoolchain/usr/lib/clang/21/include/module.modulemap -fmodule-map-file\=/Applications/Xcode-27.0.0.app/Contents/Developer/Platforms/WatchOS.platform/Developer/SDKs/WatchOS.sdk/usr/include/Darwin.modulemap -fmodule-map-file\=/Applications/Xcode-27.0.0.app/Contents/Developer/Platforms/WatchOS.platform/Developer/SDKs/WatchOS.sdk/usr/include/os.modulemap -o /Users/admin/builder/spi-builder-workspace/.derivedData/Build/Intermediates.noindex/swift-sqlcipher.build/Debug-watchos/SQLCipher-t.build/Objects-normal/arm64_32/sqlite3.o -disable-free -emit-obj -x c /Users/admin/builder/spi-builder-workspace/.dependencies/checkouts/swift-sqlcipher/Sources/SQLCipher/sqlite/sqlite3.c -target-abi darwinpcs -target-cpu apple-s4 -target-feature +v8.3a -target-feature +aes -target-feature +complxnum -target-feature +crc -target-feature +fp-armv8 -target-feature +fullfp16 -target-feature +jsconv -target-feature +lse -target-feature +neon -target-feature +pauth -target-feature +perfmon -target-feature +ras -target-feature +rcpc -target-feature +rdm -target-feature +sha2 -triple arm64_32-apple-watchos9.0.0 -target-linker-version 1166.2 -target-sdk-version\=27.0 -fmodules-validate-system-headers -fno-modulemap-allow-subdirectory-search -isysroot /Applications/Xcode-27.0.0.app/Contents/Developer/Platforms/WatchOS.platform/Developer/SDKs/WatchOS27.0.sdk -resource-dir /Applications/Xcode-27.0.0.app/Contents/Developer/Toolchains/XcodeDefault.xctoolchain/usr/lib/clang/21 -fmodule-format\=obj -fmodule-file\=Darwin\=/Users/admin/builder/spi-builder-workspace/.derivedData/Build/Intermediates.noindex/ExplicitPrecompiledModules/Darwin-4R4HZT33U4EYR2YA25IQFSXSA.pcm -fmodule-file\=_Builtin_limits\=/Users/admin/builder/spi-builder-workspace/.derivedData/Build/Intermediates.noindex/ExplicitPrecompiledModules/_Builtin_limits-DH0FEDDWE928K1P79VZ3P5REN.pcm -fmodule-file\=_Builtin_stdarg\=/Users/admin/builder/spi-builder-workspace/.derivedData/Build/Intermediates.noindex/ExplicitPrecompiledModules/_Builtin_stdarg-B48YP420NGQ6LFSLY8IFGYU1E.pcm -fmodule-file\=_Builtin_stddef\=/Users/admin/builder/spi-builder-workspace/.derivedData/Build/Intermediates.noindex/ExplicitPrecompiledModules/_Builtin_stddef-CSOP6ULZ517V4PLX20PZVWI54.pcm -fmodule-file\=_Builtin_stdint\=/Users/admin/builder/spi-builder-workspace/.derivedData/Build/Intermediates.noindex/ExplicitPrecompiledModules/_Builtin_stdint-E6VF7QQ7Z6T0QQO2BPT6BVT7D.pcm -fmodule-file\=_DarwinFoundation1\=/Users/admin/builder/spi-builder-workspace/.derivedData/Build/Intermediates.noindex/ExplicitPrecompiledModules/_DarwinFoundation1-7JIRLUEFH5JXS0GGZJ7GCWRB3.pcm -fmodule-file\=_DarwinFoundation2\=/Users/admin/builder/spi-builder-workspace/.derivedData/Build/Intermediates.noindex/ExplicitPrecompiledModules/_DarwinFoundation2-DEX80EIY4NFLCFO4H9XG9WSN2.pcm -fmodule-file\=_DarwinFoundation3\=/Users/admin/builder/spi-builder-workspace/.derivedData/Build/Intermediates.noindex/ExplicitPrecompiledModules/_DarwinFoundation3-CED5FAG9P8NYEO98EYNY07CC0.pcm -fmodule-file\=os\=/Users/admin/builder/spi-builder-workspace/.derivedData/Build/Intermediates.noindex/ExplicitPrecompiledModules/os-9OYU0KIB7JGY08H9F03BD6EJ9.pcm -I /Users/admin/builder/spi-builder-workspace/.derivedData/Build/Products/Debug-watchos/include -I /Users/admin/builder/spi-builder-workspace/.dependencies/checkouts/swift-sqlcipher/Sources/SQLCipher/sqlite -I /Users/admin/builder/spi-builder-workspace/.dependencies/checkouts/swift-sqlcipher/Sources/SQLCipher/libtomcrypt/headers -I /Users/admin/builder/spi-builder-workspace/.derivedData/Build/Intermediates.noindex/swift-sqlcipher.build/Debug-watchos/SQLCipher-t.build/DerivedSources-normal/arm64_32 -I /Users/admin/builder/spi-builder-workspace/.derivedData/Build/Intermediates.noindex/swift-sqlcipher.build/Debug-watchos/SQLCipher-t.build/DerivedSources/arm64_32 -I /Users/admin/builder/spi-builder-workspace/.derivedData/Build/Intermediates.noindex/swift-sqlcipher.build/Debug-watchos/SQLCipher-t.build/DerivedSources -F /Users/admin/builder/spi-builder-workspace/.derivedData/Build/Products/Debug-watchos -iframework /Applications/Xcode-27.0.0.app/Contents/Developer/Platforms/WatchOS.platform/Developer/Library/Frameworks -iframework /Applications/Xcode-27.0.0.app/Contents/Developer/Platforms/WatchOS.platform/Developer/SDKs/WatchOS27.0.sdk/Developer/Library/Frameworks -internal-isystem /Applications/Xcode-27.0.0.app/Contents/Developer/Platforms/WatchOS.platform/Developer/SDKs/WatchOS27.0.sdk/usr/local/include -internal-isystem /Applications/Xcode-27.0.0.app/Contents/Developer/Toolchains/XcodeDefault.xctoolchain/usr/lib/clang/21/include -internal-externc-isystem /Applications/Xcode-27.0.0.app/Contents/Developer/Platforms/WatchOS.platform/Developer/SDKs/WatchOS27.0.sdk/usr/include -internal-externc-isystem /Applications/Xcode-27.0.0.app/Contents/Developer/Toolchains/XcodeDefault.xctoolchain/usr/include -internal-iframework /Applications/Xcode-27.0.0.app/Contents/Developer/Platforms/WatchOS.platform/Developer/SDKs/WatchOS27.0.sdk/System/Library/Frameworks -internal-iframework /Applications/Xcode-27.0.0.app/Contents/Developer/Platforms/WatchOS.platform/Developer/SDKs/WatchOS27.0.sdk/System/Library/SubFrameworks -internal-iframework /Applications/Xcode-27.0.0.app/Contents/Developer/Platforms/WatchOS.platform/Developer/SDKs/WatchOS27.0.sdk/Library/Frameworks -ivfsstatcache /Users/admin/builder/spi-builder-workspace/.derivedData/SDKStatCaches.noindex/watchos27.0-24R360-e829b21a6f8c9b70876ba0858053c044b9db9bc9c079ee3c7b5f3373b13d10bc.sdkstatcache -std\=gnu17 -fskip-odr-check-in-gmf -fmodules -fmodule-name\=SQLCipher -fno-implicit-modules -fmax-type-align\=16 -fpascal-strings -fvisibility-inlines-hidden-static-local-var -mdarwin-stkchk-strong-link -fno-odr-hash-protocols -pic-level 2 -fencode-extended-block-signature -stack-protector 1 -fgnuc-version\=4.2.1 -fblocks -fno-convergent-functions -ffp-contract\=on -fclang-abi-compat\=4.0 -fno-experimental-relative-c++-abi-vtables -fno-file-reproducible -clang-vendor-feature\=+disableNonDependentMemberExprInCurrentInstantiation -clang-vendor-feature\=+enableAggressiveVLAFolding -clang-vendor-feature\=+revert09abecef7bbf -clang-vendor-feature\=+thisNoAlignAttr -clang-vendor-feature\=+thisNoNullAttr -clang-vendor-feature\=+disableAtImportPrivateFrameworkInImplementationError -O0 -fno-assume-unique-vtables -fdebug-compilation-dir\=/Users/admin/builder/spi-builder-workspace/.swiftpm/xcode -fcoverage-compilation-dir\=/Users/admin/builder/spi-builder-workspace/.swiftpm/xcode -fcoverage-mapping -fcommon -fdwarf2-cfi-asm -fobjc-msgsend-selector-stubs -fregister-global-dtors-with-atexit -fno-strict-return -dwarf-version\=4 -debugger-tuning\=lldb -disable-llvm-verifier -dwarf-ext-refs -funwind-tables\=1 -fprofile-instrument\=clang -enable-tlsdesc -clear-ast-before-backend -discard-value-names -main-file-name sqlite3.c -mframe-pointer\=non-leaf -debug-info-kind\=standalone -fno-loop-interchange -fdiagnostics-hotness-threshold\=0 -fdiagnostics-misexpect-tolerance\=0 -D DEBUG\=1 -D HAVE_GETHOSTUUID\=0 -D HAVE_ISNAN\=1 -D HAVE_STDINT_H -D HAVE_UTIME\=1 -D SQLCIPHER_CRYPTO_CUSTOM\=sqlcipher_ltc_setup -D SQLCIPHER_CRYPTO_LIBTOMCRYPT -D SQLITE_DEFAULT_MEMSTATUS\=0 -D SQLITE_DEFAULT_WAL_SYNCHRONOUS\=1 -D SQLITE_DQS\=0 -D SQLITE_ENABLE_API_ARMOR -D SQLITE_ENABLE_CARRAY -D SQLITE_ENABLE_COLUMN_METADATA -D SQLITE_ENABLE_DBSTAT_VTAB -D SQLITE_ENABLE_FTS3 -D SQLITE_ENABLE_FTS3_PARENTHESIS -D SQLITE_ENABLE_FTS3_TOKENZIER -D SQLITE_ENABLE_FTS4 -D SQLITE_ENABLE_FTS5 -D SQLITE_ENABLE_MATH_FUNCTIONS -D SQLITE_ENABLE_MEMORY_MANAGEMENT -D SQLITE_ENABLE_PERCENTILE -D SQLITE_ENABLE_PREUPDATE_HOOK -D SQLITE_ENABLE_RTREE -D SQLITE_ENABLE_SESSION -D SQLITE_ENABLE_SNAPSHOT -D SQLITE_ENABLE_STAT4 -D SQLITE_ENABLE_STMTVTAB -D SQLITE_ENABLE_UNKNOWN_SQL_FUNCTION -D SQLITE_ENABLE_UNLOCK_NOTIFY -D SQLITE_EXTRA_INIT\=sqlcipher_extra_init -D SQLITE_EXTRA_SHUTDOWN\=sqlcipher_extra_shutdown -D SQLITE_HAS_CODEC -D SQLITE_HOMEGROWN_RECURSIVE_MUTEX -D SQLITE_LIKE_DOESNT_MATCH_BLOBS -D SQLITE_MAX_EXPR_DEPTH\=0 -D SQLITE_MAX_VARIABLE_NUMBER\=250000 -D SQLITE_OMIT_DEPRECATED -D SQLITE_OMIT_PROGRESS_CALLBACK -D SQLITE_SECURE_DELETE -D SQLITE_STRICT_SUBTYPE\=1 -D SQLITE_TEMP_STORE\=2 -D SQLITE_THREADSAFE\=1 -D SQLITE_USE_ALLOCA -D SQLITE_USE_URI -D SWIFT_PACKAGE -D Xcode -fdefine-target-os-macros -MT dependencies -dependency-file /Users/admin/builder/spi-builder-workspace/.derivedData/Build/Intermediates.noindex/swift-sqlcipher.build/Debug-watchos/SQLCipher-t.build/Objects-normal/arm64_32/sqlite3.d -skip-unused-modulemap-deps -module-file-deps\=direct -fdepfile-entry\=/Applications/Xcode-27.0.0.app/Contents/Developer/Platforms/WatchOS.platform/Developer/SDKs/WatchOS27.0.sdk/SDKSettings.json
SwiftCompile normal arm64 Compiling\ VeinNotificationGuard.swift,\ FieldBase.swift,\ Persistable.swift,\ PersistedField.swift,\ PersistedRelationship.swift /Users/admin/builder/spi-builder-workspace/Sources/Vein/Model/PropertyWrappers/VeinNotificationGuard.swift /Users/admin/builder/spi-builder-workspace/Sources/Vein/Model/Protocols/FieldBase.swift /Users/admin/builder/spi-builder-workspace/Sources/Vein/Model/Protocols/Persistable.swift /Users/admin/builder/spi-builder-workspace/Sources/Vein/Model/Protocols/PersistedField.swift /Users/admin/builder/spi-builder-workspace/Sources/Vein/Model/Protocols/PersistedRelationship.swift (in target 'Vein' from project 'amethyst-vein')
SwiftCompile normal arm64 /Users/admin/builder/spi-builder-workspace/Sources/Vein/Model/PropertyWrappers/VeinNotificationGuard.swift (in target 'Vein' from project 'amethyst-vein')
    cd /Users/admin/builder/spi-builder-workspace/.swiftpm/xcode
    builtin-SwiftPerFileCompile VeinNotificationGuard.swift
SwiftCompile normal arm64 /Users/admin/builder/spi-builder-workspace/Sources/Vein/Model/Protocols/FieldBase.swift (in target 'Vein' from project 'amethyst-vein')
    cd /Users/admin/builder/spi-builder-workspace/.swiftpm/xcode
    builtin-SwiftPerFileCompile FieldBase.swift
SwiftCompile normal arm64 /Users/admin/builder/spi-builder-workspace/Sources/Vein/Model/Protocols/Persistable.swift (in target 'Vein' from project 'amethyst-vein')
    cd /Users/admin/builder/spi-builder-workspace/.swiftpm/xcode
    builtin-SwiftPerFileCompile Persistable.swift
SwiftCompile normal arm64 /Users/admin/builder/spi-builder-workspace/Sources/Vein/Model/Protocols/PersistedField.swift (in target 'Vein' from project 'amethyst-vein')
    cd /Users/admin/builder/spi-builder-workspace/.swiftpm/xcode
    builtin-SwiftPerFileCompile PersistedField.swift
SwiftCompile normal arm64 /Users/admin/builder/spi-builder-workspace/Sources/Vein/Model/Protocols/PersistedRelationship.swift (in target 'Vein' from project 'amethyst-vein')
    cd /Users/admin/builder/spi-builder-workspace/.swiftpm/xcode
    builtin-SwiftPerFileCompile PersistedRelationship.swift
SwiftCompile normal arm64 Compiling\ IntegratedKeyProvider.swift,\ KeyProviderProtocol.swift,\ ManagedObjectContext+Check-Integrity.swift,\ ManagedObjectContext+Fetch.swift,\ ManagedObjectContext+Migration.swift /Users/admin/builder/spi-builder-workspace/Sources/Vein/ModelContext/KeyProviders/IntegratedKeyProvider.swift /Users/admin/builder/spi-builder-workspace/Sources/Vein/ModelContext/KeyProviders/KeyProviderProtocol.swift /Users/admin/builder/spi-builder-workspace/Sources/Vein/ModelContext/ManagedObjectContext/ManagedObjectContext+Check-Integrity.swift /Users/admin/builder/spi-builder-workspace/Sources/Vein/ModelContext/ManagedObjectContext/ManagedObjectContext+Fetch.swift /Users/admin/builder/spi-builder-workspace/Sources/Vein/ModelContext/ManagedObjectContext/ManagedObjectContext+Migration.swift (in target 'Vein' from project 'amethyst-vein')
SwiftCompile normal arm64 /Users/admin/builder/spi-builder-workspace/Sources/Vein/ModelContext/KeyProviders/IntegratedKeyProvider.swift (in target 'Vein' from project 'amethyst-vein')
    cd /Users/admin/builder/spi-builder-workspace/.swiftpm/xcode
    builtin-SwiftPerFileCompile IntegratedKeyProvider.swift
SwiftCompile normal arm64 /Users/admin/builder/spi-builder-workspace/Sources/Vein/ModelContext/KeyProviders/KeyProviderProtocol.swift (in target 'Vein' from project 'amethyst-vein')
    cd /Users/admin/builder/spi-builder-workspace/.swiftpm/xcode
    builtin-SwiftPerFileCompile KeyProviderProtocol.swift
SwiftCompile normal arm64 /Users/admin/builder/spi-builder-workspace/Sources/Vein/ModelContext/ManagedObjectContext/ManagedObjectContext+Check-Integrity.swift (in target 'Vein' from project 'amethyst-vein')
    cd /Users/admin/builder/spi-builder-workspace/.swiftpm/xcode
    builtin-SwiftPerFileCompile ManagedObjectContext+Check-Integrity.swift
SwiftCompile normal arm64 /Users/admin/builder/spi-builder-workspace/Sources/Vein/ModelContext/ManagedObjectContext/ManagedObjectContext+Fetch.swift (in target 'Vein' from project 'amethyst-vein')
    cd /Users/admin/builder/spi-builder-workspace/.swiftpm/xcode
    builtin-SwiftPerFileCompile ManagedObjectContext+Fetch.swift
SwiftCompile normal arm64 /Users/admin/builder/spi-builder-workspace/Sources/Vein/ModelContext/ManagedObjectContext/ManagedObjectContext+Migration.swift (in target 'Vein' from project 'amethyst-vein')
    cd /Users/admin/builder/spi-builder-workspace/.swiftpm/xcode
    builtin-SwiftPerFileCompile ManagedObjectContext+Migration.swift
SwiftCompile normal arm64 Compiling\ ManagedObjectContext+UI.swift,\ ManagedObjectContext.swift,\ ModelContainer.swift,\ Mutex.swift,\ AnyQueryObserver.swift /Users/admin/builder/spi-builder-workspace/Sources/Vein/ModelContext/ManagedObjectContext/ManagedObjectContext+UI.swift /Users/admin/builder/spi-builder-workspace/Sources/Vein/ModelContext/ManagedObjectContext/ManagedObjectContext.swift /Users/admin/builder/spi-builder-workspace/Sources/Vein/ModelContext/ModelContainer.swift /Users/admin/builder/spi-builder-workspace/Sources/Vein/ModelContext/Mutex.swift /Users/admin/builder/spi-builder-workspace/Sources/Vein/ModelContext/Protocols/AnyQueryObserver.swift (in target 'Vein' from project 'amethyst-vein')
SwiftCompile normal arm64 /Users/admin/builder/spi-builder-workspace/Sources/Vein/ModelContext/ManagedObjectContext/ManagedObjectContext+UI.swift (in target 'Vein' from project 'amethyst-vein')
    cd /Users/admin/builder/spi-builder-workspace/.swiftpm/xcode
    builtin-SwiftPerFileCompile ManagedObjectContext+UI.swift
SwiftCompile normal arm64 /Users/admin/builder/spi-builder-workspace/Sources/Vein/ModelContext/ManagedObjectContext/ManagedObjectContext.swift (in target 'Vein' from project 'amethyst-vein')
    cd /Users/admin/builder/spi-builder-workspace/.swiftpm/xcode
    builtin-SwiftPerFileCompile ManagedObjectContext.swift
SwiftCompile normal arm64 /Users/admin/builder/spi-builder-workspace/Sources/Vein/ModelContext/ModelContainer.swift (in target 'Vein' from project 'amethyst-vein')
    cd /Users/admin/builder/spi-builder-workspace/.swiftpm/xcode
    builtin-SwiftPerFileCompile ModelContainer.swift
SwiftCompile normal arm64 /Users/admin/builder/spi-builder-workspace/Sources/Vein/ModelContext/Mutex.swift (in target 'Vein' from project 'amethyst-vein')
    cd /Users/admin/builder/spi-builder-workspace/.swiftpm/xcode
    builtin-SwiftPerFileCompile Mutex.swift
SwiftCompile normal arm64 /Users/admin/builder/spi-builder-workspace/Sources/Vein/ModelContext/Protocols/AnyQueryObserver.swift (in target 'Vein' from project 'amethyst-vein')
    cd /Users/admin/builder/spi-builder-workspace/.swiftpm/xcode
    builtin-SwiftPerFileCompile AnyQueryObserver.swift
SwiftCompile normal arm64 Compiling\ LogConfiguration.swift,\ Fields.swift,\ ManyRelationship.swift,\ OneRelationship.swift,\ PrimaryKeyWrapper.swift /Users/admin/builder/spi-builder-workspace/Sources/Vein/Logging/LogConfiguration.swift /Users/admin/builder/spi-builder-workspace/Sources/Vein/Model/PropertyWrappers/Fields.swift /Users/admin/builder/spi-builder-workspace/Sources/Vein/Model/PropertyWrappers/ManyRelationship.swift /Users/admin/builder/spi-builder-workspace/Sources/Vein/Model/PropertyWrappers/OneRelationship.swift /Users/admin/builder/spi-builder-workspace/Sources/Vein/Model/PropertyWrappers/PrimaryKeyWrapper.swift (in target 'Vein' from project 'amethyst-vein')
SwiftCompile normal arm64 /Users/admin/builder/spi-builder-workspace/Sources/Vein/Logging/LogConfiguration.swift (in target 'Vein' from project 'amethyst-vein')
    cd /Users/admin/builder/spi-builder-workspace/.swiftpm/xcode
    builtin-SwiftPerFileCompile LogConfiguration.swift
SwiftCompile normal arm64 /Users/admin/builder/spi-builder-workspace/Sources/Vein/Model/PropertyWrappers/Fields.swift (in target 'Vein' from project 'amethyst-vein')
    cd /Users/admin/builder/spi-builder-workspace/.swiftpm/xcode
    builtin-SwiftPerFileCompile Fields.swift
SwiftCompile normal arm64 /Users/admin/builder/spi-builder-workspace/Sources/Vein/Model/PropertyWrappers/ManyRelationship.swift (in target 'Vein' from project 'amethyst-vein')
    cd /Users/admin/builder/spi-builder-workspace/.swiftpm/xcode
    builtin-SwiftPerFileCompile ManyRelationship.swift
SwiftCompile normal arm64 /Users/admin/builder/spi-builder-workspace/Sources/Vein/Model/PropertyWrappers/OneRelationship.swift (in target 'Vein' from project 'amethyst-vein')
    cd /Users/admin/builder/spi-builder-workspace/.swiftpm/xcode
    builtin-SwiftPerFileCompile OneRelationship.swift
SwiftCompile normal arm64 /Users/admin/builder/spi-builder-workspace/Sources/Vein/Model/PropertyWrappers/PrimaryKeyWrapper.swift (in target 'Vein' from project 'amethyst-vein')
    cd /Users/admin/builder/spi-builder-workspace/.swiftpm/xcode
    builtin-SwiftPerFileCompile PrimaryKeyWrapper.swift
SwiftCompile normal arm64 Compiling\ PersistentModel.swift,\ MigrationStage.swift,\ ModelVersion.swift,\ ReferenceCountedObservers.swift,\ SQLiteTypeName.swift /Users/admin/builder/spi-builder-workspace/Sources/Vein/Model/Protocols/PersistentModel.swift /Users/admin/builder/spi-builder-workspace/Sources/Vein/Model/Values/MigrationStage.swift /Users/admin/builder/spi-builder-workspace/Sources/Vein/Model/Values/ModelVersion.swift /Users/admin/builder/spi-builder-workspace/Sources/Vein/Model/Values/ReferenceCountedObservers.swift /Users/admin/builder/spi-builder-workspace/Sources/Vein/Model/Values/SQLiteTypeName.swift (in target 'Vein' from project 'amethyst-vein')
SwiftCompile normal arm64 /Users/admin/builder/spi-builder-workspace/Sources/Vein/Model/Protocols/PersistentModel.swift (in target 'Vein' from project 'amethyst-vein')
    cd /Users/admin/builder/spi-builder-workspace/.swiftpm/xcode
    builtin-SwiftPerFileCompile PersistentModel.swift
SwiftCompile normal arm64 /Users/admin/builder/spi-builder-workspace/Sources/Vein/Model/Values/MigrationStage.swift (in target 'Vein' from project 'amethyst-vein')
    cd /Users/admin/builder/spi-builder-workspace/.swiftpm/xcode
    builtin-SwiftPerFileCompile MigrationStage.swift
SwiftCompile normal arm64 /Users/admin/builder/spi-builder-workspace/Sources/Vein/Model/Values/ModelVersion.swift (in target 'Vein' from project 'amethyst-vein')
    cd /Users/admin/builder/spi-builder-workspace/.swiftpm/xcode
    builtin-SwiftPerFileCompile ModelVersion.swift
SwiftCompile normal arm64 /Users/admin/builder/spi-builder-workspace/Sources/Vein/Model/Values/ReferenceCountedObservers.swift (in target 'Vein' from project 'amethyst-vein')
    cd /Users/admin/builder/spi-builder-workspace/.swiftpm/xcode
    builtin-SwiftPerFileCompile ReferenceCountedObservers.swift
SwiftCompile normal arm64 /Users/admin/builder/spi-builder-workspace/Sources/Vein/Model/Values/SQLiteTypeName.swift (in target 'Vein' from project 'amethyst-vein')
    cd /Users/admin/builder/spi-builder-workspace/.swiftpm/xcode
    builtin-SwiftPerFileCompile SQLiteTypeName.swift
SwiftEmitModule normal arm64 Emitting\ module\ for\ Vein (in target 'Vein' from project 'amethyst-vein')
/Users/admin/builder/spi-builder-workspace/Sources/Vein/ModelContext/ManagedObjectContext/ManagedObjectContext+Surface.swift:34:22: error: 'Predicate' is only available in watchOS 10 or newer
 20 | package typealias WriteCacheDictionary = [ObjectIdentifier: [ULID: any PersistentModel]]
 21 |
 22 | extension ManagedObjectContext {
    | `- note: add '@available' attribute to enclosing extension
 23 |     /// A Boolean value that indicates whether the context has uncommitted changes.
 24 |     public nonisolated var hasChanges: Bool {
    :
 31 |     /// Non existent tables are treated as empty state and therefore return [].
 32 |     @available(macOS 14, iOS 17, tvOS 17, macCatalyst 17, *)
 33 |     public nonisolated func fetchAll<T: PersistentModel>(
    |                             `- note: add '@available' attribute to enclosing instance method
 34 |         _ predicate: Predicate<T>
    |                      `- error: 'Predicate' is only available in watchOS 10 or newer
 35 |     ) throws(MOCError) -> [T] {
 36 |         do {
/Users/admin/builder/spi-builder-workspace/Sources/Vein/ModelContext/Values/FetchTypes.swift:49:20: error: 'Predicate' is only available in watchOS 10 or newer
 20 | /// Paginated requests ignore in memory changes during the query.
 21 | /// Models pending deletion will still be removed from the results.
 22 | public struct PaginatedFetchDescriptor<T: PersistentModel>: Sendable {
    |               `- note: add '@available' attribute to enclosing generic struct
 23 |     public let modelPredicate: ModelPredicate<T>
 24 |     /// The sort rules that tell the fetch how to order its results.
    :
 46 |     /// optionally, arranges the fetched models in a particular order.
 47 |     @available(macOS 14, iOS 17, tvOS 17, macCatalyst 17, *)
 48 |     public init(
    |            `- note: add '@available' attribute to enclosing initializer
 49 |         predicate: Predicate<T>,
    |                    `- error: 'Predicate' is only available in watchOS 10 or newer
 50 |         sortBy sortRules: [SortRule<T>] = [],
 51 |         limit: Int,
/Users/admin/builder/spi-builder-workspace/Sources/Vein/ModelContext/Values/FetchTypes.swift:120:20: error: 'Predicate' is only available in watchOS 10 or newer
 93 |
 94 | /// A structure describing a fetch request.
 95 | public struct FetchDescriptor<T: PersistentModel> {
    |               `- note: add '@available' attribute to enclosing generic struct
 96 |     public let modelPredicate: ModelPredicate<T>
 97 |
    :
117 |     /// optionally, arranges the fetched models in a particular order.
118 |     @available(macOS 14, iOS 17, tvOS 17, macCatalyst 17, *)
119 |     public init(
    |            `- note: add '@available' attribute to enclosing initializer
120 |         predicate: Predicate<T>,
    |                    `- error: 'Predicate' is only available in watchOS 10 or newer
121 |         sortBy sortRules: [SortRule<T>] = []
122 |     ) throws {
/Users/admin/builder/spi-builder-workspace/Sources/Vein/ModelContext/Values/ModelPredicate.swift:39:41: error: 'Predicate' is only available in watchOS 10 or newer
21 | ///
22 | /// Can either be created by using a FoundationMacros.Predicate or by providing your own SQL Query and runtime filter.
23 | public struct ModelPredicate<T: PersistentModel>: Sendable, Hashable, AnyPredicateBuilder {
   |               `- note: add '@available' attribute to enclosing generic struct
24 |     public let runtimeFilter: @Sendable (T) -> Bool
25 |     public let sql: SQLExpression<Bool>
   :
37 |
38 |     @available(macOS 14, iOS 17, tvOS 17, macCatalyst 17, *)
39 |     public init(_ predicate: Foundation.Predicate<T>) throws {
   |            |                            `- error: 'Predicate' is only available in watchOS 10 or newer
   |            `- note: add '@available' attribute to enclosing initializer
40 |         runtimeFilter = { model in
41 |             do {
/Users/admin/builder/spi-builder-workspace/Sources/Vein/Utils/Predicate.swift:70:40: error: 'StandardPredicateExpression' is only available in watchOS 10 or newer
 50 |
 51 | @available(macOS 14, iOS 17, tvOS 17, macCatalyst 17, *)
 52 | extension Predicate {
    | `- note: add '@available' attribute to enclosing extension
 53 |     public func toSQLiteFilter() throws -> SQLExpression<Bool> {
 54 |         let rootExpression: any StandardPredicateExpression<Bool> = self.expression
    :
 68 |     }
 69 |
 70 |     private func openAndResolveRoot<E: StandardPredicateExpression<
    |                  |                     `- error: 'StandardPredicateExpression' is only available in watchOS 10 or newer
    |                  `- note: add '@available' attribute to enclosing instance method
 71 |         Bool
 72 |     >>(_ expression: E) throws(PredicateConversionError)
/Users/admin/builder/spi-builder-workspace/Sources/Vein/Utils/Predicate.swift:52:11: error: 'Predicate' is only available in watchOS 10 or newer
 50 |
 51 | @available(macOS 14, iOS 17, tvOS 17, macCatalyst 17, *)
 52 | extension Predicate {
    | |         `- error: 'Predicate' is only available in watchOS 10 or newer
    | `- note: add '@available' attribute to enclosing extension
 53 |     public func toSQLiteFilter() throws -> SQLExpression<Bool> {
 54 |         let rootExpression: any StandardPredicateExpression<Bool> = self.expression
/Users/admin/builder/spi-builder-workspace/Sources/Vein/Utils/Predicate.swift:93:11: error: 'PredicateExpressions' is only available in watchOS 10 or newer
 91 |
 92 | @available(macOS 14, iOS 17, tvOS 17, macCatalyst 17, *)
 93 | extension PredicateExpressions.Variable: SQLiteExpressibleBuilder {
    | |         `- error: 'PredicateExpressions' is only available in watchOS 10 or newer
    | `- note: add '@available' attribute to enclosing extension
 94 |     public typealias Representation = Bool
 95 |
/Users/admin/builder/spi-builder-workspace/Sources/Vein/Utils/Predicate.swift:102:11: error: 'PredicateExpressions' is only available in watchOS 10 or newer
100 |
101 | @available(macOS 14, iOS 17, tvOS 17, macCatalyst 17, *)
102 | extension PredicateExpressions.Value: SQLiteExpressibleBuilder where Output: Persistable {
    | |         `- error: 'PredicateExpressions' is only available in watchOS 10 or newer
    | `- note: add '@available' attribute to enclosing extension
103 |     public typealias Representation = Output.PersistentRepresentation
104 |     public func asSQLiteExpression() -> SQLExpression<Representation.SQLiteType> {
/Users/admin/builder/spi-builder-workspace/Sources/Vein/Utils/Predicate.swift:110:11: error: 'PredicateExpressions' is only available in watchOS 10 or newer
108 |
109 | @available(macOS 14, iOS 17, tvOS 17, macCatalyst 17, *)
110 | extension PredicateExpressions.KeyPath: SQLiteExpressibleBuilder where
    | |         `- error: 'PredicateExpressions' is only available in watchOS 10 or newer
    | `- note: add '@available' attribute to enclosing extension
111 |     Root: SQLiteExpressibleBuilder,
112 |     Root.Output: PersistentModel,
/Users/admin/builder/spi-builder-workspace/Sources/Vein/Utils/Predicate.swift:133:11: error: 'PredicateExpressions' is only available in watchOS 10 or newer
131 |
132 | @available(macOS 14, iOS 17, tvOS 17, macCatalyst 17, *)
133 | extension PredicateExpressions.Equal: SQLiteExpressibleBuilder where
    | |         `- error: 'PredicateExpressions' is only available in watchOS 10 or newer
    | `- note: add '@available' attribute to enclosing extension
134 |     LHS: SQLiteExpressibleBuilder,
135 |     RHS: SQLiteExpressibleBuilder,
/Users/admin/builder/spi-builder-workspace/Sources/Vein/Utils/Predicate.swift:159:11: error: 'PredicateExpressions' is only available in watchOS 10 or newer
157 |
158 | @available(macOS 14, iOS 17, tvOS 17, macCatalyst 17, *)
159 | extension PredicateExpressions.NotEqual: SQLiteExpressibleBuilder where
    | |         `- error: 'PredicateExpressions' is only available in watchOS 10 or newer
    | `- note: add '@available' attribute to enclosing extension
160 |     LHS: SQLiteExpressibleBuilder,
161 |     RHS: SQLiteExpressibleBuilder,
/Users/admin/builder/spi-builder-workspace/Sources/Vein/Utils/Predicate.swift:185:11: error: 'PredicateExpressions' is only available in watchOS 10 or newer
183 |
184 | @available(macOS 14, iOS 17, tvOS 17, macCatalyst 17, *)
185 | extension PredicateExpressions.Comparison: SQLiteExpressibleBuilder where
    | |         `- error: 'PredicateExpressions' is only available in watchOS 10 or newer
    | `- note: add '@available' attribute to enclosing extension
186 |     LHS: SQLiteExpressibleBuilder,
187 |     RHS: SQLiteExpressibleBuilder,
/Users/admin/builder/spi-builder-workspace/Sources/Vein/Utils/Predicate.swift:212:11: error: 'PredicateExpressions' is only available in watchOS 10 or newer
210 |
211 | @available(macOS 14, iOS 17, tvOS 17, macCatalyst 17, *)
212 | extension PredicateExpressions.UnaryMinus: SQLiteExpressibleBuilder where
    | |         `- error: 'PredicateExpressions' is only available in watchOS 10 or newer
    | `- note: add '@available' attribute to enclosing extension
213 |     Wrapped: SQLiteExpressibleBuilder,
214 |     Wrapped.Output: Persistable
/Users/admin/builder/spi-builder-workspace/Sources/Vein/Utils/Predicate.swift:227:11: error: 'PredicateExpressions' is only available in watchOS 10 or newer
225 |
226 | @available(macOS 14, iOS 17, tvOS 17, macCatalyst 17, *)
227 | extension PredicateExpressions.Negation: SQLiteExpressibleBuilder where
    | |         `- error: 'PredicateExpressions' is only available in watchOS 10 or newer
    | `- note: add '@available' attribute to enclosing extension
228 |     Wrapped: SQLiteExpressibleBuilder
229 | {
/Users/admin/builder/spi-builder-workspace/Sources/Vein/Utils/Predicate.swift:243:11: error: 'PredicateExpressions' is only available in watchOS 10 or newer
241 |
242 | @available(macOS 14, iOS 17, tvOS 17, macCatalyst 17, *)
243 | extension PredicateExpressions.Conjunction: SQLiteExpressibleBuilder where
    | |         `- error: 'PredicateExpressions' is only available in watchOS 10 or newer
    | `- note: add '@available' attribute to enclosing extension
244 |     LHS: SQLiteExpressibleBuilder,
245 |     RHS: SQLiteExpressibleBuilder,
/Users/admin/builder/spi-builder-workspace/Sources/Vein/Utils/Predicate.swift:264:11: error: 'PredicateExpressions' is only available in watchOS 10 or newer
262 |
263 | @available(macOS 14, iOS 17, tvOS 17, macCatalyst 17, *)
264 | extension PredicateExpressions.Disjunction: SQLiteExpressibleBuilder where
    | |         `- error: 'PredicateExpressions' is only available in watchOS 10 or newer
    | `- note: add '@available' attribute to enclosing extension
265 |     LHS: SQLiteExpressibleBuilder,
266 |     RHS: SQLiteExpressibleBuilder,
/Users/admin/builder/spi-builder-workspace/Sources/Vein/Utils/Predicate.swift:285:11: error: 'PredicateExpressions' is only available in watchOS 10 or newer
283 |
284 | @available(macOS 14, iOS 17, tvOS 17, macCatalyst 17, *)
285 | extension PredicateExpressions.NilLiteral: SQLiteExpressibleBuilder where
    | |         `- error: 'PredicateExpressions' is only available in watchOS 10 or newer
    | `- note: add '@available' attribute to enclosing extension
286 |     Wrapped: Persistable
287 | {
/Users/admin/builder/spi-builder-workspace/Sources/Vein/Utils/Predicate.swift:299:11: error: 'PredicateExpressions' is only available in watchOS 10 or newer
297 |
298 | @available(macOS 14, iOS 17, tvOS 17, macCatalyst 17, *)
299 | extension PredicateExpressions.SequenceStartsWith: SQLiteExpressibleBuilder where
    | |         `- error: 'PredicateExpressions' is only available in watchOS 10 or newer
    | `- note: add '@available' attribute to enclosing extension
300 |     Base: SQLiteExpressibleBuilder,
301 |     Prefix: SQLiteExpressibleBuilder,
/Users/admin/builder/spi-builder-workspace/Sources/Vein/Utils/Predicate.swift:322:15: error: 'PredicateExpressions' is only available in watchOS 10 or newer
320 | #if os(macOS) || os(iOS) || os(tvOS) || os(watchOS) || os(visionOS)
321 |     @available(macOS 14, iOS 17, tvOS 17, macCatalyst 17, *)
322 |     extension PredicateExpressions.StringLocalizedStandardContains: SQLiteExpressibleBuilder where
    |     |         `- error: 'PredicateExpressions' is only available in watchOS 10 or newer
    |     `- note: add '@available' attribute to enclosing extension
323 |         Root: SQLiteExpressibleBuilder,
324 |         Other: SQLiteExpressibleBuilder,
/Users/admin/builder/spi-builder-workspace/Sources/Vein/Utils/Predicate.swift:352:11: error: 'PredicateExpressions' is only available in watchOS 10 or newer
350 |
351 | @available(macOS 14, iOS 17, tvOS 17, macCatalyst 17, *)
352 | extension PredicateExpressions.CollectionContainsCollection: SQLiteExpressibleBuilder where
    | |         `- error: 'PredicateExpressions' is only available in watchOS 10 or newer
    | `- note: add '@available' attribute to enclosing extension
353 |     Base: SQLiteExpressibleBuilder,
354 |     Other: SQLiteExpressibleBuilder,
Failed frontend command:
/Applications/Xcode-27.0.0.app/Contents/Developer/Toolchains/XcodeDefault.xctoolchain/usr/bin/swift-frontend -frontend -emit-module -experimental-skip-non-inlinable-function-bodies-without-types /Users/admin/builder/spi-builder-workspace/Sources/Vein/Logging/LogConfiguration.swift /Users/admin/builder/spi-builder-workspace/Sources/Vein/Model/PropertyWrappers/Fields.swift /Users/admin/builder/spi-builder-workspace/Sources/Vein/Model/PropertyWrappers/ManyRelationship.swift /Users/admin/builder/spi-builder-workspace/Sources/Vein/Model/PropertyWrappers/OneRelationship.swift /Users/admin/builder/spi-builder-workspace/Sources/Vein/Model/PropertyWrappers/PrimaryKeyWrapper.swift /Users/admin/builder/spi-builder-workspace/Sources/Vein/Model/PropertyWrappers/VeinNotificationGuard.swift /Users/admin/builder/spi-builder-workspace/Sources/Vein/Model/Protocols/FieldBase.swift /Users/admin/builder/spi-builder-workspace/Sources/Vein/Model/Protocols/Persistable.swift /Users/admin/builder/spi-builder-workspace/Sources/Vein/Model/Protocols/PersistedField.swift /Users/admin/builder/spi-builder-workspace/Sources/Vein/Model/Protocols/PersistedRelationship.swift /Users/admin/builder/spi-builder-workspace/Sources/Vein/Model/Protocols/PersistentModel.swift /Users/admin/builder/spi-builder-workspace/Sources/Vein/Model/Values/MigrationStage.swift /Users/admin/builder/spi-builder-workspace/Sources/Vein/Model/Values/ModelVersion.swift /Users/admin/builder/spi-builder-workspace/Sources/Vein/Model/Values/ReferenceCountedObservers.swift /Users/admin/builder/spi-builder-workspace/Sources/Vein/Model/Values/SQLiteTypeName.swift /Users/admin/builder/spi-builder-workspace/Sources/Vein/ModelContext/KeyProviders/IntegratedKeyProvider.swift /Users/admin/builder/spi-builder-workspace/Sources/Vein/ModelContext/KeyProviders/KeyProviderProtocol.swift /Users/admin/builder/spi-builder-workspace/Sources/Vein/ModelContext/ManagedObjectContext/ManagedObjectContext+Check-Integrity.swift /Users/admin/builder/spi-builder-workspace/Sources/Vein/ModelContext/ManagedObjectContext/ManagedObjectContext+Fetch.swift /Users/admin/builder/spi-builder-workspace/Sources/Vein/ModelContext/ManagedObjectContext/ManagedObjectContext+Migration.swift /Users/admin/builder/spi-builder-workspace/Sources/Vein/ModelContext/ManagedObjectContext/ManagedObjectContext+Persist.swift /Users/admin/builder/spi-builder-workspace/Sources/Vein/ModelContext/ManagedObjectContext/ManagedObjectContext+Relationship.swift /Users/admin/builder/spi-builder-workspace/Sources/Vein/ModelContext/ManagedObjectContext/ManagedObjectContext+SingleInstance.swift /Users/admin/builder/spi-builder-workspace/Sources/Vein/ModelContext/ManagedObjectContext/ManagedObjectContext+Surface.swift /Users/admin/builder/spi-builder-workspace/Sources/Vein/ModelContext/ManagedObjectContext/ManagedObjectContext+Transaction.swift /Users/admin/builder/spi-builder-workspace/Sources/Vein/ModelContext/ManagedObjectContext/ManagedObjectContext+UI.swift /Users/admin/builder/spi-builder-workspace/Sources/Vein/ModelContext/ManagedObjectContext/ManagedObjectContext.swift /Users/admin/builder/spi-builder-workspace/Sources/Vein/ModelContext/ModelContainer.swift /Users/admin/builder/spi-builder-workspace/Sources/Vein/ModelContext/Mutex.swift /Users/admin/builder/spi-builder-workspace/Sources/Vein/ModelContext/Protocols/AnyQueryObserver.swift /Users/admin/builder/spi-builder-workspace/Sources/Vein/ModelContext/Utils/FieldExtension.swift /Users/admin/builder/spi-builder-workspace/Sources/Vein/ModelContext/Utils/ResultToMOCError.swift /Users/admin/builder/spi-builder-workspace/Sources/Vein/ModelContext/Values/DTOs.swift /Users/admin/builder/spi-builder-workspace/Sources/Vein/ModelContext/Values/FetchTypes.swift /Users/admin/builder/spi-builder-workspace/Sources/Vein/ModelContext/Values/ManagedObjectContextError.swift /Users/admin/builder/spi-builder-workspace/Sources/Vein/ModelContext/Values/ModelConfiguration.swift /Users/admin/builder/spi-builder-workspace/Sources/Vein/ModelContext/Values/ModelPredicate.swift /Users/admin/builder/spi-builder-workspace/Sources/Vein/ModelContext/Values/PrimitiveState.swift /Users/admin/builder/spi-builder-workspace/Sources/Vein/ModelContext/Values/RelationshipIntegrityReport.swift /Users/admin/builder/spi-builder-workspace/Sources/Vein/ModelContext/Values/TableBuilder.swift /Users/admin/builder/spi-builder-workspace/Sources/Vein/ModelContext/Values/UnderlayingFieldType.swift /Users/admin/builder/spi-builder-workspace/Sources/Vein/ModelContext/WindowsCredential.swift /Users/admin/builder/spi-builder-workspace/Sources/Vein/ObservationNotificationConfigurable.swift /Users/admin/builder/spi-builder-workspace/Sources/Vein/Utils/Extension/Array.swift /Users/admin/builder/spi-builder-workspace/Sources/Vein/Utils/Extension/Optional.swift /Users/admin/builder/spi-builder-workspace/Sources/Vein/Utils/Filter.swift /Users/admin/builder/spi-builder-workspace/Sources/Vein/Utils/Predicate.swift /Users/admin/builder/spi-builder-workspace/Sources/Vein/Utils/SortRule.swift -target arm64-apple-watchos9.0 -module-can-import-version UIKit 9127.0.84.1 9127.0.84 -disable-cross-import-overlay-search -load-resolved-plugin /Applications/Xcode-27.0.0.app/Contents/Developer/Platforms/WatchOS.platform/Developer/usr/lib/swift/host/plugins/libFoundationMacros.dylib\#/Applications/Xcode-27.0.0.app/Contents/Developer/Platforms/WatchOS.platform/Developer/usr/bin/swift-plugin-server\#FoundationMacros -load-resolved-plugin /Applications/Xcode-27.0.0.app/Contents/Developer/Platforms/WatchOS.platform/Developer/usr/lib/swift/host/plugins/libObservationMacros.dylib\#/Applications/Xcode-27.0.0.app/Contents/Developer/Platforms/WatchOS.platform/Developer/usr/bin/swift-plugin-server\#ObservationMacros -load-resolved-plugin /Applications/Xcode-27.0.0.app/Contents/Developer/Platforms/WatchOS.platform/Developer/usr/lib/swift/host/plugins/libSwiftMacros.dylib\#/Applications/Xcode-27.0.0.app/Contents/Developer/Platforms/WatchOS.platform/Developer/usr/bin/swift-plugin-server\#SwiftMacros -disable-implicit-swift-modules -Xcc -fno-implicit-modules -Xcc -fno-implicit-module-maps -explicit-swift-module-map-file /Users/admin/builder/spi-builder-workspace/.derivedData/Build/Intermediates.noindex/amethyst-vein.build/Debug-watchos/Vein-t.build/Objects-normal/arm64/Vein-dependencies-2.json -Xllvm -aarch64-use-tbi -enable-objc-interop -stack-check -sdk /Applications/Xcode-27.0.0.app/Contents/Developer/Platforms/WatchOS.platform/Developer/SDKs/WatchOS27.0.sdk -I /Users/admin/builder/spi-builder-workspace/.derivedData/Build/Products/Debug-watchos -Isystem /Applications/Xcode-27.0.0.app/Contents/Developer/Platforms/WatchOS.platform/Developer/usr/lib -F /Users/admin/builder/spi-builder-workspace/.derivedData/Build/Products/Debug-watchos/PackageFrameworks -F /Users/admin/builder/spi-builder-workspace/.derivedData/Build/Products/Debug-watchos -F /Applications/Xcode-27.0.0.app/Contents/Developer/Platforms/WatchOS.platform/Developer/Library/Frameworks -F /Applications/Xcode-27.0.0.app/Contents/Developer/Platforms/WatchOS.platform/Developer/SDKs/WatchOS27.0.sdk/Developer/Library/Frameworks -module-cache-path /Users/admin/builder/spi-builder-workspace/.derivedData/Build/Intermediates.noindex/SwiftExplicitPrecompiledModules -no-color-diagnostics -Xcc -fno-color-diagnostics -enable-testing -g -debug-info-format\=dwarf -dwarf-version\=4 -profile-generate -profile-coverage-mapping -swift-version 6 -Onone -D SWIFT_PACKAGE -D DEBUG -D SWIFT_MODULE_RESOURCE_BUNDLE_UNAVAILABLE -D Xcode -serialize-debugging-options -enable-experimental-feature DebugDescriptionMacro -empty-abi-descriptor -validate-clang-modules-once -clang-build-session-file /Users/admin/builder/spi-builder-workspace/.derivedData/ModuleCache.noindex/Session.modulevalidation -Xcc -working-directory -Xcc /Users/admin/builder/spi-builder-workspace/.swiftpm/xcode -enable-anonymous-context-mangled-names -file-compilation-dir /Users/admin/builder/spi-builder-workspace/.swiftpm/xcode -Xcc -fmodule-map-file\=/Users/admin/builder/spi-builder-workspace/.derivedData/Build/Intermediates.noindex/GeneratedModuleMaps-watchos/SQLCipher.modulemap -Xcc -fmodule-map-file\=/Users/admin/builder/spi-builder-workspace/.dependencies/checkouts/swift-atomics/Sources/_AtomicsShims/include/module.modulemap -Xcc -D_LIBCPP_HARDENING_MODE\=_LIBCPP_HARDENING_MODE_DEBUG -Xcc -ivfsstatcache -Xcc /Users/admin/builder/spi-builder-workspace/.derivedData/SDKStatCaches.noindex/watchos27.0-24R360-e829b21a6f8c9b70876ba0858053c044b9db9bc9c079ee3c7b5f3373b13d10bc.sdkstatcache -Xcc -fmodules-prune-interval\=86400 -Xcc -fmodules-prune-after\=345600 -Xcc -I/Users/admin/builder/spi-builder-workspace/.dependencies/checkouts/swift-sqlcipher/Sources/SQLCipher/sqlite -Xcc -I/Users/admin/builder/spi-builder-workspace/.dependencies/checkouts/swift-atomics/Sources/_AtomicsShims/include -Xcc -I/Users/admin/builder/spi-builder-workspace/.derivedData/Build/Products/Debug-watchos/include -Xcc -I/Users/admin/builder/spi-builder-workspace/.derivedData/Build/Intermediates.noindex/amethyst-vein.build/Debug-watchos/Vein-t.build/DerivedSources-normal/arm64 -Xcc -I/Users/admin/builder/spi-builder-workspace/.derivedData/Build/Intermediates.noindex/amethyst-vein.build/Debug-watchos/Vein-t.build/DerivedSources/arm64 -Xcc -I/Users/admin/builder/spi-builder-workspace/.derivedData/Build/Intermediates.noindex/amethyst-vein.build/Debug-watchos/Vein-t.build/DerivedSources -Xcc -DSWIFT_PACKAGE -Xcc -DDEBUG\=1 -no-auto-bridging-header-chaining -module-name Vein -package-name spi_builder_workspace -const-gather-protocols-file /Users/admin/builder/spi-builder-workspace/.derivedData/Build/Intermediates.noindex/amethyst-vein.build/Debug-watchos/Vein-t.build/Objects-normal/arm64/Vein_const_extract_protocols.json -disable-clang-spi -clang-target arm64-apple-watchos27.0 -target-sdk-version 27.0 -target-sdk-name watchos27.0 -in-process-plugin-server-path /Applications/Xcode-27.0.0.app/Contents/Developer/Toolchains/XcodeDefault.xctoolchain/usr/lib/swift/host/libSwiftInProcPluginServer.dylib -emit-module-doc-path /Users/admin/builder/spi-builder-workspace/.derivedData/Build/Intermediates.noindex/amethyst-vein.build/Debug-watchos/Vein-t.build/Objects-normal/arm64/Vein.swiftdoc -emit-module-source-info-path /Users/admin/builder/spi-builder-workspace/.derivedData/Build/Intermediates.noindex/amethyst-vein.build/Debug-watchos/Vein-t.build/Objects-normal/arm64/Vein.swiftsourceinfo -emit-objc-header-path /Users/admin/builder/spi-builder-workspace/.derivedData/Build/Intermediates.noindex/amethyst-vein.build/Debug-watchos/Vein-t.build/Objects-normal/arm64/Vein-Swift.h -serialize-diagnostics-path /Users/admin/builder/spi-builder-workspace/.derivedData/Build/Intermediates.noindex/amethyst-vein.build/Debug-watchos/Vein-t.build/Objects-normal/arm64/Vein-primary-emit-module.dia -emit-dependencies-path /Users/admin/builder/spi-builder-workspace/.derivedData/Build/Intermediates.noindex/amethyst-vein.build/Debug-watchos/Vein-t.build/Objects-normal/arm64/Vein-primary-emit-module.d -parse-as-library -o /Users/admin/builder/spi-builder-workspace/.derivedData/Build/Intermediates.noindex/amethyst-vein.build/Debug-watchos/Vein-t.build/Objects-normal/arm64/Vein.swiftmodule -emit-abi-descriptor-path /Users/admin/builder/spi-builder-workspace/.derivedData/Build/Intermediates.noindex/amethyst-vein.build/Debug-watchos/Vein-t.build/Objects-normal/arm64/Vein.abi.json
SwiftCompile normal arm64 (in target 'Vein' from project 'amethyst-vein')
    cd /Users/admin/builder/spi-builder-workspace/.swiftpm/xcode

SwiftEmitModule normal arm64_32 Emitting\ module\ for\ Vein (in target 'Vein' from project 'amethyst-vein')
/Users/admin/builder/spi-builder-workspace/Sources/Vein/ModelContext/ManagedObjectContext/ManagedObjectContext+Surface.swift:34:22: error: 'Predicate' is only available in watchOS 10 or newer
 20 | package typealias WriteCacheDictionary = [ObjectIdentifier: [ULID: any PersistentModel]]
 21 |
 22 | extension ManagedObjectContext {
    | `- note: add '@available' attribute to enclosing extension
 23 |     /// A Boolean value that indicates whether the context has uncommitted changes.
 24 |     public nonisolated var hasChanges: Bool {
    :
 31 |     /// Non existent tables are treated as empty state and therefore return [].
 32 |     @available(macOS 14, iOS 17, tvOS 17, macCatalyst 17, *)
 33 |     public nonisolated func fetchAll<T: PersistentModel>(
    |                             `- note: add '@available' attribute to enclosing instance method
 34 |         _ predicate: Predicate<T>
    |                      `- error: 'Predicate' is only available in watchOS 10 or newer
 35 |     ) throws(MOCError) -> [T] {
 36 |         do {
/Users/admin/builder/spi-builder-workspace/Sources/Vein/ModelContext/Values/FetchTypes.swift:49:20: error: 'Predicate' is only available in watchOS 10 or newer
 20 | /// Paginated requests ignore in memory changes during the query.
 21 | /// Models pending deletion will still be removed from the results.
 22 | public struct PaginatedFetchDescriptor<T: PersistentModel>: Sendable {
    |               `- note: add '@available' attribute to enclosing generic struct
 23 |     public let modelPredicate: ModelPredicate<T>
 24 |     /// The sort rules that tell the fetch how to order its results.
    :
 46 |     /// optionally, arranges the fetched models in a particular order.
 47 |     @available(macOS 14, iOS 17, tvOS 17, macCatalyst 17, *)
 48 |     public init(
    |            `- note: add '@available' attribute to enclosing initializer
 49 |         predicate: Predicate<T>,
    |                    `- error: 'Predicate' is only available in watchOS 10 or newer
 50 |         sortBy sortRules: [SortRule<T>] = [],
 51 |         limit: Int,
/Users/admin/builder/spi-builder-workspace/Sources/Vein/ModelContext/Values/FetchTypes.swift:120:20: error: 'Predicate' is only available in watchOS 10 or newer
 93 |
 94 | /// A structure describing a fetch request.
 95 | public struct FetchDescriptor<T: PersistentModel> {
    |               `- note: add '@available' attribute to enclosing generic struct
 96 |     public let modelPredicate: ModelPredicate<T>
 97 |
    :
117 |     /// optionally, arranges the fetched models in a particular order.
118 |     @available(macOS 14, iOS 17, tvOS 17, macCatalyst 17, *)
119 |     public init(
    |            `- note: add '@available' attribute to enclosing initializer
120 |         predicate: Predicate<T>,
    |                    `- error: 'Predicate' is only available in watchOS 10 or newer
121 |         sortBy sortRules: [SortRule<T>] = []
122 |     ) throws {
/Users/admin/builder/spi-builder-workspace/Sources/Vein/ModelContext/Values/ModelPredicate.swift:39:41: error: 'Predicate' is only available in watchOS 10 or newer
21 | ///
22 | /// Can either be created by using a FoundationMacros.Predicate or by providing your own SQL Query and runtime filter.
23 | public struct ModelPredicate<T: PersistentModel>: Sendable, Hashable, AnyPredicateBuilder {
   |               `- note: add '@available' attribute to enclosing generic struct
24 |     public let runtimeFilter: @Sendable (T) -> Bool
25 |     public let sql: SQLExpression<Bool>
   :
37 |
38 |     @available(macOS 14, iOS 17, tvOS 17, macCatalyst 17, *)
39 |     public init(_ predicate: Foundation.Predicate<T>) throws {
   |            |                            `- error: 'Predicate' is only available in watchOS 10 or newer
   |            `- note: add '@available' attribute to enclosing initializer
40 |         runtimeFilter = { model in
41 |             do {
/Users/admin/builder/spi-builder-workspace/Sources/Vein/Utils/Predicate.swift:70:40: error: 'StandardPredicateExpression' is only available in watchOS 10 or newer
 50 |
 51 | @available(macOS 14, iOS 17, tvOS 17, macCatalyst 17, *)
 52 | extension Predicate {
    | `- note: add '@available' attribute to enclosing extension
 53 |     public func toSQLiteFilter() throws -> SQLExpression<Bool> {
 54 |         let rootExpression: any StandardPredicateExpression<Bool> = self.expression
    :
 68 |     }
 69 |
 70 |     private func openAndResolveRoot<E: StandardPredicateExpression<
    |                  |                     `- error: 'StandardPredicateExpression' is only available in watchOS 10 or newer
    |                  `- note: add '@available' attribute to enclosing instance method
 71 |         Bool
 72 |     >>(_ expression: E) throws(PredicateConversionError)
/Users/admin/builder/spi-builder-workspace/Sources/Vein/Utils/Predicate.swift:52:11: error: 'Predicate' is only available in watchOS 10 or newer
 50 |
 51 | @available(macOS 14, iOS 17, tvOS 17, macCatalyst 17, *)
 52 | extension Predicate {
    | |         `- error: 'Predicate' is only available in watchOS 10 or newer
    | `- note: add '@available' attribute to enclosing extension
 53 |     public func toSQLiteFilter() throws -> SQLExpression<Bool> {
 54 |         let rootExpression: any StandardPredicateExpression<Bool> = self.expression
/Users/admin/builder/spi-builder-workspace/Sources/Vein/Utils/Predicate.swift:93:11: error: 'PredicateExpressions' is only available in watchOS 10 or newer
 91 |
 92 | @available(macOS 14, iOS 17, tvOS 17, macCatalyst 17, *)
 93 | extension PredicateExpressions.Variable: SQLiteExpressibleBuilder {
    | |         `- error: 'PredicateExpressions' is only available in watchOS 10 or newer
    | `- note: add '@available' attribute to enclosing extension
 94 |     public typealias Representation = Bool
 95 |
/Users/admin/builder/spi-builder-workspace/Sources/Vein/Utils/Predicate.swift:102:11: error: 'PredicateExpressions' is only available in watchOS 10 or newer
100 |
101 | @available(macOS 14, iOS 17, tvOS 17, macCatalyst 17, *)
102 | extension PredicateExpressions.Value: SQLiteExpressibleBuilder where Output: Persistable {
    | |         `- error: 'PredicateExpressions' is only available in watchOS 10 or newer
    | `- note: add '@available' attribute to enclosing extension
103 |     public typealias Representation = Output.PersistentRepresentation
104 |     public func asSQLiteExpression() -> SQLExpression<Representation.SQLiteType> {
/Users/admin/builder/spi-builder-workspace/Sources/Vein/Utils/Predicate.swift:110:11: error: 'PredicateExpressions' is only available in watchOS 10 or newer
108 |
109 | @available(macOS 14, iOS 17, tvOS 17, macCatalyst 17, *)
110 | extension PredicateExpressions.KeyPath: SQLiteExpressibleBuilder where
    | |         `- error: 'PredicateExpressions' is only available in watchOS 10 or newer
    | `- note: add '@available' attribute to enclosing extension
111 |     Root: SQLiteExpressibleBuilder,
112 |     Root.Output: PersistentModel,
/Users/admin/builder/spi-builder-workspace/Sources/Vein/Utils/Predicate.swift:133:11: error: 'PredicateExpressions' is only available in watchOS 10 or newer
131 |
132 | @available(macOS 14, iOS 17, tvOS 17, macCatalyst 17, *)
133 | extension PredicateExpressions.Equal: SQLiteExpressibleBuilder where
    | |         `- error: 'PredicateExpressions' is only available in watchOS 10 or newer
    | `- note: add '@available' attribute to enclosing extension
134 |     LHS: SQLiteExpressibleBuilder,
135 |     RHS: SQLiteExpressibleBuilder,
/Users/admin/builder/spi-builder-workspace/Sources/Vein/Utils/Predicate.swift:159:11: error: 'PredicateExpressions' is only available in watchOS 10 or newer
157 |
158 | @available(macOS 14, iOS 17, tvOS 17, macCatalyst 17, *)
159 | extension PredicateExpressions.NotEqual: SQLiteExpressibleBuilder where
    | |         `- error: 'PredicateExpressions' is only available in watchOS 10 or newer
    | `- note: add '@available' attribute to enclosing extension
160 |     LHS: SQLiteExpressibleBuilder,
161 |     RHS: SQLiteExpressibleBuilder,
/Users/admin/builder/spi-builder-workspace/Sources/Vein/Utils/Predicate.swift:185:11: error: 'PredicateExpressions' is only available in watchOS 10 or newer
183 |
184 | @available(macOS 14, iOS 17, tvOS 17, macCatalyst 17, *)
185 | extension PredicateExpressions.Comparison: SQLiteExpressibleBuilder where
    | |         `- error: 'PredicateExpressions' is only available in watchOS 10 or newer
    | `- note: add '@available' attribute to enclosing extension
186 |     LHS: SQLiteExpressibleBuilder,
187 |     RHS: SQLiteExpressibleBuilder,
/Users/admin/builder/spi-builder-workspace/Sources/Vein/Utils/Predicate.swift:212:11: error: 'PredicateExpressions' is only available in watchOS 10 or newer
210 |
211 | @available(macOS 14, iOS 17, tvOS 17, macCatalyst 17, *)
212 | extension PredicateExpressions.UnaryMinus: SQLiteExpressibleBuilder where
    | |         `- error: 'PredicateExpressions' is only available in watchOS 10 or newer
    | `- note: add '@available' attribute to enclosing extension
213 |     Wrapped: SQLiteExpressibleBuilder,
214 |     Wrapped.Output: Persistable
/Users/admin/builder/spi-builder-workspace/Sources/Vein/Utils/Predicate.swift:227:11: error: 'PredicateExpressions' is only available in watchOS 10 or newer
225 |
226 | @available(macOS 14, iOS 17, tvOS 17, macCatalyst 17, *)
227 | extension PredicateExpressions.Negation: SQLiteExpressibleBuilder where
    | |         `- error: 'PredicateExpressions' is only available in watchOS 10 or newer
    | `- note: add '@available' attribute to enclosing extension
228 |     Wrapped: SQLiteExpressibleBuilder
229 | {
/Users/admin/builder/spi-builder-workspace/Sources/Vein/Utils/Predicate.swift:243:11: error: 'PredicateExpressions' is only available in watchOS 10 or newer
241 |
242 | @available(macOS 14, iOS 17, tvOS 17, macCatalyst 17, *)
243 | extension PredicateExpressions.Conjunction: SQLiteExpressibleBuilder where
    | |         `- error: 'PredicateExpressions' is only available in watchOS 10 or newer
    | `- note: add '@available' attribute to enclosing extension
244 |     LHS: SQLiteExpressibleBuilder,
245 |     RHS: SQLiteExpressibleBuilder,
/Users/admin/builder/spi-builder-workspace/Sources/Vein/Utils/Predicate.swift:264:11: error: 'PredicateExpressions' is only available in watchOS 10 or newer
262 |
263 | @available(macOS 14, iOS 17, tvOS 17, macCatalyst 17, *)
264 | extension PredicateExpressions.Disjunction: SQLiteExpressibleBuilder where
    | |         `- error: 'PredicateExpressions' is only available in watchOS 10 or newer
    | `- note: add '@available' attribute to enclosing extension
265 |     LHS: SQLiteExpressibleBuilder,
266 |     RHS: SQLiteExpressibleBuilder,
/Users/admin/builder/spi-builder-workspace/Sources/Vein/Utils/Predicate.swift:285:11: error: 'PredicateExpressions' is only available in watchOS 10 or newer
283 |
284 | @available(macOS 14, iOS 17, tvOS 17, macCatalyst 17, *)
285 | extension PredicateExpressions.NilLiteral: SQLiteExpressibleBuilder where
    | |         `- error: 'PredicateExpressions' is only available in watchOS 10 or newer
    | `- note: add '@available' attribute to enclosing extension
286 |     Wrapped: Persistable
287 | {
/Users/admin/builder/spi-builder-workspace/Sources/Vein/Utils/Predicate.swift:299:11: error: 'PredicateExpressions' is only available in watchOS 10 or newer
297 |
298 | @available(macOS 14, iOS 17, tvOS 17, macCatalyst 17, *)
299 | extension PredicateExpressions.SequenceStartsWith: SQLiteExpressibleBuilder where
    | |         `- error: 'PredicateExpressions' is only available in watchOS 10 or newer
    | `- note: add '@available' attribute to enclosing extension
300 |     Base: SQLiteExpressibleBuilder,
301 |     Prefix: SQLiteExpressibleBuilder,
/Users/admin/builder/spi-builder-workspace/Sources/Vein/Utils/Predicate.swift:322:15: error: 'PredicateExpressions' is only available in watchOS 10 or newer
320 | #if os(macOS) || os(iOS) || os(tvOS) || os(watchOS) || os(visionOS)
321 |     @available(macOS 14, iOS 17, tvOS 17, macCatalyst 17, *)
322 |     extension PredicateExpressions.StringLocalizedStandardContains: SQLiteExpressibleBuilder where
    |     |         `- error: 'PredicateExpressions' is only available in watchOS 10 or newer
    |     `- note: add '@available' attribute to enclosing extension
323 |         Root: SQLiteExpressibleBuilder,
324 |         Other: SQLiteExpressibleBuilder,
/Users/admin/builder/spi-builder-workspace/Sources/Vein/Utils/Predicate.swift:352:11: error: 'PredicateExpressions' is only available in watchOS 10 or newer
350 |
351 | @available(macOS 14, iOS 17, tvOS 17, macCatalyst 17, *)
352 | extension PredicateExpressions.CollectionContainsCollection: SQLiteExpressibleBuilder where
    | |         `- error: 'PredicateExpressions' is only available in watchOS 10 or newer
    | `- note: add '@available' attribute to enclosing extension
353 |     Base: SQLiteExpressibleBuilder,
354 |     Other: SQLiteExpressibleBuilder,
Failed frontend command:
/Applications/Xcode-27.0.0.app/Contents/Developer/Toolchains/XcodeDefault.xctoolchain/usr/bin/swift-frontend -frontend -emit-module -experimental-skip-non-inlinable-function-bodies-without-types /Users/admin/builder/spi-builder-workspace/Sources/Vein/Logging/LogConfiguration.swift /Users/admin/builder/spi-builder-workspace/Sources/Vein/Model/PropertyWrappers/Fields.swift /Users/admin/builder/spi-builder-workspace/Sources/Vein/Model/PropertyWrappers/ManyRelationship.swift /Users/admin/builder/spi-builder-workspace/Sources/Vein/Model/PropertyWrappers/OneRelationship.swift /Users/admin/builder/spi-builder-workspace/Sources/Vein/Model/PropertyWrappers/PrimaryKeyWrapper.swift /Users/admin/builder/spi-builder-workspace/Sources/Vein/Model/PropertyWrappers/VeinNotificationGuard.swift /Users/admin/builder/spi-builder-workspace/Sources/Vein/Model/Protocols/FieldBase.swift /Users/admin/builder/spi-builder-workspace/Sources/Vein/Model/Protocols/Persistable.swift /Users/admin/builder/spi-builder-workspace/Sources/Vein/Model/Protocols/PersistedField.swift /Users/admin/builder/spi-builder-workspace/Sources/Vein/Model/Protocols/PersistedRelationship.swift /Users/admin/builder/spi-builder-workspace/Sources/Vein/Model/Protocols/PersistentModel.swift /Users/admin/builder/spi-builder-workspace/Sources/Vein/Model/Values/MigrationStage.swift /Users/admin/builder/spi-builder-workspace/Sources/Vein/Model/Values/ModelVersion.swift /Users/admin/builder/spi-builder-workspace/Sources/Vein/Model/Values/ReferenceCountedObservers.swift /Users/admin/builder/spi-builder-workspace/Sources/Vein/Model/Values/SQLiteTypeName.swift /Users/admin/builder/spi-builder-workspace/Sources/Vein/ModelContext/KeyProviders/IntegratedKeyProvider.swift /Users/admin/builder/spi-builder-workspace/Sources/Vein/ModelContext/KeyProviders/KeyProviderProtocol.swift /Users/admin/builder/spi-builder-workspace/Sources/Vein/ModelContext/ManagedObjectContext/ManagedObjectContext+Check-Integrity.swift /Users/admin/builder/spi-builder-workspace/Sources/Vein/ModelContext/ManagedObjectContext/ManagedObjectContext+Fetch.swift /Users/admin/builder/spi-builder-workspace/Sources/Vein/ModelContext/ManagedObjectContext/ManagedObjectContext+Migration.swift /Users/admin/builder/spi-builder-workspace/Sources/Vein/ModelContext/ManagedObjectContext/ManagedObjectContext+Persist.swift /Users/admin/builder/spi-builder-workspace/Sources/Vein/ModelContext/ManagedObjectContext/ManagedObjectContext+Relationship.swift /Users/admin/builder/spi-builder-workspace/Sources/Vein/ModelContext/ManagedObjectContext/ManagedObjectContext+SingleInstance.swift /Users/admin/builder/spi-builder-workspace/Sources/Vein/ModelContext/ManagedObjectContext/ManagedObjectContext+Surface.swift /Users/admin/builder/spi-builder-workspace/Sources/Vein/ModelContext/ManagedObjectContext/ManagedObjectContext+Transaction.swift /Users/admin/builder/spi-builder-workspace/Sources/Vein/ModelContext/ManagedObjectContext/ManagedObjectContext+UI.swift /Users/admin/builder/spi-builder-workspace/Sources/Vein/ModelContext/ManagedObjectContext/ManagedObjectContext.swift /Users/admin/builder/spi-builder-workspace/Sources/Vein/ModelContext/ModelContainer.swift /Users/admin/builder/spi-builder-workspace/Sources/Vein/ModelContext/Mutex.swift /Users/admin/builder/spi-builder-workspace/Sources/Vein/ModelContext/Protocols/AnyQueryObserver.swift /Users/admin/builder/spi-builder-workspace/Sources/Vein/ModelContext/Utils/FieldExtension.swift /Users/admin/builder/spi-builder-workspace/Sources/Vein/ModelContext/Utils/ResultToMOCError.swift /Users/admin/builder/spi-builder-workspace/Sources/Vein/ModelContext/Values/DTOs.swift /Users/admin/builder/spi-builder-workspace/Sources/Vein/ModelContext/Values/FetchTypes.swift /Users/admin/builder/spi-builder-workspace/Sources/Vein/ModelContext/Values/ManagedObjectContextError.swift /Users/admin/builder/spi-builder-workspace/Sources/Vein/ModelContext/Values/ModelConfiguration.swift /Users/admin/builder/spi-builder-workspace/Sources/Vein/ModelContext/Values/ModelPredicate.swift /Users/admin/builder/spi-builder-workspace/Sources/Vein/ModelContext/Values/PrimitiveState.swift /Users/admin/builder/spi-builder-workspace/Sources/Vein/ModelContext/Values/RelationshipIntegrityReport.swift /Users/admin/builder/spi-builder-workspace/Sources/Vein/ModelContext/Values/TableBuilder.swift /Users/admin/builder/spi-builder-workspace/Sources/Vein/ModelContext/Values/UnderlayingFieldType.swift /Users/admin/builder/spi-builder-workspace/Sources/Vein/ModelContext/WindowsCredential.swift /Users/admin/builder/spi-builder-workspace/Sources/Vein/ObservationNotificationConfigurable.swift /Users/admin/builder/spi-builder-workspace/Sources/Vein/Utils/Extension/Array.swift /Users/admin/builder/spi-builder-workspace/Sources/Vein/Utils/Extension/Optional.swift /Users/admin/builder/spi-builder-workspace/Sources/Vein/Utils/Filter.swift /Users/admin/builder/spi-builder-workspace/Sources/Vein/Utils/Predicate.swift /Users/admin/builder/spi-builder-workspace/Sources/Vein/Utils/SortRule.swift -target arm64_32-apple-watchos9.0 -module-can-import-version UIKit 9127.0.84.1 9127.0.84 -disable-cross-import-overlay-search -load-resolved-plugin /Applications/Xcode-27.0.0.app/Contents/Developer/Platforms/WatchOS.platform/Developer/usr/lib/swift/host/plugins/libFoundationMacros.dylib\#/Applications/Xcode-27.0.0.app/Contents/Developer/Platforms/WatchOS.platform/Developer/usr/bin/swift-plugin-server\#FoundationMacros -load-resolved-plugin /Applications/Xcode-27.0.0.app/Contents/Developer/Platforms/WatchOS.platform/Developer/usr/lib/swift/host/plugins/libObservationMacros.dylib\#/Applications/Xcode-27.0.0.app/Contents/Developer/Platforms/WatchOS.platform/Developer/usr/bin/swift-plugin-server\#ObservationMacros -load-resolved-plugin /Applications/Xcode-27.0.0.app/Contents/Developer/Platforms/WatchOS.platform/Developer/usr/lib/swift/host/plugins/libSwiftMacros.dylib\#/Applications/Xcode-27.0.0.app/Contents/Developer/Platforms/WatchOS.platform/Developer/usr/bin/swift-plugin-server\#SwiftMacros -disable-implicit-swift-modules -Xcc -fno-implicit-modules -Xcc -fno-implicit-module-maps -explicit-swift-module-map-file /Users/admin/builder/spi-builder-workspace/.derivedData/Build/Intermediates.noindex/amethyst-vein.build/Debug-watchos/Vein-t.build/Objects-normal/arm64_32/Vein-dependencies-1.json -enable-objc-interop -sdk /Applications/Xcode-27.0.0.app/Contents/Developer/Platforms/WatchOS.platform/Developer/SDKs/WatchOS27.0.sdk -I /Users/admin/builder/spi-builder-workspace/.derivedData/Build/Products/Debug-watchos -Isystem /Applications/Xcode-27.0.0.app/Contents/Developer/Platforms/WatchOS.platform/Developer/usr/lib -F /Users/admin/builder/spi-builder-workspace/.derivedData/Build/Products/Debug-watchos/PackageFrameworks -F /Users/admin/builder/spi-builder-workspace/.derivedData/Build/Products/Debug-watchos -F /Applications/Xcode-27.0.0.app/Contents/Developer/Platforms/WatchOS.platform/Developer/Library/Frameworks -F /Applications/Xcode-27.0.0.app/Contents/Developer/Platforms/WatchOS.platform/Developer/SDKs/WatchOS27.0.sdk/Developer/Library/Frameworks -module-cache-path /Users/admin/builder/spi-builder-workspace/.derivedData/Build/Intermediates.noindex/SwiftExplicitPrecompiledModules -no-color-diagnostics -Xcc -fno-color-diagnostics -enable-testing -g -debug-info-format\=dwarf -dwarf-version\=4 -profile-generate -profile-coverage-mapping -swift-version 6 -Onone -D SWIFT_PACKAGE -D DEBUG -D SWIFT_MODULE_RESOURCE_BUNDLE_UNAVAILABLE -D Xcode -serialize-debugging-options -enable-experimental-feature DebugDescriptionMacro -empty-abi-descriptor -validate-clang-modules-once -clang-build-session-file /Users/admin/builder/spi-builder-workspace/.derivedData/ModuleCache.noindex/Session.modulevalidation -Xcc -working-directory -Xcc /Users/admin/builder/spi-builder-workspace/.swiftpm/xcode -enable-anonymous-context-mangled-names -file-compilation-dir /Users/admin/builder/spi-builder-workspace/.swiftpm/xcode -Xcc -fmodule-map-file\=/Users/admin/builder/spi-builder-workspace/.derivedData/Build/Intermediates.noindex/GeneratedModuleMaps-watchos/SQLCipher.modulemap -Xcc -fmodule-map-file\=/Users/admin/builder/spi-builder-workspace/.dependencies/checkouts/swift-atomics/Sources/_AtomicsShims/include/module.modulemap -Xcc -D_LIBCPP_HARDENING_MODE\=_LIBCPP_HARDENING_MODE_DEBUG -Xcc -ivfsstatcache -Xcc /Users/admin/builder/spi-builder-workspace/.derivedData/SDKStatCaches.noindex/watchos27.0-24R360-e829b21a6f8c9b70876ba0858053c044b9db9bc9c079ee3c7b5f3373b13d10bc.sdkstatcache -Xcc -fmodules-prune-interval\=86400 -Xcc -fmodules-prune-after\=345600 -Xcc -I/Users/admin/builder/spi-builder-workspace/.dependencies/checkouts/swift-sqlcipher/Sources/SQLCipher/sqlite -Xcc -I/Users/admin/builder/spi-builder-workspace/.dependencies/checkouts/swift-atomics/Sources/_AtomicsShims/include -Xcc -I/Users/admin/builder/spi-builder-workspace/.derivedData/Build/Products/Debug-watchos/include -Xcc -I/Users/admin/builder/spi-builder-workspace/.derivedData/Build/Intermediates.noindex/amethyst-vein.build/Debug-watchos/Vein-t.build/DerivedSources-normal/arm64_32 -Xcc -I/Users/admin/builder/spi-builder-workspace/.derivedData/Build/Intermediates.noindex/amethyst-vein.build/Debug-watchos/Vein-t.build/DerivedSources/arm64_32 -Xcc -I/Users/admin/builder/spi-builder-workspace/.derivedData/Build/Intermediates.noindex/amethyst-vein.build/Debug-watchos/Vein-t.build/DerivedSources -Xcc -DSWIFT_PACKAGE -Xcc -DDEBUG\=1 -no-auto-bridging-header-chaining -module-name Vein -package-name spi_builder_workspace -const-gather-protocols-file /Users/admin/builder/spi-builder-workspace/.derivedData/Build/Intermediates.noindex/amethyst-vein.build/Debug-watchos/Vein-t.build/Objects-normal/arm64_32/Vein_const_extract_protocols.json -disable-clang-spi -clang-target arm64_32-apple-watchos27.0 -target-sdk-version 27.0 -target-sdk-name watchos27.0 -in-process-plugin-server-path /Applications/Xcode-27.0.0.app/Contents/Developer/Toolchains/XcodeDefault.xctoolchain/usr/lib/swift/host/libSwiftInProcPluginServer.dylib -emit-module-doc-path /Users/admin/builder/spi-builder-workspace/.derivedData/Build/Intermediates.noindex/amethyst-vein.build/Debug-watchos/Vein-t.build/Objects-normal/arm64_32/Vein.swiftdoc -emit-module-source-info-path /Users/admin/builder/spi-builder-workspace/.derivedData/Build/Intermediates.noindex/amethyst-vein.build/Debug-watchos/Vein-t.build/Objects-normal/arm64_32/Vein.swiftsourceinfo -emit-objc-header-path /Users/admin/builder/spi-builder-workspace/.derivedData/Build/Intermediates.noindex/amethyst-vein.build/Debug-watchos/Vein-t.build/Objects-normal/arm64_32/Vein-Swift.h -serialize-diagnostics-path /Users/admin/builder/spi-builder-workspace/.derivedData/Build/Intermediates.noindex/amethyst-vein.build/Debug-watchos/Vein-t.build/Objects-normal/arm64_32/Vein-primary-emit-module.dia -emit-dependencies-path /Users/admin/builder/spi-builder-workspace/.derivedData/Build/Intermediates.noindex/amethyst-vein.build/Debug-watchos/Vein-t.build/Objects-normal/arm64_32/Vein-primary-emit-module.d -parse-as-library -o /Users/admin/builder/spi-builder-workspace/.derivedData/Build/Intermediates.noindex/amethyst-vein.build/Debug-watchos/Vein-t.build/Objects-normal/arm64_32/Vein.swiftmodule -emit-abi-descriptor-path /Users/admin/builder/spi-builder-workspace/.derivedData/Build/Intermediates.noindex/amethyst-vein.build/Debug-watchos/Vein-t.build/Objects-normal/arm64_32/Vein.abi.json
SwiftCompile normal arm64_32 (in target 'Vein' from project 'amethyst-vein')
    cd /Users/admin/builder/spi-builder-workspace/.swiftpm/xcode

SwiftCompile normal arm64_32 Compiling\ UnderlayingFieldType.swift,\ WindowsCredential.swift,\ ObservationNotificationConfigurable.swift,\ Array.swift /Users/admin/builder/spi-builder-workspace/Sources/Vein/ModelContext/Values/UnderlayingFieldType.swift /Users/admin/builder/spi-builder-workspace/Sources/Vein/ModelContext/WindowsCredential.swift /Users/admin/builder/spi-builder-workspace/Sources/Vein/ObservationNotificationConfigurable.swift /Users/admin/builder/spi-builder-workspace/Sources/Vein/Utils/Extension/Array.swift (in target 'Vein' from project 'amethyst-vein')
SwiftCompile normal arm64_32 /Users/admin/builder/spi-builder-workspace/Sources/Vein/ModelContext/Values/UnderlayingFieldType.swift (in target 'Vein' from project 'amethyst-vein')
    cd /Users/admin/builder/spi-builder-workspace/.swiftpm/xcode
    builtin-SwiftPerFileCompile UnderlayingFieldType.swift
SwiftCompile normal arm64_32 /Users/admin/builder/spi-builder-workspace/Sources/Vein/ModelContext/WindowsCredential.swift (in target 'Vein' from project 'amethyst-vein')
    cd /Users/admin/builder/spi-builder-workspace/.swiftpm/xcode
    builtin-SwiftPerFileCompile WindowsCredential.swift
SwiftCompile normal arm64_32 /Users/admin/builder/spi-builder-workspace/Sources/Vein/ObservationNotificationConfigurable.swift (in target 'Vein' from project 'amethyst-vein')
    cd /Users/admin/builder/spi-builder-workspace/.swiftpm/xcode
    builtin-SwiftPerFileCompile ObservationNotificationConfigurable.swift
SwiftCompile normal arm64_32 /Users/admin/builder/spi-builder-workspace/Sources/Vein/Utils/Extension/Array.swift (in target 'Vein' from project 'amethyst-vein')
    cd /Users/admin/builder/spi-builder-workspace/.swiftpm/xcode
    builtin-SwiftPerFileCompile Array.swift
SwiftExplicitDependencyGeneratePcm arm64 /Users/admin/builder/spi-builder-workspace/.derivedData/SDKExplicitPrecompiledModules/_AvailabilityInternal-1COIZNHN8F2FFNKU30VLRUL4C.pcm
SwiftDriverJobDiscovery normal arm64_32 Compiling UnderlayingFieldType.swift, WindowsCredential.swift, ObservationNotificationConfigurable.swift, Array.swift (in target 'Vein' from project 'amethyst-vein')
SwiftExplicitDependencyGeneratePcm x86_64 /Users/admin/builder/spi-builder-workspace/.derivedData/SDKExplicitPrecompiledModules/_Builtin_stdbool-1WFC1026ZVGOWG96JE6UUZAVJ.pcm
SwiftExplicitDependencyGeneratePcm arm64 /Users/admin/builder/spi-builder-workspace/.derivedData/SDKExplicitPrecompiledModules/_Builtin_float-9BDN3BR2IH6U4XV3JPEDVVSXI.pcm
SwiftExplicitDependencyGeneratePcm x86_64 /Users/admin/builder/spi-builder-workspace/.derivedData/SDKExplicitPrecompiledModules/_AvailabilityInternal-ETCYSDWNJCX4HFKB3N0Z7KTL8.pcm
SwiftExplicitDependencyGeneratePcm x86_64 /Users/admin/builder/spi-builder-workspace/.derivedData/SDKExplicitPrecompiledModules/_Builtin_float-9POOA6ZYOVE4Z4N4YV1SN4EU9.pcm
PruneExplicitPrecompiledModules /Users/admin/builder/spi-builder-workspace/.derivedData/Build/Intermediates.noindex/ExplicitPrecompiledModules
PruneExplicitPrecompiledModules /Users/admin/builder/spi-builder-workspace/.derivedData/SDKExplicitPrecompiledModules
PruneExplicitPrecompiledModules /Users/admin/builder/spi-builder-workspace/.derivedData/Build/Intermediates.noindex/SwiftExplicitPrecompiledModules
2026-10-23 16:29:26.771 xcodebuild[3904:17009] [MT] IDERunDestination: Supported platforms for the buildables in the current scheme is empty.
** BUILD FAILED **
The following build commands failed:
	SwiftEmitModule normal arm64 Emitting\ module\ for\ Vein (in target 'Vein' from project 'amethyst-vein')
	SwiftCompile normal arm64 (in target 'Vein' from project 'amethyst-vein')
	SwiftEmitModule normal arm64_32 Emitting\ module\ for\ Vein (in target 'Vein' from project 'amethyst-vein')
	SwiftCompile normal arm64_32 (in target 'Vein' from project 'amethyst-vein')
	Building workspace amethyst-vein with scheme amethyst-vein-Package
(5 failures)
BUILD FAILURE 6.4 watchOS