Build Information
Failed to build BbAppRelativeDate, reference v0.1.0 (f92fb6), with Swift 6.4 for watchOS using Xcode 27.0 on 23 Sep 2026 16:16:40 UTC.
Build Command
env DEVELOPER_DIR=/Applications/Xcode-27.0.0-Release.Candidate.app xcrun xcodebuild -IDEClonedSourcePackagesDirPathOverride=$PWD/.dependencies -skipMacroValidation -skipPackagePluginValidation -derivedDataPath $PWD/.derivedData build -scheme BbAppRelativeDate -destination generic/platform=watchOSBuild Log
========================================
RunAll
========================================
Builder version: 5.1.0
Interrupt handler set up.
========================================
Checkout
========================================
Clone URL: https://github.com/thebbapp/swift-package-bb-app-relative-date.git
Reference: v0.1.0
Initialized empty Git repository in /Users/admin/builder/spi-builder-workspace/.git/
From https://github.com/thebbapp/swift-package-bb-app-relative-date
* tag v0.1.0 -> FETCH_HEAD
HEAD is now at f92fb66 Initial commit.
Cloned https://github.com/thebbapp/swift-package-bb-app-relative-date.git
Revision (git rev-parse @):
f92fb66745ebca0b2301e05f843bc94f643ecd0b
SUCCESS checkout https://github.com/thebbapp/swift-package-bb-app-relative-date.git at v0.1.0
========================================
Build
========================================
Selected platform: watchOS
Swift version: 6.4
Building package at path: $PWD
https://github.com/thebbapp/swift-package-bb-app-relative-date.git
Command line invocation:
/Applications/Xcode-27.0.0-Release.Candidate.app/Contents/Developer/usr/bin/xcodebuild -IDEClonedSourcePackagesDirPathOverride=/Users/admin/builder/spi-builder-workspace/.dependencies -resolvePackageDependencies
Resolve Package Graph
Resolve Package Graph
Resolved source packages:
BbAppRelativeDate: /Users/admin/builder/spi-builder-workspace
resolved source packages: BbAppRelativeDate
2026-09-23 12:16:02.960 xcodebuild[525:2992] [MT] IDERunDestination: Supported platforms for the buildables in the current scheme is empty.
{
"default_localization" : "en",
"dependencies" : [
],
"manifest_display_name" : "BbAppRelativeDate",
"name" : "BbAppRelativeDate",
"path" : "/Users/admin/builder/spi-builder-workspace",
"platforms" : [
{
"name" : "ios",
"version" : "18.5"
},
{
"name" : "macos",
"version" : "15.5"
},
{
"name" : "tvos",
"version" : "18.0"
}
],
"products" : [
{
"name" : "BbAppRelativeDate",
"targets" : [
"BbAppRelativeDate"
],
"type" : {
"library" : [
"automatic"
]
}
}
],
"swift_languages_versions" : [
"6"
],
"targets" : [
{
"c99name" : "BbAppRelativeDate",
"module_type" : "BinaryTarget",
"name" : "BbAppRelativeDate",
"path" : "remote/archive/BbAppRelativeDate.xcframework.zip",
"product_memberships" : [
"BbAppRelativeDate"
],
"sources" : [
],
"type" : "binary"
}
],
"tools_version" : "6.2"
}
{
"workspace" : {
"name" : "BbAppRelativeDate",
"schemes" : [
"BbAppRelativeDate"
]
}
}
2026-09-23 12:16:35.098 xcodebuild[634:3819] [MT] IDERunDestination: Supported platforms for the buildables in the current scheme is empty.
Running build ...
env DEVELOPER_DIR=/Applications/Xcode-27.0.0-Release.Candidate.app xcrun xcodebuild -IDEClonedSourcePackagesDirPathOverride=$PWD/.dependencies -skipMacroValidation -skipPackagePluginValidation -derivedDataPath $PWD/.derivedData build -scheme BbAppRelativeDate -destination generic/platform=watchOS
Command line invocation:
/Applications/Xcode-27.0.0-Release.Candidate.app/Contents/Developer/usr/bin/xcodebuild -IDEClonedSourcePackagesDirPathOverride=/Users/admin/builder/spi-builder-workspace/.dependencies -skipMacroValidation -skipPackagePluginValidation -derivedDataPath /Users/admin/builder/spi-builder-workspace/.derivedData build -scheme BbAppRelativeDate -destination generic/platform=watchOS
Resolve Package Graph
Resolved source packages:
BbAppRelativeDate: /Users/admin/builder/spi-builder-workspace
ComputePackagePrebuildTargetDependencyGraph
Prepare packages
CreateBuildRequest
SendProjectDescription
CreateBuildOperation
ComputeTargetDependencyGraph
note: Building targets in dependency order
note: Target dependency graph (1 target)
Target 'BbAppRelativeDate-product' in project 'BbAppRelativeDate' (no dependencies)
GatherProvisioningInputs
CreateBuildDescription
ExecuteExternalTool /Applications/Xcode-27.0.0-Release.Candidate.app/Contents/Developer/Toolchains/XcodeDefault.xctoolchain/usr/bin/clang -v -E -dM -isysroot /Applications/Xcode-27.0.0-Release.Candidate.app/Contents/Developer/Platforms/WatchOS.platform/Developer/SDKs/WatchOS27.0.sdk -x c -c /dev/null
Build description signature: 03eecabb764a44c90e05f26a69392ce8
Build description path: /Users/admin/builder/spi-builder-workspace/.derivedData/Build/Intermediates.noindex/XCBuildData/03eecabb764a44c90e05f26a69392ce8.xcbuilddata
/Users/admin/builder/spi-builder-workspace/.dependencies/artifacts/spi-builder-workspace/BbAppRelativeDate/BbAppRelativeDate.xcframework:1:1: error: While building for watchOS, no library for this platform was found in '/Users/admin/builder/spi-builder-workspace/.dependencies/artifacts/spi-builder-workspace/BbAppRelativeDate/BbAppRelativeDate.xcframework'. (in target 'BbAppRelativeDate-product' from project 'BbAppRelativeDate')
2026-09-23 12:16:36.642 xcodebuild[635:3864] [MT] IDERunDestination: Supported platforms for the buildables in the current scheme is empty.
** BUILD FAILED **
The following build commands failed:
Building workspace BbAppRelativeDate with scheme BbAppRelativeDate
(1 failure)
Command line invocation:
/Applications/Xcode-27.0.0-Release.Candidate.app/Contents/Developer/usr/bin/xcodebuild -IDEClonedSourcePackagesDirPathOverride=/Users/admin/builder/spi-builder-workspace/.dependencies -resolvePackageDependencies
Resolve Package Graph
Resolved source packages:
BbAppRelativeDate: /Users/admin/builder/spi-builder-workspace
resolved source packages: BbAppRelativeDate
2026-09-23 12:16:38.188 xcodebuild[647:3960] [MT] IDERunDestination: Supported platforms for the buildables in the current scheme is empty.
{
"default_localization" : "en",
"dependencies" : [
],
"manifest_display_name" : "BbAppRelativeDate",
"name" : "BbAppRelativeDate",
"path" : "/Users/admin/builder/spi-builder-workspace",
"platforms" : [
{
"name" : "ios",
"version" : "18.5"
},
{
"name" : "macos",
"version" : "15.5"
},
{
"name" : "tvos",
"version" : "18.0"
}
],
"products" : [
{
"name" : "BbAppRelativeDate",
"targets" : [
"BbAppRelativeDate"
],
"type" : {
"library" : [
"automatic"
]
}
}
],
"swift_languages_versions" : [
"6"
],
"targets" : [
{
"c99name" : "BbAppRelativeDate",
"module_type" : "BinaryTarget",
"name" : "BbAppRelativeDate",
"path" : "remote/archive/BbAppRelativeDate.xcframework.zip",
"product_memberships" : [
"BbAppRelativeDate"
],
"sources" : [
],
"type" : "binary"
}
],
"tools_version" : "6.2"
}
{
"workspace" : {
"name" : "BbAppRelativeDate",
"schemes" : [
"BbAppRelativeDate"
]
}
}
2026-09-23 12:16:39.387 xcodebuild[655:4018] [MT] IDERunDestination: Supported platforms for the buildables in the current scheme is empty.
Running build ...
env DEVELOPER_DIR=/Applications/Xcode-27.0.0-Release.Candidate.app xcrun xcodebuild -IDEClonedSourcePackagesDirPathOverride=$PWD/.dependencies -skipMacroValidation -skipPackagePluginValidation -derivedDataPath $PWD/.derivedData build -scheme BbAppRelativeDate -destination generic/platform=watchOS
Command line invocation:
/Applications/Xcode-27.0.0-Release.Candidate.app/Contents/Developer/usr/bin/xcodebuild -IDEClonedSourcePackagesDirPathOverride=/Users/admin/builder/spi-builder-workspace/.dependencies -skipMacroValidation -skipPackagePluginValidation -derivedDataPath /Users/admin/builder/spi-builder-workspace/.derivedData build -scheme BbAppRelativeDate -destination generic/platform=watchOS
Resolve Package Graph
Resolved source packages:
BbAppRelativeDate: /Users/admin/builder/spi-builder-workspace
ComputePackagePrebuildTargetDependencyGraph
Prepare packages
CreateBuildRequest
SendProjectDescription
CreateBuildOperation
ComputeTargetDependencyGraph
note: Building targets in dependency order
note: Target dependency graph (1 target)
Target 'BbAppRelativeDate-product' in project 'BbAppRelativeDate' (no dependencies)
GatherProvisioningInputs
CreateBuildDescription
/Users/admin/builder/spi-builder-workspace/.dependencies/artifacts/spi-builder-workspace/BbAppRelativeDate/BbAppRelativeDate.xcframework:1:1: error: While building for watchOS, no library for this platform was found in '/Users/admin/builder/spi-builder-workspace/.dependencies/artifacts/spi-builder-workspace/BbAppRelativeDate/BbAppRelativeDate.xcframework'. (in target 'BbAppRelativeDate-product' from project 'BbAppRelativeDate')
2026-09-23 12:16:40.440 xcodebuild[657:4061] [MT] IDERunDestination: Supported platforms for the buildables in the current scheme is empty.
** BUILD FAILED **
The following build commands failed:
Building workspace BbAppRelativeDate with scheme BbAppRelativeDate
(1 failure)
BUILD FAILURE 6.4 watchOS