Build Information
Failed to build PurchaseKit, reference 4.0.0 (b56391), with Swift 6.2 for Wasm on 19 Oct 2026 16:22:01 UTC.
Build Command
bash -c docker run --pull=always --rm -v "checkouts-54344845-0":/host -w "$PWD" -e JAVA_HOME="/root/.sdkman/candidates/java/current" -e SPI_BUILD="1" -e SPI_PROCESSING="1" registry.gitlab.com/saguaro1/spi-images:wasm-6.2-latest swift build --swift-sdk swift-6.2-RELEASE_wasm 2>&1Build Log
========================================
RunAll
========================================
Builder version: 5.1.3
Interrupt handler set up.
========================================
Checkout
========================================
Clone URL: https://github.com/Ramiz69/PurchaseKit.git
Reference: 4.0.0
Initialized empty Git repository in /host/spi-builder-workspace/.git/
hint: Using 'master' as the name for the initial branch. This default branch name
hint: is subject to change. To configure the initial branch name to use in all
hint: of your new repositories, which will suppress this warning, call:
hint:
hint: git config --global init.defaultBranch <name>
hint:
hint: Names commonly chosen instead of 'master' are 'main', 'trunk' and
hint: 'development'. The just-created branch can be renamed via this command:
hint:
hint: git branch -m <name>
From https://github.com/Ramiz69/PurchaseKit
* tag 4.0.0 -> FETCH_HEAD
HEAD is now at b563917 4.0.0: subscription status, purchase options and the rest of StoreKit 2 (#12)
Cloned https://github.com/Ramiz69/PurchaseKit.git
Revision (git rev-parse @):
b56391709ef3bb583bcf77cb045c6512a32ad20d
SPI manifest file found: $PWD/.spi.yml
SUCCESS checkout https://github.com/Ramiz69/PurchaseKit.git at 4.0.0
========================================
Build
========================================
Selected platform: wasm
Swift version: 6.2
Building package at path: $PWD
https://github.com/Ramiz69/PurchaseKit.git
Running build ...
bash -c docker run --pull=always --rm -v "checkouts-54344845-0":/host -w "$PWD" -e JAVA_HOME="/root/.sdkman/candidates/java/current" -e SPI_BUILD="1" -e SPI_PROCESSING="1" registry.gitlab.com/saguaro1/spi-images:wasm-6.2-latest swift build --swift-sdk swift-6.2-RELEASE_wasm 2>&1
wasm-6.2-latest: Pulling from saguaro1/spi-images
Digest: sha256:0563b842faffea9ddc6fe15fbd2051d02dff3ef29dc4b5bfe0a0910a084eee81
Status: Image is up to date for registry.gitlab.com/saguaro1/spi-images:wasm-6.2-latest
Building for debugging...
[0/2] Write sources
[1/2] Write swift-version-24593BA9C3E375BF.txt
[3/20] Compiling RKPurchaseKit RKStoreSubscriptionPeriod.swift
/host/spi-builder-workspace/Sources/PurchaseKit/Manager/RKPurchasesManager+Subscriptions.swift:9:8: error: no such module 'StoreKit'
7 |
8 | import Foundation
9 | import StoreKit
| `- error: no such module 'StoreKit'
10 |
11 | /// Active subscriptions, renewal status and introductory-offer eligibility.
[4/20] Compiling RKPurchaseKit RKStoreSubscriptionStatus.swift
/host/spi-builder-workspace/Sources/PurchaseKit/Manager/RKPurchasesManager+Subscriptions.swift:9:8: error: no such module 'StoreKit'
7 |
8 | import Foundation
9 | import StoreKit
| `- error: no such module 'StoreKit'
10 |
11 | /// Active subscriptions, renewal status and introductory-offer eligibility.
[5/22] Compiling RKPurchaseKit RKStoreTransaction.swift
/host/spi-builder-workspace/Sources/PurchaseKit/Manager/RKPurchasesManager+Subscriptions.swift:9:8: error: no such module 'StoreKit'
7 |
8 | import Foundation
9 | import StoreKit
| `- error: no such module 'StoreKit'
10 |
11 | /// Active subscriptions, renewal status and introductory-offer eligibility.
[6/22] Compiling RKPurchaseKit RKSubscriptionOffer.swift
/host/spi-builder-workspace/Sources/PurchaseKit/Manager/RKPurchasesManager+Subscriptions.swift:9:8: error: no such module 'StoreKit'
7 |
8 | import Foundation
9 | import StoreKit
| `- error: no such module 'StoreKit'
10 |
11 | /// Active subscriptions, renewal status and introductory-offer eligibility.
[7/22] Compiling RKPurchaseKit RKStoreEnvironment.swift
/host/spi-builder-workspace/Sources/PurchaseKit/Manager/RKPurchasesManager+Subscriptions.swift:9:8: error: no such module 'StoreKit'
7 |
8 | import Foundation
9 | import StoreKit
| `- error: no such module 'StoreKit'
10 |
11 | /// Active subscriptions, renewal status and introductory-offer eligibility.
[8/22] Compiling RKPurchaseKit RKStoreProduct.swift
/host/spi-builder-workspace/Sources/PurchaseKit/Manager/RKPurchasesManager+Subscriptions.swift:9:8: error: no such module 'StoreKit'
7 |
8 | import Foundation
9 | import StoreKit
| `- error: no such module 'StoreKit'
10 |
11 | /// Active subscriptions, renewal status and introductory-offer eligibility.
[9/22] Compiling RKPurchaseKit RKPurchasesError.swift
/host/spi-builder-workspace/Sources/PurchaseKit/Manager/RKPurchasesManager+Subscriptions.swift:9:8: error: no such module 'StoreKit'
7 |
8 | import Foundation
9 | import StoreKit
| `- error: no such module 'StoreKit'
10 |
11 | /// Active subscriptions, renewal status and introductory-offer eligibility.
[10/22] Compiling RKPurchaseKit RKRefundRequestStatus.swift
/host/spi-builder-workspace/Sources/PurchaseKit/Manager/RKPurchasesManager+Subscriptions.swift:9:8: error: no such module 'StoreKit'
7 |
8 | import Foundation
9 | import StoreKit
| `- error: no such module 'StoreKit'
10 |
11 | /// Active subscriptions, renewal status and introductory-offer eligibility.
[11/22] Compiling RKPurchaseKit RKProductType.swift
/host/spi-builder-workspace/Sources/PurchaseKit/Manager/RKPurchasesManager+Subscriptions.swift:9:8: error: no such module 'StoreKit'
7 |
8 | import Foundation
9 | import StoreKit
| `- error: no such module 'StoreKit'
10 |
11 | /// Active subscriptions, renewal status and introductory-offer eligibility.
[12/22] Compiling RKPurchaseKit RKPurchaseOptions.swift
/host/spi-builder-workspace/Sources/PurchaseKit/Manager/RKPurchasesManager+Subscriptions.swift:9:8: error: no such module 'StoreKit'
7 |
8 | import Foundation
9 | import StoreKit
| `- error: no such module 'StoreKit'
10 |
11 | /// Active subscriptions, renewal status and introductory-offer eligibility.
[13/22] Compiling RKPurchaseKit RKPurchasedProductEvent.swift
/host/spi-builder-workspace/Sources/PurchaseKit/Manager/RKPurchasesManager+Subscriptions.swift:9:8: error: no such module 'StoreKit'
7 |
8 | import Foundation
9 | import StoreKit
| `- error: no such module 'StoreKit'
10 |
11 | /// Active subscriptions, renewal status and introductory-offer eligibility.
[14/22] Compiling RKPurchaseKit RKPurchasesProtocol.swift
/host/spi-builder-workspace/Sources/PurchaseKit/Manager/RKPurchasesManager+Subscriptions.swift:9:8: error: no such module 'StoreKit'
7 |
8 | import Foundation
9 | import StoreKit
| `- error: no such module 'StoreKit'
10 |
11 | /// Active subscriptions, renewal status and introductory-offer eligibility.
[15/22] Compiling RKPurchaseKit RKServerVerifiedPurchasesProtocol.swift
/host/spi-builder-workspace/Sources/PurchaseKit/Manager/RKPurchasesManager+Subscriptions.swift:9:8: error: no such module 'StoreKit'
7 |
8 | import Foundation
9 | import StoreKit
| `- error: no such module 'StoreKit'
10 |
11 | /// Active subscriptions, renewal status and introductory-offer eligibility.
[16/22] Compiling RKPurchaseKit RKPurchasesManager.swift
/host/spi-builder-workspace/Sources/PurchaseKit/Manager/RKPurchasesManager+Subscriptions.swift:9:8: error: no such module 'StoreKit'
7 |
8 | import Foundation
9 | import StoreKit
| `- error: no such module 'StoreKit'
10 |
11 | /// Active subscriptions, renewal status and introductory-offer eligibility.
[17/22] Compiling RKPurchaseKit RKAppPurchaseInfo.swift
/host/spi-builder-workspace/Sources/PurchaseKit/Manager/RKPurchasesManager+Subscriptions.swift:9:8: error: no such module 'StoreKit'
7 |
8 | import Foundation
9 | import StoreKit
| `- error: no such module 'StoreKit'
10 |
11 | /// Active subscriptions, renewal status and introductory-offer eligibility.
[18/22] Compiling RKPurchaseKit RKFinishPolicy.swift
/host/spi-builder-workspace/Sources/PurchaseKit/Manager/RKPurchasesManager+Subscriptions.swift:9:8: error: no such module 'StoreKit'
7 |
8 | import Foundation
9 | import StoreKit
| `- error: no such module 'StoreKit'
10 |
11 | /// Active subscriptions, renewal status and introductory-offer eligibility.
error: emit-module command failed with exit code 1 (use -v to see invocation)
[19/22] Emitting module RKPurchaseKit
/host/spi-builder-workspace/Sources/PurchaseKit/Manager/RKPurchasesManager+Subscriptions.swift:9:8: error: no such module 'StoreKit'
7 |
8 | import Foundation
9 | import StoreKit
| `- error: no such module 'StoreKit'
10 |
11 | /// Active subscriptions, renewal status and introductory-offer eligibility.
[20/22] Compiling RKPurchaseKit RKEventBroadcaster.swift
/host/spi-builder-workspace/Sources/PurchaseKit/Manager/RKPurchasesManager+Subscriptions.swift:9:8: error: no such module 'StoreKit'
7 |
8 | import Foundation
9 | import StoreKit
| `- error: no such module 'StoreKit'
10 |
11 | /// Active subscriptions, renewal status and introductory-offer eligibility.
[21/22] Compiling RKPurchaseKit RKPurchasesManager+StoreSheets.swift
/host/spi-builder-workspace/Sources/PurchaseKit/Manager/RKPurchasesManager+Subscriptions.swift:9:8: error: no such module 'StoreKit'
7 |
8 | import Foundation
9 | import StoreKit
| `- error: no such module 'StoreKit'
10 |
11 | /// Active subscriptions, renewal status and introductory-offer eligibility.
[22/22] Compiling RKPurchaseKit RKPurchasesManager+Subscriptions.swift
/host/spi-builder-workspace/Sources/PurchaseKit/Manager/RKPurchasesManager+Subscriptions.swift:9:8: error: no such module 'StoreKit'
7 |
8 | import Foundation
9 | import StoreKit
| `- error: no such module 'StoreKit'
10 |
11 | /// Active subscriptions, renewal status and introductory-offer eligibility.
BUILD FAILURE 6.2 wasm