The Swift Package Index logo.Swift Package Index

Build Information

Failed to build HUMAN_SDK, reference 5.3.2 (a2fdf1), with Swift 6.2 for watchOS using Xcode 26.3 on 8 Sep 2026 22:30:01 UTC.

Build Command

env DEVELOPER_DIR=/Applications/Xcode-26.3.0.app xcrun xcodebuild -IDEClonedSourcePackagesDirPathOverride=$PWD/.dependencies -skipMacroValidation -skipPackagePluginValidation -derivedDataPath $PWD/.derivedData build -scheme HUMAN_SDK -destination generic/platform=watchOS

Build Log

========================================
RunAll
========================================
Builder version: 5.0.2
Interrupt handler set up.
========================================
Checkout
========================================
Clone URL: https://github.com/PerimeterX/human-security-ios-sdk-spm.git
Reference: 5.3.2
Initialized empty Git repository in /Users/admin/builder/spi-builder-workspace/.git/
From https://github.com/PerimeterX/human-security-ios-sdk-spm
 * tag               5.3.2      -> FETCH_HEAD
HEAD is now at a2fdf1e Merge pull request #7 from PerimeterX/update-sdk-v5.3.2
Cloned https://github.com/PerimeterX/human-security-ios-sdk-spm.git
Revision (git rev-parse @):
a2fdf1e484caa9cc6963ffa05bf2c76279eb6a59
SUCCESS checkout https://github.com/PerimeterX/human-security-ios-sdk-spm.git at 5.3.2
========================================
Build
========================================
Selected platform:         watchOS
Swift version:             6.2
Building package at path:  $PWD
https://github.com/PerimeterX/human-security-ios-sdk-spm.git
Command line invocation:
    /Applications/Xcode-26.3.0.app/Contents/Developer/usr/bin/xcodebuild -IDEClonedSourcePackagesDirPathOverride=/Users/admin/builder/spi-builder-workspace/.dependencies -resolvePackageDependencies
Resolve Package Graph
Resolve Package Graph
Resolved source packages:
  HUMAN_SDK: /Users/admin/builder/spi-builder-workspace
resolved source packages: HUMAN_SDK
2026-09-08 18:29:34.658 xcodebuild[538:3113] [MT] IDERunDestination: Supported platforms for the buildables in the current scheme is empty.
{
  "dependencies" : [
  ],
  "manifest_display_name" : "HUMAN_SDK",
  "name" : "HUMAN_SDK",
  "path" : "/Users/admin/builder/spi-builder-workspace",
  "platforms" : [
    {
      "name" : "ios",
      "version" : "13.0"
    }
  ],
  "products" : [
    {
      "name" : "HUMAN_SDK",
      "targets" : [
        "HUMAN_SDK"
      ],
      "type" : {
        "library" : [
          "automatic"
        ]
      }
    }
  ],
  "targets" : [
    {
      "c99name" : "HUMAN_SDK_Stub",
      "module_type" : "SwiftTarget",
      "name" : "HUMAN_SDK_Stub",
      "path" : "Sources",
      "resources" : [
        {
          "path" : "/Users/admin/builder/spi-builder-workspace/Sources/Resources/PrivacyInfo.xcprivacy",
          "rule" : {
            "copy" : {
            }
          }
        }
      ],
      "sources" : [
        "HumanStub.swift"
      ],
      "type" : "library"
    },
    {
      "c99name" : "HUMAN_SDK",
      "module_type" : "BinaryTarget",
      "name" : "HUMAN_SDK",
      "path" : "remote/archive/HUMAN_SDK.xcframework.zip",
      "product_memberships" : [
        "HUMAN_SDK"
      ],
      "sources" : [
      ],
      "type" : "binary"
    }
  ],
  "tools_version" : "5.3"
}
{
  "workspace" : {
    "name" : "spi-builder-workspace",
    "schemes" : [
      "HUMAN_SDK"
    ]
  }
}
2026-09-08 18:29:55.172 xcodebuild[685:4274] [MT] IDERunDestination: Supported platforms for the buildables in the current scheme is empty.
Running build ...
env DEVELOPER_DIR=/Applications/Xcode-26.3.0.app xcrun xcodebuild -IDEClonedSourcePackagesDirPathOverride=$PWD/.dependencies -skipMacroValidation -skipPackagePluginValidation -derivedDataPath $PWD/.derivedData build -scheme HUMAN_SDK -destination generic/platform=watchOS
Command line invocation:
    /Applications/Xcode-26.3.0.app/Contents/Developer/usr/bin/xcodebuild -IDEClonedSourcePackagesDirPathOverride=/Users/admin/builder/spi-builder-workspace/.dependencies -skipMacroValidation -skipPackagePluginValidation -derivedDataPath /Users/admin/builder/spi-builder-workspace/.derivedData build -scheme HUMAN_SDK -destination generic/platform=watchOS
Resolve Package Graph
Resolved source packages:
  HUMAN_SDK: /Users/admin/builder/spi-builder-workspace
ComputePackagePrebuildTargetDependencyGraph
Prepare packages
CreateBuildRequest
SendProjectDescription
CreateBuildOperation
ComputeTargetDependencyGraph
note: Building targets in dependency order
note: Target dependency graph (1 target)
    Target 'HUMAN_SDK' in project 'HUMAN_SDK' (no dependencies)
GatherProvisioningInputs
CreateBuildDescription
ExecuteExternalTool /Applications/Xcode-26.3.0.app/Contents/Developer/Toolchains/XcodeDefault.xctoolchain/usr/bin/clang -v -E -dM -isysroot /Applications/Xcode-26.3.0.app/Contents/Developer/Platforms/WatchOS.platform/Developer/SDKs/WatchOS26.2.sdk -x c -c /dev/null
Build description signature: df96fe8bf466bff8c2f51986439bbcef
Build description path: /Users/admin/builder/spi-builder-workspace/.derivedData/Build/Intermediates.noindex/XCBuildData/df96fe8bf466bff8c2f51986439bbcef.xcbuilddata
/Users/admin/builder/spi-builder-workspace/.dependencies/artifacts/spi-builder-workspace/HUMAN_SDK/HUMAN.xcframework:1:1: error: While building for watchOS, no library for this platform was found in '/Users/admin/builder/spi-builder-workspace/.dependencies/artifacts/spi-builder-workspace/HUMAN_SDK/HUMAN.xcframework'. (in target 'HUMAN_SDK' from project 'HUMAN_SDK')
2026-09-08 18:29:56.685 xcodebuild[687:4323] [MT] IDERunDestination: Supported platforms for the buildables in the current scheme is empty.
** BUILD FAILED **
The following build commands failed:
	Building workspace spi-builder-workspace with scheme HUMAN_SDK
(1 failure)
Command line invocation:
    /Applications/Xcode-26.3.0.app/Contents/Developer/usr/bin/xcodebuild -IDEClonedSourcePackagesDirPathOverride=/Users/admin/builder/spi-builder-workspace/.dependencies -resolvePackageDependencies
Resolve Package Graph
Resolved source packages:
  HUMAN_SDK: /Users/admin/builder/spi-builder-workspace
resolved source packages: HUMAN_SDK
2026-09-08 18:29:59.002 xcodebuild[700:4430] [MT] IDERunDestination: Supported platforms for the buildables in the current scheme is empty.
{
  "dependencies" : [
  ],
  "manifest_display_name" : "HUMAN_SDK",
  "name" : "HUMAN_SDK",
  "path" : "/Users/admin/builder/spi-builder-workspace",
  "platforms" : [
    {
      "name" : "ios",
      "version" : "13.0"
    }
  ],
  "products" : [
    {
      "name" : "HUMAN_SDK",
      "targets" : [
        "HUMAN_SDK"
      ],
      "type" : {
        "library" : [
          "automatic"
        ]
      }
    }
  ],
  "targets" : [
    {
      "c99name" : "HUMAN_SDK_Stub",
      "module_type" : "SwiftTarget",
      "name" : "HUMAN_SDK_Stub",
      "path" : "Sources",
      "resources" : [
        {
          "path" : "/Users/admin/builder/spi-builder-workspace/Sources/Resources/PrivacyInfo.xcprivacy",
          "rule" : {
            "copy" : {
            }
          }
        }
      ],
      "sources" : [
        "HumanStub.swift"
      ],
      "type" : "library"
    },
    {
      "c99name" : "HUMAN_SDK",
      "module_type" : "BinaryTarget",
      "name" : "HUMAN_SDK",
      "path" : "remote/archive/HUMAN_SDK.xcframework.zip",
      "product_memberships" : [
        "HUMAN_SDK"
      ],
      "sources" : [
      ],
      "type" : "binary"
    }
  ],
  "tools_version" : "5.3"
}
{
  "workspace" : {
    "name" : "spi-builder-workspace",
    "schemes" : [
      "HUMAN_SDK"
    ]
  }
}
2026-09-08 18:30:00.089 xcodebuild[708:4493] [MT] IDERunDestination: Supported platforms for the buildables in the current scheme is empty.
Running build ...
env DEVELOPER_DIR=/Applications/Xcode-26.3.0.app xcrun xcodebuild -IDEClonedSourcePackagesDirPathOverride=$PWD/.dependencies -skipMacroValidation -skipPackagePluginValidation -derivedDataPath $PWD/.derivedData build -scheme HUMAN_SDK -destination generic/platform=watchOS
Command line invocation:
    /Applications/Xcode-26.3.0.app/Contents/Developer/usr/bin/xcodebuild -IDEClonedSourcePackagesDirPathOverride=/Users/admin/builder/spi-builder-workspace/.dependencies -skipMacroValidation -skipPackagePluginValidation -derivedDataPath /Users/admin/builder/spi-builder-workspace/.derivedData build -scheme HUMAN_SDK -destination generic/platform=watchOS
Resolve Package Graph
Resolved source packages:
  HUMAN_SDK: /Users/admin/builder/spi-builder-workspace
ComputePackagePrebuildTargetDependencyGraph
Prepare packages
CreateBuildRequest
SendProjectDescription
CreateBuildOperation
ComputeTargetDependencyGraph
note: Building targets in dependency order
note: Target dependency graph (1 target)
    Target 'HUMAN_SDK' in project 'HUMAN_SDK' (no dependencies)
GatherProvisioningInputs
CreateBuildDescription
ExecuteExternalTool /Applications/Xcode-26.3.0.app/Contents/Developer/Toolchains/XcodeDefault.xctoolchain/usr/bin/clang -v -E -dM -isysroot /Applications/Xcode-26.3.0.app/Contents/Developer/Platforms/WatchOS.platform/Developer/SDKs/WatchOS26.2.sdk -x c -c /dev/null
Build description signature: df96fe8bf466bff8c2f51986439bbcef
Build description path: /Users/admin/builder/spi-builder-workspace/.derivedData/Build/Intermediates.noindex/XCBuildData/df96fe8bf466bff8c2f51986439bbcef.xcbuilddata
/Users/admin/builder/spi-builder-workspace/.dependencies/artifacts/spi-builder-workspace/HUMAN_SDK/HUMAN.xcframework:1:1: error: While building for watchOS, no library for this platform was found in '/Users/admin/builder/spi-builder-workspace/.dependencies/artifacts/spi-builder-workspace/HUMAN_SDK/HUMAN.xcframework'. (in target 'HUMAN_SDK' from project 'HUMAN_SDK')
2026-09-08 18:30:01.031 xcodebuild[710:4525] [MT] IDERunDestination: Supported platforms for the buildables in the current scheme is empty.
** BUILD FAILED **
The following build commands failed:
	Building workspace spi-builder-workspace with scheme HUMAN_SDK
(1 failure)
BUILD FAILURE 6.2 watchOS