The Swift Package Index logo.Swift Package Index

Build Information

Failed to build WWNormalizeAudioPlayer, reference 1.6.0 (11944e), with Swift 6.4 for watchOS using Xcode 27.0 on 26 Sep 2026 14:04:03 UTC.

Build Command

env DEVELOPER_DIR=/Applications/Xcode-27.0.0-Release.Candidate.app xcrun xcodebuild -IDEClonedSourcePackagesDirPathOverride=$PWD/.dependencies -skipMacroValidation -skipPackagePluginValidation -derivedDataPath $PWD/.derivedData build -scheme WWNormalizeAudioPlayer -destination generic/platform=watchOS

Build Log

========================================
RunAll
========================================
Builder version: 5.1.0
Interrupt handler set up.
========================================
Checkout
========================================
Clone URL: https://github.com/William-Weng/WWNormalizeAudioPlayer.git
Reference: 1.6.0
Initialized empty Git repository in /Users/admin/builder/spi-builder-workspace/.git/
From https://github.com/William-Weng/WWNormalizeAudioPlayer
 * tag               1.6.0      -> FETCH_HEAD
HEAD is now at 11944e2 - 簡化播放功能 (去除Loop / Random) - 加強準備設定時,直接能取得音訊名及時間長度
Cloned https://github.com/William-Weng/WWNormalizeAudioPlayer.git
Revision (git rev-parse @):
11944e25e883b639c6a123118adca7947b63c2a3
SUCCESS checkout https://github.com/William-Weng/WWNormalizeAudioPlayer.git at 1.6.0
========================================
Build
========================================
Selected platform:         watchOS
Swift version:             6.4
Building package at path:  $PWD
https://github.com/William-Weng/WWNormalizeAudioPlayer.git
Command line invocation:
    /Applications/Xcode-27.0.0-Release.Candidate.app/Contents/Developer/usr/bin/xcodebuild -IDEClonedSourcePackagesDirPathOverride=/Users/admin/builder/spi-builder-workspace/.dependencies -resolvePackageDependencies
Resolve Package Graph
Resolve Package Graph
Resolved source packages:
  WWNormalizeAudioPlayer: /Users/admin/builder/spi-builder-workspace
resolved source packages: WWNormalizeAudioPlayer
2026-09-26 10:03:21.595 xcodebuild[525:3018] [MT] IDERunDestination: Supported platforms for the buildables in the current scheme is empty.
{
  "dependencies" : [
  ],
  "manifest_display_name" : "WWNormalizeAudioPlayer",
  "name" : "WWNormalizeAudioPlayer",
  "path" : "/Users/admin/builder/spi-builder-workspace",
  "platforms" : [
    {
      "name" : "ios",
      "version" : "17.0"
    }
  ],
  "products" : [
    {
      "name" : "WWNormalizeAudioPlayer",
      "targets" : [
        "WWNormalizeAudioPlayer"
      ],
      "type" : {
        "library" : [
          "automatic"
        ]
      }
    }
  ],
  "swift_languages_versions" : [
    "5"
  ],
  "targets" : [
    {
      "c99name" : "WWNormalizeAudioPlayer",
      "module_type" : "SwiftTarget",
      "name" : "WWNormalizeAudioPlayer",
      "path" : "Sources/WWNormalizeAudioPlayer",
      "product_memberships" : [
        "WWNormalizeAudioPlayer"
      ],
      "sources" : [
        "Tools/Equalizer.swift",
        "Tools/SpectrumAnalyzer.swift",
        "Utility/Constant.swift",
        "Utility/Extension.swift",
        "Utility/Model.swift",
        "Utility/Protocol.swift",
        "WWNormalizeAudioPlayer.swift"
      ],
      "type" : "library"
    }
  ],
  "tools_version" : "5.10"
}
{
  "workspace" : {
    "name" : "WWNormalizeAudioPlayer",
    "schemes" : [
      "WWNormalizeAudioPlayer"
    ]
  }
}
2026-09-26 10:03:53.344 xcodebuild[622:3812] [MT] IDERunDestination: Supported platforms for the buildables in the current scheme is empty.
Running build ...
env DEVELOPER_DIR=/Applications/Xcode-27.0.0-Release.Candidate.app xcrun xcodebuild -IDEClonedSourcePackagesDirPathOverride=$PWD/.dependencies -skipMacroValidation -skipPackagePluginValidation -derivedDataPath $PWD/.derivedData build -scheme WWNormalizeAudioPlayer -destination generic/platform=watchOS
Command line invocation:
    /Applications/Xcode-27.0.0-Release.Candidate.app/Contents/Developer/usr/bin/xcodebuild -IDEClonedSourcePackagesDirPathOverride=/Users/admin/builder/spi-builder-workspace/.dependencies -skipMacroValidation -skipPackagePluginValidation -derivedDataPath /Users/admin/builder/spi-builder-workspace/.derivedData build -scheme WWNormalizeAudioPlayer -destination generic/platform=watchOS
Resolve Package Graph
Resolved source packages:
  WWNormalizeAudioPlayer: /Users/admin/builder/spi-builder-workspace
ComputePackagePrebuildTargetDependencyGraph
Prepare packages
CreateBuildRequest
SendProjectDescription
CreateBuildOperation
ComputeTargetDependencyGraph
note: Building targets in dependency order
note: Target dependency graph (2 targets)
    Target 'WWNormalizeAudioPlayer-product' in project 'WWNormalizeAudioPlayer'
        ➜ Explicit dependency on target 'WWNormalizeAudioPlayer' in project 'WWNormalizeAudioPlayer'
    Target 'WWNormalizeAudioPlayer' in project 'WWNormalizeAudioPlayer' (no dependencies)
GatherProvisioningInputs
CreateBuildDescription
ExecuteExternalTool /Applications/Xcode-27.0.0-Release.Candidate.app/Contents/Developer/Toolchains/XcodeDefault.xctoolchain/usr/bin/clang -v -E -dM -isysroot /Applications/Xcode-27.0.0-Release.Candidate.app/Contents/Developer/Platforms/WatchOS.platform/Developer/SDKs/WatchOS27.0.sdk -x c -c /dev/null
ExecuteExternalTool /Applications/Xcode-27.0.0-Release.Candidate.app/Contents/Developer/Toolchains/XcodeDefault.xctoolchain/usr/bin/swiftc --version
ExecuteExternalTool /Applications/Xcode-27.0.0-Release.Candidate.app/Contents/Developer/Toolchains/XcodeDefault.xctoolchain/usr/bin/ld -version_details
Build description signature: 27fa9322297bfeb53e62cbbc083971ef
Build description path: /Users/admin/builder/spi-builder-workspace/.derivedData/Build/Intermediates.noindex/XCBuildData/27fa9322297bfeb53e62cbbc083971ef.xcbuilddata
CreateBuildDirectory /Users/admin/builder/spi-builder-workspace/.derivedData/CompilationCache.noindex
    cd /Users/admin/builder/spi-builder-workspace/.swiftpm/xcode
    builtin-create-build-directory /Users/admin/builder/spi-builder-workspace/.derivedData/CompilationCache.noindex
CreateBuildDirectory /Users/admin/builder/spi-builder-workspace/.derivedData/ModuleCache.noindex
    cd /Users/admin/builder/spi-builder-workspace/.swiftpm/xcode
    builtin-create-build-directory /Users/admin/builder/spi-builder-workspace/.derivedData/ModuleCache.noindex
CreateBuildDirectory /Users/admin/builder/spi-builder-workspace/.derivedData/SDKExplicitPrecompiledModules
    cd /Users/admin/builder/spi-builder-workspace/.swiftpm/xcode
    builtin-create-build-directory /Users/admin/builder/spi-builder-workspace/.derivedData/SDKExplicitPrecompiledModules
CreateBuildDirectory /Users/admin/builder/spi-builder-workspace/.derivedData/Build/Products
    cd /Users/admin/builder/spi-builder-workspace/.swiftpm/xcode
    builtin-create-build-directory /Users/admin/builder/spi-builder-workspace/.derivedData/Build/Products
CreateBuildDirectory /Users/admin/builder/spi-builder-workspace/.derivedData/Build/Intermediates.noindex
    cd /Users/admin/builder/spi-builder-workspace/.swiftpm/xcode
    builtin-create-build-directory /Users/admin/builder/spi-builder-workspace/.derivedData/Build/Intermediates.noindex
ClangStatCache /Applications/Xcode-27.0.0-Release.Candidate.app/Contents/Developer/Toolchains/XcodeDefault.xctoolchain/usr/bin/clang-stat-cache /Applications/Xcode-27.0.0-Release.Candidate.app/Contents/Developer/Platforms/WatchOS.platform/Developer/SDKs/WatchOS27.0.sdk /Users/admin/builder/spi-builder-workspace/.derivedData/SDKStatCaches.noindex/watchos27.0-24R360-e829b21a6f8c9b70876ba0858053c04477534ef55a1706bf4c1112bbb242f0a2.sdkstatcache
    cd /Users/admin/builder/spi-builder-workspace/.swiftpm/xcode
    /Applications/Xcode-27.0.0-Release.Candidate.app/Contents/Developer/Toolchains/XcodeDefault.xctoolchain/usr/bin/clang-stat-cache /Applications/Xcode-27.0.0-Release.Candidate.app/Contents/Developer/Platforms/WatchOS.platform/Developer/SDKs/WatchOS27.0.sdk -o /Users/admin/builder/spi-builder-workspace/.derivedData/SDKStatCaches.noindex/watchos27.0-24R360-e829b21a6f8c9b70876ba0858053c04477534ef55a1706bf4c1112bbb242f0a2.sdkstatcache
CreateBuildDirectory /Users/admin/builder/spi-builder-workspace/.derivedData/Build/Intermediates.noindex/SwiftExplicitPrecompiledModules
    cd /Users/admin/builder/spi-builder-workspace/.swiftpm/xcode
    builtin-create-build-directory /Users/admin/builder/spi-builder-workspace/.derivedData/Build/Intermediates.noindex/SwiftExplicitPrecompiledModules
CreateBuildDirectory /Users/admin/builder/spi-builder-workspace/.derivedData/Build/Intermediates.noindex/PrecompiledHeaders
    cd /Users/admin/builder/spi-builder-workspace/.swiftpm/xcode
    builtin-create-build-directory /Users/admin/builder/spi-builder-workspace/.derivedData/Build/Intermediates.noindex/PrecompiledHeaders
CreateBuildDirectory /Users/admin/builder/spi-builder-workspace/.derivedData/Build/Products/Debug-watchos
    cd /Users/admin/builder/spi-builder-workspace/.swiftpm/xcode
    builtin-create-build-directory /Users/admin/builder/spi-builder-workspace/.derivedData/Build/Products/Debug-watchos
CreateBuildDirectory /Users/admin/builder/spi-builder-workspace/.derivedData/Build/Intermediates.noindex/ExplicitPrecompiledModules
    cd /Users/admin/builder/spi-builder-workspace/.swiftpm/xcode
    builtin-create-build-directory /Users/admin/builder/spi-builder-workspace/.derivedData/Build/Intermediates.noindex/ExplicitPrecompiledModules
CreateBuildDirectory /Users/admin/builder/spi-builder-workspace/.derivedData/Build/Intermediates.noindex/EagerLinkingTBDs/Debug-watchos
    cd /Users/admin/builder/spi-builder-workspace/.swiftpm/xcode
    builtin-create-build-directory /Users/admin/builder/spi-builder-workspace/.derivedData/Build/Intermediates.noindex/EagerLinkingTBDs/Debug-watchos
CreateBuildDirectory /Users/admin/builder/spi-builder-workspace/.derivedData/Build/Products/Debug-watchos/PackageFrameworks
    cd /Users/admin/builder/spi-builder-workspace/.swiftpm/xcode
    builtin-create-build-directory /Users/admin/builder/spi-builder-workspace/.derivedData/Build/Products/Debug-watchos/PackageFrameworks
WriteAuxiliaryFile /Users/admin/builder/spi-builder-workspace/.derivedData/Build/Intermediates.noindex/WWNormalizeAudioPlayer.build/Debug-watchos/WWNormalizeAudioPlayer-t.build/WWNormalizeAudioPlayer.modulemap (in target 'WWNormalizeAudioPlayer' from project 'WWNormalizeAudioPlayer')
    cd /Users/admin/builder/spi-builder-workspace
    write-file /Users/admin/builder/spi-builder-workspace/.derivedData/Build/Intermediates.noindex/WWNormalizeAudioPlayer.build/Debug-watchos/WWNormalizeAudioPlayer-t.build/WWNormalizeAudioPlayer.modulemap
WriteAuxiliaryFile /Users/admin/builder/spi-builder-workspace/.derivedData/Build/Intermediates.noindex/WWNormalizeAudioPlayer.build/Debug-watchos/WWNormalizeAudioPlayer-t.build/WWNormalizeAudioPlayer.DependencyStaticMetadataFileList (in target 'WWNormalizeAudioPlayer' from project 'WWNormalizeAudioPlayer')
    cd /Users/admin/builder/spi-builder-workspace
    write-file /Users/admin/builder/spi-builder-workspace/.derivedData/Build/Intermediates.noindex/WWNormalizeAudioPlayer.build/Debug-watchos/WWNormalizeAudioPlayer-t.build/WWNormalizeAudioPlayer.DependencyStaticMetadataFileList
WriteAuxiliaryFile /Users/admin/builder/spi-builder-workspace/.derivedData/Build/Intermediates.noindex/WWNormalizeAudioPlayer.build/Debug-watchos/WWNormalizeAudioPlayer-t.build/Objects-normal/arm64_32/WWNormalizeAudioPlayer_const_extract_protocols.json (in target 'WWNormalizeAudioPlayer' from project 'WWNormalizeAudioPlayer')
    cd /Users/admin/builder/spi-builder-workspace
    write-file /Users/admin/builder/spi-builder-workspace/.derivedData/Build/Intermediates.noindex/WWNormalizeAudioPlayer.build/Debug-watchos/WWNormalizeAudioPlayer-t.build/Objects-normal/arm64_32/WWNormalizeAudioPlayer_const_extract_protocols.json
WriteAuxiliaryFile /Users/admin/builder/spi-builder-workspace/.derivedData/Build/Intermediates.noindex/WWNormalizeAudioPlayer.build/Debug-watchos/WWNormalizeAudioPlayer-t.build/WWNormalizeAudioPlayer.DependencyMetadataFileList (in target 'WWNormalizeAudioPlayer' from project 'WWNormalizeAudioPlayer')
    cd /Users/admin/builder/spi-builder-workspace
    write-file /Users/admin/builder/spi-builder-workspace/.derivedData/Build/Intermediates.noindex/WWNormalizeAudioPlayer.build/Debug-watchos/WWNormalizeAudioPlayer-t.build/WWNormalizeAudioPlayer.DependencyMetadataFileList
WriteAuxiliaryFile /Users/admin/builder/spi-builder-workspace/.derivedData/Build/Intermediates.noindex/WWNormalizeAudioPlayer.build/Debug-watchos/WWNormalizeAudioPlayer-t.build/Objects-normal/arm64_32/WWNormalizeAudioPlayer.SwiftConstValuesFileList (in target 'WWNormalizeAudioPlayer' from project 'WWNormalizeAudioPlayer')
    cd /Users/admin/builder/spi-builder-workspace
    write-file /Users/admin/builder/spi-builder-workspace/.derivedData/Build/Intermediates.noindex/WWNormalizeAudioPlayer.build/Debug-watchos/WWNormalizeAudioPlayer-t.build/Objects-normal/arm64_32/WWNormalizeAudioPlayer.SwiftConstValuesFileList
WriteAuxiliaryFile /Users/admin/builder/spi-builder-workspace/.derivedData/Build/Intermediates.noindex/WWNormalizeAudioPlayer.build/Debug-watchos/WWNormalizeAudioPlayer-t.build/Objects-normal/arm64_32/WWNormalizeAudioPlayer.SwiftFileList (in target 'WWNormalizeAudioPlayer' from project 'WWNormalizeAudioPlayer')
    cd /Users/admin/builder/spi-builder-workspace
    write-file /Users/admin/builder/spi-builder-workspace/.derivedData/Build/Intermediates.noindex/WWNormalizeAudioPlayer.build/Debug-watchos/WWNormalizeAudioPlayer-t.build/Objects-normal/arm64_32/WWNormalizeAudioPlayer.SwiftFileList
WriteAuxiliaryFile /Users/admin/builder/spi-builder-workspace/.derivedData/Build/Intermediates.noindex/WWNormalizeAudioPlayer.build/Debug-watchos/WWNormalizeAudioPlayer-t.build/Objects-normal/arm64_32/WWNormalizeAudioPlayer.LinkFileList (in target 'WWNormalizeAudioPlayer' from project 'WWNormalizeAudioPlayer')
    cd /Users/admin/builder/spi-builder-workspace
    write-file /Users/admin/builder/spi-builder-workspace/.derivedData/Build/Intermediates.noindex/WWNormalizeAudioPlayer.build/Debug-watchos/WWNormalizeAudioPlayer-t.build/Objects-normal/arm64_32/WWNormalizeAudioPlayer.LinkFileList
WriteAuxiliaryFile /Users/admin/builder/spi-builder-workspace/.derivedData/Build/Intermediates.noindex/WWNormalizeAudioPlayer.build/Debug-watchos/WWNormalizeAudioPlayer-t.build/Objects-normal/arm64/WWNormalizeAudioPlayer_const_extract_protocols.json (in target 'WWNormalizeAudioPlayer' from project 'WWNormalizeAudioPlayer')
    cd /Users/admin/builder/spi-builder-workspace
    write-file /Users/admin/builder/spi-builder-workspace/.derivedData/Build/Intermediates.noindex/WWNormalizeAudioPlayer.build/Debug-watchos/WWNormalizeAudioPlayer-t.build/Objects-normal/arm64/WWNormalizeAudioPlayer_const_extract_protocols.json
WriteAuxiliaryFile /Users/admin/builder/spi-builder-workspace/.derivedData/Build/Intermediates.noindex/WWNormalizeAudioPlayer.build/Debug-watchos/WWNormalizeAudioPlayer-t.build/Objects-normal/arm64_32/WWNormalizeAudioPlayer-OutputFileMap.json (in target 'WWNormalizeAudioPlayer' from project 'WWNormalizeAudioPlayer')
    cd /Users/admin/builder/spi-builder-workspace
    write-file /Users/admin/builder/spi-builder-workspace/.derivedData/Build/Intermediates.noindex/WWNormalizeAudioPlayer.build/Debug-watchos/WWNormalizeAudioPlayer-t.build/Objects-normal/arm64_32/WWNormalizeAudioPlayer-OutputFileMap.json
WriteAuxiliaryFile /Users/admin/builder/spi-builder-workspace/.derivedData/Build/Intermediates.noindex/WWNormalizeAudioPlayer.build/Debug-watchos/WWNormalizeAudioPlayer-t.build/Objects-normal/arm64/WWNormalizeAudioPlayer.SwiftFileList (in target 'WWNormalizeAudioPlayer' from project 'WWNormalizeAudioPlayer')
    cd /Users/admin/builder/spi-builder-workspace
    write-file /Users/admin/builder/spi-builder-workspace/.derivedData/Build/Intermediates.noindex/WWNormalizeAudioPlayer.build/Debug-watchos/WWNormalizeAudioPlayer-t.build/Objects-normal/arm64/WWNormalizeAudioPlayer.SwiftFileList
WriteAuxiliaryFile /Users/admin/builder/spi-builder-workspace/.derivedData/Build/Intermediates.noindex/WWNormalizeAudioPlayer.build/Debug-watchos/WWNormalizeAudioPlayer-t.build/Objects-normal/arm64/WWNormalizeAudioPlayer.SwiftConstValuesFileList (in target 'WWNormalizeAudioPlayer' from project 'WWNormalizeAudioPlayer')
    cd /Users/admin/builder/spi-builder-workspace
    write-file /Users/admin/builder/spi-builder-workspace/.derivedData/Build/Intermediates.noindex/WWNormalizeAudioPlayer.build/Debug-watchos/WWNormalizeAudioPlayer-t.build/Objects-normal/arm64/WWNormalizeAudioPlayer.SwiftConstValuesFileList
WriteAuxiliaryFile /Users/admin/builder/spi-builder-workspace/.derivedData/Build/Intermediates.noindex/WWNormalizeAudioPlayer.build/Debug-watchos/WWNormalizeAudioPlayer-t.build/Objects-normal/arm64/WWNormalizeAudioPlayer.LinkFileList (in target 'WWNormalizeAudioPlayer' from project 'WWNormalizeAudioPlayer')
    cd /Users/admin/builder/spi-builder-workspace
    write-file /Users/admin/builder/spi-builder-workspace/.derivedData/Build/Intermediates.noindex/WWNormalizeAudioPlayer.build/Debug-watchos/WWNormalizeAudioPlayer-t.build/Objects-normal/arm64/WWNormalizeAudioPlayer.LinkFileList
WriteAuxiliaryFile /Users/admin/builder/spi-builder-workspace/.derivedData/Build/Intermediates.noindex/WWNormalizeAudioPlayer.build/Debug-watchos/WWNormalizeAudioPlayer-t.build/Objects-normal/arm64/WWNormalizeAudioPlayer-OutputFileMap.json (in target 'WWNormalizeAudioPlayer' from project 'WWNormalizeAudioPlayer')
    cd /Users/admin/builder/spi-builder-workspace
    write-file /Users/admin/builder/spi-builder-workspace/.derivedData/Build/Intermediates.noindex/WWNormalizeAudioPlayer.build/Debug-watchos/WWNormalizeAudioPlayer-t.build/Objects-normal/arm64/WWNormalizeAudioPlayer-OutputFileMap.json
Copy /Users/admin/builder/spi-builder-workspace/.derivedData/Build/Intermediates.noindex/GeneratedModuleMaps-watchos/WWNormalizeAudioPlayer.modulemap /Users/admin/builder/spi-builder-workspace/.derivedData/Build/Intermediates.noindex/WWNormalizeAudioPlayer.build/Debug-watchos/WWNormalizeAudioPlayer-t.build/WWNormalizeAudioPlayer.modulemap (in target 'WWNormalizeAudioPlayer' from project 'WWNormalizeAudioPlayer')
    cd /Users/admin/builder/spi-builder-workspace
    builtin-copy -exclude .DS_Store -exclude CVS -exclude .svn -exclude .git -exclude .hg -resolve-src-symlinks /Users/admin/builder/spi-builder-workspace/.derivedData/Build/Intermediates.noindex/WWNormalizeAudioPlayer.build/Debug-watchos/WWNormalizeAudioPlayer-t.build/WWNormalizeAudioPlayer.modulemap /Users/admin/builder/spi-builder-workspace/.derivedData/Build/Intermediates.noindex/GeneratedModuleMaps-watchos
SwiftDriver WWNormalizeAudioPlayer normal arm64 com.apple.xcode.tools.swift.compiler (in target 'WWNormalizeAudioPlayer' from project 'WWNormalizeAudioPlayer')
    cd /Users/admin/builder/spi-builder-workspace/.swiftpm/xcode
    builtin-SwiftDriver -- /Applications/Xcode-27.0.0-Release.Candidate.app/Contents/Developer/Toolchains/XcodeDefault.xctoolchain/usr/bin/swiftc -parse-as-library -module-name WWNormalizeAudioPlayer -Onone @/Users/admin/builder/spi-builder-workspace/.derivedData/Build/Intermediates.noindex/WWNormalizeAudioPlayer.build/Debug-watchos/WWNormalizeAudioPlayer-t.build/Objects-normal/arm64/WWNormalizeAudioPlayer.SwiftFileList -DSWIFT_PACKAGE -DDEBUG -DSWIFT_MODULE_RESOURCE_BUNDLE_UNAVAILABLE -DXcode -plugin-path /Applications/Xcode-27.0.0-Release.Candidate.app/Contents/Developer/Toolchains/XcodeDefault.xctoolchain/usr/lib/swift/host/plugins/testing -enable-experimental-feature DebugDescriptionMacro -sdk /Applications/Xcode-27.0.0-Release.Candidate.app/Contents/Developer/Platforms/WatchOS.platform/Developer/SDKs/WatchOS27.0.sdk -target arm64-apple-watchos10.0 -g -module-cache-path /Users/admin/builder/spi-builder-workspace/.derivedData/ModuleCache.noindex -Xfrontend -serialize-debugging-options -enable-testing -index-store-path /Users/admin/builder/spi-builder-workspace/.derivedData/Index.noindex/DataStore -Xcc -D_LIBCPP_HARDENING_MODE\=_LIBCPP_HARDENING_MODE_DEBUG -swift-version 5 -I /Users/admin/builder/spi-builder-workspace/.derivedData/Build/Products/Debug-watchos -Isystem /Applications/Xcode-27.0.0-Release.Candidate.app/Contents/Developer/Platforms/WatchOS.platform/Developer/usr/lib -F /Users/admin/builder/spi-builder-workspace/.derivedData/Build/Products/Debug-watchos -F /Applications/Xcode-27.0.0-Release.Candidate.app/Contents/Developer/Platforms/WatchOS.platform/Developer/Library/Frameworks -F /Applications/Xcode-27.0.0-Release.Candidate.app/Contents/Developer/Platforms/WatchOS.platform/Developer/SDKs/WatchOS27.0.sdk/Developer/Library/Frameworks -c -j10 -enable-batch-mode -incremental -Xcc -ivfsstatcache -Xcc /Users/admin/builder/spi-builder-workspace/.derivedData/SDKStatCaches.noindex/watchos27.0-24R360-e829b21a6f8c9b70876ba0858053c04477534ef55a1706bf4c1112bbb242f0a2.sdkstatcache -output-file-map /Users/admin/builder/spi-builder-workspace/.derivedData/Build/Intermediates.noindex/WWNormalizeAudioPlayer.build/Debug-watchos/WWNormalizeAudioPlayer-t.build/Objects-normal/arm64/WWNormalizeAudioPlayer-OutputFileMap.json -save-temps -no-color-diagnostics -explicit-module-build -module-cache-path /Users/admin/builder/spi-builder-workspace/.derivedData/Build/Intermediates.noindex/SwiftExplicitPrecompiledModules -clang-scanner-module-cache-path /Users/admin/builder/spi-builder-workspace/.derivedData/ModuleCache.noindex -sdk-module-cache-path /Users/admin/builder/spi-builder-workspace/.derivedData/SDKExplicitPrecompiledModules -emit-dependencies -emit-module -emit-module-path /Users/admin/builder/spi-builder-workspace/.derivedData/Build/Intermediates.noindex/WWNormalizeAudioPlayer.build/Debug-watchos/WWNormalizeAudioPlayer-t.build/Objects-normal/arm64/WWNormalizeAudioPlayer.swiftmodule -serialize-diagnostics -dependency-scan-serialize-diagnostics-path /Users/admin/builder/spi-builder-workspace/.derivedData/Build/Intermediates.noindex/WWNormalizeAudioPlayer.build/Debug-watchos/WWNormalizeAudioPlayer-t.build/Objects-normal/arm64/WWNormalizeAudioPlayer-dependency-scan.dia -validate-clang-modules-once -clang-build-session-file /Users/admin/builder/spi-builder-workspace/.derivedData/ModuleCache.noindex/Session.modulevalidation -Xcc -fmodules-prune-interval\=86400 -Xcc -fmodules-prune-after\=345600 -package-name spi_builder_workspace -emit-const-values -const-gather-protocols-list /Users/admin/builder/spi-builder-workspace/.derivedData/Build/Intermediates.noindex/WWNormalizeAudioPlayer.build/Debug-watchos/WWNormalizeAudioPlayer-t.build/Objects-normal/arm64/WWNormalizeAudioPlayer_const_extract_protocols.json -Xcc -I/Users/admin/builder/spi-builder-workspace/.derivedData/Build/Products/Debug-watchos/include -Xcc -I/Users/admin/builder/spi-builder-workspace/.derivedData/Build/Intermediates.noindex/WWNormalizeAudioPlayer.build/Debug-watchos/WWNormalizeAudioPlayer-t.build/DerivedSources-normal/arm64 -Xcc -I/Users/admin/builder/spi-builder-workspace/.derivedData/Build/Intermediates.noindex/WWNormalizeAudioPlayer.build/Debug-watchos/WWNormalizeAudioPlayer-t.build/DerivedSources/arm64 -Xcc -I/Users/admin/builder/spi-builder-workspace/.derivedData/Build/Intermediates.noindex/WWNormalizeAudioPlayer.build/Debug-watchos/WWNormalizeAudioPlayer-t.build/DerivedSources -Xcc -DSWIFT_PACKAGE -Xcc -DDEBUG\=1 -emit-objc-header -emit-objc-header-path /Users/admin/builder/spi-builder-workspace/.derivedData/Build/Intermediates.noindex/WWNormalizeAudioPlayer.build/Debug-watchos/WWNormalizeAudioPlayer-t.build/Objects-normal/arm64/WWNormalizeAudioPlayer-Swift.h -working-directory /Users/admin/builder/spi-builder-workspace/.swiftpm/xcode -experimental-emit-module-separately -disable-cmo
SwiftDriver WWNormalizeAudioPlayer normal arm64_32 com.apple.xcode.tools.swift.compiler (in target 'WWNormalizeAudioPlayer' from project 'WWNormalizeAudioPlayer')
    cd /Users/admin/builder/spi-builder-workspace/.swiftpm/xcode
    builtin-SwiftDriver -- /Applications/Xcode-27.0.0-Release.Candidate.app/Contents/Developer/Toolchains/XcodeDefault.xctoolchain/usr/bin/swiftc -parse-as-library -module-name WWNormalizeAudioPlayer -Onone @/Users/admin/builder/spi-builder-workspace/.derivedData/Build/Intermediates.noindex/WWNormalizeAudioPlayer.build/Debug-watchos/WWNormalizeAudioPlayer-t.build/Objects-normal/arm64_32/WWNormalizeAudioPlayer.SwiftFileList -DSWIFT_PACKAGE -DDEBUG -DSWIFT_MODULE_RESOURCE_BUNDLE_UNAVAILABLE -DXcode -plugin-path /Applications/Xcode-27.0.0-Release.Candidate.app/Contents/Developer/Toolchains/XcodeDefault.xctoolchain/usr/lib/swift/host/plugins/testing -enable-experimental-feature DebugDescriptionMacro -sdk /Applications/Xcode-27.0.0-Release.Candidate.app/Contents/Developer/Platforms/WatchOS.platform/Developer/SDKs/WatchOS27.0.sdk -target arm64_32-apple-watchos10.0 -g -module-cache-path /Users/admin/builder/spi-builder-workspace/.derivedData/ModuleCache.noindex -Xfrontend -serialize-debugging-options -enable-testing -index-store-path /Users/admin/builder/spi-builder-workspace/.derivedData/Index.noindex/DataStore -Xcc -D_LIBCPP_HARDENING_MODE\=_LIBCPP_HARDENING_MODE_DEBUG -swift-version 5 -I /Users/admin/builder/spi-builder-workspace/.derivedData/Build/Products/Debug-watchos -Isystem /Applications/Xcode-27.0.0-Release.Candidate.app/Contents/Developer/Platforms/WatchOS.platform/Developer/usr/lib -F /Users/admin/builder/spi-builder-workspace/.derivedData/Build/Products/Debug-watchos -F /Applications/Xcode-27.0.0-Release.Candidate.app/Contents/Developer/Platforms/WatchOS.platform/Developer/Library/Frameworks -F /Applications/Xcode-27.0.0-Release.Candidate.app/Contents/Developer/Platforms/WatchOS.platform/Developer/SDKs/WatchOS27.0.sdk/Developer/Library/Frameworks -c -j10 -enable-batch-mode -incremental -Xcc -ivfsstatcache -Xcc /Users/admin/builder/spi-builder-workspace/.derivedData/SDKStatCaches.noindex/watchos27.0-24R360-e829b21a6f8c9b70876ba0858053c04477534ef55a1706bf4c1112bbb242f0a2.sdkstatcache -output-file-map /Users/admin/builder/spi-builder-workspace/.derivedData/Build/Intermediates.noindex/WWNormalizeAudioPlayer.build/Debug-watchos/WWNormalizeAudioPlayer-t.build/Objects-normal/arm64_32/WWNormalizeAudioPlayer-OutputFileMap.json -save-temps -no-color-diagnostics -explicit-module-build -module-cache-path /Users/admin/builder/spi-builder-workspace/.derivedData/Build/Intermediates.noindex/SwiftExplicitPrecompiledModules -clang-scanner-module-cache-path /Users/admin/builder/spi-builder-workspace/.derivedData/ModuleCache.noindex -sdk-module-cache-path /Users/admin/builder/spi-builder-workspace/.derivedData/SDKExplicitPrecompiledModules -emit-dependencies -emit-module -emit-module-path /Users/admin/builder/spi-builder-workspace/.derivedData/Build/Intermediates.noindex/WWNormalizeAudioPlayer.build/Debug-watchos/WWNormalizeAudioPlayer-t.build/Objects-normal/arm64_32/WWNormalizeAudioPlayer.swiftmodule -serialize-diagnostics -dependency-scan-serialize-diagnostics-path /Users/admin/builder/spi-builder-workspace/.derivedData/Build/Intermediates.noindex/WWNormalizeAudioPlayer.build/Debug-watchos/WWNormalizeAudioPlayer-t.build/Objects-normal/arm64_32/WWNormalizeAudioPlayer-dependency-scan.dia -validate-clang-modules-once -clang-build-session-file /Users/admin/builder/spi-builder-workspace/.derivedData/ModuleCache.noindex/Session.modulevalidation -Xcc -fmodules-prune-interval\=86400 -Xcc -fmodules-prune-after\=345600 -package-name spi_builder_workspace -emit-const-values -const-gather-protocols-list /Users/admin/builder/spi-builder-workspace/.derivedData/Build/Intermediates.noindex/WWNormalizeAudioPlayer.build/Debug-watchos/WWNormalizeAudioPlayer-t.build/Objects-normal/arm64_32/WWNormalizeAudioPlayer_const_extract_protocols.json -Xcc -I/Users/admin/builder/spi-builder-workspace/.derivedData/Build/Products/Debug-watchos/include -Xcc -I/Users/admin/builder/spi-builder-workspace/.derivedData/Build/Intermediates.noindex/WWNormalizeAudioPlayer.build/Debug-watchos/WWNormalizeAudioPlayer-t.build/DerivedSources-normal/arm64_32 -Xcc -I/Users/admin/builder/spi-builder-workspace/.derivedData/Build/Intermediates.noindex/WWNormalizeAudioPlayer.build/Debug-watchos/WWNormalizeAudioPlayer-t.build/DerivedSources/arm64_32 -Xcc -I/Users/admin/builder/spi-builder-workspace/.derivedData/Build/Intermediates.noindex/WWNormalizeAudioPlayer.build/Debug-watchos/WWNormalizeAudioPlayer-t.build/DerivedSources -Xcc -DSWIFT_PACKAGE -Xcc -DDEBUG\=1 -emit-objc-header -emit-objc-header-path /Users/admin/builder/spi-builder-workspace/.derivedData/Build/Intermediates.noindex/WWNormalizeAudioPlayer.build/Debug-watchos/WWNormalizeAudioPlayer-t.build/Objects-normal/arm64_32/WWNormalizeAudioPlayer-Swift.h -working-directory /Users/admin/builder/spi-builder-workspace/.swiftpm/xcode -experimental-emit-module-separately -disable-cmo
SwiftExplicitDependencyGeneratePcm arm64 /Users/admin/builder/spi-builder-workspace/.derivedData/SDKExplicitPrecompiledModules/_Builtin_stdbool-83J96QSOFE9VX04AAS6310UAE.pcm
SwiftExplicitDependencyGeneratePcm arm64 /Users/admin/builder/spi-builder-workspace/.derivedData/SDKExplicitPrecompiledModules/ptrcheck-AIF0NDOYZ8ORBNHQAQR5NNB8M.pcm
SwiftExplicitDependencyGeneratePcm arm64 /Users/admin/builder/spi-builder-workspace/.derivedData/SDKExplicitPrecompiledModules/_Builtin_float-C0CW5Q4HGBQYKE77TC42IAFB5.pcm
SwiftExplicitDependencyGeneratePcm arm64 /Users/admin/builder/spi-builder-workspace/.derivedData/SDKExplicitPrecompiledModules/SwiftShims-4MXFZPV6FEB0XBYXCGPWAMQGL.pcm
SwiftExplicitDependencyGeneratePcm arm64 /Users/admin/builder/spi-builder-workspace/.derivedData/SDKExplicitPrecompiledModules/_SwiftConcurrencyShims-659N52XSKR5F0QSB880BH2FJR.pcm
SwiftExplicitDependencyGeneratePcm arm64 /Users/admin/builder/spi-builder-workspace/.derivedData/SDKExplicitPrecompiledModules/_Builtin_stdarg-A7UU8LE6MP85SM26YO7PBZNUQ.pcm
SwiftExplicitDependencyGeneratePcm arm64 /Users/admin/builder/spi-builder-workspace/.derivedData/SDKExplicitPrecompiledModules/_Builtin_stddef-1FU30Y8SWFB7OUUHMJQH5J6FM.pcm
SwiftExplicitDependencyGeneratePcm arm64 /Users/admin/builder/spi-builder-workspace/.derivedData/SDKExplicitPrecompiledModules/_AvailabilityInternal-BUNV3UXM65NT37THI4W1AM0SF.pcm
SwiftExplicitDependencyGeneratePcm arm64 /Users/admin/builder/spi-builder-workspace/.derivedData/SDKExplicitPrecompiledModules/ptrauth-3TZ9WJCGLYD25HQPWH4968ONX.pcm
SwiftExplicitDependencyGeneratePcm arm64_32 /Users/admin/builder/spi-builder-workspace/.derivedData/SDKExplicitPrecompiledModules/_Builtin_stdbool-A967K8W8YUYEC9SN52KJ7OO88.pcm
SwiftExplicitDependencyGeneratePcm arm64_32 /Users/admin/builder/spi-builder-workspace/.derivedData/SDKExplicitPrecompiledModules/_Builtin_stdarg-D305JG44A2WPI6CJY37X3QJE8.pcm
SwiftExplicitDependencyGeneratePcm arm64_32 /Users/admin/builder/spi-builder-workspace/.derivedData/SDKExplicitPrecompiledModules/_Builtin_stddef-H44EFHQX6XSS5MZ7QP6YJZ76.pcm
SwiftExplicitDependencyGeneratePcm arm64_32 /Users/admin/builder/spi-builder-workspace/.derivedData/SDKExplicitPrecompiledModules/_SwiftConcurrencyShims-6RTBPQ03V7BM9SPRK8SUE055H.pcm
SwiftExplicitDependencyGeneratePcm arm64_32 /Users/admin/builder/spi-builder-workspace/.derivedData/SDKExplicitPrecompiledModules/_Builtin_float-6KO8O3PEWRCA4WC6PPLOYO6WJ.pcm
SwiftExplicitDependencyGeneratePcm arm64_32 /Users/admin/builder/spi-builder-workspace/.derivedData/SDKExplicitPrecompiledModules/_AvailabilityInternal-244WAN3Z1QBT7PIA64EZEFY1R.pcm
SwiftExplicitDependencyGeneratePcm arm64_32 /Users/admin/builder/spi-builder-workspace/.derivedData/SDKExplicitPrecompiledModules/ptrauth-BFXF358ME5AK535N5A9Z766WU.pcm
SwiftExplicitDependencyGeneratePcm arm64_32 /Users/admin/builder/spi-builder-workspace/.derivedData/SDKExplicitPrecompiledModules/ptrcheck-7ELIH9BTIGVKX3UBITM9N72WD.pcm
SwiftExplicitDependencyGeneratePcm arm64_32 /Users/admin/builder/spi-builder-workspace/.derivedData/SDKExplicitPrecompiledModules/SwiftShims-9CQQGWTSNTN9EB5NSHDWUJICH.pcm
SwiftExplicitDependencyGeneratePcm arm64 /Users/admin/builder/spi-builder-workspace/.derivedData/SDKExplicitPrecompiledModules/_DarwinFoundation1-7SPX3MD0HMP55E4OLNCPNDQ53.pcm
SwiftExplicitDependencyGeneratePcm arm64_32 /Users/admin/builder/spi-builder-workspace/.derivedData/SDKExplicitPrecompiledModules/_DarwinFoundation1-2GWF9RFMPLQW4PDHS3NARVI3G.pcm
SwiftExplicitDependencyGeneratePcm arm64 /Users/admin/builder/spi-builder-workspace/.derivedData/SDKExplicitPrecompiledModules/_DarwinFoundation2-D0XAPJU49S5E9XMKYOFGSTB1Q.pcm
SwiftExplicitDependencyGeneratePcm arm64 /Users/admin/builder/spi-builder-workspace/.derivedData/SDKExplicitPrecompiledModules/_Builtin_limits-9GWPA2B0H20DYUNYHYCWKABJG.pcm
SwiftExplicitDependencyGeneratePcm arm64_32 /Users/admin/builder/spi-builder-workspace/.derivedData/SDKExplicitPrecompiledModules/_Builtin_limits-3VKBU2AFTD65PAJZ5CJ3LHFM2.pcm
SwiftExplicitDependencyGeneratePcm arm64_32 /Users/admin/builder/spi-builder-workspace/.derivedData/SDKExplicitPrecompiledModules/_DarwinFoundation2-9MY8GOSYRO0M9MKNXF6D3MBNK.pcm
SwiftExplicitDependencyGeneratePcm arm64 /Users/admin/builder/spi-builder-workspace/.derivedData/SDKExplicitPrecompiledModules/_Builtin_stdint-8XMILLJZEGRN2XG7XZUXZ5RLX.pcm
SwiftExplicitDependencyGeneratePcm arm64 /Users/admin/builder/spi-builder-workspace/.derivedData/SDKExplicitPrecompiledModules/sys_types-2KXQLI78OUCDP779AE68GZJ2.pcm
SwiftExplicitDependencyGeneratePcm arm64 /Users/admin/builder/spi-builder-workspace/.derivedData/SDKExplicitPrecompiledModules/string_h-E6PRXK75PHIPCZFWOFCQ3QBMK.pcm
SwiftExplicitDependencyGeneratePcm arm64 /Users/admin/builder/spi-builder-workspace/.derivedData/SDKExplicitPrecompiledModules/_Builtin_tgmath-8NQ96OZ0YHXEC24JI95P01UF8.pcm
SwiftExplicitDependencyGeneratePcm arm64_32 /Users/admin/builder/spi-builder-workspace/.derivedData/SDKExplicitPrecompiledModules/_Builtin_tgmath-23PGCKURCQILXMK0MYZRYDCOU.pcm
SwiftExplicitDependencyGeneratePcm arm64_32 /Users/admin/builder/spi-builder-workspace/.derivedData/SDKExplicitPrecompiledModules/sys_types-8TLLMW08ZJWDGIIPKOYFGHHZW.pcm
SwiftExplicitDependencyGeneratePcm arm64_32 /Users/admin/builder/spi-builder-workspace/.derivedData/SDKExplicitPrecompiledModules/_Builtin_stdint-1HMXWI3V0V4TXHRWZOMZGZ80Y.pcm
SwiftExplicitDependencyGeneratePcm arm64_32 /Users/admin/builder/spi-builder-workspace/.derivedData/SDKExplicitPrecompiledModules/string_h-BFVLUQUSBZWYMLCU9QI7VZALW.pcm
SwiftExplicitDependencyGeneratePcm arm64 /Users/admin/builder/spi-builder-workspace/.derivedData/SDKExplicitPrecompiledModules/_Builtin_stdatomic-7JEFA3KBJJJN6TKJWY3OG1VG5.pcm
SwiftExplicitDependencyGeneratePcm arm64 /Users/admin/builder/spi-builder-workspace/.derivedData/SDKExplicitPrecompiledModules/_DarwinFoundation3-B97LRG0E9GON2NUE65TVG81HU.pcm
SwiftExplicitDependencyGeneratePcm arm64 /Users/admin/builder/spi-builder-workspace/.derivedData/SDKExplicitPrecompiledModules/_Builtin_intrinsics-75960HIPCIYA06IUW8FIIPQT.pcm
SwiftExplicitDependencyGeneratePcm arm64_32 /Users/admin/builder/spi-builder-workspace/.derivedData/SDKExplicitPrecompiledModules/_Builtin_intrinsics-196IIAKDQVU42DLOZP9OQCV76.pcm
SwiftExplicitDependencyGeneratePcm arm64_32 /Users/admin/builder/spi-builder-workspace/.derivedData/SDKExplicitPrecompiledModules/_DarwinFoundation3-3DUTYQDQSD9HUAAVY947NMWOI.pcm
SwiftExplicitDependencyGeneratePcm arm64_32 /Users/admin/builder/spi-builder-workspace/.derivedData/SDKExplicitPrecompiledModules/_Builtin_stdatomic-1TY035TURL76BF2U98PZPPZRX.pcm
SwiftExplicitDependencyGeneratePcm arm64 /Users/admin/builder/spi-builder-workspace/.derivedData/SDKExplicitPrecompiledModules/_Builtin_inttypes-3UQSCM7WNM9EK4HZML8TY5J3D.pcm
SwiftExplicitDependencyGeneratePcm arm64 /Users/admin/builder/spi-builder-workspace/.derivedData/SDKExplicitPrecompiledModules/Darwin-3984OXKFNSPE77NT743WK8SEX.pcm
SwiftExplicitDependencyGeneratePcm arm64_32 /Users/admin/builder/spi-builder-workspace/.derivedData/SDKExplicitPrecompiledModules/_Builtin_inttypes-D2KPCR4PEX9AQA33NGLUT5SBR.pcm
SwiftExplicitDependencyGeneratePcm arm64_32 /Users/admin/builder/spi-builder-workspace/.derivedData/SDKExplicitPrecompiledModules/Darwin-3FVT1SKLN2ZQ5RVOABMTQBB34.pcm
SwiftExplicitDependencyGeneratePcm arm64 /Users/admin/builder/spi-builder-workspace/.derivedData/SDKExplicitPrecompiledModules/simd-EH08NODU6574T74ZKU61VP9BW.pcm
SwiftExplicitDependencyGeneratePcm arm64_32 /Users/admin/builder/spi-builder-workspace/.derivedData/SDKExplicitPrecompiledModules/simd-21UNWYOBUZI1LVSQ99S1XBLMO.pcm
SwiftExplicitDependencyGeneratePcm arm64 /Users/admin/builder/spi-builder-workspace/.derivedData/SDKExplicitPrecompiledModules/ObjectiveC-72IVD3VS2RS8Q28D9PIMY0KQP.pcm
SwiftExplicitDependencyGeneratePcm arm64 /Users/admin/builder/spi-builder-workspace/.derivedData/SDKExplicitPrecompiledModules/MachO-2U90NNSAQILBNBPS1SA4F8TYP.pcm
SwiftExplicitDependencyGeneratePcm arm64_32 /Users/admin/builder/spi-builder-workspace/.derivedData/SDKExplicitPrecompiledModules/ObjectiveC-6IJNELR2E80E7LUKESVCP2KET.pcm
SwiftExplicitDependencyGeneratePcm arm64_32 /Users/admin/builder/spi-builder-workspace/.derivedData/SDKExplicitPrecompiledModules/MachO-56838ZJ0NC1EBAJ0O6O8QMPDX.pcm
SwiftExplicitDependencyGeneratePcm arm64 /Users/admin/builder/spi-builder-workspace/.derivedData/SDKExplicitPrecompiledModules/os_object-3SDKD7F87FTZ26OON37DRYT6O.pcm
SwiftExplicitDependencyGeneratePcm arm64_32 /Users/admin/builder/spi-builder-workspace/.derivedData/SDKExplicitPrecompiledModules/os_object-5YWTC6L4756IWSTPGXS5NM0D0.pcm
SwiftExplicitDependencyGeneratePcm arm64 /Users/admin/builder/spi-builder-workspace/.derivedData/SDKExplicitPrecompiledModules/os_workgroup-89GG5G7YC2D0ZTK6AZXXQ20DH.pcm
SwiftExplicitDependencyGeneratePcm arm64_32 /Users/admin/builder/spi-builder-workspace/.derivedData/SDKExplicitPrecompiledModules/os_workgroup-5JHTPDMNBUNHLJI8LPHKQK1JK.pcm
SwiftExplicitDependencyGeneratePcm arm64 /Users/admin/builder/spi-builder-workspace/.derivedData/SDKExplicitPrecompiledModules/Dispatch-1NLJOVAK60XP0DUB05XA59EIM.pcm
SwiftExplicitDependencyGeneratePcm arm64_32 /Users/admin/builder/spi-builder-workspace/.derivedData/SDKExplicitPrecompiledModules/Dispatch-2P62F1T4XV63S4P99TUDTOK2Q.pcm
SwiftExplicitDependencyGeneratePcm arm64 /Users/admin/builder/spi-builder-workspace/.derivedData/SDKExplicitPrecompiledModules/XPC-40DR0X1DHKGCV4J1IOLFS8MOU.pcm
SwiftExplicitDependencyGeneratePcm arm64 /Users/admin/builder/spi-builder-workspace/.derivedData/SDKExplicitPrecompiledModules/CoreFoundation-8T2L24YC5NU7WO6WQJWRY7W08.pcm
SwiftExplicitDependencyGeneratePcm arm64_32 /Users/admin/builder/spi-builder-workspace/.derivedData/SDKExplicitPrecompiledModules/CoreFoundation-8E6Y4BA3EXYKUGJ24GT9LGV3N.pcm
SwiftExplicitDependencyGeneratePcm arm64_32 /Users/admin/builder/spi-builder-workspace/.derivedData/SDKExplicitPrecompiledModules/XPC-81Y45QFY96XYYFCW2GT6FY8S4.pcm
SwiftExplicitDependencyGeneratePcm arm64 /Users/admin/builder/spi-builder-workspace/.derivedData/SDKExplicitPrecompiledModules/os-5DIL6Z9LFIGLMZAHM7X2T5435.pcm
SwiftExplicitDependencyGeneratePcm arm64 /Users/admin/builder/spi-builder-workspace/.derivedData/SDKExplicitPrecompiledModules/CoreGraphics-DWNZ73GEH98SBJXZ7DEXB420K.pcm
SwiftExplicitDependencyGeneratePcm arm64 /Users/admin/builder/spi-builder-workspace/.derivedData/SDKExplicitPrecompiledModules/Security-6RZ6YBRU8WCUHRFFRVUK5WKMM.pcm
SwiftExplicitDependencyGeneratePcm arm64 /Users/admin/builder/spi-builder-workspace/.derivedData/SDKExplicitPrecompiledModules/CoreAudioTypes-A9MF7N5LT63G21HNFVM6BT14B.pcm
SwiftExplicitDependencyGeneratePcm arm64_32 /Users/admin/builder/spi-builder-workspace/.derivedData/SDKExplicitPrecompiledModules/os-E5IGB442IA6SBB25TTCOLK2OC.pcm
SwiftExplicitDependencyGeneratePcm arm64_32 /Users/admin/builder/spi-builder-workspace/.derivedData/SDKExplicitPrecompiledModules/CoreGraphics-9FDXYX6BKBUT6TJ2VF819E7T5.pcm
SwiftExplicitDependencyGeneratePcm arm64_32 /Users/admin/builder/spi-builder-workspace/.derivedData/SDKExplicitPrecompiledModules/CoreAudioTypes-9GVB1DHA32M46R4A9NWSI3I2K.pcm
SwiftExplicitDependencyGeneratePcm arm64_32 /Users/admin/builder/spi-builder-workspace/.derivedData/SDKExplicitPrecompiledModules/Security-D7TOWF88VWF67TB9HAFP5UWB1.pcm
SwiftExplicitDependencyGeneratePcm arm64 /Users/admin/builder/spi-builder-workspace/.derivedData/SDKExplicitPrecompiledModules/CoreAudio-1B79RJJTP71GE6UY9WLESAN3C.pcm
SwiftExplicitDependencyGeneratePcm arm64 /Users/admin/builder/spi-builder-workspace/.derivedData/SDKExplicitPrecompiledModules/Foundation-DLBKUSGXN8QHAT8W0OARR9S8A.pcm
SwiftExplicitDependencyGeneratePcm arm64 /Users/admin/builder/spi-builder-workspace/.derivedData/SDKExplicitPrecompiledModules/CoreVideo-8MRR5MNWUOAW2DBPGUQ8FKK4.pcm
SwiftExplicitDependencyGeneratePcm arm64 /Users/admin/builder/spi-builder-workspace/.derivedData/SDKExplicitPrecompiledModules/ImageIO-208F4GO13XRG67XXLAMH07N4X.pcm
SwiftExplicitDependencyGeneratePcm arm64_32 /Users/admin/builder/spi-builder-workspace/.derivedData/SDKExplicitPrecompiledModules/CoreAudio-5W6MX6OUPWBMUR8VD5LHT1PZF.pcm
SwiftExplicitDependencyGeneratePcm arm64_32 /Users/admin/builder/spi-builder-workspace/.derivedData/SDKExplicitPrecompiledModules/Foundation-BJ2VQGI3OGR34500MEQ1VKHPH.pcm
SwiftExplicitDependencyGeneratePcm arm64_32 /Users/admin/builder/spi-builder-workspace/.derivedData/SDKExplicitPrecompiledModules/ImageIO-2Y4S05VUFWLNTRW92S35BUMG8.pcm
SwiftExplicitDependencyGeneratePcm arm64_32 /Users/admin/builder/spi-builder-workspace/.derivedData/SDKExplicitPrecompiledModules/CoreVideo-2P8HI0403J99LBDPKNFJ5D4DL.pcm
SwiftExplicitDependencyGeneratePcm arm64 /Users/admin/builder/spi-builder-workspace/.derivedData/SDKExplicitPrecompiledModules/CoreMedia-1AJVCUZNAO74KIKMFVFUUHWDI.pcm
SwiftExplicitDependencyGeneratePcm arm64 /Users/admin/builder/spi-builder-workspace/.derivedData/SDKExplicitPrecompiledModules/Accelerate-28ES2UAMDN4QG4BXE6ZO309NT.pcm
SwiftExplicitDependencyGeneratePcm arm64_32 /Users/admin/builder/spi-builder-workspace/.derivedData/SDKExplicitPrecompiledModules/Accelerate-34RID1ZBY3BK39CTD4WYM062U.pcm
SwiftExplicitDependencyGeneratePcm arm64_32 /Users/admin/builder/spi-builder-workspace/.derivedData/SDKExplicitPrecompiledModules/CoreMedia-AO387T8CHWTTZODD1DGT0UAFA.pcm
SwiftExplicitDependencyGeneratePcm arm64 /Users/admin/builder/spi-builder-workspace/.derivedData/SDKExplicitPrecompiledModules/QuartzCore-94KFMWNOU7ZLUZNB4T5DLZC9D.pcm
SwiftExplicitDependencyGeneratePcm arm64 /Users/admin/builder/spi-builder-workspace/.derivedData/SDKExplicitPrecompiledModules/UniformTypeIdentifiers-8L08Q8DQJV8C4AW84YVGFGTRN.pcm
SwiftExplicitDependencyGeneratePcm arm64 /Users/admin/builder/spi-builder-workspace/.derivedData/SDKExplicitPrecompiledModules/CoreMIDI-DMNFPOXYVF7STUO5GNB3DF2BQ.pcm
SwiftExplicitDependencyGeneratePcm arm64_32 /Users/admin/builder/spi-builder-workspace/.derivedData/SDKExplicitPrecompiledModules/UniformTypeIdentifiers-CJZ3NTHPSBH4XWX5EVOG56UZS.pcm
SwiftExplicitDependencyGeneratePcm arm64_32 /Users/admin/builder/spi-builder-workspace/.derivedData/SDKExplicitPrecompiledModules/CoreMIDI-8Q3SSIDM9J726670QKKYTPP3W.pcm
SwiftExplicitDependencyGeneratePcm arm64_32 /Users/admin/builder/spi-builder-workspace/.derivedData/SDKExplicitPrecompiledModules/QuartzCore-6375NPYACK5NYVHPMC1QQ8MC2.pcm
SwiftExplicitDependencyGeneratePcm arm64 /Users/admin/builder/spi-builder-workspace/.derivedData/SDKExplicitPrecompiledModules/AVFAudio-6A028BJEJQTO3623H6QZ4E26C.pcm
SwiftExplicitDependencyGeneratePcm arm64_32 /Users/admin/builder/spi-builder-workspace/.derivedData/SDKExplicitPrecompiledModules/AVFAudio-E592LPPEJNCSUD5VBNV0IP3RS.pcm
SwiftExplicitDependencyGeneratePcm arm64 /Users/admin/builder/spi-builder-workspace/.derivedData/SDKExplicitPrecompiledModules/AVFoundation-78VW43DHMXH57E9M5JLISD2E9.pcm
SwiftExplicitDependencyGeneratePcm arm64_32 /Users/admin/builder/spi-builder-workspace/.derivedData/SDKExplicitPrecompiledModules/AVFoundation-EPE1OBOP1126QTAL5QEGZFKYT.pcm
SwiftCompile normal arm64 Compiling\ Model.swift /Users/admin/builder/spi-builder-workspace/Sources/WWNormalizeAudioPlayer/Utility/Model.swift (in target 'WWNormalizeAudioPlayer' from project 'WWNormalizeAudioPlayer')
SwiftCompile normal arm64 /Users/admin/builder/spi-builder-workspace/Sources/WWNormalizeAudioPlayer/Utility/Model.swift (in target 'WWNormalizeAudioPlayer' from project 'WWNormalizeAudioPlayer')
    cd /Users/admin/builder/spi-builder-workspace/.swiftpm/xcode
    builtin-SwiftPerFileCompile Model.swift
SwiftEmitModule normal arm64 Emitting\ module\ for\ WWNormalizeAudioPlayer (in target 'WWNormalizeAudioPlayer' from project 'WWNormalizeAudioPlayer')
/Users/admin/builder/spi-builder-workspace/Sources/WWNormalizeAudioPlayer/Tools/Equalizer.swift:16:24: error: 'AVAudioUnitEQ' is unavailable in watchOS
 14 |     public class Equalizer {
 15 |
 16 |         let audioNode: AVAudioUnitEQ    // 底層的 AVAudioUnitEQ 實例
    |                        `- error: 'AVAudioUnitEQ' is unavailable in watchOS
 17 |         let frequencies: [Float]        // 預設頻段對應的中心頻率
 18 |
/Applications/Xcode-27.0.0-Release.Candidate.app/Contents/Developer/Platforms/WatchOS.platform/Developer/SDKs/WatchOS27.0.sdk/System/Library/Frameworks/AVFAudio.framework/Headers/AVAudioUnitEQ.h:139:12: note: 'AVAudioUnitEQ' has been explicitly marked unavailable here
137 | */
138 | NS_SWIFT_SENDABLE API_AVAILABLE(macos(10.10), ios(8.0), tvos(9.0)) API_UNAVAILABLE(watchos)
139 | @interface AVAudioUnitEQ : AVAudioUnitEffect
    |            `- note: 'AVAudioUnitEQ' has been explicitly marked unavailable here
140 |
141 | /*! @method initWithNumberOfBands:
/Users/admin/builder/spi-builder-workspace/Sources/WWNormalizeAudioPlayer/WWNormalizeAudioPlayer.swift:19:42: error: 'CAFrameRateRange' is unavailable in watchOS
 17 |
 18 |     private var audioURLs: [URL] = []
 19 |     private var preferredFrameRateRange: CAFrameRateRange = .init(minimum: 5, maximum: 5)
    |                                          `- error: 'CAFrameRateRange' is unavailable in watchOS
 20 |     private var audioFile: AVAudioFile?
 21 |     private var audioEngine: AVAudioEngine?
/Applications/Xcode-27.0.0-Release.Candidate.app/Contents/Developer/Platforms/WatchOS.platform/Developer/SDKs/WatchOS27.0.sdk/System/Library/Frameworks/QuartzCore.framework/Headers/CAFrameRateRange.h:12:8: note: 'CAFrameRateRange' has been explicitly marked unavailable here
10 | #include <stdbool.h>
11 |
12 | struct CAFrameRateRange {
   |        `- note: 'CAFrameRateRange' has been explicitly marked unavailable here
13 |   float minimum;
14 |   float maximum;
/Users/admin/builder/spi-builder-workspace/Sources/WWNormalizeAudioPlayer/WWNormalizeAudioPlayer.swift:19:62: error: 'init(minimum:maximum:preferred:)' is unavailable in watchOS
 17 |
 18 |     private var audioURLs: [URL] = []
 19 |     private var preferredFrameRateRange: CAFrameRateRange = .init(minimum: 5, maximum: 5)
    |                                                              `- error: 'init(minimum:maximum:preferred:)' is unavailable in watchOS
 20 |     private var audioFile: AVAudioFile?
 21 |     private var audioEngine: AVAudioEngine?
QuartzCore.CAFrameRateRange.init:2:8: note: 'init(minimum:maximum:preferred:)' has been explicitly marked unavailable here
1 | struct CAFrameRateRange {
2 | public init(minimum: Float, maximum: Float, preferred: Float? = nil)}
  |        `- note: 'init(minimum:maximum:preferred:)' has been explicitly marked unavailable here
3 |
/Users/admin/builder/spi-builder-workspace/Sources/WWNormalizeAudioPlayer/WWNormalizeAudioPlayer.swift:27:35: error: 'CADisplayLink' is unavailable in watchOS
 25 |     private var playbackState: PlaybackState = .idle
 26 |
 27 |     private weak var displayLink: CADisplayLink?
    |                                   `- error: 'CADisplayLink' is unavailable in watchOS
 28 |
 29 |     public init() {}
/Applications/Xcode-27.0.0-Release.Candidate.app/Contents/Developer/Platforms/WatchOS.platform/Developer/SDKs/WatchOS27.0.sdk/System/Library/Frameworks/QuartzCore.framework/Headers/CADisplayLink.h:21:12: note: 'CADisplayLink' has been explicitly marked unavailable here
 19 | API_AVAILABLE(macos(14.0))
 20 |
 21 | @interface CADisplayLink : NSObject
    |            `- note: 'CADisplayLink' has been explicitly marked unavailable here
 22 | {
 23 | @private
/Users/admin/builder/spi-builder-workspace/Sources/WWNormalizeAudioPlayer/WWNormalizeAudioPlayer.swift:47:20: error: 'AVAudioUnitEQ' is unavailable in watchOS
 45 |
 46 |     /// AVAudioUnitEQ 實例
 47 |     var audioNode: AVAudioUnitEQ {
    |                    `- error: 'AVAudioUnitEQ' is unavailable in watchOS
 48 |         equalizer.audioNode
 49 |     }
/Applications/Xcode-27.0.0-Release.Candidate.app/Contents/Developer/Platforms/WatchOS.platform/Developer/SDKs/WatchOS27.0.sdk/System/Library/Frameworks/AVFAudio.framework/Headers/AVAudioUnitEQ.h:139:12: note: 'AVAudioUnitEQ' has been explicitly marked unavailable here
137 | */
138 | NS_SWIFT_SENDABLE API_AVAILABLE(macos(10.10), ios(8.0), tvos(9.0)) API_UNAVAILABLE(watchos)
139 | @interface AVAudioUnitEQ : AVAudioUnitEffect
    |            `- note: 'AVAudioUnitEQ' has been explicitly marked unavailable here
140 |
141 | /*! @method initWithNumberOfBands:
/Users/admin/builder/spi-builder-workspace/Sources/WWNormalizeAudioPlayer/WWNormalizeAudioPlayer.swift:62:82: error: 'CAFrameRateRange' is unavailable in watchOS
 60 |     /// - Throws: 當音訊會話或引擎初始化失敗時拋出錯誤
 61 |     @MainActor
 62 |     func prepare(audioURLs: [URL], delegate: Delegate?, preferredFrameRateRange: CAFrameRateRange = .init(minimum: 5, maximum: 5, preferred: 5), options: AVAudioSession.CategoryOptions = []) {
    |                                                                                  `- error: 'CAFrameRateRange' is unavailable in watchOS
 63 |
 64 |         self.delegate = delegate
/Applications/Xcode-27.0.0-Release.Candidate.app/Contents/Developer/Platforms/WatchOS.platform/Developer/SDKs/WatchOS27.0.sdk/System/Library/Frameworks/QuartzCore.framework/Headers/CAFrameRateRange.h:12:8: note: 'CAFrameRateRange' has been explicitly marked unavailable here
10 | #include <stdbool.h>
11 |
12 | struct CAFrameRateRange {
   |        `- note: 'CAFrameRateRange' has been explicitly marked unavailable here
13 |   float minimum;
14 |   float maximum;
/Users/admin/builder/spi-builder-workspace/Sources/WWNormalizeAudioPlayer/WWNormalizeAudioPlayer.swift:62:102: error: 'init(minimum:maximum:preferred:)' is unavailable in watchOS
 60 |     /// - Throws: 當音訊會話或引擎初始化失敗時拋出錯誤
 61 |     @MainActor
 62 |     func prepare(audioURLs: [URL], delegate: Delegate?, preferredFrameRateRange: CAFrameRateRange = .init(minimum: 5, maximum: 5, preferred: 5), options: AVAudioSession.CategoryOptions = []) {
    |                                                                                                      `- error: 'init(minimum:maximum:preferred:)' is unavailable in watchOS
 63 |
 64 |         self.delegate = delegate
QuartzCore.CAFrameRateRange.init:2:8: note: 'init(minimum:maximum:preferred:)' has been explicitly marked unavailable here
1 | struct CAFrameRateRange {
2 | public init(minimum: Float, maximum: Float, preferred: Float? = nil)}
  |        `- note: 'init(minimum:maximum:preferred:)' has been explicitly marked unavailable here
3 |
/Users/admin/builder/spi-builder-workspace/Sources/WWNormalizeAudioPlayer/WWNormalizeAudioPlayer.swift:143:40: error: 'CADisplayLink' is unavailable in watchOS
141 |     /// - Note: 此方法通常用於定期刷新目前播放時間並通知 delegate
142 |     @MainActor
143 |     func updatePlayTime(_ displayLink: CADisplayLink) {
    |                                        `- error: 'CADisplayLink' is unavailable in watchOS
144 |
145 |         do {
/Applications/Xcode-27.0.0-Release.Candidate.app/Contents/Developer/Platforms/WatchOS.platform/Developer/SDKs/WatchOS27.0.sdk/System/Library/Frameworks/QuartzCore.framework/Headers/CADisplayLink.h:21:12: note: 'CADisplayLink' has been explicitly marked unavailable here
 19 | API_AVAILABLE(macos(14.0))
 20 |
 21 | @interface CADisplayLink : NSObject
    |            `- note: 'CADisplayLink' has been explicitly marked unavailable here
 22 | {
 23 | @private
Failed frontend command:
/Applications/Xcode-27.0.0-Release.Candidate.app/Contents/Developer/Toolchains/XcodeDefault.xctoolchain/usr/bin/swift-frontend -frontend -emit-module -experimental-skip-non-inlinable-function-bodies-without-types /Users/admin/builder/spi-builder-workspace/Sources/WWNormalizeAudioPlayer/Tools/Equalizer.swift /Users/admin/builder/spi-builder-workspace/Sources/WWNormalizeAudioPlayer/Tools/SpectrumAnalyzer.swift /Users/admin/builder/spi-builder-workspace/Sources/WWNormalizeAudioPlayer/Utility/Constant.swift /Users/admin/builder/spi-builder-workspace/Sources/WWNormalizeAudioPlayer/Utility/Extension.swift /Users/admin/builder/spi-builder-workspace/Sources/WWNormalizeAudioPlayer/Utility/Model.swift /Users/admin/builder/spi-builder-workspace/Sources/WWNormalizeAudioPlayer/Utility/Protocol.swift /Users/admin/builder/spi-builder-workspace/Sources/WWNormalizeAudioPlayer/WWNormalizeAudioPlayer.swift -target arm64-apple-watchos10.0 -disable-cross-import-overlay-search -load-resolved-plugin /Applications/Xcode-27.0.0-Release.Candidate.app/Contents/Developer/Platforms/WatchOS.platform/Developer/usr/lib/swift/host/plugins/libFoundationMacros.dylib\#/Applications/Xcode-27.0.0-Release.Candidate.app/Contents/Developer/Platforms/WatchOS.platform/Developer/usr/bin/swift-plugin-server\#FoundationMacros -load-resolved-plugin /Applications/Xcode-27.0.0-Release.Candidate.app/Contents/Developer/Platforms/WatchOS.platform/Developer/usr/lib/swift/host/plugins/libObservationMacros.dylib\#/Applications/Xcode-27.0.0-Release.Candidate.app/Contents/Developer/Platforms/WatchOS.platform/Developer/usr/bin/swift-plugin-server\#ObservationMacros -load-resolved-plugin /Applications/Xcode-27.0.0-Release.Candidate.app/Contents/Developer/Platforms/WatchOS.platform/Developer/usr/lib/swift/host/plugins/libSwiftMacros.dylib\#/Applications/Xcode-27.0.0-Release.Candidate.app/Contents/Developer/Platforms/WatchOS.platform/Developer/usr/bin/swift-plugin-server\#SwiftMacros -disable-implicit-swift-modules -Xcc -fno-implicit-modules -Xcc -fno-implicit-module-maps -explicit-swift-module-map-file /Users/admin/builder/spi-builder-workspace/.derivedData/Build/Intermediates.noindex/WWNormalizeAudioPlayer.build/Debug-watchos/WWNormalizeAudioPlayer-t.build/Objects-normal/arm64/WWNormalizeAudioPlayer-dependencies-1.json -Xllvm -aarch64-use-tbi -enable-objc-interop -stack-check -sdk /Applications/Xcode-27.0.0-Release.Candidate.app/Contents/Developer/Platforms/WatchOS.platform/Developer/SDKs/WatchOS27.0.sdk -I /Users/admin/builder/spi-builder-workspace/.derivedData/Build/Products/Debug-watchos -Isystem /Applications/Xcode-27.0.0-Release.Candidate.app/Contents/Developer/Platforms/WatchOS.platform/Developer/usr/lib -F /Users/admin/builder/spi-builder-workspace/.derivedData/Build/Products/Debug-watchos -F /Applications/Xcode-27.0.0-Release.Candidate.app/Contents/Developer/Platforms/WatchOS.platform/Developer/Library/Frameworks -F /Applications/Xcode-27.0.0-Release.Candidate.app/Contents/Developer/Platforms/WatchOS.platform/Developer/SDKs/WatchOS27.0.sdk/Developer/Library/Frameworks -module-cache-path /Users/admin/builder/spi-builder-workspace/.derivedData/Build/Intermediates.noindex/SwiftExplicitPrecompiledModules -no-color-diagnostics -Xcc -fno-color-diagnostics -enable-testing -g -debug-info-format\=dwarf -dwarf-version\=4 -swift-version 5 -Onone -D SWIFT_PACKAGE -D DEBUG -D SWIFT_MODULE_RESOURCE_BUNDLE_UNAVAILABLE -D Xcode -serialize-debugging-options -enable-experimental-feature DebugDescriptionMacro -empty-abi-descriptor -validate-clang-modules-once -clang-build-session-file /Users/admin/builder/spi-builder-workspace/.derivedData/ModuleCache.noindex/Session.modulevalidation -Xcc -working-directory -Xcc /Users/admin/builder/spi-builder-workspace/.swiftpm/xcode -enable-anonymous-context-mangled-names -file-compilation-dir /Users/admin/builder/spi-builder-workspace/.swiftpm/xcode -Xcc -D_LIBCPP_HARDENING_MODE\=_LIBCPP_HARDENING_MODE_DEBUG -Xcc -ivfsstatcache -Xcc /Users/admin/builder/spi-builder-workspace/.derivedData/SDKStatCaches.noindex/watchos27.0-24R360-e829b21a6f8c9b70876ba0858053c04477534ef55a1706bf4c1112bbb242f0a2.sdkstatcache -Xcc -fmodules-prune-interval\=86400 -Xcc -fmodules-prune-after\=345600 -Xcc -I/Users/admin/builder/spi-builder-workspace/.derivedData/Build/Products/Debug-watchos/include -Xcc -I/Users/admin/builder/spi-builder-workspace/.derivedData/Build/Intermediates.noindex/WWNormalizeAudioPlayer.build/Debug-watchos/WWNormalizeAudioPlayer-t.build/DerivedSources-normal/arm64 -Xcc -I/Users/admin/builder/spi-builder-workspace/.derivedData/Build/Intermediates.noindex/WWNormalizeAudioPlayer.build/Debug-watchos/WWNormalizeAudioPlayer-t.build/DerivedSources/arm64 -Xcc -I/Users/admin/builder/spi-builder-workspace/.derivedData/Build/Intermediates.noindex/WWNormalizeAudioPlayer.build/Debug-watchos/WWNormalizeAudioPlayer-t.build/DerivedSources -Xcc -DSWIFT_PACKAGE -Xcc -DDEBUG\=1 -no-auto-bridging-header-chaining -module-name WWNormalizeAudioPlayer -package-name spi_builder_workspace -const-gather-protocols-file /Users/admin/builder/spi-builder-workspace/.derivedData/Build/Intermediates.noindex/WWNormalizeAudioPlayer.build/Debug-watchos/WWNormalizeAudioPlayer-t.build/Objects-normal/arm64/WWNormalizeAudioPlayer_const_extract_protocols.json -disable-clang-spi -clang-target arm64-apple-watchos27.0 -target-sdk-version 27.0 -target-sdk-name watchos27.0 -in-process-plugin-server-path /Applications/Xcode-27.0.0-Release.Candidate.app/Contents/Developer/Toolchains/XcodeDefault.xctoolchain/usr/lib/swift/host/libSwiftInProcPluginServer.dylib -emit-module-doc-path /Users/admin/builder/spi-builder-workspace/.derivedData/Build/Intermediates.noindex/WWNormalizeAudioPlayer.build/Debug-watchos/WWNormalizeAudioPlayer-t.build/Objects-normal/arm64/WWNormalizeAudioPlayer.swiftdoc -emit-module-source-info-path /Users/admin/builder/spi-builder-workspace/.derivedData/Build/Intermediates.noindex/WWNormalizeAudioPlayer.build/Debug-watchos/WWNormalizeAudioPlayer-t.build/Objects-normal/arm64/WWNormalizeAudioPlayer.swiftsourceinfo -emit-objc-header-path /Users/admin/builder/spi-builder-workspace/.derivedData/Build/Intermediates.noindex/WWNormalizeAudioPlayer.build/Debug-watchos/WWNormalizeAudioPlayer-t.build/Objects-normal/arm64/WWNormalizeAudioPlayer-Swift.h -serialize-diagnostics-path /Users/admin/builder/spi-builder-workspace/.derivedData/Build/Intermediates.noindex/WWNormalizeAudioPlayer.build/Debug-watchos/WWNormalizeAudioPlayer-t.build/Objects-normal/arm64/WWNormalizeAudioPlayer-primary-emit-module.dia -emit-dependencies-path /Users/admin/builder/spi-builder-workspace/.derivedData/Build/Intermediates.noindex/WWNormalizeAudioPlayer.build/Debug-watchos/WWNormalizeAudioPlayer-t.build/Objects-normal/arm64/WWNormalizeAudioPlayer-primary-emit-module.d -parse-as-library -o /Users/admin/builder/spi-builder-workspace/.derivedData/Build/Intermediates.noindex/WWNormalizeAudioPlayer.build/Debug-watchos/WWNormalizeAudioPlayer-t.build/Objects-normal/arm64/WWNormalizeAudioPlayer.swiftmodule -emit-abi-descriptor-path /Users/admin/builder/spi-builder-workspace/.derivedData/Build/Intermediates.noindex/WWNormalizeAudioPlayer.build/Debug-watchos/WWNormalizeAudioPlayer-t.build/Objects-normal/arm64/WWNormalizeAudioPlayer.abi.json
SwiftCompile normal arm64 (in target 'WWNormalizeAudioPlayer' from project 'WWNormalizeAudioPlayer')
    cd /Users/admin/builder/spi-builder-workspace/.swiftpm/xcode

SwiftCompile normal arm64 Compiling\ WWNormalizeAudioPlayer.swift /Users/admin/builder/spi-builder-workspace/Sources/WWNormalizeAudioPlayer/WWNormalizeAudioPlayer.swift (in target 'WWNormalizeAudioPlayer' from project 'WWNormalizeAudioPlayer')
/Users/admin/builder/spi-builder-workspace/Sources/WWNormalizeAudioPlayer/WWNormalizeAudioPlayer.swift:19:42: error: 'CAFrameRateRange' is unavailable in watchOS
 17 |
 18 |     private var audioURLs: [URL] = []
 19 |     private var preferredFrameRateRange: CAFrameRateRange = .init(minimum: 5, maximum: 5)
    |                                          `- error: 'CAFrameRateRange' is unavailable in watchOS
 20 |     private var audioFile: AVAudioFile?
 21 |     private var audioEngine: AVAudioEngine?
/Applications/Xcode-27.0.0-Release.Candidate.app/Contents/Developer/Platforms/WatchOS.platform/Developer/SDKs/WatchOS27.0.sdk/System/Library/Frameworks/QuartzCore.framework/Headers/CAFrameRateRange.h:12:8: note: 'CAFrameRateRange' has been explicitly marked unavailable here
10 | #include <stdbool.h>
11 |
12 | struct CAFrameRateRange {
   |        `- note: 'CAFrameRateRange' has been explicitly marked unavailable here
13 |   float minimum;
14 |   float maximum;
/Users/admin/builder/spi-builder-workspace/Sources/WWNormalizeAudioPlayer/WWNormalizeAudioPlayer.swift:19:62: error: 'init(minimum:maximum:preferred:)' is unavailable in watchOS
 17 |
 18 |     private var audioURLs: [URL] = []
 19 |     private var preferredFrameRateRange: CAFrameRateRange = .init(minimum: 5, maximum: 5)
    |                                                              `- error: 'init(minimum:maximum:preferred:)' is unavailable in watchOS
 20 |     private var audioFile: AVAudioFile?
 21 |     private var audioEngine: AVAudioEngine?
QuartzCore.CAFrameRateRange.init:2:8: note: 'init(minimum:maximum:preferred:)' has been explicitly marked unavailable here
1 | struct CAFrameRateRange {
2 | public init(minimum: Float, maximum: Float, preferred: Float? = nil)}
  |        `- note: 'init(minimum:maximum:preferred:)' has been explicitly marked unavailable here
3 |
/Users/admin/builder/spi-builder-workspace/Sources/WWNormalizeAudioPlayer/WWNormalizeAudioPlayer.swift:27:35: error: 'CADisplayLink' is unavailable in watchOS
 25 |     private var playbackState: PlaybackState = .idle
 26 |
 27 |     private weak var displayLink: CADisplayLink?
    |                                   `- error: 'CADisplayLink' is unavailable in watchOS
 28 |
 29 |     public init() {}
/Applications/Xcode-27.0.0-Release.Candidate.app/Contents/Developer/Platforms/WatchOS.platform/Developer/SDKs/WatchOS27.0.sdk/System/Library/Frameworks/QuartzCore.framework/Headers/CADisplayLink.h:21:12: note: 'CADisplayLink' has been explicitly marked unavailable here
 19 | API_AVAILABLE(macos(14.0))
 20 |
 21 | @interface CADisplayLink : NSObject
    |            `- note: 'CADisplayLink' has been explicitly marked unavailable here
 22 | {
 23 | @private
/Users/admin/builder/spi-builder-workspace/Sources/WWNormalizeAudioPlayer/WWNormalizeAudioPlayer.swift:47:20: error: 'AVAudioUnitEQ' is unavailable in watchOS
 45 |
 46 |     /// AVAudioUnitEQ 實例
 47 |     var audioNode: AVAudioUnitEQ {
    |                    `- error: 'AVAudioUnitEQ' is unavailable in watchOS
 48 |         equalizer.audioNode
 49 |     }
/Applications/Xcode-27.0.0-Release.Candidate.app/Contents/Developer/Platforms/WatchOS.platform/Developer/SDKs/WatchOS27.0.sdk/System/Library/Frameworks/AVFAudio.framework/Headers/AVAudioUnitEQ.h:139:12: note: 'AVAudioUnitEQ' has been explicitly marked unavailable here
137 | */
138 | NS_SWIFT_SENDABLE API_AVAILABLE(macos(10.10), ios(8.0), tvos(9.0)) API_UNAVAILABLE(watchos)
139 | @interface AVAudioUnitEQ : AVAudioUnitEffect
    |            `- note: 'AVAudioUnitEQ' has been explicitly marked unavailable here
140 |
141 | /*! @method initWithNumberOfBands:
/Users/admin/builder/spi-builder-workspace/Sources/WWNormalizeAudioPlayer/WWNormalizeAudioPlayer.swift:62:82: error: 'CAFrameRateRange' is unavailable in watchOS
 60 |     /// - Throws: 當音訊會話或引擎初始化失敗時拋出錯誤
 61 |     @MainActor
 62 |     func prepare(audioURLs: [URL], delegate: Delegate?, preferredFrameRateRange: CAFrameRateRange = .init(minimum: 5, maximum: 5, preferred: 5), options: AVAudioSession.CategoryOptions = []) {
    |                                                                                  `- error: 'CAFrameRateRange' is unavailable in watchOS
 63 |
 64 |         self.delegate = delegate
/Applications/Xcode-27.0.0-Release.Candidate.app/Contents/Developer/Platforms/WatchOS.platform/Developer/SDKs/WatchOS27.0.sdk/System/Library/Frameworks/QuartzCore.framework/Headers/CAFrameRateRange.h:12:8: note: 'CAFrameRateRange' has been explicitly marked unavailable here
10 | #include <stdbool.h>
11 |
12 | struct CAFrameRateRange {
   |        `- note: 'CAFrameRateRange' has been explicitly marked unavailable here
13 |   float minimum;
14 |   float maximum;
/Users/admin/builder/spi-builder-workspace/Sources/WWNormalizeAudioPlayer/WWNormalizeAudioPlayer.swift:62:102: error: 'init(minimum:maximum:preferred:)' is unavailable in watchOS
 60 |     /// - Throws: 當音訊會話或引擎初始化失敗時拋出錯誤
 61 |     @MainActor
 62 |     func prepare(audioURLs: [URL], delegate: Delegate?, preferredFrameRateRange: CAFrameRateRange = .init(minimum: 5, maximum: 5, preferred: 5), options: AVAudioSession.CategoryOptions = []) {
    |                                                                                                      `- error: 'init(minimum:maximum:preferred:)' is unavailable in watchOS
 63 |
 64 |         self.delegate = delegate
QuartzCore.CAFrameRateRange.init:2:8: note: 'init(minimum:maximum:preferred:)' has been explicitly marked unavailable here
1 | struct CAFrameRateRange {
2 | public init(minimum: Float, maximum: Float, preferred: Float? = nil)}
  |        `- note: 'init(minimum:maximum:preferred:)' has been explicitly marked unavailable here
3 |
/Users/admin/builder/spi-builder-workspace/Sources/WWNormalizeAudioPlayer/WWNormalizeAudioPlayer.swift:143:40: error: 'CADisplayLink' is unavailable in watchOS
141 |     /// - Note: 此方法通常用於定期刷新目前播放時間並通知 delegate
142 |     @MainActor
143 |     func updatePlayTime(_ displayLink: CADisplayLink) {
    |                                        `- error: 'CADisplayLink' is unavailable in watchOS
144 |
145 |         do {
/Applications/Xcode-27.0.0-Release.Candidate.app/Contents/Developer/Platforms/WatchOS.platform/Developer/SDKs/WatchOS27.0.sdk/System/Library/Frameworks/QuartzCore.framework/Headers/CADisplayLink.h:21:12: note: 'CADisplayLink' has been explicitly marked unavailable here
 19 | API_AVAILABLE(macos(14.0))
 20 |
 21 | @interface CADisplayLink : NSObject
    |            `- note: 'CADisplayLink' has been explicitly marked unavailable here
 22 | {
 23 | @private
SwiftCompile normal arm64 /Users/admin/builder/spi-builder-workspace/Sources/WWNormalizeAudioPlayer/WWNormalizeAudioPlayer.swift (in target 'WWNormalizeAudioPlayer' from project 'WWNormalizeAudioPlayer')
    cd /Users/admin/builder/spi-builder-workspace/.swiftpm/xcode
    builtin-SwiftPerFileCompile WWNormalizeAudioPlayer.swift
SwiftCompile normal arm64 Compiling\ Extension.swift /Users/admin/builder/spi-builder-workspace/Sources/WWNormalizeAudioPlayer/Utility/Extension.swift (in target 'WWNormalizeAudioPlayer' from project 'WWNormalizeAudioPlayer')
SwiftCompile normal arm64 /Users/admin/builder/spi-builder-workspace/Sources/WWNormalizeAudioPlayer/Utility/Extension.swift (in target 'WWNormalizeAudioPlayer' from project 'WWNormalizeAudioPlayer')
    cd /Users/admin/builder/spi-builder-workspace/.swiftpm/xcode
    builtin-SwiftPerFileCompile Extension.swift
SwiftCompile normal arm64 Compiling\ SpectrumAnalyzer.swift /Users/admin/builder/spi-builder-workspace/Sources/WWNormalizeAudioPlayer/Tools/SpectrumAnalyzer.swift (in target 'WWNormalizeAudioPlayer' from project 'WWNormalizeAudioPlayer')
SwiftCompile normal arm64 /Users/admin/builder/spi-builder-workspace/Sources/WWNormalizeAudioPlayer/Tools/SpectrumAnalyzer.swift (in target 'WWNormalizeAudioPlayer' from project 'WWNormalizeAudioPlayer')
    cd /Users/admin/builder/spi-builder-workspace/.swiftpm/xcode
    builtin-SwiftPerFileCompile SpectrumAnalyzer.swift
SwiftCompile normal arm64 Compiling\ Constant.swift /Users/admin/builder/spi-builder-workspace/Sources/WWNormalizeAudioPlayer/Utility/Constant.swift (in target 'WWNormalizeAudioPlayer' from project 'WWNormalizeAudioPlayer')
SwiftCompile normal arm64 /Users/admin/builder/spi-builder-workspace/Sources/WWNormalizeAudioPlayer/Utility/Constant.swift (in target 'WWNormalizeAudioPlayer' from project 'WWNormalizeAudioPlayer')
    cd /Users/admin/builder/spi-builder-workspace/.swiftpm/xcode
    builtin-SwiftPerFileCompile Constant.swift
SwiftCompile normal arm64 Compiling\ Equalizer.swift /Users/admin/builder/spi-builder-workspace/Sources/WWNormalizeAudioPlayer/Tools/Equalizer.swift (in target 'WWNormalizeAudioPlayer' from project 'WWNormalizeAudioPlayer')
/Users/admin/builder/spi-builder-workspace/Sources/WWNormalizeAudioPlayer/Tools/Equalizer.swift:16:24: error: 'AVAudioUnitEQ' is unavailable in watchOS
 14 |     public class Equalizer {
 15 |
 16 |         let audioNode: AVAudioUnitEQ    // 底層的 AVAudioUnitEQ 實例
    |                        `- error: 'AVAudioUnitEQ' is unavailable in watchOS
 17 |         let frequencies: [Float]        // 預設頻段對應的中心頻率
 18 |
/Applications/Xcode-27.0.0-Release.Candidate.app/Contents/Developer/Platforms/WatchOS.platform/Developer/SDKs/WatchOS27.0.sdk/System/Library/Frameworks/AVFAudio.framework/Headers/AVAudioUnitEQ.h:139:12: note: 'AVAudioUnitEQ' has been explicitly marked unavailable here
137 | */
138 | NS_SWIFT_SENDABLE API_AVAILABLE(macos(10.10), ios(8.0), tvos(9.0)) API_UNAVAILABLE(watchos)
139 | @interface AVAudioUnitEQ : AVAudioUnitEffect
    |            `- note: 'AVAudioUnitEQ' has been explicitly marked unavailable here
140 |
141 | /*! @method initWithNumberOfBands:
SwiftCompile normal arm64 /Users/admin/builder/spi-builder-workspace/Sources/WWNormalizeAudioPlayer/Tools/Equalizer.swift (in target 'WWNormalizeAudioPlayer' from project 'WWNormalizeAudioPlayer')
    cd /Users/admin/builder/spi-builder-workspace/.swiftpm/xcode
    builtin-SwiftPerFileCompile Equalizer.swift
SwiftCompile normal arm64 Compiling\ Protocol.swift /Users/admin/builder/spi-builder-workspace/Sources/WWNormalizeAudioPlayer/Utility/Protocol.swift (in target 'WWNormalizeAudioPlayer' from project 'WWNormalizeAudioPlayer')
SwiftCompile normal arm64 /Users/admin/builder/spi-builder-workspace/Sources/WWNormalizeAudioPlayer/Utility/Protocol.swift (in target 'WWNormalizeAudioPlayer' from project 'WWNormalizeAudioPlayer')
    cd /Users/admin/builder/spi-builder-workspace/.swiftpm/xcode
    builtin-SwiftPerFileCompile Protocol.swift
SwiftEmitModule normal arm64_32 Emitting\ module\ for\ WWNormalizeAudioPlayer (in target 'WWNormalizeAudioPlayer' from project 'WWNormalizeAudioPlayer')
SwiftCompile normal arm64_32 (in target 'WWNormalizeAudioPlayer' from project 'WWNormalizeAudioPlayer')
    cd /Users/admin/builder/spi-builder-workspace/.swiftpm/xcode

SwiftCompile normal arm64_32 Compiling\ Constant.swift /Users/admin/builder/spi-builder-workspace/Sources/WWNormalizeAudioPlayer/Utility/Constant.swift (in target 'WWNormalizeAudioPlayer' from project 'WWNormalizeAudioPlayer')
SwiftCompile normal arm64_32 /Users/admin/builder/spi-builder-workspace/Sources/WWNormalizeAudioPlayer/Utility/Constant.swift (in target 'WWNormalizeAudioPlayer' from project 'WWNormalizeAudioPlayer')
    cd /Users/admin/builder/spi-builder-workspace/.swiftpm/xcode
    builtin-SwiftPerFileCompile Constant.swift
SwiftCompile normal arm64_32 Compiling\ SpectrumAnalyzer.swift /Users/admin/builder/spi-builder-workspace/Sources/WWNormalizeAudioPlayer/Tools/SpectrumAnalyzer.swift (in target 'WWNormalizeAudioPlayer' from project 'WWNormalizeAudioPlayer')
SwiftCompile normal arm64_32 /Users/admin/builder/spi-builder-workspace/Sources/WWNormalizeAudioPlayer/Tools/SpectrumAnalyzer.swift (in target 'WWNormalizeAudioPlayer' from project 'WWNormalizeAudioPlayer')
    cd /Users/admin/builder/spi-builder-workspace/.swiftpm/xcode
    builtin-SwiftPerFileCompile SpectrumAnalyzer.swift
PruneExplicitPrecompiledModules /Users/admin/builder/spi-builder-workspace/.derivedData/SDKExplicitPrecompiledModules
PruneExplicitPrecompiledModules /Users/admin/builder/spi-builder-workspace/.derivedData/Build/Intermediates.noindex/SwiftExplicitPrecompiledModules
PruneExplicitPrecompiledModules /Users/admin/builder/spi-builder-workspace/.derivedData/Build/Intermediates.noindex/ExplicitPrecompiledModules
2026-09-26 10:03:54.978 xcodebuild[623:3855] [MT] IDERunDestination: Supported platforms for the buildables in the current scheme is empty.
** BUILD FAILED **
The following build commands failed:
	SwiftEmitModule normal arm64 Emitting\ module\ for\ WWNormalizeAudioPlayer (in target 'WWNormalizeAudioPlayer' from project 'WWNormalizeAudioPlayer')
	SwiftCompile normal arm64 (in target 'WWNormalizeAudioPlayer' from project 'WWNormalizeAudioPlayer')
	Building workspace WWNormalizeAudioPlayer with scheme WWNormalizeAudioPlayer
(3 failures)
Command line invocation:
    /Applications/Xcode-27.0.0-Release.Candidate.app/Contents/Developer/usr/bin/xcodebuild -IDEClonedSourcePackagesDirPathOverride=/Users/admin/builder/spi-builder-workspace/.dependencies -resolvePackageDependencies
Resolve Package Graph
Resolved source packages:
  WWNormalizeAudioPlayer: /Users/admin/builder/spi-builder-workspace
resolved source packages: WWNormalizeAudioPlayer
2026-09-26 10:04:00.500 xcodebuild[736:4290] [MT] IDERunDestination: Supported platforms for the buildables in the current scheme is empty.
{
  "dependencies" : [
  ],
  "manifest_display_name" : "WWNormalizeAudioPlayer",
  "name" : "WWNormalizeAudioPlayer",
  "path" : "/Users/admin/builder/spi-builder-workspace",
  "platforms" : [
    {
      "name" : "ios",
      "version" : "17.0"
    }
  ],
  "products" : [
    {
      "name" : "WWNormalizeAudioPlayer",
      "targets" : [
        "WWNormalizeAudioPlayer"
      ],
      "type" : {
        "library" : [
          "automatic"
        ]
      }
    }
  ],
  "swift_languages_versions" : [
    "5"
  ],
  "targets" : [
    {
      "c99name" : "WWNormalizeAudioPlayer",
      "module_type" : "SwiftTarget",
      "name" : "WWNormalizeAudioPlayer",
      "path" : "Sources/WWNormalizeAudioPlayer",
      "product_memberships" : [
        "WWNormalizeAudioPlayer"
      ],
      "sources" : [
        "Tools/Equalizer.swift",
        "Tools/SpectrumAnalyzer.swift",
        "Utility/Constant.swift",
        "Utility/Extension.swift",
        "Utility/Model.swift",
        "Utility/Protocol.swift",
        "WWNormalizeAudioPlayer.swift"
      ],
      "type" : "library"
    }
  ],
  "tools_version" : "5.10"
}
{
  "workspace" : {
    "name" : "WWNormalizeAudioPlayer",
    "schemes" : [
      "WWNormalizeAudioPlayer"
    ]
  }
}
2026-09-26 10:04:01.835 xcodebuild[744:4356] [MT] IDERunDestination: Supported platforms for the buildables in the current scheme is empty.
Running build ...
env DEVELOPER_DIR=/Applications/Xcode-27.0.0-Release.Candidate.app xcrun xcodebuild -IDEClonedSourcePackagesDirPathOverride=$PWD/.dependencies -skipMacroValidation -skipPackagePluginValidation -derivedDataPath $PWD/.derivedData build -scheme WWNormalizeAudioPlayer -destination generic/platform=watchOS
Command line invocation:
    /Applications/Xcode-27.0.0-Release.Candidate.app/Contents/Developer/usr/bin/xcodebuild -IDEClonedSourcePackagesDirPathOverride=/Users/admin/builder/spi-builder-workspace/.dependencies -skipMacroValidation -skipPackagePluginValidation -derivedDataPath /Users/admin/builder/spi-builder-workspace/.derivedData build -scheme WWNormalizeAudioPlayer -destination generic/platform=watchOS
Resolve Package Graph
Resolved source packages:
  WWNormalizeAudioPlayer: /Users/admin/builder/spi-builder-workspace
ComputePackagePrebuildTargetDependencyGraph
Prepare packages
CreateBuildRequest
SendProjectDescription
CreateBuildOperation
ComputeTargetDependencyGraph
note: Building targets in dependency order
note: Target dependency graph (2 targets)
    Target 'WWNormalizeAudioPlayer-product' in project 'WWNormalizeAudioPlayer'
        ➜ Explicit dependency on target 'WWNormalizeAudioPlayer' in project 'WWNormalizeAudioPlayer'
    Target 'WWNormalizeAudioPlayer' in project 'WWNormalizeAudioPlayer' (no dependencies)
GatherProvisioningInputs
CreateBuildDescription
ClangStatCache /Applications/Xcode-27.0.0-Release.Candidate.app/Contents/Developer/Toolchains/XcodeDefault.xctoolchain/usr/bin/clang-stat-cache /Applications/Xcode-27.0.0-Release.Candidate.app/Contents/Developer/Platforms/WatchOS.platform/Developer/SDKs/WatchOS27.0.sdk /Users/admin/builder/spi-builder-workspace/.derivedData/SDKStatCaches.noindex/watchos27.0-24R360-e829b21a6f8c9b70876ba0858053c04477534ef55a1706bf4c1112bbb242f0a2.sdkstatcache
    cd /Users/admin/builder/spi-builder-workspace/.swiftpm/xcode
    /Applications/Xcode-27.0.0-Release.Candidate.app/Contents/Developer/Toolchains/XcodeDefault.xctoolchain/usr/bin/clang-stat-cache /Applications/Xcode-27.0.0-Release.Candidate.app/Contents/Developer/Platforms/WatchOS.platform/Developer/SDKs/WatchOS27.0.sdk -o /Users/admin/builder/spi-builder-workspace/.derivedData/SDKStatCaches.noindex/watchos27.0-24R360-e829b21a6f8c9b70876ba0858053c04477534ef55a1706bf4c1112bbb242f0a2.sdkstatcache
SwiftDriver WWNormalizeAudioPlayer normal arm64_32 com.apple.xcode.tools.swift.compiler (in target 'WWNormalizeAudioPlayer' from project 'WWNormalizeAudioPlayer')
    cd /Users/admin/builder/spi-builder-workspace/.swiftpm/xcode
    builtin-SwiftDriver -- /Applications/Xcode-27.0.0-Release.Candidate.app/Contents/Developer/Toolchains/XcodeDefault.xctoolchain/usr/bin/swiftc -parse-as-library -module-name WWNormalizeAudioPlayer -Onone @/Users/admin/builder/spi-builder-workspace/.derivedData/Build/Intermediates.noindex/WWNormalizeAudioPlayer.build/Debug-watchos/WWNormalizeAudioPlayer-t.build/Objects-normal/arm64_32/WWNormalizeAudioPlayer.SwiftFileList -DSWIFT_PACKAGE -DDEBUG -DSWIFT_MODULE_RESOURCE_BUNDLE_UNAVAILABLE -DXcode -plugin-path /Applications/Xcode-27.0.0-Release.Candidate.app/Contents/Developer/Toolchains/XcodeDefault.xctoolchain/usr/lib/swift/host/plugins/testing -enable-experimental-feature DebugDescriptionMacro -sdk /Applications/Xcode-27.0.0-Release.Candidate.app/Contents/Developer/Platforms/WatchOS.platform/Developer/SDKs/WatchOS27.0.sdk -target arm64_32-apple-watchos10.0 -g -module-cache-path /Users/admin/builder/spi-builder-workspace/.derivedData/ModuleCache.noindex -Xfrontend -serialize-debugging-options -enable-testing -index-store-path /Users/admin/builder/spi-builder-workspace/.derivedData/Index.noindex/DataStore -Xcc -D_LIBCPP_HARDENING_MODE\=_LIBCPP_HARDENING_MODE_DEBUG -swift-version 5 -I /Users/admin/builder/spi-builder-workspace/.derivedData/Build/Products/Debug-watchos -Isystem /Applications/Xcode-27.0.0-Release.Candidate.app/Contents/Developer/Platforms/WatchOS.platform/Developer/usr/lib -F /Users/admin/builder/spi-builder-workspace/.derivedData/Build/Products/Debug-watchos -F /Applications/Xcode-27.0.0-Release.Candidate.app/Contents/Developer/Platforms/WatchOS.platform/Developer/Library/Frameworks -F /Applications/Xcode-27.0.0-Release.Candidate.app/Contents/Developer/Platforms/WatchOS.platform/Developer/SDKs/WatchOS27.0.sdk/Developer/Library/Frameworks -c -j10 -enable-batch-mode -incremental -Xcc -ivfsstatcache -Xcc /Users/admin/builder/spi-builder-workspace/.derivedData/SDKStatCaches.noindex/watchos27.0-24R360-e829b21a6f8c9b70876ba0858053c04477534ef55a1706bf4c1112bbb242f0a2.sdkstatcache -output-file-map /Users/admin/builder/spi-builder-workspace/.derivedData/Build/Intermediates.noindex/WWNormalizeAudioPlayer.build/Debug-watchos/WWNormalizeAudioPlayer-t.build/Objects-normal/arm64_32/WWNormalizeAudioPlayer-OutputFileMap.json -save-temps -no-color-diagnostics -explicit-module-build -module-cache-path /Users/admin/builder/spi-builder-workspace/.derivedData/Build/Intermediates.noindex/SwiftExplicitPrecompiledModules -clang-scanner-module-cache-path /Users/admin/builder/spi-builder-workspace/.derivedData/ModuleCache.noindex -sdk-module-cache-path /Users/admin/builder/spi-builder-workspace/.derivedData/SDKExplicitPrecompiledModules -emit-dependencies -emit-module -emit-module-path /Users/admin/builder/spi-builder-workspace/.derivedData/Build/Intermediates.noindex/WWNormalizeAudioPlayer.build/Debug-watchos/WWNormalizeAudioPlayer-t.build/Objects-normal/arm64_32/WWNormalizeAudioPlayer.swiftmodule -serialize-diagnostics -dependency-scan-serialize-diagnostics-path /Users/admin/builder/spi-builder-workspace/.derivedData/Build/Intermediates.noindex/WWNormalizeAudioPlayer.build/Debug-watchos/WWNormalizeAudioPlayer-t.build/Objects-normal/arm64_32/WWNormalizeAudioPlayer-dependency-scan.dia -validate-clang-modules-once -clang-build-session-file /Users/admin/builder/spi-builder-workspace/.derivedData/ModuleCache.noindex/Session.modulevalidation -Xcc -fmodules-prune-interval\=86400 -Xcc -fmodules-prune-after\=345600 -package-name spi_builder_workspace -emit-const-values -const-gather-protocols-list /Users/admin/builder/spi-builder-workspace/.derivedData/Build/Intermediates.noindex/WWNormalizeAudioPlayer.build/Debug-watchos/WWNormalizeAudioPlayer-t.build/Objects-normal/arm64_32/WWNormalizeAudioPlayer_const_extract_protocols.json -Xcc -I/Users/admin/builder/spi-builder-workspace/.derivedData/Build/Products/Debug-watchos/include -Xcc -I/Users/admin/builder/spi-builder-workspace/.derivedData/Build/Intermediates.noindex/WWNormalizeAudioPlayer.build/Debug-watchos/WWNormalizeAudioPlayer-t.build/DerivedSources-normal/arm64_32 -Xcc -I/Users/admin/builder/spi-builder-workspace/.derivedData/Build/Intermediates.noindex/WWNormalizeAudioPlayer.build/Debug-watchos/WWNormalizeAudioPlayer-t.build/DerivedSources/arm64_32 -Xcc -I/Users/admin/builder/spi-builder-workspace/.derivedData/Build/Intermediates.noindex/WWNormalizeAudioPlayer.build/Debug-watchos/WWNormalizeAudioPlayer-t.build/DerivedSources -Xcc -DSWIFT_PACKAGE -Xcc -DDEBUG\=1 -emit-objc-header -emit-objc-header-path /Users/admin/builder/spi-builder-workspace/.derivedData/Build/Intermediates.noindex/WWNormalizeAudioPlayer.build/Debug-watchos/WWNormalizeAudioPlayer-t.build/Objects-normal/arm64_32/WWNormalizeAudioPlayer-Swift.h -working-directory /Users/admin/builder/spi-builder-workspace/.swiftpm/xcode -experimental-emit-module-separately -disable-cmo
SwiftDriver WWNormalizeAudioPlayer normal arm64 com.apple.xcode.tools.swift.compiler (in target 'WWNormalizeAudioPlayer' from project 'WWNormalizeAudioPlayer')
    cd /Users/admin/builder/spi-builder-workspace/.swiftpm/xcode
    builtin-SwiftDriver -- /Applications/Xcode-27.0.0-Release.Candidate.app/Contents/Developer/Toolchains/XcodeDefault.xctoolchain/usr/bin/swiftc -parse-as-library -module-name WWNormalizeAudioPlayer -Onone @/Users/admin/builder/spi-builder-workspace/.derivedData/Build/Intermediates.noindex/WWNormalizeAudioPlayer.build/Debug-watchos/WWNormalizeAudioPlayer-t.build/Objects-normal/arm64/WWNormalizeAudioPlayer.SwiftFileList -DSWIFT_PACKAGE -DDEBUG -DSWIFT_MODULE_RESOURCE_BUNDLE_UNAVAILABLE -DXcode -plugin-path /Applications/Xcode-27.0.0-Release.Candidate.app/Contents/Developer/Toolchains/XcodeDefault.xctoolchain/usr/lib/swift/host/plugins/testing -enable-experimental-feature DebugDescriptionMacro -sdk /Applications/Xcode-27.0.0-Release.Candidate.app/Contents/Developer/Platforms/WatchOS.platform/Developer/SDKs/WatchOS27.0.sdk -target arm64-apple-watchos10.0 -g -module-cache-path /Users/admin/builder/spi-builder-workspace/.derivedData/ModuleCache.noindex -Xfrontend -serialize-debugging-options -enable-testing -index-store-path /Users/admin/builder/spi-builder-workspace/.derivedData/Index.noindex/DataStore -Xcc -D_LIBCPP_HARDENING_MODE\=_LIBCPP_HARDENING_MODE_DEBUG -swift-version 5 -I /Users/admin/builder/spi-builder-workspace/.derivedData/Build/Products/Debug-watchos -Isystem /Applications/Xcode-27.0.0-Release.Candidate.app/Contents/Developer/Platforms/WatchOS.platform/Developer/usr/lib -F /Users/admin/builder/spi-builder-workspace/.derivedData/Build/Products/Debug-watchos -F /Applications/Xcode-27.0.0-Release.Candidate.app/Contents/Developer/Platforms/WatchOS.platform/Developer/Library/Frameworks -F /Applications/Xcode-27.0.0-Release.Candidate.app/Contents/Developer/Platforms/WatchOS.platform/Developer/SDKs/WatchOS27.0.sdk/Developer/Library/Frameworks -c -j10 -enable-batch-mode -incremental -Xcc -ivfsstatcache -Xcc /Users/admin/builder/spi-builder-workspace/.derivedData/SDKStatCaches.noindex/watchos27.0-24R360-e829b21a6f8c9b70876ba0858053c04477534ef55a1706bf4c1112bbb242f0a2.sdkstatcache -output-file-map /Users/admin/builder/spi-builder-workspace/.derivedData/Build/Intermediates.noindex/WWNormalizeAudioPlayer.build/Debug-watchos/WWNormalizeAudioPlayer-t.build/Objects-normal/arm64/WWNormalizeAudioPlayer-OutputFileMap.json -save-temps -no-color-diagnostics -explicit-module-build -module-cache-path /Users/admin/builder/spi-builder-workspace/.derivedData/Build/Intermediates.noindex/SwiftExplicitPrecompiledModules -clang-scanner-module-cache-path /Users/admin/builder/spi-builder-workspace/.derivedData/ModuleCache.noindex -sdk-module-cache-path /Users/admin/builder/spi-builder-workspace/.derivedData/SDKExplicitPrecompiledModules -emit-dependencies -emit-module -emit-module-path /Users/admin/builder/spi-builder-workspace/.derivedData/Build/Intermediates.noindex/WWNormalizeAudioPlayer.build/Debug-watchos/WWNormalizeAudioPlayer-t.build/Objects-normal/arm64/WWNormalizeAudioPlayer.swiftmodule -serialize-diagnostics -dependency-scan-serialize-diagnostics-path /Users/admin/builder/spi-builder-workspace/.derivedData/Build/Intermediates.noindex/WWNormalizeAudioPlayer.build/Debug-watchos/WWNormalizeAudioPlayer-t.build/Objects-normal/arm64/WWNormalizeAudioPlayer-dependency-scan.dia -validate-clang-modules-once -clang-build-session-file /Users/admin/builder/spi-builder-workspace/.derivedData/ModuleCache.noindex/Session.modulevalidation -Xcc -fmodules-prune-interval\=86400 -Xcc -fmodules-prune-after\=345600 -package-name spi_builder_workspace -emit-const-values -const-gather-protocols-list /Users/admin/builder/spi-builder-workspace/.derivedData/Build/Intermediates.noindex/WWNormalizeAudioPlayer.build/Debug-watchos/WWNormalizeAudioPlayer-t.build/Objects-normal/arm64/WWNormalizeAudioPlayer_const_extract_protocols.json -Xcc -I/Users/admin/builder/spi-builder-workspace/.derivedData/Build/Products/Debug-watchos/include -Xcc -I/Users/admin/builder/spi-builder-workspace/.derivedData/Build/Intermediates.noindex/WWNormalizeAudioPlayer.build/Debug-watchos/WWNormalizeAudioPlayer-t.build/DerivedSources-normal/arm64 -Xcc -I/Users/admin/builder/spi-builder-workspace/.derivedData/Build/Intermediates.noindex/WWNormalizeAudioPlayer.build/Debug-watchos/WWNormalizeAudioPlayer-t.build/DerivedSources/arm64 -Xcc -I/Users/admin/builder/spi-builder-workspace/.derivedData/Build/Intermediates.noindex/WWNormalizeAudioPlayer.build/Debug-watchos/WWNormalizeAudioPlayer-t.build/DerivedSources -Xcc -DSWIFT_PACKAGE -Xcc -DDEBUG\=1 -emit-objc-header -emit-objc-header-path /Users/admin/builder/spi-builder-workspace/.derivedData/Build/Intermediates.noindex/WWNormalizeAudioPlayer.build/Debug-watchos/WWNormalizeAudioPlayer-t.build/Objects-normal/arm64/WWNormalizeAudioPlayer-Swift.h -working-directory /Users/admin/builder/spi-builder-workspace/.swiftpm/xcode -experimental-emit-module-separately -disable-cmo
SwiftCompile normal arm64 Compiling\ Equalizer.swift /Users/admin/builder/spi-builder-workspace/Sources/WWNormalizeAudioPlayer/Tools/Equalizer.swift (in target 'WWNormalizeAudioPlayer' from project 'WWNormalizeAudioPlayer')
SwiftCompile normal arm64 /Users/admin/builder/spi-builder-workspace/Sources/WWNormalizeAudioPlayer/Tools/Equalizer.swift (in target 'WWNormalizeAudioPlayer' from project 'WWNormalizeAudioPlayer')
    cd /Users/admin/builder/spi-builder-workspace/.swiftpm/xcode
    builtin-SwiftPerFileCompile Equalizer.swift
/Users/admin/builder/spi-builder-workspace/Sources/WWNormalizeAudioPlayer/Tools/Equalizer.swift:16:24: error: 'AVAudioUnitEQ' is unavailable in watchOS
 14 |     public class Equalizer {
 15 |
 16 |         let audioNode: AVAudioUnitEQ    // 底層的 AVAudioUnitEQ 實例
    |                        `- error: 'AVAudioUnitEQ' is unavailable in watchOS
 17 |         let frequencies: [Float]        // 預設頻段對應的中心頻率
 18 |
/Applications/Xcode-27.0.0-Release.Candidate.app/Contents/Developer/Platforms/WatchOS.platform/Developer/SDKs/WatchOS27.0.sdk/System/Library/Frameworks/AVFAudio.framework/Headers/AVAudioUnitEQ.h:139:12: note: 'AVAudioUnitEQ' has been explicitly marked unavailable here
137 | */
138 | NS_SWIFT_SENDABLE API_AVAILABLE(macos(10.10), ios(8.0), tvos(9.0)) API_UNAVAILABLE(watchos)
139 | @interface AVAudioUnitEQ : AVAudioUnitEffect
    |            `- note: 'AVAudioUnitEQ' has been explicitly marked unavailable here
140 |
141 | /*! @method initWithNumberOfBands:
SwiftCompile normal arm64 Compiling\ Extension.swift /Users/admin/builder/spi-builder-workspace/Sources/WWNormalizeAudioPlayer/Utility/Extension.swift (in target 'WWNormalizeAudioPlayer' from project 'WWNormalizeAudioPlayer')
SwiftCompile normal arm64 /Users/admin/builder/spi-builder-workspace/Sources/WWNormalizeAudioPlayer/Utility/Extension.swift (in target 'WWNormalizeAudioPlayer' from project 'WWNormalizeAudioPlayer')
    cd /Users/admin/builder/spi-builder-workspace/.swiftpm/xcode
    builtin-SwiftPerFileCompile Extension.swift
SwiftCompile normal arm64 Compiling\ SpectrumAnalyzer.swift /Users/admin/builder/spi-builder-workspace/Sources/WWNormalizeAudioPlayer/Tools/SpectrumAnalyzer.swift (in target 'WWNormalizeAudioPlayer' from project 'WWNormalizeAudioPlayer')
/Users/admin/builder/spi-builder-workspace/Sources/WWNormalizeAudioPlayer/Tools/SpectrumAnalyzer.swift:147:51: warning: cannot use inout expression here; argument 'realp' must be a pointer that outlives the call to 'init(realp:imagp:)' [#TemporaryPointers]
145 |         var real = [Float](repeating: 0, count: halfSize)
146 |         var imag = [Float](repeating: 0, count: halfSize)
147 |         var splitComplex = DSPSplitComplex(realp: &real, imagp: &imag)
    |                                                   |- warning: cannot use inout expression here; argument 'realp' must be a pointer that outlives the call to 'init(realp:imagp:)' [#TemporaryPointers]
    |                                                   |- note: implicit argument conversion from '[Float]' to 'UnsafeMutablePointer<Float>' produces a pointer valid only for the duration of the call to 'init(realp:imagp:)'
    |                                                   `- note: use the 'withUnsafeMutableBufferPointer' method on Array in order to explicitly convert argument to buffer pointer valid for a defined scope
148 |
149 |         samples.withUnsafeBufferPointer { pointer in
SwiftCompile normal arm64 /Users/admin/builder/spi-builder-workspace/Sources/WWNormalizeAudioPlayer/Tools/SpectrumAnalyzer.swift (in target 'WWNormalizeAudioPlayer' from project 'WWNormalizeAudioPlayer')
    cd /Users/admin/builder/spi-builder-workspace/.swiftpm/xcode
    builtin-SwiftPerFileCompile SpectrumAnalyzer.swift
SwiftCompile normal arm64 Compiling\ Model.swift /Users/admin/builder/spi-builder-workspace/Sources/WWNormalizeAudioPlayer/Utility/Model.swift (in target 'WWNormalizeAudioPlayer' from project 'WWNormalizeAudioPlayer')
SwiftCompile normal arm64 /Users/admin/builder/spi-builder-workspace/Sources/WWNormalizeAudioPlayer/Utility/Model.swift (in target 'WWNormalizeAudioPlayer' from project 'WWNormalizeAudioPlayer')
    cd /Users/admin/builder/spi-builder-workspace/.swiftpm/xcode
    builtin-SwiftPerFileCompile Model.swift
SwiftCompile normal arm64 Compiling\ Protocol.swift /Users/admin/builder/spi-builder-workspace/Sources/WWNormalizeAudioPlayer/Utility/Protocol.swift (in target 'WWNormalizeAudioPlayer' from project 'WWNormalizeAudioPlayer')
SwiftCompile normal arm64 /Users/admin/builder/spi-builder-workspace/Sources/WWNormalizeAudioPlayer/Utility/Protocol.swift (in target 'WWNormalizeAudioPlayer' from project 'WWNormalizeAudioPlayer')
    cd /Users/admin/builder/spi-builder-workspace/.swiftpm/xcode
    builtin-SwiftPerFileCompile Protocol.swift
SwiftCompile normal arm64 Compiling\ WWNormalizeAudioPlayer.swift /Users/admin/builder/spi-builder-workspace/Sources/WWNormalizeAudioPlayer/WWNormalizeAudioPlayer.swift (in target 'WWNormalizeAudioPlayer' from project 'WWNormalizeAudioPlayer')
SwiftCompile normal arm64 /Users/admin/builder/spi-builder-workspace/Sources/WWNormalizeAudioPlayer/WWNormalizeAudioPlayer.swift (in target 'WWNormalizeAudioPlayer' from project 'WWNormalizeAudioPlayer')
    cd /Users/admin/builder/spi-builder-workspace/.swiftpm/xcode
    builtin-SwiftPerFileCompile WWNormalizeAudioPlayer.swift
/Users/admin/builder/spi-builder-workspace/Sources/WWNormalizeAudioPlayer/WWNormalizeAudioPlayer.swift:19:42: error: 'CAFrameRateRange' is unavailable in watchOS
 17 |
 18 |     private var audioURLs: [URL] = []
 19 |     private var preferredFrameRateRange: CAFrameRateRange = .init(minimum: 5, maximum: 5)
    |                                          `- error: 'CAFrameRateRange' is unavailable in watchOS
 20 |     private var audioFile: AVAudioFile?
 21 |     private var audioEngine: AVAudioEngine?
/Applications/Xcode-27.0.0-Release.Candidate.app/Contents/Developer/Platforms/WatchOS.platform/Developer/SDKs/WatchOS27.0.sdk/System/Library/Frameworks/QuartzCore.framework/Headers/CAFrameRateRange.h:12:8: note: 'CAFrameRateRange' has been explicitly marked unavailable here
10 | #include <stdbool.h>
11 |
12 | struct CAFrameRateRange {
   |        `- note: 'CAFrameRateRange' has been explicitly marked unavailable here
13 |   float minimum;
14 |   float maximum;
/Users/admin/builder/spi-builder-workspace/Sources/WWNormalizeAudioPlayer/WWNormalizeAudioPlayer.swift:19:62: error: 'init(minimum:maximum:preferred:)' is unavailable in watchOS
 17 |
 18 |     private var audioURLs: [URL] = []
 19 |     private var preferredFrameRateRange: CAFrameRateRange = .init(minimum: 5, maximum: 5)
    |                                                              `- error: 'init(minimum:maximum:preferred:)' is unavailable in watchOS
 20 |     private var audioFile: AVAudioFile?
 21 |     private var audioEngine: AVAudioEngine?
QuartzCore.CAFrameRateRange.init:2:8: note: 'init(minimum:maximum:preferred:)' has been explicitly marked unavailable here
1 | struct CAFrameRateRange {
2 | public init(minimum: Float, maximum: Float, preferred: Float? = nil)}
  |        `- note: 'init(minimum:maximum:preferred:)' has been explicitly marked unavailable here
3 |
/Users/admin/builder/spi-builder-workspace/Sources/WWNormalizeAudioPlayer/WWNormalizeAudioPlayer.swift:27:35: error: 'CADisplayLink' is unavailable in watchOS
 25 |     private var playbackState: PlaybackState = .idle
 26 |
 27 |     private weak var displayLink: CADisplayLink?
    |                                   `- error: 'CADisplayLink' is unavailable in watchOS
 28 |
 29 |     public init() {}
/Applications/Xcode-27.0.0-Release.Candidate.app/Contents/Developer/Platforms/WatchOS.platform/Developer/SDKs/WatchOS27.0.sdk/System/Library/Frameworks/QuartzCore.framework/Headers/CADisplayLink.h:21:12: note: 'CADisplayLink' has been explicitly marked unavailable here
 19 | API_AVAILABLE(macos(14.0))
 20 |
 21 | @interface CADisplayLink : NSObject
    |            `- note: 'CADisplayLink' has been explicitly marked unavailable here
 22 | {
 23 | @private
/Users/admin/builder/spi-builder-workspace/Sources/WWNormalizeAudioPlayer/WWNormalizeAudioPlayer.swift:47:20: error: 'AVAudioUnitEQ' is unavailable in watchOS
 45 |
 46 |     /// AVAudioUnitEQ 實例
 47 |     var audioNode: AVAudioUnitEQ {
    |                    `- error: 'AVAudioUnitEQ' is unavailable in watchOS
 48 |         equalizer.audioNode
 49 |     }
/Applications/Xcode-27.0.0-Release.Candidate.app/Contents/Developer/Platforms/WatchOS.platform/Developer/SDKs/WatchOS27.0.sdk/System/Library/Frameworks/AVFAudio.framework/Headers/AVAudioUnitEQ.h:139:12: note: 'AVAudioUnitEQ' has been explicitly marked unavailable here
137 | */
138 | NS_SWIFT_SENDABLE API_AVAILABLE(macos(10.10), ios(8.0), tvos(9.0)) API_UNAVAILABLE(watchos)
139 | @interface AVAudioUnitEQ : AVAudioUnitEffect
    |            `- note: 'AVAudioUnitEQ' has been explicitly marked unavailable here
140 |
141 | /*! @method initWithNumberOfBands:
/Users/admin/builder/spi-builder-workspace/Sources/WWNormalizeAudioPlayer/WWNormalizeAudioPlayer.swift:62:82: error: 'CAFrameRateRange' is unavailable in watchOS
 60 |     /// - Throws: 當音訊會話或引擎初始化失敗時拋出錯誤
 61 |     @MainActor
 62 |     func prepare(audioURLs: [URL], delegate: Delegate?, preferredFrameRateRange: CAFrameRateRange = .init(minimum: 5, maximum: 5, preferred: 5), options: AVAudioSession.CategoryOptions = []) {
    |                                                                                  `- error: 'CAFrameRateRange' is unavailable in watchOS
 63 |
 64 |         self.delegate = delegate
/Applications/Xcode-27.0.0-Release.Candidate.app/Contents/Developer/Platforms/WatchOS.platform/Developer/SDKs/WatchOS27.0.sdk/System/Library/Frameworks/QuartzCore.framework/Headers/CAFrameRateRange.h:12:8: note: 'CAFrameRateRange' has been explicitly marked unavailable here
10 | #include <stdbool.h>
11 |
12 | struct CAFrameRateRange {
   |        `- note: 'CAFrameRateRange' has been explicitly marked unavailable here
13 |   float minimum;
14 |   float maximum;
/Users/admin/builder/spi-builder-workspace/Sources/WWNormalizeAudioPlayer/WWNormalizeAudioPlayer.swift:62:102: error: 'init(minimum:maximum:preferred:)' is unavailable in watchOS
 60 |     /// - Throws: 當音訊會話或引擎初始化失敗時拋出錯誤
 61 |     @MainActor
 62 |     func prepare(audioURLs: [URL], delegate: Delegate?, preferredFrameRateRange: CAFrameRateRange = .init(minimum: 5, maximum: 5, preferred: 5), options: AVAudioSession.CategoryOptions = []) {
    |                                                                                                      `- error: 'init(minimum:maximum:preferred:)' is unavailable in watchOS
 63 |
 64 |         self.delegate = delegate
QuartzCore.CAFrameRateRange.init:2:8: note: 'init(minimum:maximum:preferred:)' has been explicitly marked unavailable here
1 | struct CAFrameRateRange {
2 | public init(minimum: Float, maximum: Float, preferred: Float? = nil)}
  |        `- note: 'init(minimum:maximum:preferred:)' has been explicitly marked unavailable here
3 |
/Users/admin/builder/spi-builder-workspace/Sources/WWNormalizeAudioPlayer/WWNormalizeAudioPlayer.swift:143:40: error: 'CADisplayLink' is unavailable in watchOS
141 |     /// - Note: 此方法通常用於定期刷新目前播放時間並通知 delegate
142 |     @MainActor
143 |     func updatePlayTime(_ displayLink: CADisplayLink) {
    |                                        `- error: 'CADisplayLink' is unavailable in watchOS
144 |
145 |         do {
/Applications/Xcode-27.0.0-Release.Candidate.app/Contents/Developer/Platforms/WatchOS.platform/Developer/SDKs/WatchOS27.0.sdk/System/Library/Frameworks/QuartzCore.framework/Headers/CADisplayLink.h:21:12: note: 'CADisplayLink' has been explicitly marked unavailable here
 19 | API_AVAILABLE(macos(14.0))
 20 |
 21 | @interface CADisplayLink : NSObject
    |            `- note: 'CADisplayLink' has been explicitly marked unavailable here
 22 | {
 23 | @private
SwiftEmitModule normal arm64 Emitting\ module\ for\ WWNormalizeAudioPlayer (in target 'WWNormalizeAudioPlayer' from project 'WWNormalizeAudioPlayer')
/Users/admin/builder/spi-builder-workspace/Sources/WWNormalizeAudioPlayer/Tools/Equalizer.swift:16:24: error: 'AVAudioUnitEQ' is unavailable in watchOS
 14 |     public class Equalizer {
 15 |
 16 |         let audioNode: AVAudioUnitEQ    // 底層的 AVAudioUnitEQ 實例
    |                        `- error: 'AVAudioUnitEQ' is unavailable in watchOS
 17 |         let frequencies: [Float]        // 預設頻段對應的中心頻率
 18 |
/Applications/Xcode-27.0.0-Release.Candidate.app/Contents/Developer/Platforms/WatchOS.platform/Developer/SDKs/WatchOS27.0.sdk/System/Library/Frameworks/AVFAudio.framework/Headers/AVAudioUnitEQ.h:139:12: note: 'AVAudioUnitEQ' has been explicitly marked unavailable here
137 | */
138 | NS_SWIFT_SENDABLE API_AVAILABLE(macos(10.10), ios(8.0), tvos(9.0)) API_UNAVAILABLE(watchos)
139 | @interface AVAudioUnitEQ : AVAudioUnitEffect
    |            `- note: 'AVAudioUnitEQ' has been explicitly marked unavailable here
140 |
141 | /*! @method initWithNumberOfBands:
/Users/admin/builder/spi-builder-workspace/Sources/WWNormalizeAudioPlayer/WWNormalizeAudioPlayer.swift:19:42: error: 'CAFrameRateRange' is unavailable in watchOS
 17 |
 18 |     private var audioURLs: [URL] = []
 19 |     private var preferredFrameRateRange: CAFrameRateRange = .init(minimum: 5, maximum: 5)
    |                                          `- error: 'CAFrameRateRange' is unavailable in watchOS
 20 |     private var audioFile: AVAudioFile?
 21 |     private var audioEngine: AVAudioEngine?
/Applications/Xcode-27.0.0-Release.Candidate.app/Contents/Developer/Platforms/WatchOS.platform/Developer/SDKs/WatchOS27.0.sdk/System/Library/Frameworks/QuartzCore.framework/Headers/CAFrameRateRange.h:12:8: note: 'CAFrameRateRange' has been explicitly marked unavailable here
10 | #include <stdbool.h>
11 |
12 | struct CAFrameRateRange {
   |        `- note: 'CAFrameRateRange' has been explicitly marked unavailable here
13 |   float minimum;
14 |   float maximum;
/Users/admin/builder/spi-builder-workspace/Sources/WWNormalizeAudioPlayer/WWNormalizeAudioPlayer.swift:19:62: error: 'init(minimum:maximum:preferred:)' is unavailable in watchOS
 17 |
 18 |     private var audioURLs: [URL] = []
 19 |     private var preferredFrameRateRange: CAFrameRateRange = .init(minimum: 5, maximum: 5)
    |                                                              `- error: 'init(minimum:maximum:preferred:)' is unavailable in watchOS
 20 |     private var audioFile: AVAudioFile?
 21 |     private var audioEngine: AVAudioEngine?
QuartzCore.CAFrameRateRange.init:2:8: note: 'init(minimum:maximum:preferred:)' has been explicitly marked unavailable here
1 | struct CAFrameRateRange {
2 | public init(minimum: Float, maximum: Float, preferred: Float? = nil)}
  |        `- note: 'init(minimum:maximum:preferred:)' has been explicitly marked unavailable here
3 |
/Users/admin/builder/spi-builder-workspace/Sources/WWNormalizeAudioPlayer/WWNormalizeAudioPlayer.swift:27:35: error: 'CADisplayLink' is unavailable in watchOS
 25 |     private var playbackState: PlaybackState = .idle
 26 |
 27 |     private weak var displayLink: CADisplayLink?
    |                                   `- error: 'CADisplayLink' is unavailable in watchOS
 28 |
 29 |     public init() {}
/Applications/Xcode-27.0.0-Release.Candidate.app/Contents/Developer/Platforms/WatchOS.platform/Developer/SDKs/WatchOS27.0.sdk/System/Library/Frameworks/QuartzCore.framework/Headers/CADisplayLink.h:21:12: note: 'CADisplayLink' has been explicitly marked unavailable here
 19 | API_AVAILABLE(macos(14.0))
 20 |
 21 | @interface CADisplayLink : NSObject
    |            `- note: 'CADisplayLink' has been explicitly marked unavailable here
 22 | {
 23 | @private
/Users/admin/builder/spi-builder-workspace/Sources/WWNormalizeAudioPlayer/WWNormalizeAudioPlayer.swift:47:20: error: 'AVAudioUnitEQ' is unavailable in watchOS
 45 |
 46 |     /// AVAudioUnitEQ 實例
 47 |     var audioNode: AVAudioUnitEQ {
    |                    `- error: 'AVAudioUnitEQ' is unavailable in watchOS
 48 |         equalizer.audioNode
 49 |     }
/Applications/Xcode-27.0.0-Release.Candidate.app/Contents/Developer/Platforms/WatchOS.platform/Developer/SDKs/WatchOS27.0.sdk/System/Library/Frameworks/AVFAudio.framework/Headers/AVAudioUnitEQ.h:139:12: note: 'AVAudioUnitEQ' has been explicitly marked unavailable here
137 | */
138 | NS_SWIFT_SENDABLE API_AVAILABLE(macos(10.10), ios(8.0), tvos(9.0)) API_UNAVAILABLE(watchos)
139 | @interface AVAudioUnitEQ : AVAudioUnitEffect
    |            `- note: 'AVAudioUnitEQ' has been explicitly marked unavailable here
140 |
141 | /*! @method initWithNumberOfBands:
/Users/admin/builder/spi-builder-workspace/Sources/WWNormalizeAudioPlayer/WWNormalizeAudioPlayer.swift:62:82: error: 'CAFrameRateRange' is unavailable in watchOS
 60 |     /// - Throws: 當音訊會話或引擎初始化失敗時拋出錯誤
 61 |     @MainActor
 62 |     func prepare(audioURLs: [URL], delegate: Delegate?, preferredFrameRateRange: CAFrameRateRange = .init(minimum: 5, maximum: 5, preferred: 5), options: AVAudioSession.CategoryOptions = []) {
    |                                                                                  `- error: 'CAFrameRateRange' is unavailable in watchOS
 63 |
 64 |         self.delegate = delegate
/Applications/Xcode-27.0.0-Release.Candidate.app/Contents/Developer/Platforms/WatchOS.platform/Developer/SDKs/WatchOS27.0.sdk/System/Library/Frameworks/QuartzCore.framework/Headers/CAFrameRateRange.h:12:8: note: 'CAFrameRateRange' has been explicitly marked unavailable here
10 | #include <stdbool.h>
11 |
12 | struct CAFrameRateRange {
   |        `- note: 'CAFrameRateRange' has been explicitly marked unavailable here
13 |   float minimum;
14 |   float maximum;
/Users/admin/builder/spi-builder-workspace/Sources/WWNormalizeAudioPlayer/WWNormalizeAudioPlayer.swift:62:102: error: 'init(minimum:maximum:preferred:)' is unavailable in watchOS
 60 |     /// - Throws: 當音訊會話或引擎初始化失敗時拋出錯誤
 61 |     @MainActor
 62 |     func prepare(audioURLs: [URL], delegate: Delegate?, preferredFrameRateRange: CAFrameRateRange = .init(minimum: 5, maximum: 5, preferred: 5), options: AVAudioSession.CategoryOptions = []) {
    |                                                                                                      `- error: 'init(minimum:maximum:preferred:)' is unavailable in watchOS
 63 |
 64 |         self.delegate = delegate
QuartzCore.CAFrameRateRange.init:2:8: note: 'init(minimum:maximum:preferred:)' has been explicitly marked unavailable here
1 | struct CAFrameRateRange {
2 | public init(minimum: Float, maximum: Float, preferred: Float? = nil)}
  |        `- note: 'init(minimum:maximum:preferred:)' has been explicitly marked unavailable here
3 |
/Users/admin/builder/spi-builder-workspace/Sources/WWNormalizeAudioPlayer/WWNormalizeAudioPlayer.swift:143:40: error: 'CADisplayLink' is unavailable in watchOS
141 |     /// - Note: 此方法通常用於定期刷新目前播放時間並通知 delegate
142 |     @MainActor
143 |     func updatePlayTime(_ displayLink: CADisplayLink) {
    |                                        `- error: 'CADisplayLink' is unavailable in watchOS
144 |
145 |         do {
/Applications/Xcode-27.0.0-Release.Candidate.app/Contents/Developer/Platforms/WatchOS.platform/Developer/SDKs/WatchOS27.0.sdk/System/Library/Frameworks/QuartzCore.framework/Headers/CADisplayLink.h:21:12: note: 'CADisplayLink' has been explicitly marked unavailable here
 19 | API_AVAILABLE(macos(14.0))
 20 |
 21 | @interface CADisplayLink : NSObject
    |            `- note: 'CADisplayLink' has been explicitly marked unavailable here
 22 | {
 23 | @private
Failed frontend command:
/Applications/Xcode-27.0.0-Release.Candidate.app/Contents/Developer/Toolchains/XcodeDefault.xctoolchain/usr/bin/swift-frontend -frontend -emit-module -experimental-skip-non-inlinable-function-bodies-without-types /Users/admin/builder/spi-builder-workspace/Sources/WWNormalizeAudioPlayer/Tools/Equalizer.swift /Users/admin/builder/spi-builder-workspace/Sources/WWNormalizeAudioPlayer/Tools/SpectrumAnalyzer.swift /Users/admin/builder/spi-builder-workspace/Sources/WWNormalizeAudioPlayer/Utility/Constant.swift /Users/admin/builder/spi-builder-workspace/Sources/WWNormalizeAudioPlayer/Utility/Extension.swift /Users/admin/builder/spi-builder-workspace/Sources/WWNormalizeAudioPlayer/Utility/Model.swift /Users/admin/builder/spi-builder-workspace/Sources/WWNormalizeAudioPlayer/Utility/Protocol.swift /Users/admin/builder/spi-builder-workspace/Sources/WWNormalizeAudioPlayer/WWNormalizeAudioPlayer.swift -target arm64-apple-watchos10.0 -disable-cross-import-overlay-search -load-resolved-plugin /Applications/Xcode-27.0.0-Release.Candidate.app/Contents/Developer/Platforms/WatchOS.platform/Developer/usr/lib/swift/host/plugins/libFoundationMacros.dylib\#/Applications/Xcode-27.0.0-Release.Candidate.app/Contents/Developer/Platforms/WatchOS.platform/Developer/usr/bin/swift-plugin-server\#FoundationMacros -load-resolved-plugin /Applications/Xcode-27.0.0-Release.Candidate.app/Contents/Developer/Platforms/WatchOS.platform/Developer/usr/lib/swift/host/plugins/libObservationMacros.dylib\#/Applications/Xcode-27.0.0-Release.Candidate.app/Contents/Developer/Platforms/WatchOS.platform/Developer/usr/bin/swift-plugin-server\#ObservationMacros -load-resolved-plugin /Applications/Xcode-27.0.0-Release.Candidate.app/Contents/Developer/Platforms/WatchOS.platform/Developer/usr/lib/swift/host/plugins/libSwiftMacros.dylib\#/Applications/Xcode-27.0.0-Release.Candidate.app/Contents/Developer/Platforms/WatchOS.platform/Developer/usr/bin/swift-plugin-server\#SwiftMacros -disable-implicit-swift-modules -Xcc -fno-implicit-modules -Xcc -fno-implicit-module-maps -explicit-swift-module-map-file /Users/admin/builder/spi-builder-workspace/.derivedData/Build/Intermediates.noindex/WWNormalizeAudioPlayer.build/Debug-watchos/WWNormalizeAudioPlayer-t.build/Objects-normal/arm64/WWNormalizeAudioPlayer-dependencies-1.json -Xllvm -aarch64-use-tbi -enable-objc-interop -stack-check -sdk /Applications/Xcode-27.0.0-Release.Candidate.app/Contents/Developer/Platforms/WatchOS.platform/Developer/SDKs/WatchOS27.0.sdk -I /Users/admin/builder/spi-builder-workspace/.derivedData/Build/Products/Debug-watchos -Isystem /Applications/Xcode-27.0.0-Release.Candidate.app/Contents/Developer/Platforms/WatchOS.platform/Developer/usr/lib -F /Users/admin/builder/spi-builder-workspace/.derivedData/Build/Products/Debug-watchos -F /Applications/Xcode-27.0.0-Release.Candidate.app/Contents/Developer/Platforms/WatchOS.platform/Developer/Library/Frameworks -F /Applications/Xcode-27.0.0-Release.Candidate.app/Contents/Developer/Platforms/WatchOS.platform/Developer/SDKs/WatchOS27.0.sdk/Developer/Library/Frameworks -module-cache-path /Users/admin/builder/spi-builder-workspace/.derivedData/Build/Intermediates.noindex/SwiftExplicitPrecompiledModules -no-color-diagnostics -Xcc -fno-color-diagnostics -enable-testing -g -debug-info-format\=dwarf -dwarf-version\=4 -swift-version 5 -Onone -D SWIFT_PACKAGE -D DEBUG -D SWIFT_MODULE_RESOURCE_BUNDLE_UNAVAILABLE -D Xcode -serialize-debugging-options -enable-experimental-feature DebugDescriptionMacro -empty-abi-descriptor -validate-clang-modules-once -clang-build-session-file /Users/admin/builder/spi-builder-workspace/.derivedData/ModuleCache.noindex/Session.modulevalidation -Xcc -working-directory -Xcc /Users/admin/builder/spi-builder-workspace/.swiftpm/xcode -enable-anonymous-context-mangled-names -file-compilation-dir /Users/admin/builder/spi-builder-workspace/.swiftpm/xcode -Xcc -D_LIBCPP_HARDENING_MODE\=_LIBCPP_HARDENING_MODE_DEBUG -Xcc -ivfsstatcache -Xcc /Users/admin/builder/spi-builder-workspace/.derivedData/SDKStatCaches.noindex/watchos27.0-24R360-e829b21a6f8c9b70876ba0858053c04477534ef55a1706bf4c1112bbb242f0a2.sdkstatcache -Xcc -fmodules-prune-interval\=86400 -Xcc -fmodules-prune-after\=345600 -Xcc -I/Users/admin/builder/spi-builder-workspace/.derivedData/Build/Products/Debug-watchos/include -Xcc -I/Users/admin/builder/spi-builder-workspace/.derivedData/Build/Intermediates.noindex/WWNormalizeAudioPlayer.build/Debug-watchos/WWNormalizeAudioPlayer-t.build/DerivedSources-normal/arm64 -Xcc -I/Users/admin/builder/spi-builder-workspace/.derivedData/Build/Intermediates.noindex/WWNormalizeAudioPlayer.build/Debug-watchos/WWNormalizeAudioPlayer-t.build/DerivedSources/arm64 -Xcc -I/Users/admin/builder/spi-builder-workspace/.derivedData/Build/Intermediates.noindex/WWNormalizeAudioPlayer.build/Debug-watchos/WWNormalizeAudioPlayer-t.build/DerivedSources -Xcc -DSWIFT_PACKAGE -Xcc -DDEBUG\=1 -no-auto-bridging-header-chaining -module-name WWNormalizeAudioPlayer -package-name spi_builder_workspace -const-gather-protocols-file /Users/admin/builder/spi-builder-workspace/.derivedData/Build/Intermediates.noindex/WWNormalizeAudioPlayer.build/Debug-watchos/WWNormalizeAudioPlayer-t.build/Objects-normal/arm64/WWNormalizeAudioPlayer_const_extract_protocols.json -disable-clang-spi -clang-target arm64-apple-watchos27.0 -target-sdk-version 27.0 -target-sdk-name watchos27.0 -in-process-plugin-server-path /Applications/Xcode-27.0.0-Release.Candidate.app/Contents/Developer/Toolchains/XcodeDefault.xctoolchain/usr/lib/swift/host/libSwiftInProcPluginServer.dylib -emit-module-doc-path /Users/admin/builder/spi-builder-workspace/.derivedData/Build/Intermediates.noindex/WWNormalizeAudioPlayer.build/Debug-watchos/WWNormalizeAudioPlayer-t.build/Objects-normal/arm64/WWNormalizeAudioPlayer.swiftdoc -emit-module-source-info-path /Users/admin/builder/spi-builder-workspace/.derivedData/Build/Intermediates.noindex/WWNormalizeAudioPlayer.build/Debug-watchos/WWNormalizeAudioPlayer-t.build/Objects-normal/arm64/WWNormalizeAudioPlayer.swiftsourceinfo -emit-objc-header-path /Users/admin/builder/spi-builder-workspace/.derivedData/Build/Intermediates.noindex/WWNormalizeAudioPlayer.build/Debug-watchos/WWNormalizeAudioPlayer-t.build/Objects-normal/arm64/WWNormalizeAudioPlayer-Swift.h -serialize-diagnostics-path /Users/admin/builder/spi-builder-workspace/.derivedData/Build/Intermediates.noindex/WWNormalizeAudioPlayer.build/Debug-watchos/WWNormalizeAudioPlayer-t.build/Objects-normal/arm64/WWNormalizeAudioPlayer-primary-emit-module.dia -emit-dependencies-path /Users/admin/builder/spi-builder-workspace/.derivedData/Build/Intermediates.noindex/WWNormalizeAudioPlayer.build/Debug-watchos/WWNormalizeAudioPlayer-t.build/Objects-normal/arm64/WWNormalizeAudioPlayer-primary-emit-module.d -parse-as-library -o /Users/admin/builder/spi-builder-workspace/.derivedData/Build/Intermediates.noindex/WWNormalizeAudioPlayer.build/Debug-watchos/WWNormalizeAudioPlayer-t.build/Objects-normal/arm64/WWNormalizeAudioPlayer.swiftmodule -emit-abi-descriptor-path /Users/admin/builder/spi-builder-workspace/.derivedData/Build/Intermediates.noindex/WWNormalizeAudioPlayer.build/Debug-watchos/WWNormalizeAudioPlayer-t.build/Objects-normal/arm64/WWNormalizeAudioPlayer.abi.json
SwiftCompile normal arm64 (in target 'WWNormalizeAudioPlayer' from project 'WWNormalizeAudioPlayer')
    cd /Users/admin/builder/spi-builder-workspace/.swiftpm/xcode

SwiftCompile normal arm64 Compiling\ Constant.swift /Users/admin/builder/spi-builder-workspace/Sources/WWNormalizeAudioPlayer/Utility/Constant.swift (in target 'WWNormalizeAudioPlayer' from project 'WWNormalizeAudioPlayer')
SwiftCompile normal arm64 /Users/admin/builder/spi-builder-workspace/Sources/WWNormalizeAudioPlayer/Utility/Constant.swift (in target 'WWNormalizeAudioPlayer' from project 'WWNormalizeAudioPlayer')
    cd /Users/admin/builder/spi-builder-workspace/.swiftpm/xcode
    builtin-SwiftPerFileCompile Constant.swift
SwiftEmitModule normal arm64_32 Emitting\ module\ for\ WWNormalizeAudioPlayer (in target 'WWNormalizeAudioPlayer' from project 'WWNormalizeAudioPlayer')
/Users/admin/builder/spi-builder-workspace/Sources/WWNormalizeAudioPlayer/Tools/Equalizer.swift:16:24: error: 'AVAudioUnitEQ' is unavailable in watchOS
 14 |     public class Equalizer {
 15 |
 16 |         let audioNode: AVAudioUnitEQ    // 底層的 AVAudioUnitEQ 實例
    |                        `- error: 'AVAudioUnitEQ' is unavailable in watchOS
 17 |         let frequencies: [Float]        // 預設頻段對應的中心頻率
 18 |
/Applications/Xcode-27.0.0-Release.Candidate.app/Contents/Developer/Platforms/WatchOS.platform/Developer/SDKs/WatchOS27.0.sdk/System/Library/Frameworks/AVFAudio.framework/Headers/AVAudioUnitEQ.h:139:12: note: 'AVAudioUnitEQ' has been explicitly marked unavailable here
137 | */
138 | NS_SWIFT_SENDABLE API_AVAILABLE(macos(10.10), ios(8.0), tvos(9.0)) API_UNAVAILABLE(watchos)
139 | @interface AVAudioUnitEQ : AVAudioUnitEffect
    |            `- note: 'AVAudioUnitEQ' has been explicitly marked unavailable here
140 |
141 | /*! @method initWithNumberOfBands:
/Users/admin/builder/spi-builder-workspace/Sources/WWNormalizeAudioPlayer/WWNormalizeAudioPlayer.swift:19:42: error: 'CAFrameRateRange' is unavailable in watchOS
 17 |
 18 |     private var audioURLs: [URL] = []
 19 |     private var preferredFrameRateRange: CAFrameRateRange = .init(minimum: 5, maximum: 5)
    |                                          `- error: 'CAFrameRateRange' is unavailable in watchOS
 20 |     private var audioFile: AVAudioFile?
 21 |     private var audioEngine: AVAudioEngine?
/Applications/Xcode-27.0.0-Release.Candidate.app/Contents/Developer/Platforms/WatchOS.platform/Developer/SDKs/WatchOS27.0.sdk/System/Library/Frameworks/QuartzCore.framework/Headers/CAFrameRateRange.h:12:8: note: 'CAFrameRateRange' has been explicitly marked unavailable here
10 | #include <stdbool.h>
11 |
12 | struct CAFrameRateRange {
   |        `- note: 'CAFrameRateRange' has been explicitly marked unavailable here
13 |   float minimum;
14 |   float maximum;
/Users/admin/builder/spi-builder-workspace/Sources/WWNormalizeAudioPlayer/WWNormalizeAudioPlayer.swift:19:62: error: 'init(minimum:maximum:preferred:)' is unavailable in watchOS
 17 |
 18 |     private var audioURLs: [URL] = []
 19 |     private var preferredFrameRateRange: CAFrameRateRange = .init(minimum: 5, maximum: 5)
    |                                                              `- error: 'init(minimum:maximum:preferred:)' is unavailable in watchOS
 20 |     private var audioFile: AVAudioFile?
 21 |     private var audioEngine: AVAudioEngine?
QuartzCore.CAFrameRateRange.init:2:8: note: 'init(minimum:maximum:preferred:)' has been explicitly marked unavailable here
1 | struct CAFrameRateRange {
2 | public init(minimum: Float, maximum: Float, preferred: Float? = nil)}
  |        `- note: 'init(minimum:maximum:preferred:)' has been explicitly marked unavailable here
3 |
/Users/admin/builder/spi-builder-workspace/Sources/WWNormalizeAudioPlayer/WWNormalizeAudioPlayer.swift:27:35: error: 'CADisplayLink' is unavailable in watchOS
 25 |     private var playbackState: PlaybackState = .idle
 26 |
 27 |     private weak var displayLink: CADisplayLink?
    |                                   `- error: 'CADisplayLink' is unavailable in watchOS
 28 |
 29 |     public init() {}
/Applications/Xcode-27.0.0-Release.Candidate.app/Contents/Developer/Platforms/WatchOS.platform/Developer/SDKs/WatchOS27.0.sdk/System/Library/Frameworks/QuartzCore.framework/Headers/CADisplayLink.h:21:12: note: 'CADisplayLink' has been explicitly marked unavailable here
 19 | API_AVAILABLE(macos(14.0))
 20 |
 21 | @interface CADisplayLink : NSObject
    |            `- note: 'CADisplayLink' has been explicitly marked unavailable here
 22 | {
 23 | @private
/Users/admin/builder/spi-builder-workspace/Sources/WWNormalizeAudioPlayer/WWNormalizeAudioPlayer.swift:47:20: error: 'AVAudioUnitEQ' is unavailable in watchOS
 45 |
 46 |     /// AVAudioUnitEQ 實例
 47 |     var audioNode: AVAudioUnitEQ {
    |                    `- error: 'AVAudioUnitEQ' is unavailable in watchOS
 48 |         equalizer.audioNode
 49 |     }
/Applications/Xcode-27.0.0-Release.Candidate.app/Contents/Developer/Platforms/WatchOS.platform/Developer/SDKs/WatchOS27.0.sdk/System/Library/Frameworks/AVFAudio.framework/Headers/AVAudioUnitEQ.h:139:12: note: 'AVAudioUnitEQ' has been explicitly marked unavailable here
137 | */
138 | NS_SWIFT_SENDABLE API_AVAILABLE(macos(10.10), ios(8.0), tvos(9.0)) API_UNAVAILABLE(watchos)
139 | @interface AVAudioUnitEQ : AVAudioUnitEffect
    |            `- note: 'AVAudioUnitEQ' has been explicitly marked unavailable here
140 |
141 | /*! @method initWithNumberOfBands:
/Users/admin/builder/spi-builder-workspace/Sources/WWNormalizeAudioPlayer/WWNormalizeAudioPlayer.swift:62:82: error: 'CAFrameRateRange' is unavailable in watchOS
 60 |     /// - Throws: 當音訊會話或引擎初始化失敗時拋出錯誤
 61 |     @MainActor
 62 |     func prepare(audioURLs: [URL], delegate: Delegate?, preferredFrameRateRange: CAFrameRateRange = .init(minimum: 5, maximum: 5, preferred: 5), options: AVAudioSession.CategoryOptions = []) {
    |                                                                                  `- error: 'CAFrameRateRange' is unavailable in watchOS
 63 |
 64 |         self.delegate = delegate
/Applications/Xcode-27.0.0-Release.Candidate.app/Contents/Developer/Platforms/WatchOS.platform/Developer/SDKs/WatchOS27.0.sdk/System/Library/Frameworks/QuartzCore.framework/Headers/CAFrameRateRange.h:12:8: note: 'CAFrameRateRange' has been explicitly marked unavailable here
10 | #include <stdbool.h>
11 |
12 | struct CAFrameRateRange {
   |        `- note: 'CAFrameRateRange' has been explicitly marked unavailable here
13 |   float minimum;
14 |   float maximum;
/Users/admin/builder/spi-builder-workspace/Sources/WWNormalizeAudioPlayer/WWNormalizeAudioPlayer.swift:62:102: error: 'init(minimum:maximum:preferred:)' is unavailable in watchOS
 60 |     /// - Throws: 當音訊會話或引擎初始化失敗時拋出錯誤
 61 |     @MainActor
 62 |     func prepare(audioURLs: [URL], delegate: Delegate?, preferredFrameRateRange: CAFrameRateRange = .init(minimum: 5, maximum: 5, preferred: 5), options: AVAudioSession.CategoryOptions = []) {
    |                                                                                                      `- error: 'init(minimum:maximum:preferred:)' is unavailable in watchOS
 63 |
 64 |         self.delegate = delegate
QuartzCore.CAFrameRateRange.init:2:8: note: 'init(minimum:maximum:preferred:)' has been explicitly marked unavailable here
1 | struct CAFrameRateRange {
2 | public init(minimum: Float, maximum: Float, preferred: Float? = nil)}
  |        `- note: 'init(minimum:maximum:preferred:)' has been explicitly marked unavailable here
3 |
/Users/admin/builder/spi-builder-workspace/Sources/WWNormalizeAudioPlayer/WWNormalizeAudioPlayer.swift:143:40: error: 'CADisplayLink' is unavailable in watchOS
141 |     /// - Note: 此方法通常用於定期刷新目前播放時間並通知 delegate
142 |     @MainActor
143 |     func updatePlayTime(_ displayLink: CADisplayLink) {
    |                                        `- error: 'CADisplayLink' is unavailable in watchOS
144 |
145 |         do {
/Applications/Xcode-27.0.0-Release.Candidate.app/Contents/Developer/Platforms/WatchOS.platform/Developer/SDKs/WatchOS27.0.sdk/System/Library/Frameworks/QuartzCore.framework/Headers/CADisplayLink.h:21:12: note: 'CADisplayLink' has been explicitly marked unavailable here
 19 | API_AVAILABLE(macos(14.0))
 20 |
 21 | @interface CADisplayLink : NSObject
    |            `- note: 'CADisplayLink' has been explicitly marked unavailable here
 22 | {
 23 | @private
Failed frontend command:
/Applications/Xcode-27.0.0-Release.Candidate.app/Contents/Developer/Toolchains/XcodeDefault.xctoolchain/usr/bin/swift-frontend -frontend -emit-module -experimental-skip-non-inlinable-function-bodies-without-types /Users/admin/builder/spi-builder-workspace/Sources/WWNormalizeAudioPlayer/Tools/Equalizer.swift /Users/admin/builder/spi-builder-workspace/Sources/WWNormalizeAudioPlayer/Tools/SpectrumAnalyzer.swift /Users/admin/builder/spi-builder-workspace/Sources/WWNormalizeAudioPlayer/Utility/Constant.swift /Users/admin/builder/spi-builder-workspace/Sources/WWNormalizeAudioPlayer/Utility/Extension.swift /Users/admin/builder/spi-builder-workspace/Sources/WWNormalizeAudioPlayer/Utility/Model.swift /Users/admin/builder/spi-builder-workspace/Sources/WWNormalizeAudioPlayer/Utility/Protocol.swift /Users/admin/builder/spi-builder-workspace/Sources/WWNormalizeAudioPlayer/WWNormalizeAudioPlayer.swift -target arm64_32-apple-watchos10.0 -disable-cross-import-overlay-search -load-resolved-plugin /Applications/Xcode-27.0.0-Release.Candidate.app/Contents/Developer/Platforms/WatchOS.platform/Developer/usr/lib/swift/host/plugins/libFoundationMacros.dylib\#/Applications/Xcode-27.0.0-Release.Candidate.app/Contents/Developer/Platforms/WatchOS.platform/Developer/usr/bin/swift-plugin-server\#FoundationMacros -load-resolved-plugin /Applications/Xcode-27.0.0-Release.Candidate.app/Contents/Developer/Platforms/WatchOS.platform/Developer/usr/lib/swift/host/plugins/libObservationMacros.dylib\#/Applications/Xcode-27.0.0-Release.Candidate.app/Contents/Developer/Platforms/WatchOS.platform/Developer/usr/bin/swift-plugin-server\#ObservationMacros -load-resolved-plugin /Applications/Xcode-27.0.0-Release.Candidate.app/Contents/Developer/Platforms/WatchOS.platform/Developer/usr/lib/swift/host/plugins/libSwiftMacros.dylib\#/Applications/Xcode-27.0.0-Release.Candidate.app/Contents/Developer/Platforms/WatchOS.platform/Developer/usr/bin/swift-plugin-server\#SwiftMacros -disable-implicit-swift-modules -Xcc -fno-implicit-modules -Xcc -fno-implicit-module-maps -explicit-swift-module-map-file /Users/admin/builder/spi-builder-workspace/.derivedData/Build/Intermediates.noindex/WWNormalizeAudioPlayer.build/Debug-watchos/WWNormalizeAudioPlayer-t.build/Objects-normal/arm64_32/WWNormalizeAudioPlayer-dependencies-2.json -enable-objc-interop -sdk /Applications/Xcode-27.0.0-Release.Candidate.app/Contents/Developer/Platforms/WatchOS.platform/Developer/SDKs/WatchOS27.0.sdk -I /Users/admin/builder/spi-builder-workspace/.derivedData/Build/Products/Debug-watchos -Isystem /Applications/Xcode-27.0.0-Release.Candidate.app/Contents/Developer/Platforms/WatchOS.platform/Developer/usr/lib -F /Users/admin/builder/spi-builder-workspace/.derivedData/Build/Products/Debug-watchos -F /Applications/Xcode-27.0.0-Release.Candidate.app/Contents/Developer/Platforms/WatchOS.platform/Developer/Library/Frameworks -F /Applications/Xcode-27.0.0-Release.Candidate.app/Contents/Developer/Platforms/WatchOS.platform/Developer/SDKs/WatchOS27.0.sdk/Developer/Library/Frameworks -module-cache-path /Users/admin/builder/spi-builder-workspace/.derivedData/Build/Intermediates.noindex/SwiftExplicitPrecompiledModules -no-color-diagnostics -Xcc -fno-color-diagnostics -enable-testing -g -debug-info-format\=dwarf -dwarf-version\=4 -swift-version 5 -Onone -D SWIFT_PACKAGE -D DEBUG -D SWIFT_MODULE_RESOURCE_BUNDLE_UNAVAILABLE -D Xcode -serialize-debugging-options -enable-experimental-feature DebugDescriptionMacro -empty-abi-descriptor -validate-clang-modules-once -clang-build-session-file /Users/admin/builder/spi-builder-workspace/.derivedData/ModuleCache.noindex/Session.modulevalidation -Xcc -working-directory -Xcc /Users/admin/builder/spi-builder-workspace/.swiftpm/xcode -enable-anonymous-context-mangled-names -file-compilation-dir /Users/admin/builder/spi-builder-workspace/.swiftpm/xcode -Xcc -D_LIBCPP_HARDENING_MODE\=_LIBCPP_HARDENING_MODE_DEBUG -Xcc -ivfsstatcache -Xcc /Users/admin/builder/spi-builder-workspace/.derivedData/SDKStatCaches.noindex/watchos27.0-24R360-e829b21a6f8c9b70876ba0858053c04477534ef55a1706bf4c1112bbb242f0a2.sdkstatcache -Xcc -fmodules-prune-interval\=86400 -Xcc -fmodules-prune-after\=345600 -Xcc -I/Users/admin/builder/spi-builder-workspace/.derivedData/Build/Products/Debug-watchos/include -Xcc -I/Users/admin/builder/spi-builder-workspace/.derivedData/Build/Intermediates.noindex/WWNormalizeAudioPlayer.build/Debug-watchos/WWNormalizeAudioPlayer-t.build/DerivedSources-normal/arm64_32 -Xcc -I/Users/admin/builder/spi-builder-workspace/.derivedData/Build/Intermediates.noindex/WWNormalizeAudioPlayer.build/Debug-watchos/WWNormalizeAudioPlayer-t.build/DerivedSources/arm64_32 -Xcc -I/Users/admin/builder/spi-builder-workspace/.derivedData/Build/Intermediates.noindex/WWNormalizeAudioPlayer.build/Debug-watchos/WWNormalizeAudioPlayer-t.build/DerivedSources -Xcc -DSWIFT_PACKAGE -Xcc -DDEBUG\=1 -no-auto-bridging-header-chaining -module-name WWNormalizeAudioPlayer -package-name spi_builder_workspace -const-gather-protocols-file /Users/admin/builder/spi-builder-workspace/.derivedData/Build/Intermediates.noindex/WWNormalizeAudioPlayer.build/Debug-watchos/WWNormalizeAudioPlayer-t.build/Objects-normal/arm64_32/WWNormalizeAudioPlayer_const_extract_protocols.json -disable-clang-spi -clang-target arm64_32-apple-watchos27.0 -target-sdk-version 27.0 -target-sdk-name watchos27.0 -in-process-plugin-server-path /Applications/Xcode-27.0.0-Release.Candidate.app/Contents/Developer/Toolchains/XcodeDefault.xctoolchain/usr/lib/swift/host/libSwiftInProcPluginServer.dylib -emit-module-doc-path /Users/admin/builder/spi-builder-workspace/.derivedData/Build/Intermediates.noindex/WWNormalizeAudioPlayer.build/Debug-watchos/WWNormalizeAudioPlayer-t.build/Objects-normal/arm64_32/WWNormalizeAudioPlayer.swiftdoc -emit-module-source-info-path /Users/admin/builder/spi-builder-workspace/.derivedData/Build/Intermediates.noindex/WWNormalizeAudioPlayer.build/Debug-watchos/WWNormalizeAudioPlayer-t.build/Objects-normal/arm64_32/WWNormalizeAudioPlayer.swiftsourceinfo -emit-objc-header-path /Users/admin/builder/spi-builder-workspace/.derivedData/Build/Intermediates.noindex/WWNormalizeAudioPlayer.build/Debug-watchos/WWNormalizeAudioPlayer-t.build/Objects-normal/arm64_32/WWNormalizeAudioPlayer-Swift.h -serialize-diagnostics-path /Users/admin/builder/spi-builder-workspace/.derivedData/Build/Intermediates.noindex/WWNormalizeAudioPlayer.build/Debug-watchos/WWNormalizeAudioPlayer-t.build/Objects-normal/arm64_32/WWNormalizeAudioPlayer-primary-emit-module.dia -emit-dependencies-path /Users/admin/builder/spi-builder-workspace/.derivedData/Build/Intermediates.noindex/WWNormalizeAudioPlayer.build/Debug-watchos/WWNormalizeAudioPlayer-t.build/Objects-normal/arm64_32/WWNormalizeAudioPlayer-primary-emit-module.d -parse-as-library -o /Users/admin/builder/spi-builder-workspace/.derivedData/Build/Intermediates.noindex/WWNormalizeAudioPlayer.build/Debug-watchos/WWNormalizeAudioPlayer-t.build/Objects-normal/arm64_32/WWNormalizeAudioPlayer.swiftmodule -emit-abi-descriptor-path /Users/admin/builder/spi-builder-workspace/.derivedData/Build/Intermediates.noindex/WWNormalizeAudioPlayer.build/Debug-watchos/WWNormalizeAudioPlayer-t.build/Objects-normal/arm64_32/WWNormalizeAudioPlayer.abi.json
SwiftCompile normal arm64_32 (in target 'WWNormalizeAudioPlayer' from project 'WWNormalizeAudioPlayer')
    cd /Users/admin/builder/spi-builder-workspace/.swiftpm/xcode

SwiftCompile normal arm64_32 Compiling\ Protocol.swift /Users/admin/builder/spi-builder-workspace/Sources/WWNormalizeAudioPlayer/Utility/Protocol.swift (in target 'WWNormalizeAudioPlayer' from project 'WWNormalizeAudioPlayer')
SwiftCompile normal arm64_32 /Users/admin/builder/spi-builder-workspace/Sources/WWNormalizeAudioPlayer/Utility/Protocol.swift (in target 'WWNormalizeAudioPlayer' from project 'WWNormalizeAudioPlayer')
    cd /Users/admin/builder/spi-builder-workspace/.swiftpm/xcode
    builtin-SwiftPerFileCompile Protocol.swift
SwiftCompile normal arm64_32 Compiling\ WWNormalizeAudioPlayer.swift /Users/admin/builder/spi-builder-workspace/Sources/WWNormalizeAudioPlayer/WWNormalizeAudioPlayer.swift (in target 'WWNormalizeAudioPlayer' from project 'WWNormalizeAudioPlayer')
SwiftCompile normal arm64_32 /Users/admin/builder/spi-builder-workspace/Sources/WWNormalizeAudioPlayer/WWNormalizeAudioPlayer.swift (in target 'WWNormalizeAudioPlayer' from project 'WWNormalizeAudioPlayer')
    cd /Users/admin/builder/spi-builder-workspace/.swiftpm/xcode
    builtin-SwiftPerFileCompile WWNormalizeAudioPlayer.swift
PruneExplicitPrecompiledModules /Users/admin/builder/spi-builder-workspace/.derivedData/Build/Intermediates.noindex/ExplicitPrecompiledModules
PruneExplicitPrecompiledModules /Users/admin/builder/spi-builder-workspace/.derivedData/Build/Intermediates.noindex/SwiftExplicitPrecompiledModules
PruneExplicitPrecompiledModules /Users/admin/builder/spi-builder-workspace/.derivedData/SDKExplicitPrecompiledModules
2026-09-26 10:04:02.923 xcodebuild[746:4403] [MT] IDERunDestination: Supported platforms for the buildables in the current scheme is empty.
** BUILD FAILED **
The following build commands failed:
	SwiftEmitModule normal arm64 Emitting\ module\ for\ WWNormalizeAudioPlayer (in target 'WWNormalizeAudioPlayer' from project 'WWNormalizeAudioPlayer')
	SwiftCompile normal arm64 (in target 'WWNormalizeAudioPlayer' from project 'WWNormalizeAudioPlayer')
	SwiftEmitModule normal arm64_32 Emitting\ module\ for\ WWNormalizeAudioPlayer (in target 'WWNormalizeAudioPlayer' from project 'WWNormalizeAudioPlayer')
	SwiftCompile normal arm64_32 (in target 'WWNormalizeAudioPlayer' from project 'WWNormalizeAudioPlayer')
	Building workspace WWNormalizeAudioPlayer with scheme WWNormalizeAudioPlayer
(5 failures)
BUILD FAILURE 6.4 watchOS