Build Information
Failed to build QuilttConnector, reference main (f7e88a), with Swift 6.4 for watchOS using Xcode 27.0 on 22 Sep 2026 12:36:19 UTC.
Build Command
env DEVELOPER_DIR=/Applications/Xcode-27.0.0-Release.Candidate.app xcrun xcodebuild -IDEClonedSourcePackagesDirPathOverride=$PWD/.dependencies -skipMacroValidation -skipPackagePluginValidation -derivedDataPath $PWD/.derivedData build -scheme QuilttConnector -destination generic/platform=watchOSBuild Log
========================================
RunAll
========================================
Builder version: 5.1.0
Interrupt handler set up.
========================================
Checkout
========================================
Clone URL: https://github.com/quiltt/quiltt-ios.git
Reference: main
Initialized empty Git repository in /Users/admin/builder/spi-builder-workspace/.git/
From https://github.com/quiltt/quiltt-ios
* branch main -> FETCH_HEAD
* [new branch] main -> origin/main
HEAD is now at f7e88a2 Add public archive warning
Cloned https://github.com/quiltt/quiltt-ios.git
Revision (git rev-parse @):
f7e88a2218cb3dc6ecdc0d1c25ce20f9f599a3e1
SUCCESS checkout https://github.com/quiltt/quiltt-ios.git at main
========================================
Build
========================================
Selected platform: watchOS
Swift version: 6.4
Building package at path: $PWD
https://github.com/quiltt/quiltt-ios.git
Command line invocation:
/Applications/Xcode-27.0.0-Release.Candidate.app/Contents/Developer/usr/bin/xcodebuild -IDEClonedSourcePackagesDirPathOverride=/Users/admin/builder/spi-builder-workspace/.dependencies -resolvePackageDependencies
Resolve Package Graph
Fetching from https://github.com/apple/swift-format.git
Fetching from https://github.com/apple/swift-syntax.git
Fetching from https://github.com/apple/swift-argument-parser.git
Creating working copy of package ‘swift-format’
Checking out release/5.9 (1323e87) of package ‘swift-format’
Creating working copy of package ‘swift-argument-parser’
Checking out 1.8.2 of package ‘swift-argument-parser’
Creating working copy of package ‘swift-syntax’
Checking out release/5.9 (9a101b7) of package ‘swift-syntax’
Resolve Package Graph
Resolved source packages:
swift-argument-parser: https://github.com/apple/swift-argument-parser.git @ 1.8.2
swift-format: https://github.com/apple/swift-format.git @ release/5.9 (1323e87)
QuilttConnector: /Users/admin/builder/spi-builder-workspace
swift-syntax: https://github.com/apple/swift-syntax.git @ release/5.9 (9a101b7)
resolved source packages: swift-argument-parser, swift-format, QuilttConnector, swift-syntax
2026-09-22 08:35:27.600 xcodebuild[529:3023] [MT] IDERunDestination: Supported platforms for the buildables in the current scheme is empty.
{
"dependencies" : [
{
"identity" : "swift-format",
"requirement" : {
"branch" : [
"release/5.9"
]
},
"type" : "sourceControl",
"url" : "https://github.com/apple/swift-format.git"
}
],
"manifest_display_name" : "QuilttConnector",
"name" : "QuilttConnector",
"path" : "/Users/admin/builder/spi-builder-workspace",
"platforms" : [
{
"name" : "ios",
"version" : "13.0"
},
{
"name" : "macos",
"version" : "10.15"
}
],
"products" : [
{
"name" : "QuilttConnector",
"targets" : [
"QuilttConnector"
],
"type" : {
"library" : [
"automatic"
]
}
}
],
"targets" : [
{
"c99name" : "QuilttConnectorTests",
"module_type" : "SwiftTarget",
"name" : "QuilttConnectorTests",
"path" : "Tests/QuilttConnectorTests",
"sources" : [
"QuilttConnectorTests.swift"
],
"target_dependencies" : [
"QuilttConnector"
],
"type" : "test"
},
{
"c99name" : "QuilttConnector",
"module_type" : "SwiftTarget",
"name" : "QuilttConnector",
"path" : "Sources/QuilttConnector",
"product_memberships" : [
"QuilttConnector"
],
"sources" : [
"QuilttConnector.swift",
"QuilttConnectorConfiguration.swift",
"QuilttConnectorEvent.swift",
"QuilttConnectorWebview.swift",
"QuilttSdkVersion.swift",
"URLUtils.swift"
],
"type" : "library"
}
],
"tools_version" : "5.9"
}
{
"workspace" : {
"name" : "QuilttConnector",
"schemes" : [
"QuilttConnector"
]
}
}
2026-09-22 08:36:02.621 xcodebuild[780:4697] [MT] IDERunDestination: Supported platforms for the buildables in the current scheme is empty.
Running build ...
env DEVELOPER_DIR=/Applications/Xcode-27.0.0-Release.Candidate.app xcrun xcodebuild -IDEClonedSourcePackagesDirPathOverride=$PWD/.dependencies -skipMacroValidation -skipPackagePluginValidation -derivedDataPath $PWD/.derivedData build -scheme QuilttConnector -destination generic/platform=watchOS
Command line invocation:
/Applications/Xcode-27.0.0-Release.Candidate.app/Contents/Developer/usr/bin/xcodebuild -IDEClonedSourcePackagesDirPathOverride=/Users/admin/builder/spi-builder-workspace/.dependencies -skipMacroValidation -skipPackagePluginValidation -derivedDataPath /Users/admin/builder/spi-builder-workspace/.derivedData build -scheme QuilttConnector -destination generic/platform=watchOS
Resolve Package Graph
Resolve Package Graph
Resolved source packages:
swift-format: https://github.com/apple/swift-format.git @ release/5.9 (1323e87)
swift-argument-parser: https://github.com/apple/swift-argument-parser.git @ 1.8.2
swift-syntax: https://github.com/apple/swift-syntax.git @ release/5.9 (9a101b7)
QuilttConnector: /Users/admin/builder/spi-builder-workspace
ComputePackagePrebuildTargetDependencyGraph
Prepare packages
CreateBuildRequest
SendProjectDescription
CreateBuildOperation
ComputeTargetDependencyGraph
note: Building targets in dependency order
note: Target dependency graph (2 targets)
Target 'QuilttConnector-product' in project 'QuilttConnector'
➜ Explicit dependency on target 'QuilttConnector' in project 'QuilttConnector'
Target 'QuilttConnector' in project 'QuilttConnector' (no dependencies)
GatherProvisioningInputs
CreateBuildDescription
ExecuteExternalTool /Applications/Xcode-27.0.0-Release.Candidate.app/Contents/Developer/Toolchains/XcodeDefault.xctoolchain/usr/bin/clang -v -E -dM -isysroot /Applications/Xcode-27.0.0-Release.Candidate.app/Contents/Developer/Platforms/WatchOS.platform/Developer/SDKs/WatchOS27.0.sdk -x c -c /dev/null
ExecuteExternalTool /Applications/Xcode-27.0.0-Release.Candidate.app/Contents/Developer/Toolchains/XcodeDefault.xctoolchain/usr/bin/swiftc --version
ExecuteExternalTool /Applications/Xcode-27.0.0-Release.Candidate.app/Contents/Developer/Toolchains/XcodeDefault.xctoolchain/usr/bin/ld -version_details
Build description signature: 5712094e59ad6a1485ecf312828c7aa9
Build description path: /Users/admin/builder/spi-builder-workspace/.derivedData/Build/Intermediates.noindex/XCBuildData/5712094e59ad6a1485ecf312828c7aa9.xcbuilddata
CreateBuildDirectory /Users/admin/builder/spi-builder-workspace/.derivedData/SDKExplicitPrecompiledModules
cd /Users/admin/builder/spi-builder-workspace/.swiftpm/xcode
builtin-create-build-directory /Users/admin/builder/spi-builder-workspace/.derivedData/SDKExplicitPrecompiledModules
CreateBuildDirectory /Users/admin/builder/spi-builder-workspace/.derivedData/ModuleCache.noindex
cd /Users/admin/builder/spi-builder-workspace/.swiftpm/xcode
builtin-create-build-directory /Users/admin/builder/spi-builder-workspace/.derivedData/ModuleCache.noindex
CreateBuildDirectory /Users/admin/builder/spi-builder-workspace/.derivedData/CompilationCache.noindex
cd /Users/admin/builder/spi-builder-workspace/.swiftpm/xcode
builtin-create-build-directory /Users/admin/builder/spi-builder-workspace/.derivedData/CompilationCache.noindex
CreateBuildDirectory /Users/admin/builder/spi-builder-workspace/.derivedData/Build/Intermediates.noindex
cd /Users/admin/builder/spi-builder-workspace/.swiftpm/xcode
builtin-create-build-directory /Users/admin/builder/spi-builder-workspace/.derivedData/Build/Intermediates.noindex
CreateBuildDirectory /Users/admin/builder/spi-builder-workspace/.derivedData/Build/Products
cd /Users/admin/builder/spi-builder-workspace/.swiftpm/xcode
builtin-create-build-directory /Users/admin/builder/spi-builder-workspace/.derivedData/Build/Products
ClangStatCache /Applications/Xcode-27.0.0-Release.Candidate.app/Contents/Developer/Toolchains/XcodeDefault.xctoolchain/usr/bin/clang-stat-cache /Applications/Xcode-27.0.0-Release.Candidate.app/Contents/Developer/Platforms/WatchOS.platform/Developer/SDKs/WatchOS27.0.sdk /Users/admin/builder/spi-builder-workspace/.derivedData/SDKStatCaches.noindex/watchos27.0-24R360-e829b21a6f8c9b70876ba0858053c04477534ef55a1706bf4c1112bbb242f0a2.sdkstatcache
cd /Users/admin/builder/spi-builder-workspace/.swiftpm/xcode
/Applications/Xcode-27.0.0-Release.Candidate.app/Contents/Developer/Toolchains/XcodeDefault.xctoolchain/usr/bin/clang-stat-cache /Applications/Xcode-27.0.0-Release.Candidate.app/Contents/Developer/Platforms/WatchOS.platform/Developer/SDKs/WatchOS27.0.sdk -o /Users/admin/builder/spi-builder-workspace/.derivedData/SDKStatCaches.noindex/watchos27.0-24R360-e829b21a6f8c9b70876ba0858053c04477534ef55a1706bf4c1112bbb242f0a2.sdkstatcache
CreateBuildDirectory /Users/admin/builder/spi-builder-workspace/.derivedData/Build/Intermediates.noindex/PrecompiledHeaders
cd /Users/admin/builder/spi-builder-workspace/.swiftpm/xcode
builtin-create-build-directory /Users/admin/builder/spi-builder-workspace/.derivedData/Build/Intermediates.noindex/PrecompiledHeaders
CreateBuildDirectory /Users/admin/builder/spi-builder-workspace/.derivedData/Build/Intermediates.noindex/SwiftExplicitPrecompiledModules
cd /Users/admin/builder/spi-builder-workspace/.swiftpm/xcode
builtin-create-build-directory /Users/admin/builder/spi-builder-workspace/.derivedData/Build/Intermediates.noindex/SwiftExplicitPrecompiledModules
CreateBuildDirectory /Users/admin/builder/spi-builder-workspace/.derivedData/Build/Intermediates.noindex/ExplicitPrecompiledModules
cd /Users/admin/builder/spi-builder-workspace/.swiftpm/xcode
builtin-create-build-directory /Users/admin/builder/spi-builder-workspace/.derivedData/Build/Intermediates.noindex/ExplicitPrecompiledModules
CreateBuildDirectory /Users/admin/builder/spi-builder-workspace/.derivedData/Build/Intermediates.noindex/EagerLinkingTBDs/Debug-watchos
cd /Users/admin/builder/spi-builder-workspace/.swiftpm/xcode
builtin-create-build-directory /Users/admin/builder/spi-builder-workspace/.derivedData/Build/Intermediates.noindex/EagerLinkingTBDs/Debug-watchos
CreateBuildDirectory /Users/admin/builder/spi-builder-workspace/.derivedData/Build/Products/Debug-watchos
cd /Users/admin/builder/spi-builder-workspace/.swiftpm/xcode
builtin-create-build-directory /Users/admin/builder/spi-builder-workspace/.derivedData/Build/Products/Debug-watchos
CreateBuildDirectory /Users/admin/builder/spi-builder-workspace/.derivedData/Build/Products/Debug-watchos/PackageFrameworks
cd /Users/admin/builder/spi-builder-workspace/.swiftpm/xcode
builtin-create-build-directory /Users/admin/builder/spi-builder-workspace/.derivedData/Build/Products/Debug-watchos/PackageFrameworks
WriteAuxiliaryFile /Users/admin/builder/spi-builder-workspace/.derivedData/Build/Intermediates.noindex/QuilttConnector.build/Debug-watchos/QuilttConnector-t.build/QuilttConnector.modulemap (in target 'QuilttConnector' from project 'QuilttConnector')
cd /Users/admin/builder/spi-builder-workspace
write-file /Users/admin/builder/spi-builder-workspace/.derivedData/Build/Intermediates.noindex/QuilttConnector.build/Debug-watchos/QuilttConnector-t.build/QuilttConnector.modulemap
WriteAuxiliaryFile /Users/admin/builder/spi-builder-workspace/.derivedData/Build/Intermediates.noindex/QuilttConnector.build/Debug-watchos/QuilttConnector-t.build/QuilttConnector.DependencyStaticMetadataFileList (in target 'QuilttConnector' from project 'QuilttConnector')
cd /Users/admin/builder/spi-builder-workspace
write-file /Users/admin/builder/spi-builder-workspace/.derivedData/Build/Intermediates.noindex/QuilttConnector.build/Debug-watchos/QuilttConnector-t.build/QuilttConnector.DependencyStaticMetadataFileList
WriteAuxiliaryFile /Users/admin/builder/spi-builder-workspace/.derivedData/Build/Intermediates.noindex/QuilttConnector.build/Debug-watchos/QuilttConnector-t.build/QuilttConnector.DependencyMetadataFileList (in target 'QuilttConnector' from project 'QuilttConnector')
cd /Users/admin/builder/spi-builder-workspace
write-file /Users/admin/builder/spi-builder-workspace/.derivedData/Build/Intermediates.noindex/QuilttConnector.build/Debug-watchos/QuilttConnector-t.build/QuilttConnector.DependencyMetadataFileList
WriteAuxiliaryFile /Users/admin/builder/spi-builder-workspace/.derivedData/Build/Intermediates.noindex/QuilttConnector.build/Debug-watchos/QuilttConnector-t.build/Objects-normal/arm64_32/QuilttConnector.SwiftConstValuesFileList (in target 'QuilttConnector' from project 'QuilttConnector')
cd /Users/admin/builder/spi-builder-workspace
write-file /Users/admin/builder/spi-builder-workspace/.derivedData/Build/Intermediates.noindex/QuilttConnector.build/Debug-watchos/QuilttConnector-t.build/Objects-normal/arm64_32/QuilttConnector.SwiftConstValuesFileList
WriteAuxiliaryFile /Users/admin/builder/spi-builder-workspace/.derivedData/Build/Intermediates.noindex/QuilttConnector.build/Debug-watchos/QuilttConnector-t.build/Objects-normal/arm64_32/QuilttConnector.SwiftFileList (in target 'QuilttConnector' from project 'QuilttConnector')
cd /Users/admin/builder/spi-builder-workspace
write-file /Users/admin/builder/spi-builder-workspace/.derivedData/Build/Intermediates.noindex/QuilttConnector.build/Debug-watchos/QuilttConnector-t.build/Objects-normal/arm64_32/QuilttConnector.SwiftFileList
WriteAuxiliaryFile /Users/admin/builder/spi-builder-workspace/.derivedData/Build/Intermediates.noindex/QuilttConnector.build/Debug-watchos/QuilttConnector-t.build/Objects-normal/arm64_32/QuilttConnector.LinkFileList (in target 'QuilttConnector' from project 'QuilttConnector')
cd /Users/admin/builder/spi-builder-workspace
write-file /Users/admin/builder/spi-builder-workspace/.derivedData/Build/Intermediates.noindex/QuilttConnector.build/Debug-watchos/QuilttConnector-t.build/Objects-normal/arm64_32/QuilttConnector.LinkFileList
WriteAuxiliaryFile /Users/admin/builder/spi-builder-workspace/.derivedData/Build/Intermediates.noindex/QuilttConnector.build/Debug-watchos/QuilttConnector-t.build/Objects-normal/arm64_32/QuilttConnector-OutputFileMap.json (in target 'QuilttConnector' from project 'QuilttConnector')
cd /Users/admin/builder/spi-builder-workspace
write-file /Users/admin/builder/spi-builder-workspace/.derivedData/Build/Intermediates.noindex/QuilttConnector.build/Debug-watchos/QuilttConnector-t.build/Objects-normal/arm64_32/QuilttConnector-OutputFileMap.json
WriteAuxiliaryFile /Users/admin/builder/spi-builder-workspace/.derivedData/Build/Intermediates.noindex/QuilttConnector.build/Debug-watchos/QuilttConnector-t.build/Objects-normal/arm64_32/QuilttConnector_const_extract_protocols.json (in target 'QuilttConnector' from project 'QuilttConnector')
cd /Users/admin/builder/spi-builder-workspace
write-file /Users/admin/builder/spi-builder-workspace/.derivedData/Build/Intermediates.noindex/QuilttConnector.build/Debug-watchos/QuilttConnector-t.build/Objects-normal/arm64_32/QuilttConnector_const_extract_protocols.json
WriteAuxiliaryFile /Users/admin/builder/spi-builder-workspace/.derivedData/Build/Intermediates.noindex/QuilttConnector.build/Debug-watchos/QuilttConnector-t.build/Objects-normal/arm64/QuilttConnector_const_extract_protocols.json (in target 'QuilttConnector' from project 'QuilttConnector')
cd /Users/admin/builder/spi-builder-workspace
write-file /Users/admin/builder/spi-builder-workspace/.derivedData/Build/Intermediates.noindex/QuilttConnector.build/Debug-watchos/QuilttConnector-t.build/Objects-normal/arm64/QuilttConnector_const_extract_protocols.json
WriteAuxiliaryFile /Users/admin/builder/spi-builder-workspace/.derivedData/Build/Intermediates.noindex/QuilttConnector.build/Debug-watchos/QuilttConnector-t.build/Objects-normal/arm64/QuilttConnector.SwiftFileList (in target 'QuilttConnector' from project 'QuilttConnector')
cd /Users/admin/builder/spi-builder-workspace
write-file /Users/admin/builder/spi-builder-workspace/.derivedData/Build/Intermediates.noindex/QuilttConnector.build/Debug-watchos/QuilttConnector-t.build/Objects-normal/arm64/QuilttConnector.SwiftFileList
WriteAuxiliaryFile /Users/admin/builder/spi-builder-workspace/.derivedData/Build/Intermediates.noindex/QuilttConnector.build/Debug-watchos/QuilttConnector-t.build/Objects-normal/arm64/QuilttConnector.SwiftConstValuesFileList (in target 'QuilttConnector' from project 'QuilttConnector')
cd /Users/admin/builder/spi-builder-workspace
write-file /Users/admin/builder/spi-builder-workspace/.derivedData/Build/Intermediates.noindex/QuilttConnector.build/Debug-watchos/QuilttConnector-t.build/Objects-normal/arm64/QuilttConnector.SwiftConstValuesFileList
WriteAuxiliaryFile /Users/admin/builder/spi-builder-workspace/.derivedData/Build/Intermediates.noindex/QuilttConnector.build/Debug-watchos/QuilttConnector-t.build/Objects-normal/arm64/QuilttConnector.LinkFileList (in target 'QuilttConnector' from project 'QuilttConnector')
cd /Users/admin/builder/spi-builder-workspace
write-file /Users/admin/builder/spi-builder-workspace/.derivedData/Build/Intermediates.noindex/QuilttConnector.build/Debug-watchos/QuilttConnector-t.build/Objects-normal/arm64/QuilttConnector.LinkFileList
WriteAuxiliaryFile /Users/admin/builder/spi-builder-workspace/.derivedData/Build/Intermediates.noindex/QuilttConnector.build/Debug-watchos/QuilttConnector-t.build/Objects-normal/arm64/QuilttConnector-OutputFileMap.json (in target 'QuilttConnector' from project 'QuilttConnector')
cd /Users/admin/builder/spi-builder-workspace
write-file /Users/admin/builder/spi-builder-workspace/.derivedData/Build/Intermediates.noindex/QuilttConnector.build/Debug-watchos/QuilttConnector-t.build/Objects-normal/arm64/QuilttConnector-OutputFileMap.json
Copy /Users/admin/builder/spi-builder-workspace/.derivedData/Build/Intermediates.noindex/GeneratedModuleMaps-watchos/QuilttConnector.modulemap /Users/admin/builder/spi-builder-workspace/.derivedData/Build/Intermediates.noindex/QuilttConnector.build/Debug-watchos/QuilttConnector-t.build/QuilttConnector.modulemap (in target 'QuilttConnector' from project 'QuilttConnector')
cd /Users/admin/builder/spi-builder-workspace
builtin-copy -exclude .DS_Store -exclude CVS -exclude .svn -exclude .git -exclude .hg -resolve-src-symlinks /Users/admin/builder/spi-builder-workspace/.derivedData/Build/Intermediates.noindex/QuilttConnector.build/Debug-watchos/QuilttConnector-t.build/QuilttConnector.modulemap /Users/admin/builder/spi-builder-workspace/.derivedData/Build/Intermediates.noindex/GeneratedModuleMaps-watchos
SwiftDriver QuilttConnector normal arm64 com.apple.xcode.tools.swift.compiler (in target 'QuilttConnector' from project 'QuilttConnector')
cd /Users/admin/builder/spi-builder-workspace/.swiftpm/xcode
builtin-SwiftDriver -- /Applications/Xcode-27.0.0-Release.Candidate.app/Contents/Developer/Toolchains/XcodeDefault.xctoolchain/usr/bin/swiftc -parse-as-library -module-name QuilttConnector -Onone @/Users/admin/builder/spi-builder-workspace/.derivedData/Build/Intermediates.noindex/QuilttConnector.build/Debug-watchos/QuilttConnector-t.build/Objects-normal/arm64/QuilttConnector.SwiftFileList -DSWIFT_PACKAGE -DDEBUG -DSWIFT_MODULE_RESOURCE_BUNDLE_UNAVAILABLE -DXcode -plugin-path /Applications/Xcode-27.0.0-Release.Candidate.app/Contents/Developer/Toolchains/XcodeDefault.xctoolchain/usr/lib/swift/host/plugins/testing -enable-experimental-feature DebugDescriptionMacro -sdk /Applications/Xcode-27.0.0-Release.Candidate.app/Contents/Developer/Platforms/WatchOS.platform/Developer/SDKs/WatchOS27.0.sdk -target arm64-apple-watchos9.0 -g -module-cache-path /Users/admin/builder/spi-builder-workspace/.derivedData/ModuleCache.noindex -Xfrontend -serialize-debugging-options -profile-coverage-mapping -profile-generate -enable-testing -index-store-path /Users/admin/builder/spi-builder-workspace/.derivedData/Index.noindex/DataStore -Xcc -D_LIBCPP_HARDENING_MODE\=_LIBCPP_HARDENING_MODE_DEBUG -swift-version 5 -I /Users/admin/builder/spi-builder-workspace/.derivedData/Build/Products/Debug-watchos -Isystem /Applications/Xcode-27.0.0-Release.Candidate.app/Contents/Developer/Platforms/WatchOS.platform/Developer/usr/lib -F /Users/admin/builder/spi-builder-workspace/.derivedData/Build/Products/Debug-watchos -F /Applications/Xcode-27.0.0-Release.Candidate.app/Contents/Developer/Platforms/WatchOS.platform/Developer/Library/Frameworks -F /Applications/Xcode-27.0.0-Release.Candidate.app/Contents/Developer/Platforms/WatchOS.platform/Developer/SDKs/WatchOS27.0.sdk/Developer/Library/Frameworks -c -j10 -enable-batch-mode -incremental -Xcc -ivfsstatcache -Xcc /Users/admin/builder/spi-builder-workspace/.derivedData/SDKStatCaches.noindex/watchos27.0-24R360-e829b21a6f8c9b70876ba0858053c04477534ef55a1706bf4c1112bbb242f0a2.sdkstatcache -output-file-map /Users/admin/builder/spi-builder-workspace/.derivedData/Build/Intermediates.noindex/QuilttConnector.build/Debug-watchos/QuilttConnector-t.build/Objects-normal/arm64/QuilttConnector-OutputFileMap.json -save-temps -no-color-diagnostics -explicit-module-build -module-cache-path /Users/admin/builder/spi-builder-workspace/.derivedData/Build/Intermediates.noindex/SwiftExplicitPrecompiledModules -clang-scanner-module-cache-path /Users/admin/builder/spi-builder-workspace/.derivedData/ModuleCache.noindex -sdk-module-cache-path /Users/admin/builder/spi-builder-workspace/.derivedData/SDKExplicitPrecompiledModules -emit-dependencies -emit-module -emit-module-path /Users/admin/builder/spi-builder-workspace/.derivedData/Build/Intermediates.noindex/QuilttConnector.build/Debug-watchos/QuilttConnector-t.build/Objects-normal/arm64/QuilttConnector.swiftmodule -serialize-diagnostics -dependency-scan-serialize-diagnostics-path /Users/admin/builder/spi-builder-workspace/.derivedData/Build/Intermediates.noindex/QuilttConnector.build/Debug-watchos/QuilttConnector-t.build/Objects-normal/arm64/QuilttConnector-dependency-scan.dia -validate-clang-modules-once -clang-build-session-file /Users/admin/builder/spi-builder-workspace/.derivedData/ModuleCache.noindex/Session.modulevalidation -Xcc -fmodules-prune-interval\=86400 -Xcc -fmodules-prune-after\=345600 -package-name spi_builder_workspace -emit-const-values -const-gather-protocols-list /Users/admin/builder/spi-builder-workspace/.derivedData/Build/Intermediates.noindex/QuilttConnector.build/Debug-watchos/QuilttConnector-t.build/Objects-normal/arm64/QuilttConnector_const_extract_protocols.json -Xcc -I/Users/admin/builder/spi-builder-workspace/.derivedData/Build/Products/Debug-watchos/include -Xcc -I/Users/admin/builder/spi-builder-workspace/.derivedData/Build/Intermediates.noindex/QuilttConnector.build/Debug-watchos/QuilttConnector-t.build/DerivedSources-normal/arm64 -Xcc -I/Users/admin/builder/spi-builder-workspace/.derivedData/Build/Intermediates.noindex/QuilttConnector.build/Debug-watchos/QuilttConnector-t.build/DerivedSources/arm64 -Xcc -I/Users/admin/builder/spi-builder-workspace/.derivedData/Build/Intermediates.noindex/QuilttConnector.build/Debug-watchos/QuilttConnector-t.build/DerivedSources -Xcc -DSWIFT_PACKAGE -Xcc -DDEBUG\=1 -emit-objc-header -emit-objc-header-path /Users/admin/builder/spi-builder-workspace/.derivedData/Build/Intermediates.noindex/QuilttConnector.build/Debug-watchos/QuilttConnector-t.build/Objects-normal/arm64/QuilttConnector-Swift.h -working-directory /Users/admin/builder/spi-builder-workspace/.swiftpm/xcode -experimental-emit-module-separately -disable-cmo
/Users/admin/builder/spi-builder-workspace/Sources/QuilttConnector/QuilttConnector.swift:5:8: error: Unable to resolve module dependency: 'WebKit' (in target 'QuilttConnector' from project 'QuilttConnector')
note: A dependency of main module 'QuilttConnector'
/Users/admin/builder/spi-builder-workspace/Sources/QuilttConnector/QuilttConnectorWebview.swift:5:24: note: Also imported here
/Users/admin/builder/spi-builder-workspace/Sources/QuilttConnector/QuilttConnector.swift:5:8: note: A dependency of main module 'QuilttConnector'
import WebKit
^ (in target 'QuilttConnector' from project 'QuilttConnector')
/Users/admin/builder/spi-builder-workspace/Sources/QuilttConnector/QuilttConnectorWebview.swift:5:24: note: Also imported here
@preconcurrency import WebKit
^ (in target 'QuilttConnector' from project 'QuilttConnector')
SwiftDriver QuilttConnector normal arm64_32 com.apple.xcode.tools.swift.compiler (in target 'QuilttConnector' from project 'QuilttConnector')
cd /Users/admin/builder/spi-builder-workspace/.swiftpm/xcode
builtin-SwiftDriver -- /Applications/Xcode-27.0.0-Release.Candidate.app/Contents/Developer/Toolchains/XcodeDefault.xctoolchain/usr/bin/swiftc -parse-as-library -module-name QuilttConnector -Onone @/Users/admin/builder/spi-builder-workspace/.derivedData/Build/Intermediates.noindex/QuilttConnector.build/Debug-watchos/QuilttConnector-t.build/Objects-normal/arm64_32/QuilttConnector.SwiftFileList -DSWIFT_PACKAGE -DDEBUG -DSWIFT_MODULE_RESOURCE_BUNDLE_UNAVAILABLE -DXcode -plugin-path /Applications/Xcode-27.0.0-Release.Candidate.app/Contents/Developer/Toolchains/XcodeDefault.xctoolchain/usr/lib/swift/host/plugins/testing -enable-experimental-feature DebugDescriptionMacro -sdk /Applications/Xcode-27.0.0-Release.Candidate.app/Contents/Developer/Platforms/WatchOS.platform/Developer/SDKs/WatchOS27.0.sdk -target arm64_32-apple-watchos9.0 -g -module-cache-path /Users/admin/builder/spi-builder-workspace/.derivedData/ModuleCache.noindex -Xfrontend -serialize-debugging-options -profile-coverage-mapping -profile-generate -enable-testing -index-store-path /Users/admin/builder/spi-builder-workspace/.derivedData/Index.noindex/DataStore -Xcc -D_LIBCPP_HARDENING_MODE\=_LIBCPP_HARDENING_MODE_DEBUG -swift-version 5 -I /Users/admin/builder/spi-builder-workspace/.derivedData/Build/Products/Debug-watchos -Isystem /Applications/Xcode-27.0.0-Release.Candidate.app/Contents/Developer/Platforms/WatchOS.platform/Developer/usr/lib -F /Users/admin/builder/spi-builder-workspace/.derivedData/Build/Products/Debug-watchos -F /Applications/Xcode-27.0.0-Release.Candidate.app/Contents/Developer/Platforms/WatchOS.platform/Developer/Library/Frameworks -F /Applications/Xcode-27.0.0-Release.Candidate.app/Contents/Developer/Platforms/WatchOS.platform/Developer/SDKs/WatchOS27.0.sdk/Developer/Library/Frameworks -c -j10 -enable-batch-mode -incremental -Xcc -ivfsstatcache -Xcc /Users/admin/builder/spi-builder-workspace/.derivedData/SDKStatCaches.noindex/watchos27.0-24R360-e829b21a6f8c9b70876ba0858053c04477534ef55a1706bf4c1112bbb242f0a2.sdkstatcache -output-file-map /Users/admin/builder/spi-builder-workspace/.derivedData/Build/Intermediates.noindex/QuilttConnector.build/Debug-watchos/QuilttConnector-t.build/Objects-normal/arm64_32/QuilttConnector-OutputFileMap.json -save-temps -no-color-diagnostics -explicit-module-build -module-cache-path /Users/admin/builder/spi-builder-workspace/.derivedData/Build/Intermediates.noindex/SwiftExplicitPrecompiledModules -clang-scanner-module-cache-path /Users/admin/builder/spi-builder-workspace/.derivedData/ModuleCache.noindex -sdk-module-cache-path /Users/admin/builder/spi-builder-workspace/.derivedData/SDKExplicitPrecompiledModules -emit-dependencies -emit-module -emit-module-path /Users/admin/builder/spi-builder-workspace/.derivedData/Build/Intermediates.noindex/QuilttConnector.build/Debug-watchos/QuilttConnector-t.build/Objects-normal/arm64_32/QuilttConnector.swiftmodule -serialize-diagnostics -dependency-scan-serialize-diagnostics-path /Users/admin/builder/spi-builder-workspace/.derivedData/Build/Intermediates.noindex/QuilttConnector.build/Debug-watchos/QuilttConnector-t.build/Objects-normal/arm64_32/QuilttConnector-dependency-scan.dia -validate-clang-modules-once -clang-build-session-file /Users/admin/builder/spi-builder-workspace/.derivedData/ModuleCache.noindex/Session.modulevalidation -Xcc -fmodules-prune-interval\=86400 -Xcc -fmodules-prune-after\=345600 -package-name spi_builder_workspace -emit-const-values -const-gather-protocols-list /Users/admin/builder/spi-builder-workspace/.derivedData/Build/Intermediates.noindex/QuilttConnector.build/Debug-watchos/QuilttConnector-t.build/Objects-normal/arm64_32/QuilttConnector_const_extract_protocols.json -Xcc -I/Users/admin/builder/spi-builder-workspace/.derivedData/Build/Products/Debug-watchos/include -Xcc -I/Users/admin/builder/spi-builder-workspace/.derivedData/Build/Intermediates.noindex/QuilttConnector.build/Debug-watchos/QuilttConnector-t.build/DerivedSources-normal/arm64_32 -Xcc -I/Users/admin/builder/spi-builder-workspace/.derivedData/Build/Intermediates.noindex/QuilttConnector.build/Debug-watchos/QuilttConnector-t.build/DerivedSources/arm64_32 -Xcc -I/Users/admin/builder/spi-builder-workspace/.derivedData/Build/Intermediates.noindex/QuilttConnector.build/Debug-watchos/QuilttConnector-t.build/DerivedSources -Xcc -DSWIFT_PACKAGE -Xcc -DDEBUG\=1 -emit-objc-header -emit-objc-header-path /Users/admin/builder/spi-builder-workspace/.derivedData/Build/Intermediates.noindex/QuilttConnector.build/Debug-watchos/QuilttConnector-t.build/Objects-normal/arm64_32/QuilttConnector-Swift.h -working-directory /Users/admin/builder/spi-builder-workspace/.swiftpm/xcode -experimental-emit-module-separately -disable-cmo
/Users/admin/builder/spi-builder-workspace/Sources/QuilttConnector/QuilttConnector.swift:5:8: error: Unable to resolve module dependency: 'WebKit' (in target 'QuilttConnector' from project 'QuilttConnector')
note: A dependency of main module 'QuilttConnector'
/Users/admin/builder/spi-builder-workspace/Sources/QuilttConnector/QuilttConnectorWebview.swift:5:24: note: Also imported here
/Users/admin/builder/spi-builder-workspace/Sources/QuilttConnector/QuilttConnector.swift:5:8: note: A dependency of main module 'QuilttConnector'
import WebKit
^ (in target 'QuilttConnector' from project 'QuilttConnector')
/Users/admin/builder/spi-builder-workspace/Sources/QuilttConnector/QuilttConnectorWebview.swift:5:24: note: Also imported here
@preconcurrency import WebKit
^ (in target 'QuilttConnector' from project 'QuilttConnector')
PruneExplicitPrecompiledModules /Users/admin/builder/spi-builder-workspace/.derivedData/Build/Intermediates.noindex/SwiftExplicitPrecompiledModules
PruneExplicitPrecompiledModules /Users/admin/builder/spi-builder-workspace/.derivedData/Build/Intermediates.noindex/ExplicitPrecompiledModules
PruneExplicitPrecompiledModules /Users/admin/builder/spi-builder-workspace/.derivedData/SDKExplicitPrecompiledModules
2026-09-22 08:36:07.243 xcodebuild[791:4805] [MT] IDERunDestination: Supported platforms for the buildables in the current scheme is empty.
** BUILD FAILED **
The following build commands failed:
SwiftDriver QuilttConnector normal arm64 com.apple.xcode.tools.swift.compiler (in target 'QuilttConnector' from project 'QuilttConnector')
SwiftDriver QuilttConnector normal arm64_32 com.apple.xcode.tools.swift.compiler (in target 'QuilttConnector' from project 'QuilttConnector')
Building workspace QuilttConnector with scheme QuilttConnector
(3 failures)
Command line invocation:
/Applications/Xcode-27.0.0-Release.Candidate.app/Contents/Developer/usr/bin/xcodebuild -IDEClonedSourcePackagesDirPathOverride=/Users/admin/builder/spi-builder-workspace/.dependencies -resolvePackageDependencies
Resolve Package Graph
Resolved source packages:
QuilttConnector: /Users/admin/builder/spi-builder-workspace
swift-format: https://github.com/apple/swift-format.git @ release/5.9 (1323e87)
swift-argument-parser: https://github.com/apple/swift-argument-parser.git @ 1.8.2
swift-syntax: https://github.com/apple/swift-syntax.git @ release/5.9 (9a101b7)
resolved source packages: QuilttConnector, swift-format, swift-argument-parser, swift-syntax
2026-09-22 08:36:13.426 xcodebuild[850:5306] [MT] IDERunDestination: Supported platforms for the buildables in the current scheme is empty.
{
"dependencies" : [
{
"identity" : "swift-format",
"requirement" : {
"branch" : [
"release/5.9"
]
},
"type" : "sourceControl",
"url" : "https://github.com/apple/swift-format.git"
}
],
"manifest_display_name" : "QuilttConnector",
"name" : "QuilttConnector",
"path" : "/Users/admin/builder/spi-builder-workspace",
"platforms" : [
{
"name" : "ios",
"version" : "13.0"
},
{
"name" : "macos",
"version" : "10.15"
}
],
"products" : [
{
"name" : "QuilttConnector",
"targets" : [
"QuilttConnector"
],
"type" : {
"library" : [
"automatic"
]
}
}
],
"targets" : [
{
"c99name" : "QuilttConnectorTests",
"module_type" : "SwiftTarget",
"name" : "QuilttConnectorTests",
"path" : "Tests/QuilttConnectorTests",
"sources" : [
"QuilttConnectorTests.swift"
],
"target_dependencies" : [
"QuilttConnector"
],
"type" : "test"
},
{
"c99name" : "QuilttConnector",
"module_type" : "SwiftTarget",
"name" : "QuilttConnector",
"path" : "Sources/QuilttConnector",
"product_memberships" : [
"QuilttConnector"
],
"sources" : [
"QuilttConnector.swift",
"QuilttConnectorConfiguration.swift",
"QuilttConnectorEvent.swift",
"QuilttConnectorWebview.swift",
"QuilttSdkVersion.swift",
"URLUtils.swift"
],
"type" : "library"
}
],
"tools_version" : "5.9"
}
{
"workspace" : {
"name" : "QuilttConnector",
"schemes" : [
"QuilttConnector"
]
}
}
2026-09-22 08:36:16.106 xcodebuild[868:5433] [MT] IDERunDestination: Supported platforms for the buildables in the current scheme is empty.
Running build ...
env DEVELOPER_DIR=/Applications/Xcode-27.0.0-Release.Candidate.app xcrun xcodebuild -IDEClonedSourcePackagesDirPathOverride=$PWD/.dependencies -skipMacroValidation -skipPackagePluginValidation -derivedDataPath $PWD/.derivedData build -scheme QuilttConnector -destination generic/platform=watchOS
Command line invocation:
/Applications/Xcode-27.0.0-Release.Candidate.app/Contents/Developer/usr/bin/xcodebuild -IDEClonedSourcePackagesDirPathOverride=/Users/admin/builder/spi-builder-workspace/.dependencies -skipMacroValidation -skipPackagePluginValidation -derivedDataPath /Users/admin/builder/spi-builder-workspace/.derivedData build -scheme QuilttConnector -destination generic/platform=watchOS
Resolve Package Graph
Resolved source packages:
QuilttConnector: /Users/admin/builder/spi-builder-workspace
swift-argument-parser: https://github.com/apple/swift-argument-parser.git @ 1.8.2
swift-format: https://github.com/apple/swift-format.git @ release/5.9 (1323e87)
swift-syntax: https://github.com/apple/swift-syntax.git @ release/5.9 (9a101b7)
ComputePackagePrebuildTargetDependencyGraph
Prepare packages
CreateBuildRequest
SendProjectDescription
CreateBuildOperation
ComputeTargetDependencyGraph
note: Building targets in dependency order
note: Target dependency graph (2 targets)
Target 'QuilttConnector-product' in project 'QuilttConnector'
➜ Explicit dependency on target 'QuilttConnector' in project 'QuilttConnector'
Target 'QuilttConnector' in project 'QuilttConnector' (no dependencies)
GatherProvisioningInputs
CreateBuildDescription
ClangStatCache /Applications/Xcode-27.0.0-Release.Candidate.app/Contents/Developer/Toolchains/XcodeDefault.xctoolchain/usr/bin/clang-stat-cache /Applications/Xcode-27.0.0-Release.Candidate.app/Contents/Developer/Platforms/WatchOS.platform/Developer/SDKs/WatchOS27.0.sdk /Users/admin/builder/spi-builder-workspace/.derivedData/SDKStatCaches.noindex/watchos27.0-24R360-e829b21a6f8c9b70876ba0858053c04477534ef55a1706bf4c1112bbb242f0a2.sdkstatcache
cd /Users/admin/builder/spi-builder-workspace/.swiftpm/xcode
/Applications/Xcode-27.0.0-Release.Candidate.app/Contents/Developer/Toolchains/XcodeDefault.xctoolchain/usr/bin/clang-stat-cache /Applications/Xcode-27.0.0-Release.Candidate.app/Contents/Developer/Platforms/WatchOS.platform/Developer/SDKs/WatchOS27.0.sdk -o /Users/admin/builder/spi-builder-workspace/.derivedData/SDKStatCaches.noindex/watchos27.0-24R360-e829b21a6f8c9b70876ba0858053c04477534ef55a1706bf4c1112bbb242f0a2.sdkstatcache
SwiftDriver QuilttConnector normal arm64_32 com.apple.xcode.tools.swift.compiler (in target 'QuilttConnector' from project 'QuilttConnector')
cd /Users/admin/builder/spi-builder-workspace/.swiftpm/xcode
builtin-SwiftDriver -- /Applications/Xcode-27.0.0-Release.Candidate.app/Contents/Developer/Toolchains/XcodeDefault.xctoolchain/usr/bin/swiftc -parse-as-library -module-name QuilttConnector -Onone @/Users/admin/builder/spi-builder-workspace/.derivedData/Build/Intermediates.noindex/QuilttConnector.build/Debug-watchos/QuilttConnector-t.build/Objects-normal/arm64_32/QuilttConnector.SwiftFileList -DSWIFT_PACKAGE -DDEBUG -DSWIFT_MODULE_RESOURCE_BUNDLE_UNAVAILABLE -DXcode -plugin-path /Applications/Xcode-27.0.0-Release.Candidate.app/Contents/Developer/Toolchains/XcodeDefault.xctoolchain/usr/lib/swift/host/plugins/testing -enable-experimental-feature DebugDescriptionMacro -sdk /Applications/Xcode-27.0.0-Release.Candidate.app/Contents/Developer/Platforms/WatchOS.platform/Developer/SDKs/WatchOS27.0.sdk -target arm64_32-apple-watchos9.0 -g -module-cache-path /Users/admin/builder/spi-builder-workspace/.derivedData/ModuleCache.noindex -Xfrontend -serialize-debugging-options -profile-coverage-mapping -profile-generate -enable-testing -index-store-path /Users/admin/builder/spi-builder-workspace/.derivedData/Index.noindex/DataStore -Xcc -D_LIBCPP_HARDENING_MODE\=_LIBCPP_HARDENING_MODE_DEBUG -swift-version 5 -I /Users/admin/builder/spi-builder-workspace/.derivedData/Build/Products/Debug-watchos -Isystem /Applications/Xcode-27.0.0-Release.Candidate.app/Contents/Developer/Platforms/WatchOS.platform/Developer/usr/lib -F /Users/admin/builder/spi-builder-workspace/.derivedData/Build/Products/Debug-watchos -F /Applications/Xcode-27.0.0-Release.Candidate.app/Contents/Developer/Platforms/WatchOS.platform/Developer/Library/Frameworks -F /Applications/Xcode-27.0.0-Release.Candidate.app/Contents/Developer/Platforms/WatchOS.platform/Developer/SDKs/WatchOS27.0.sdk/Developer/Library/Frameworks -c -j10 -enable-batch-mode -incremental -Xcc -ivfsstatcache -Xcc /Users/admin/builder/spi-builder-workspace/.derivedData/SDKStatCaches.noindex/watchos27.0-24R360-e829b21a6f8c9b70876ba0858053c04477534ef55a1706bf4c1112bbb242f0a2.sdkstatcache -output-file-map /Users/admin/builder/spi-builder-workspace/.derivedData/Build/Intermediates.noindex/QuilttConnector.build/Debug-watchos/QuilttConnector-t.build/Objects-normal/arm64_32/QuilttConnector-OutputFileMap.json -save-temps -no-color-diagnostics -explicit-module-build -module-cache-path /Users/admin/builder/spi-builder-workspace/.derivedData/Build/Intermediates.noindex/SwiftExplicitPrecompiledModules -clang-scanner-module-cache-path /Users/admin/builder/spi-builder-workspace/.derivedData/ModuleCache.noindex -sdk-module-cache-path /Users/admin/builder/spi-builder-workspace/.derivedData/SDKExplicitPrecompiledModules -emit-dependencies -emit-module -emit-module-path /Users/admin/builder/spi-builder-workspace/.derivedData/Build/Intermediates.noindex/QuilttConnector.build/Debug-watchos/QuilttConnector-t.build/Objects-normal/arm64_32/QuilttConnector.swiftmodule -serialize-diagnostics -dependency-scan-serialize-diagnostics-path /Users/admin/builder/spi-builder-workspace/.derivedData/Build/Intermediates.noindex/QuilttConnector.build/Debug-watchos/QuilttConnector-t.build/Objects-normal/arm64_32/QuilttConnector-dependency-scan.dia -validate-clang-modules-once -clang-build-session-file /Users/admin/builder/spi-builder-workspace/.derivedData/ModuleCache.noindex/Session.modulevalidation -Xcc -fmodules-prune-interval\=86400 -Xcc -fmodules-prune-after\=345600 -package-name spi_builder_workspace -emit-const-values -const-gather-protocols-list /Users/admin/builder/spi-builder-workspace/.derivedData/Build/Intermediates.noindex/QuilttConnector.build/Debug-watchos/QuilttConnector-t.build/Objects-normal/arm64_32/QuilttConnector_const_extract_protocols.json -Xcc -I/Users/admin/builder/spi-builder-workspace/.derivedData/Build/Products/Debug-watchos/include -Xcc -I/Users/admin/builder/spi-builder-workspace/.derivedData/Build/Intermediates.noindex/QuilttConnector.build/Debug-watchos/QuilttConnector-t.build/DerivedSources-normal/arm64_32 -Xcc -I/Users/admin/builder/spi-builder-workspace/.derivedData/Build/Intermediates.noindex/QuilttConnector.build/Debug-watchos/QuilttConnector-t.build/DerivedSources/arm64_32 -Xcc -I/Users/admin/builder/spi-builder-workspace/.derivedData/Build/Intermediates.noindex/QuilttConnector.build/Debug-watchos/QuilttConnector-t.build/DerivedSources -Xcc -DSWIFT_PACKAGE -Xcc -DDEBUG\=1 -emit-objc-header -emit-objc-header-path /Users/admin/builder/spi-builder-workspace/.derivedData/Build/Intermediates.noindex/QuilttConnector.build/Debug-watchos/QuilttConnector-t.build/Objects-normal/arm64_32/QuilttConnector-Swift.h -working-directory /Users/admin/builder/spi-builder-workspace/.swiftpm/xcode -experimental-emit-module-separately -disable-cmo
/Users/admin/builder/spi-builder-workspace/Sources/QuilttConnector/QuilttConnector.swift:5:8: error: Unable to resolve module dependency: 'WebKit' (in target 'QuilttConnector' from project 'QuilttConnector')
note: A dependency of main module 'QuilttConnector'
/Users/admin/builder/spi-builder-workspace/Sources/QuilttConnector/QuilttConnectorWebview.swift:5:24: note: Also imported here
/Users/admin/builder/spi-builder-workspace/Sources/QuilttConnector/QuilttConnector.swift:5:8: note: A dependency of main module 'QuilttConnector'
import WebKit
^ (in target 'QuilttConnector' from project 'QuilttConnector')
/Users/admin/builder/spi-builder-workspace/Sources/QuilttConnector/QuilttConnectorWebview.swift:5:24: note: Also imported here
@preconcurrency import WebKit
^ (in target 'QuilttConnector' from project 'QuilttConnector')
SwiftDriver QuilttConnector normal arm64 com.apple.xcode.tools.swift.compiler (in target 'QuilttConnector' from project 'QuilttConnector')
cd /Users/admin/builder/spi-builder-workspace/.swiftpm/xcode
builtin-SwiftDriver -- /Applications/Xcode-27.0.0-Release.Candidate.app/Contents/Developer/Toolchains/XcodeDefault.xctoolchain/usr/bin/swiftc -parse-as-library -module-name QuilttConnector -Onone @/Users/admin/builder/spi-builder-workspace/.derivedData/Build/Intermediates.noindex/QuilttConnector.build/Debug-watchos/QuilttConnector-t.build/Objects-normal/arm64/QuilttConnector.SwiftFileList -DSWIFT_PACKAGE -DDEBUG -DSWIFT_MODULE_RESOURCE_BUNDLE_UNAVAILABLE -DXcode -plugin-path /Applications/Xcode-27.0.0-Release.Candidate.app/Contents/Developer/Toolchains/XcodeDefault.xctoolchain/usr/lib/swift/host/plugins/testing -enable-experimental-feature DebugDescriptionMacro -sdk /Applications/Xcode-27.0.0-Release.Candidate.app/Contents/Developer/Platforms/WatchOS.platform/Developer/SDKs/WatchOS27.0.sdk -target arm64-apple-watchos9.0 -g -module-cache-path /Users/admin/builder/spi-builder-workspace/.derivedData/ModuleCache.noindex -Xfrontend -serialize-debugging-options -profile-coverage-mapping -profile-generate -enable-testing -index-store-path /Users/admin/builder/spi-builder-workspace/.derivedData/Index.noindex/DataStore -Xcc -D_LIBCPP_HARDENING_MODE\=_LIBCPP_HARDENING_MODE_DEBUG -swift-version 5 -I /Users/admin/builder/spi-builder-workspace/.derivedData/Build/Products/Debug-watchos -Isystem /Applications/Xcode-27.0.0-Release.Candidate.app/Contents/Developer/Platforms/WatchOS.platform/Developer/usr/lib -F /Users/admin/builder/spi-builder-workspace/.derivedData/Build/Products/Debug-watchos -F /Applications/Xcode-27.0.0-Release.Candidate.app/Contents/Developer/Platforms/WatchOS.platform/Developer/Library/Frameworks -F /Applications/Xcode-27.0.0-Release.Candidate.app/Contents/Developer/Platforms/WatchOS.platform/Developer/SDKs/WatchOS27.0.sdk/Developer/Library/Frameworks -c -j10 -enable-batch-mode -incremental -Xcc -ivfsstatcache -Xcc /Users/admin/builder/spi-builder-workspace/.derivedData/SDKStatCaches.noindex/watchos27.0-24R360-e829b21a6f8c9b70876ba0858053c04477534ef55a1706bf4c1112bbb242f0a2.sdkstatcache -output-file-map /Users/admin/builder/spi-builder-workspace/.derivedData/Build/Intermediates.noindex/QuilttConnector.build/Debug-watchos/QuilttConnector-t.build/Objects-normal/arm64/QuilttConnector-OutputFileMap.json -save-temps -no-color-diagnostics -explicit-module-build -module-cache-path /Users/admin/builder/spi-builder-workspace/.derivedData/Build/Intermediates.noindex/SwiftExplicitPrecompiledModules -clang-scanner-module-cache-path /Users/admin/builder/spi-builder-workspace/.derivedData/ModuleCache.noindex -sdk-module-cache-path /Users/admin/builder/spi-builder-workspace/.derivedData/SDKExplicitPrecompiledModules -emit-dependencies -emit-module -emit-module-path /Users/admin/builder/spi-builder-workspace/.derivedData/Build/Intermediates.noindex/QuilttConnector.build/Debug-watchos/QuilttConnector-t.build/Objects-normal/arm64/QuilttConnector.swiftmodule -serialize-diagnostics -dependency-scan-serialize-diagnostics-path /Users/admin/builder/spi-builder-workspace/.derivedData/Build/Intermediates.noindex/QuilttConnector.build/Debug-watchos/QuilttConnector-t.build/Objects-normal/arm64/QuilttConnector-dependency-scan.dia -validate-clang-modules-once -clang-build-session-file /Users/admin/builder/spi-builder-workspace/.derivedData/ModuleCache.noindex/Session.modulevalidation -Xcc -fmodules-prune-interval\=86400 -Xcc -fmodules-prune-after\=345600 -package-name spi_builder_workspace -emit-const-values -const-gather-protocols-list /Users/admin/builder/spi-builder-workspace/.derivedData/Build/Intermediates.noindex/QuilttConnector.build/Debug-watchos/QuilttConnector-t.build/Objects-normal/arm64/QuilttConnector_const_extract_protocols.json -Xcc -I/Users/admin/builder/spi-builder-workspace/.derivedData/Build/Products/Debug-watchos/include -Xcc -I/Users/admin/builder/spi-builder-workspace/.derivedData/Build/Intermediates.noindex/QuilttConnector.build/Debug-watchos/QuilttConnector-t.build/DerivedSources-normal/arm64 -Xcc -I/Users/admin/builder/spi-builder-workspace/.derivedData/Build/Intermediates.noindex/QuilttConnector.build/Debug-watchos/QuilttConnector-t.build/DerivedSources/arm64 -Xcc -I/Users/admin/builder/spi-builder-workspace/.derivedData/Build/Intermediates.noindex/QuilttConnector.build/Debug-watchos/QuilttConnector-t.build/DerivedSources -Xcc -DSWIFT_PACKAGE -Xcc -DDEBUG\=1 -emit-objc-header -emit-objc-header-path /Users/admin/builder/spi-builder-workspace/.derivedData/Build/Intermediates.noindex/QuilttConnector.build/Debug-watchos/QuilttConnector-t.build/Objects-normal/arm64/QuilttConnector-Swift.h -working-directory /Users/admin/builder/spi-builder-workspace/.swiftpm/xcode -experimental-emit-module-separately -disable-cmo
/Users/admin/builder/spi-builder-workspace/Sources/QuilttConnector/QuilttConnector.swift:5:8: error: Unable to resolve module dependency: 'WebKit' (in target 'QuilttConnector' from project 'QuilttConnector')
note: A dependency of main module 'QuilttConnector'
/Users/admin/builder/spi-builder-workspace/Sources/QuilttConnector/QuilttConnectorWebview.swift:5:24: note: Also imported here
/Users/admin/builder/spi-builder-workspace/Sources/QuilttConnector/QuilttConnector.swift:5:8: note: A dependency of main module 'QuilttConnector'
import WebKit
^ (in target 'QuilttConnector' from project 'QuilttConnector')
/Users/admin/builder/spi-builder-workspace/Sources/QuilttConnector/QuilttConnectorWebview.swift:5:24: note: Also imported here
@preconcurrency import WebKit
^ (in target 'QuilttConnector' from project 'QuilttConnector')
PruneExplicitPrecompiledModules /Users/admin/builder/spi-builder-workspace/.derivedData/SDKExplicitPrecompiledModules
PruneExplicitPrecompiledModules /Users/admin/builder/spi-builder-workspace/.derivedData/Build/Intermediates.noindex/SwiftExplicitPrecompiledModules
PruneExplicitPrecompiledModules /Users/admin/builder/spi-builder-workspace/.derivedData/Build/Intermediates.noindex/ExplicitPrecompiledModules
2026-09-22 08:36:18.608 xcodebuild[879:5519] [MT] IDERunDestination: Supported platforms for the buildables in the current scheme is empty.
** BUILD FAILED **
The following build commands failed:
SwiftDriver QuilttConnector normal arm64_32 com.apple.xcode.tools.swift.compiler (in target 'QuilttConnector' from project 'QuilttConnector')
SwiftDriver QuilttConnector normal arm64 com.apple.xcode.tools.swift.compiler (in target 'QuilttConnector' from project 'QuilttConnector')
Building workspace QuilttConnector with scheme QuilttConnector
(3 failures)
BUILD FAILURE 6.4 watchOS