Build Information
Failed to build AuthProvider, reference 1.2.0 (c8a89d), with Swift 6.4 for watchOS using Xcode 27.0 on 20 Sep 2026 05:07:01 UTC.
Build Command
env DEVELOPER_DIR=/Applications/Xcode-27.0.0-Release.Candidate.app xcrun xcodebuild -IDEClonedSourcePackagesDirPathOverride=$PWD/.dependencies -skipMacroValidation -skipPackagePluginValidation -derivedDataPath $PWD/.derivedData build -scheme AuthProvider -destination generic/platform=watchOSBuild Log
SwiftDriver\ Compilation URI normal arm64 com.apple.xcode.tools.swift.compiler (in target 'URI' from project 'Engine')
cd /Users/admin/builder/spi-builder-workspace/.swiftpm/xcode
builtin-Swift-Compilation -- /Applications/Xcode-27.0.0-Release.Candidate.app/Contents/Developer/Toolchains/XcodeDefault.xctoolchain/usr/bin/swiftc -parse-as-library -module-name URI -Onone @/Users/admin/builder/spi-builder-workspace/.derivedData/Build/Intermediates.noindex/Engine.build/Debug-watchos/URI-t.build/Objects-normal/arm64/URI.SwiftFileList -DSWIFT_PACKAGE -DDEBUG -DSWIFT_MODULE_RESOURCE_BUNDLE_UNAVAILABLE -Xcc -fmodule-map-file\=/Users/admin/builder/spi-builder-workspace/.derivedData/Build/Intermediates.noindex/GeneratedModuleMaps-watchos/CHTTP.modulemap -DXcode -plugin-path /Applications/Xcode-27.0.0-Release.Candidate.app/Contents/Developer/Toolchains/XcodeDefault.xctoolchain/usr/lib/swift/host/plugins/testing -enable-experimental-feature DebugDescriptionMacro -sdk /Applications/Xcode-27.0.0-Release.Candidate.app/Contents/Developer/Platforms/WatchOS.platform/Developer/SDKs/WatchOS27.0.sdk -target arm64-apple-watchos9.0 -g -module-cache-path /Users/admin/builder/spi-builder-workspace/.derivedData/ModuleCache.noindex -Xfrontend -serialize-debugging-options -profile-coverage-mapping -profile-generate -enable-testing -suppress-warnings -index-store-path /Users/admin/builder/spi-builder-workspace/.derivedData/Index.noindex/DataStore -Xcc -D_LIBCPP_HARDENING_MODE\=_LIBCPP_HARDENING_MODE_DEBUG -swift-version 4 -I /Users/admin/builder/spi-builder-workspace/.derivedData/Build/Products/Debug-watchos -Isystem /Applications/Xcode-27.0.0-Release.Candidate.app/Contents/Developer/Platforms/WatchOS.platform/Developer/usr/lib -F /Users/admin/builder/spi-builder-workspace/.derivedData/Build/Products/Debug-watchos/PackageFrameworks -F /Users/admin/builder/spi-builder-workspace/.derivedData/Build/Products/Debug-watchos -F /Applications/Xcode-27.0.0-Release.Candidate.app/Contents/Developer/Platforms/WatchOS.platform/Developer/Library/Frameworks -F /Applications/Xcode-27.0.0-Release.Candidate.app/Contents/Developer/Platforms/WatchOS.platform/Developer/SDKs/WatchOS27.0.sdk/Developer/Library/Frameworks -c -j10 -enable-batch-mode -incremental -Xcc -ivfsstatcache -Xcc /Users/admin/builder/spi-builder-workspace/.derivedData/SDKStatCaches.noindex/watchos27.0-24R360-e829b21a6f8c9b70876ba0858053c04477534ef55a1706bf4c1112bbb242f0a2.sdkstatcache -output-file-map /Users/admin/builder/spi-builder-workspace/.derivedData/Build/Intermediates.noindex/Engine.build/Debug-watchos/URI-t.build/Objects-normal/arm64/URI-OutputFileMap.json -save-temps -no-color-diagnostics -emit-dependencies -emit-module -emit-module-path /Users/admin/builder/spi-builder-workspace/.derivedData/Build/Intermediates.noindex/Engine.build/Debug-watchos/URI-t.build/Objects-normal/arm64/URI.swiftmodule -serialize-diagnostics -validate-clang-modules-once -clang-build-session-file /Users/admin/builder/spi-builder-workspace/.derivedData/ModuleCache.noindex/Session.modulevalidation -Xcc -fmodules-prune-interval\=86400 -Xcc -fmodules-prune-after\=345600 -emit-const-values -const-gather-protocols-list /Users/admin/builder/spi-builder-workspace/.derivedData/Build/Intermediates.noindex/Engine.build/Debug-watchos/URI-t.build/Objects-normal/arm64/URI_const_extract_protocols.json -Xcc -I/Users/admin/builder/spi-builder-workspace/.dependencies/checkouts/engine/Sources/CHTTP/include -Xcc -I/Users/admin/builder/spi-builder-workspace/.derivedData/Build/Products/Debug-watchos/include -Xcc -I/Users/admin/builder/spi-builder-workspace/.derivedData/Build/Intermediates.noindex/Engine.build/Debug-watchos/URI-t.build/DerivedSources-normal/arm64 -Xcc -I/Users/admin/builder/spi-builder-workspace/.derivedData/Build/Intermediates.noindex/Engine.build/Debug-watchos/URI-t.build/DerivedSources/arm64 -Xcc -I/Users/admin/builder/spi-builder-workspace/.derivedData/Build/Intermediates.noindex/Engine.build/Debug-watchos/URI-t.build/DerivedSources -Xcc -DSWIFT_PACKAGE -Xcc -DDEBUG\=1 -emit-objc-header -emit-objc-header-path /Users/admin/builder/spi-builder-workspace/.derivedData/Build/Intermediates.noindex/Engine.build/Debug-watchos/URI-t.build/Objects-normal/arm64/URI-Swift.h -working-directory /Users/admin/builder/spi-builder-workspace/.swiftpm/xcode -experimental-emit-module-separately -disable-cmo
Copy /Users/admin/builder/spi-builder-workspace/.derivedData/Build/Products/Debug-watchos/Random.swiftmodule/arm64_32-apple-watchos.swiftmodule /Users/admin/builder/spi-builder-workspace/.derivedData/Build/Intermediates.noindex/Random.build/Debug-watchos/Random-t.build/Objects-normal/arm64_32/Random.swiftmodule (in target 'Random' from project 'Random')
cd /Users/admin/builder/spi-builder-workspace/.dependencies/checkouts/random
builtin-copy -exclude .DS_Store -exclude CVS -exclude .svn -exclude .git -exclude .hg -resolve-src-symlinks -rename /Users/admin/builder/spi-builder-workspace/.derivedData/Build/Intermediates.noindex/Random.build/Debug-watchos/Random-t.build/Objects-normal/arm64_32/Random.swiftmodule /Users/admin/builder/spi-builder-workspace/.derivedData/Build/Products/Debug-watchos/Random.swiftmodule/arm64_32-apple-watchos.swiftmodule
Copy /Users/admin/builder/spi-builder-workspace/.derivedData/Build/Products/Debug-watchos/Random.swiftmodule/arm64_32-apple-watchos.swiftdoc /Users/admin/builder/spi-builder-workspace/.derivedData/Build/Intermediates.noindex/Random.build/Debug-watchos/Random-t.build/Objects-normal/arm64_32/Random.swiftdoc (in target 'Random' from project 'Random')
cd /Users/admin/builder/spi-builder-workspace/.dependencies/checkouts/random
builtin-copy -exclude .DS_Store -exclude CVS -exclude .svn -exclude .git -exclude .hg -resolve-src-symlinks -rename /Users/admin/builder/spi-builder-workspace/.derivedData/Build/Intermediates.noindex/Random.build/Debug-watchos/Random-t.build/Objects-normal/arm64_32/Random.swiftdoc /Users/admin/builder/spi-builder-workspace/.derivedData/Build/Products/Debug-watchos/Random.swiftmodule/arm64_32-apple-watchos.swiftdoc
Copy /Users/admin/builder/spi-builder-workspace/.derivedData/Build/Products/Debug-watchos/Random.swiftmodule/arm64_32-apple-watchos.abi.json /Users/admin/builder/spi-builder-workspace/.derivedData/Build/Intermediates.noindex/Random.build/Debug-watchos/Random-t.build/Objects-normal/arm64_32/Random.abi.json (in target 'Random' from project 'Random')
cd /Users/admin/builder/spi-builder-workspace/.dependencies/checkouts/random
builtin-copy -exclude .DS_Store -exclude CVS -exclude .svn -exclude .git -exclude .hg -resolve-src-symlinks -rename /Users/admin/builder/spi-builder-workspace/.derivedData/Build/Intermediates.noindex/Random.build/Debug-watchos/Random-t.build/Objects-normal/arm64_32/Random.abi.json /Users/admin/builder/spi-builder-workspace/.derivedData/Build/Products/Debug-watchos/Random.swiftmodule/arm64_32-apple-watchos.abi.json
Copy /Users/admin/builder/spi-builder-workspace/.derivedData/Build/Products/Debug-watchos/Random.swiftmodule/Project/arm64_32-apple-watchos.swiftsourceinfo /Users/admin/builder/spi-builder-workspace/.derivedData/Build/Intermediates.noindex/Random.build/Debug-watchos/Random-t.build/Objects-normal/arm64_32/Random.swiftsourceinfo (in target 'Random' from project 'Random')
cd /Users/admin/builder/spi-builder-workspace/.dependencies/checkouts/random
builtin-copy -exclude .DS_Store -exclude CVS -exclude .svn -exclude .git -exclude .hg -resolve-src-symlinks -rename /Users/admin/builder/spi-builder-workspace/.derivedData/Build/Intermediates.noindex/Random.build/Debug-watchos/Random-t.build/Objects-normal/arm64_32/Random.swiftsourceinfo /Users/admin/builder/spi-builder-workspace/.derivedData/Build/Products/Debug-watchos/Random.swiftmodule/Project/arm64_32-apple-watchos.swiftsourceinfo
SwiftCompile normal arm64_32 Compiling\ Conversions.swift,\ Error.swift,\ FDSet.swift /Users/admin/builder/spi-builder-workspace/.dependencies/checkouts/sockets/Sources/Sockets/Core/Conversions.swift /Users/admin/builder/spi-builder-workspace/.dependencies/checkouts/sockets/Sources/Sockets/Core/Error.swift /Users/admin/builder/spi-builder-workspace/.dependencies/checkouts/sockets/Sources/Sockets/Core/FDSet.swift (in target 'Sockets' from project 'Sockets')
SwiftCompile normal arm64_32 /Users/admin/builder/spi-builder-workspace/.dependencies/checkouts/sockets/Sources/Sockets/Core/Conversions.swift (in target 'Sockets' from project 'Sockets')
cd /Users/admin/builder/spi-builder-workspace/.swiftpm/xcode
builtin-SwiftPerFileCompile Conversions.swift
SwiftCompile normal arm64_32 /Users/admin/builder/spi-builder-workspace/.dependencies/checkouts/sockets/Sources/Sockets/Core/Error.swift (in target 'Sockets' from project 'Sockets')
cd /Users/admin/builder/spi-builder-workspace/.swiftpm/xcode
builtin-SwiftPerFileCompile Error.swift
SwiftCompile normal arm64_32 /Users/admin/builder/spi-builder-workspace/.dependencies/checkouts/sockets/Sources/Sockets/Core/FDSet.swift (in target 'Sockets' from project 'Sockets')
cd /Users/admin/builder/spi-builder-workspace/.swiftpm/xcode
builtin-SwiftPerFileCompile FDSet.swift
SwiftCompile normal arm64_32 Compiling\ TCPWriteableSocket.swift,\ UDPSocket.swift /Users/admin/builder/spi-builder-workspace/.dependencies/checkouts/sockets/Sources/Sockets/TCP/TCPWriteableSocket.swift /Users/admin/builder/spi-builder-workspace/.dependencies/checkouts/sockets/Sources/Sockets/UDP/UDPSocket.swift (in target 'Sockets' from project 'Sockets')
SwiftCompile normal arm64_32 /Users/admin/builder/spi-builder-workspace/.dependencies/checkouts/sockets/Sources/Sockets/TCP/TCPWriteableSocket.swift (in target 'Sockets' from project 'Sockets')
cd /Users/admin/builder/spi-builder-workspace/.swiftpm/xcode
builtin-SwiftPerFileCompile TCPWriteableSocket.swift
SwiftCompile normal arm64_32 /Users/admin/builder/spi-builder-workspace/.dependencies/checkouts/sockets/Sources/Sockets/UDP/UDPSocket.swift (in target 'Sockets' from project 'Sockets')
cd /Users/admin/builder/spi-builder-workspace/.swiftpm/xcode
builtin-SwiftPerFileCompile UDPSocket.swift
SwiftDriverJobDiscovery normal arm64 Compiling TCPReadableSocket.swift, TCPSocket.swift (in target 'Sockets' from project 'Sockets')
SwiftCompile normal arm64_32 Compiling\ Types.swift,\ Exports.swift /Users/admin/builder/spi-builder-workspace/.dependencies/checkouts/sockets/Sources/Sockets/Core/Types.swift /Users/admin/builder/spi-builder-workspace/.dependencies/checkouts/sockets/Sources/Sockets/Exports.swift (in target 'Sockets' from project 'Sockets')
SwiftCompile normal arm64_32 /Users/admin/builder/spi-builder-workspace/.dependencies/checkouts/sockets/Sources/Sockets/Core/Types.swift (in target 'Sockets' from project 'Sockets')
cd /Users/admin/builder/spi-builder-workspace/.swiftpm/xcode
builtin-SwiftPerFileCompile Types.swift
SwiftCompile normal arm64_32 /Users/admin/builder/spi-builder-workspace/.dependencies/checkouts/sockets/Sources/Sockets/Exports.swift (in target 'Sockets' from project 'Sockets')
cd /Users/admin/builder/spi-builder-workspace/.swiftpm/xcode
builtin-SwiftPerFileCompile Exports.swift
SwiftDriverJobDiscovery normal arm64_32 Compiling Array+Random.swift (in target 'Random' from project 'Random')
SwiftCompile normal arm64_32 Compiling\ TCPReadableSocket.swift,\ TCPSocket.swift /Users/admin/builder/spi-builder-workspace/.dependencies/checkouts/sockets/Sources/Sockets/TCP/TCPReadableSocket.swift /Users/admin/builder/spi-builder-workspace/.dependencies/checkouts/sockets/Sources/Sockets/TCP/TCPSocket.swift (in target 'Sockets' from project 'Sockets')
SwiftCompile normal arm64_32 /Users/admin/builder/spi-builder-workspace/.dependencies/checkouts/sockets/Sources/Sockets/TCP/TCPReadableSocket.swift (in target 'Sockets' from project 'Sockets')
cd /Users/admin/builder/spi-builder-workspace/.swiftpm/xcode
builtin-SwiftPerFileCompile TCPReadableSocket.swift
SwiftCompile normal arm64_32 /Users/admin/builder/spi-builder-workspace/.dependencies/checkouts/sockets/Sources/Sockets/TCP/TCPSocket.swift (in target 'Sockets' from project 'Sockets')
cd /Users/admin/builder/spi-builder-workspace/.swiftpm/xcode
builtin-SwiftPerFileCompile TCPSocket.swift
SwiftDriverJobDiscovery normal arm64 Emitting module for Sockets (in target 'Sockets' from project 'Sockets')
SwiftDriver\ Compilation\ Requirements Sockets normal arm64 com.apple.xcode.tools.swift.compiler (in target 'Sockets' from project 'Sockets')
cd /Users/admin/builder/spi-builder-workspace/.swiftpm/xcode
builtin-Swift-Compilation-Requirements -- /Applications/Xcode-27.0.0-Release.Candidate.app/Contents/Developer/Toolchains/XcodeDefault.xctoolchain/usr/bin/swiftc -parse-as-library -module-name Sockets -Onone @/Users/admin/builder/spi-builder-workspace/.derivedData/Build/Intermediates.noindex/Sockets.build/Debug-watchos/Sockets-t.build/Objects-normal/arm64/Sockets.SwiftFileList -DSWIFT_PACKAGE -DDEBUG -DSWIFT_MODULE_RESOURCE_BUNDLE_UNAVAILABLE -DXcode -plugin-path /Applications/Xcode-27.0.0-Release.Candidate.app/Contents/Developer/Toolchains/XcodeDefault.xctoolchain/usr/lib/swift/host/plugins/testing -enable-experimental-feature DebugDescriptionMacro -sdk /Applications/Xcode-27.0.0-Release.Candidate.app/Contents/Developer/Platforms/WatchOS.platform/Developer/SDKs/WatchOS27.0.sdk -target arm64-apple-watchos9.0 -g -module-cache-path /Users/admin/builder/spi-builder-workspace/.derivedData/ModuleCache.noindex -Xfrontend -serialize-debugging-options -profile-coverage-mapping -profile-generate -enable-testing -suppress-warnings -index-store-path /Users/admin/builder/spi-builder-workspace/.derivedData/Index.noindex/DataStore -Xcc -D_LIBCPP_HARDENING_MODE\=_LIBCPP_HARDENING_MODE_DEBUG -swift-version 4 -I /Users/admin/builder/spi-builder-workspace/.derivedData/Build/Products/Debug-watchos -Isystem /Applications/Xcode-27.0.0-Release.Candidate.app/Contents/Developer/Platforms/WatchOS.platform/Developer/usr/lib -F /Users/admin/builder/spi-builder-workspace/.derivedData/Build/Products/Debug-watchos/PackageFrameworks -F /Users/admin/builder/spi-builder-workspace/.derivedData/Build/Products/Debug-watchos -F /Applications/Xcode-27.0.0-Release.Candidate.app/Contents/Developer/Platforms/WatchOS.platform/Developer/Library/Frameworks -F /Applications/Xcode-27.0.0-Release.Candidate.app/Contents/Developer/Platforms/WatchOS.platform/Developer/SDKs/WatchOS27.0.sdk/Developer/Library/Frameworks -c -j10 -enable-batch-mode -incremental -Xcc -ivfsstatcache -Xcc /Users/admin/builder/spi-builder-workspace/.derivedData/SDKStatCaches.noindex/watchos27.0-24R360-e829b21a6f8c9b70876ba0858053c04477534ef55a1706bf4c1112bbb242f0a2.sdkstatcache -output-file-map /Users/admin/builder/spi-builder-workspace/.derivedData/Build/Intermediates.noindex/Sockets.build/Debug-watchos/Sockets-t.build/Objects-normal/arm64/Sockets-OutputFileMap.json -save-temps -no-color-diagnostics -emit-dependencies -emit-module -emit-module-path /Users/admin/builder/spi-builder-workspace/.derivedData/Build/Intermediates.noindex/Sockets.build/Debug-watchos/Sockets-t.build/Objects-normal/arm64/Sockets.swiftmodule -serialize-diagnostics -validate-clang-modules-once -clang-build-session-file /Users/admin/builder/spi-builder-workspace/.derivedData/ModuleCache.noindex/Session.modulevalidation -Xcc -fmodules-prune-interval\=86400 -Xcc -fmodules-prune-after\=345600 -emit-const-values -const-gather-protocols-list /Users/admin/builder/spi-builder-workspace/.derivedData/Build/Intermediates.noindex/Sockets.build/Debug-watchos/Sockets-t.build/Objects-normal/arm64/Sockets_const_extract_protocols.json -Xcc -I/Users/admin/builder/spi-builder-workspace/.derivedData/Build/Products/Debug-watchos/include -Xcc -I/Users/admin/builder/spi-builder-workspace/.derivedData/Build/Intermediates.noindex/Sockets.build/Debug-watchos/Sockets-t.build/DerivedSources-normal/arm64 -Xcc -I/Users/admin/builder/spi-builder-workspace/.derivedData/Build/Intermediates.noindex/Sockets.build/Debug-watchos/Sockets-t.build/DerivedSources/arm64 -Xcc -I/Users/admin/builder/spi-builder-workspace/.derivedData/Build/Intermediates.noindex/Sockets.build/Debug-watchos/Sockets-t.build/DerivedSources -Xcc -DSWIFT_PACKAGE -Xcc -DDEBUG\=1 -emit-objc-header -emit-objc-header-path /Users/admin/builder/spi-builder-workspace/.derivedData/Build/Intermediates.noindex/Sockets.build/Debug-watchos/Sockets-t.build/Objects-normal/arm64/Sockets-Swift.h -working-directory /Users/admin/builder/spi-builder-workspace/.swiftpm/xcode -experimental-emit-module-separately -disable-cmo
SwiftDriverJobDiscovery normal arm64 Compiling Config.swift, Descriptor.swift (in target 'Sockets' from project 'Sockets')
SwiftCompile normal arm64 Compiling\ Types.swift,\ Exports.swift /Users/admin/builder/spi-builder-workspace/.dependencies/checkouts/sockets/Sources/Sockets/Core/Types.swift /Users/admin/builder/spi-builder-workspace/.dependencies/checkouts/sockets/Sources/Sockets/Exports.swift (in target 'Sockets' from project 'Sockets')
SwiftCompile normal arm64 /Users/admin/builder/spi-builder-workspace/.dependencies/checkouts/sockets/Sources/Sockets/Core/Types.swift (in target 'Sockets' from project 'Sockets')
cd /Users/admin/builder/spi-builder-workspace/.swiftpm/xcode
builtin-SwiftPerFileCompile Types.swift
SwiftCompile normal arm64 /Users/admin/builder/spi-builder-workspace/.dependencies/checkouts/sockets/Sources/Sockets/Exports.swift (in target 'Sockets' from project 'Sockets')
cd /Users/admin/builder/spi-builder-workspace/.swiftpm/xcode
builtin-SwiftPerFileCompile Exports.swift
SwiftDriverJobDiscovery normal arm64_32 Emitting module for Sockets (in target 'Sockets' from project 'Sockets')
Copy /Users/admin/builder/spi-builder-workspace/.derivedData/Build/Products/Debug-watchos/Sockets.swiftmodule/arm64-apple-watchos.swiftmodule /Users/admin/builder/spi-builder-workspace/.derivedData/Build/Intermediates.noindex/Sockets.build/Debug-watchos/Sockets-t.build/Objects-normal/arm64/Sockets.swiftmodule (in target 'Sockets' from project 'Sockets')
cd /Users/admin/builder/spi-builder-workspace/.dependencies/checkouts/sockets
builtin-copy -exclude .DS_Store -exclude CVS -exclude .svn -exclude .git -exclude .hg -resolve-src-symlinks -rename /Users/admin/builder/spi-builder-workspace/.derivedData/Build/Intermediates.noindex/Sockets.build/Debug-watchos/Sockets-t.build/Objects-normal/arm64/Sockets.swiftmodule /Users/admin/builder/spi-builder-workspace/.derivedData/Build/Products/Debug-watchos/Sockets.swiftmodule/arm64-apple-watchos.swiftmodule
SwiftDriver\ Compilation\ Requirements Sockets normal arm64_32 com.apple.xcode.tools.swift.compiler (in target 'Sockets' from project 'Sockets')
cd /Users/admin/builder/spi-builder-workspace/.swiftpm/xcode
builtin-Swift-Compilation-Requirements -- /Applications/Xcode-27.0.0-Release.Candidate.app/Contents/Developer/Toolchains/XcodeDefault.xctoolchain/usr/bin/swiftc -parse-as-library -module-name Sockets -Onone @/Users/admin/builder/spi-builder-workspace/.derivedData/Build/Intermediates.noindex/Sockets.build/Debug-watchos/Sockets-t.build/Objects-normal/arm64_32/Sockets.SwiftFileList -DSWIFT_PACKAGE -DDEBUG -DSWIFT_MODULE_RESOURCE_BUNDLE_UNAVAILABLE -DXcode -plugin-path /Applications/Xcode-27.0.0-Release.Candidate.app/Contents/Developer/Toolchains/XcodeDefault.xctoolchain/usr/lib/swift/host/plugins/testing -enable-experimental-feature DebugDescriptionMacro -sdk /Applications/Xcode-27.0.0-Release.Candidate.app/Contents/Developer/Platforms/WatchOS.platform/Developer/SDKs/WatchOS27.0.sdk -target arm64_32-apple-watchos9.0 -g -module-cache-path /Users/admin/builder/spi-builder-workspace/.derivedData/ModuleCache.noindex -Xfrontend -serialize-debugging-options -profile-coverage-mapping -profile-generate -enable-testing -suppress-warnings -index-store-path /Users/admin/builder/spi-builder-workspace/.derivedData/Index.noindex/DataStore -Xcc -D_LIBCPP_HARDENING_MODE\=_LIBCPP_HARDENING_MODE_DEBUG -swift-version 4 -I /Users/admin/builder/spi-builder-workspace/.derivedData/Build/Products/Debug-watchos -Isystem /Applications/Xcode-27.0.0-Release.Candidate.app/Contents/Developer/Platforms/WatchOS.platform/Developer/usr/lib -F /Users/admin/builder/spi-builder-workspace/.derivedData/Build/Products/Debug-watchos/PackageFrameworks -F /Users/admin/builder/spi-builder-workspace/.derivedData/Build/Products/Debug-watchos -F /Applications/Xcode-27.0.0-Release.Candidate.app/Contents/Developer/Platforms/WatchOS.platform/Developer/Library/Frameworks -F /Applications/Xcode-27.0.0-Release.Candidate.app/Contents/Developer/Platforms/WatchOS.platform/Developer/SDKs/WatchOS27.0.sdk/Developer/Library/Frameworks -c -j10 -enable-batch-mode -incremental -Xcc -ivfsstatcache -Xcc /Users/admin/builder/spi-builder-workspace/.derivedData/SDKStatCaches.noindex/watchos27.0-24R360-e829b21a6f8c9b70876ba0858053c04477534ef55a1706bf4c1112bbb242f0a2.sdkstatcache -output-file-map /Users/admin/builder/spi-builder-workspace/.derivedData/Build/Intermediates.noindex/Sockets.build/Debug-watchos/Sockets-t.build/Objects-normal/arm64_32/Sockets-OutputFileMap.json -save-temps -no-color-diagnostics -emit-dependencies -emit-module -emit-module-path /Users/admin/builder/spi-builder-workspace/.derivedData/Build/Intermediates.noindex/Sockets.build/Debug-watchos/Sockets-t.build/Objects-normal/arm64_32/Sockets.swiftmodule -serialize-diagnostics -validate-clang-modules-once -clang-build-session-file /Users/admin/builder/spi-builder-workspace/.derivedData/ModuleCache.noindex/Session.modulevalidation -Xcc -fmodules-prune-interval\=86400 -Xcc -fmodules-prune-after\=345600 -emit-const-values -const-gather-protocols-list /Users/admin/builder/spi-builder-workspace/.derivedData/Build/Intermediates.noindex/Sockets.build/Debug-watchos/Sockets-t.build/Objects-normal/arm64_32/Sockets_const_extract_protocols.json -Xcc -I/Users/admin/builder/spi-builder-workspace/.derivedData/Build/Products/Debug-watchos/include -Xcc -I/Users/admin/builder/spi-builder-workspace/.derivedData/Build/Intermediates.noindex/Sockets.build/Debug-watchos/Sockets-t.build/DerivedSources-normal/arm64_32 -Xcc -I/Users/admin/builder/spi-builder-workspace/.derivedData/Build/Intermediates.noindex/Sockets.build/Debug-watchos/Sockets-t.build/DerivedSources/arm64_32 -Xcc -I/Users/admin/builder/spi-builder-workspace/.derivedData/Build/Intermediates.noindex/Sockets.build/Debug-watchos/Sockets-t.build/DerivedSources -Xcc -DSWIFT_PACKAGE -Xcc -DDEBUG\=1 -emit-objc-header -emit-objc-header-path /Users/admin/builder/spi-builder-workspace/.derivedData/Build/Intermediates.noindex/Sockets.build/Debug-watchos/Sockets-t.build/Objects-normal/arm64_32/Sockets-Swift.h -working-directory /Users/admin/builder/spi-builder-workspace/.swiftpm/xcode -experimental-emit-module-separately -disable-cmo
Copy /Users/admin/builder/spi-builder-workspace/.derivedData/Build/Products/Debug-watchos/Sockets.swiftmodule/arm64-apple-watchos.swiftdoc /Users/admin/builder/spi-builder-workspace/.derivedData/Build/Intermediates.noindex/Sockets.build/Debug-watchos/Sockets-t.build/Objects-normal/arm64/Sockets.swiftdoc (in target 'Sockets' from project 'Sockets')
cd /Users/admin/builder/spi-builder-workspace/.dependencies/checkouts/sockets
builtin-copy -exclude .DS_Store -exclude CVS -exclude .svn -exclude .git -exclude .hg -resolve-src-symlinks -rename /Users/admin/builder/spi-builder-workspace/.derivedData/Build/Intermediates.noindex/Sockets.build/Debug-watchos/Sockets-t.build/Objects-normal/arm64/Sockets.swiftdoc /Users/admin/builder/spi-builder-workspace/.derivedData/Build/Products/Debug-watchos/Sockets.swiftmodule/arm64-apple-watchos.swiftdoc
SwiftMergeGeneratedHeaders /Users/admin/builder/spi-builder-workspace/.derivedData/Build/Intermediates.noindex/GeneratedModuleMaps-watchos/Sockets-Swift.h /Users/admin/builder/spi-builder-workspace/.derivedData/Build/Intermediates.noindex/Sockets.build/Debug-watchos/Sockets-t.build/Objects-normal/arm64/Sockets-Swift.h /Users/admin/builder/spi-builder-workspace/.derivedData/Build/Intermediates.noindex/Sockets.build/Debug-watchos/Sockets-t.build/Objects-normal/arm64_32/Sockets-Swift.h (in target 'Sockets' from project 'Sockets')
cd /Users/admin/builder/spi-builder-workspace/.dependencies/checkouts/sockets
builtin-swiftHeaderTool -arch arm64 /Users/admin/builder/spi-builder-workspace/.derivedData/Build/Intermediates.noindex/Sockets.build/Debug-watchos/Sockets-t.build/Objects-normal/arm64/Sockets-Swift.h -arch arm64_32 /Users/admin/builder/spi-builder-workspace/.derivedData/Build/Intermediates.noindex/Sockets.build/Debug-watchos/Sockets-t.build/Objects-normal/arm64_32/Sockets-Swift.h -o /Users/admin/builder/spi-builder-workspace/.derivedData/Build/Intermediates.noindex/GeneratedModuleMaps-watchos/Sockets-Swift.h
Copy /Users/admin/builder/spi-builder-workspace/.derivedData/Build/Products/Debug-watchos/Sockets.swiftmodule/arm64_32-apple-watchos.swiftmodule /Users/admin/builder/spi-builder-workspace/.derivedData/Build/Intermediates.noindex/Sockets.build/Debug-watchos/Sockets-t.build/Objects-normal/arm64_32/Sockets.swiftmodule (in target 'Sockets' from project 'Sockets')
cd /Users/admin/builder/spi-builder-workspace/.dependencies/checkouts/sockets
builtin-copy -exclude .DS_Store -exclude CVS -exclude .svn -exclude .git -exclude .hg -resolve-src-symlinks -rename /Users/admin/builder/spi-builder-workspace/.derivedData/Build/Intermediates.noindex/Sockets.build/Debug-watchos/Sockets-t.build/Objects-normal/arm64_32/Sockets.swiftmodule /Users/admin/builder/spi-builder-workspace/.derivedData/Build/Products/Debug-watchos/Sockets.swiftmodule/arm64_32-apple-watchos.swiftmodule
Copy /Users/admin/builder/spi-builder-workspace/.derivedData/Build/Products/Debug-watchos/Sockets.swiftmodule/arm64_32-apple-watchos.swiftdoc /Users/admin/builder/spi-builder-workspace/.derivedData/Build/Intermediates.noindex/Sockets.build/Debug-watchos/Sockets-t.build/Objects-normal/arm64_32/Sockets.swiftdoc (in target 'Sockets' from project 'Sockets')
cd /Users/admin/builder/spi-builder-workspace/.dependencies/checkouts/sockets
builtin-copy -exclude .DS_Store -exclude CVS -exclude .svn -exclude .git -exclude .hg -resolve-src-symlinks -rename /Users/admin/builder/spi-builder-workspace/.derivedData/Build/Intermediates.noindex/Sockets.build/Debug-watchos/Sockets-t.build/Objects-normal/arm64_32/Sockets.swiftdoc /Users/admin/builder/spi-builder-workspace/.derivedData/Build/Products/Debug-watchos/Sockets.swiftmodule/arm64_32-apple-watchos.swiftdoc
Copy /Users/admin/builder/spi-builder-workspace/.derivedData/Build/Products/Debug-watchos/Sockets.swiftmodule/arm64_32-apple-watchos.abi.json /Users/admin/builder/spi-builder-workspace/.derivedData/Build/Intermediates.noindex/Sockets.build/Debug-watchos/Sockets-t.build/Objects-normal/arm64_32/Sockets.abi.json (in target 'Sockets' from project 'Sockets')
cd /Users/admin/builder/spi-builder-workspace/.dependencies/checkouts/sockets
builtin-copy -exclude .DS_Store -exclude CVS -exclude .svn -exclude .git -exclude .hg -resolve-src-symlinks -rename /Users/admin/builder/spi-builder-workspace/.derivedData/Build/Intermediates.noindex/Sockets.build/Debug-watchos/Sockets-t.build/Objects-normal/arm64_32/Sockets.abi.json /Users/admin/builder/spi-builder-workspace/.derivedData/Build/Products/Debug-watchos/Sockets.swiftmodule/arm64_32-apple-watchos.abi.json
Copy /Users/admin/builder/spi-builder-workspace/.derivedData/Build/Products/Debug-watchos/Sockets.swiftmodule/arm64-apple-watchos.abi.json /Users/admin/builder/spi-builder-workspace/.derivedData/Build/Intermediates.noindex/Sockets.build/Debug-watchos/Sockets-t.build/Objects-normal/arm64/Sockets.abi.json (in target 'Sockets' from project 'Sockets')
cd /Users/admin/builder/spi-builder-workspace/.dependencies/checkouts/sockets
builtin-copy -exclude .DS_Store -exclude CVS -exclude .svn -exclude .git -exclude .hg -resolve-src-symlinks -rename /Users/admin/builder/spi-builder-workspace/.derivedData/Build/Intermediates.noindex/Sockets.build/Debug-watchos/Sockets-t.build/Objects-normal/arm64/Sockets.abi.json /Users/admin/builder/spi-builder-workspace/.derivedData/Build/Products/Debug-watchos/Sockets.swiftmodule/arm64-apple-watchos.abi.json
Copy /Users/admin/builder/spi-builder-workspace/.derivedData/Build/Products/Debug-watchos/Sockets.swiftmodule/Project/arm64_32-apple-watchos.swiftsourceinfo /Users/admin/builder/spi-builder-workspace/.derivedData/Build/Intermediates.noindex/Sockets.build/Debug-watchos/Sockets-t.build/Objects-normal/arm64_32/Sockets.swiftsourceinfo (in target 'Sockets' from project 'Sockets')
cd /Users/admin/builder/spi-builder-workspace/.dependencies/checkouts/sockets
builtin-copy -exclude .DS_Store -exclude CVS -exclude .svn -exclude .git -exclude .hg -resolve-src-symlinks -rename /Users/admin/builder/spi-builder-workspace/.derivedData/Build/Intermediates.noindex/Sockets.build/Debug-watchos/Sockets-t.build/Objects-normal/arm64_32/Sockets.swiftsourceinfo /Users/admin/builder/spi-builder-workspace/.derivedData/Build/Products/Debug-watchos/Sockets.swiftmodule/Project/arm64_32-apple-watchos.swiftsourceinfo
Copy /Users/admin/builder/spi-builder-workspace/.derivedData/Build/Products/Debug-watchos/Sockets.swiftmodule/Project/arm64-apple-watchos.swiftsourceinfo /Users/admin/builder/spi-builder-workspace/.derivedData/Build/Intermediates.noindex/Sockets.build/Debug-watchos/Sockets-t.build/Objects-normal/arm64/Sockets.swiftsourceinfo (in target 'Sockets' from project 'Sockets')
cd /Users/admin/builder/spi-builder-workspace/.dependencies/checkouts/sockets
builtin-copy -exclude .DS_Store -exclude CVS -exclude .svn -exclude .git -exclude .hg -resolve-src-symlinks -rename /Users/admin/builder/spi-builder-workspace/.derivedData/Build/Intermediates.noindex/Sockets.build/Debug-watchos/Sockets-t.build/Objects-normal/arm64/Sockets.swiftsourceinfo /Users/admin/builder/spi-builder-workspace/.derivedData/Build/Products/Debug-watchos/Sockets.swiftmodule/Project/arm64-apple-watchos.swiftsourceinfo
SwiftCompile normal arm64 Compiling\ TCPWriteableSocket.swift,\ UDPSocket.swift /Users/admin/builder/spi-builder-workspace/.dependencies/checkouts/sockets/Sources/Sockets/TCP/TCPWriteableSocket.swift /Users/admin/builder/spi-builder-workspace/.dependencies/checkouts/sockets/Sources/Sockets/UDP/UDPSocket.swift (in target 'Sockets' from project 'Sockets')
SwiftCompile normal arm64 /Users/admin/builder/spi-builder-workspace/.dependencies/checkouts/sockets/Sources/Sockets/TCP/TCPWriteableSocket.swift (in target 'Sockets' from project 'Sockets')
cd /Users/admin/builder/spi-builder-workspace/.swiftpm/xcode
builtin-SwiftPerFileCompile TCPWriteableSocket.swift
SwiftCompile normal arm64 /Users/admin/builder/spi-builder-workspace/.dependencies/checkouts/sockets/Sources/Sockets/UDP/UDPSocket.swift (in target 'Sockets' from project 'Sockets')
cd /Users/admin/builder/spi-builder-workspace/.swiftpm/xcode
builtin-SwiftPerFileCompile UDPSocket.swift
SwiftDriverJobDiscovery normal arm64 Emitting module for Random (in target 'Random' from project 'Random')
SwiftCompile normal arm64 Compiling\ Address+C.swift,\ Address.swift,\ Buffer.swift /Users/admin/builder/spi-builder-workspace/.dependencies/checkouts/sockets/Sources/Sockets/Address/Address+C.swift /Users/admin/builder/spi-builder-workspace/.dependencies/checkouts/sockets/Sources/Sockets/Address/Address.swift /Users/admin/builder/spi-builder-workspace/.dependencies/checkouts/sockets/Sources/Sockets/Core/Buffer.swift (in target 'Sockets' from project 'Sockets')
SwiftCompile normal arm64 /Users/admin/builder/spi-builder-workspace/.dependencies/checkouts/sockets/Sources/Sockets/Address/Address+C.swift (in target 'Sockets' from project 'Sockets')
cd /Users/admin/builder/spi-builder-workspace/.swiftpm/xcode
builtin-SwiftPerFileCompile Address+C.swift
SwiftCompile normal arm64 /Users/admin/builder/spi-builder-workspace/.dependencies/checkouts/sockets/Sources/Sockets/Address/Address.swift (in target 'Sockets' from project 'Sockets')
cd /Users/admin/builder/spi-builder-workspace/.swiftpm/xcode
builtin-SwiftPerFileCompile Address.swift
SwiftCompile normal arm64 /Users/admin/builder/spi-builder-workspace/.dependencies/checkouts/sockets/Sources/Sockets/Core/Buffer.swift (in target 'Sockets' from project 'Sockets')
cd /Users/admin/builder/spi-builder-workspace/.swiftpm/xcode
builtin-SwiftPerFileCompile Buffer.swift
SwiftDriver\ Compilation\ Requirements Random normal arm64 com.apple.xcode.tools.swift.compiler (in target 'Random' from project 'Random')
cd /Users/admin/builder/spi-builder-workspace/.swiftpm/xcode
builtin-Swift-Compilation-Requirements -- /Applications/Xcode-27.0.0-Release.Candidate.app/Contents/Developer/Toolchains/XcodeDefault.xctoolchain/usr/bin/swiftc -parse-as-library -module-name Random -Onone @/Users/admin/builder/spi-builder-workspace/.derivedData/Build/Intermediates.noindex/Random.build/Debug-watchos/Random-t.build/Objects-normal/arm64/Random.SwiftFileList -DSWIFT_PACKAGE -DDEBUG -DSWIFT_MODULE_RESOURCE_BUNDLE_UNAVAILABLE -DXcode -plugin-path /Applications/Xcode-27.0.0-Release.Candidate.app/Contents/Developer/Toolchains/XcodeDefault.xctoolchain/usr/lib/swift/host/plugins/testing -enable-experimental-feature DebugDescriptionMacro -sdk /Applications/Xcode-27.0.0-Release.Candidate.app/Contents/Developer/Platforms/WatchOS.platform/Developer/SDKs/WatchOS27.0.sdk -target arm64-apple-watchos9.0 -g -module-cache-path /Users/admin/builder/spi-builder-workspace/.derivedData/ModuleCache.noindex -Xfrontend -serialize-debugging-options -profile-coverage-mapping -profile-generate -enable-testing -suppress-warnings -index-store-path /Users/admin/builder/spi-builder-workspace/.derivedData/Index.noindex/DataStore -Xcc -D_LIBCPP_HARDENING_MODE\=_LIBCPP_HARDENING_MODE_DEBUG -swift-version 4 -I /Users/admin/builder/spi-builder-workspace/.derivedData/Build/Products/Debug-watchos -Isystem /Applications/Xcode-27.0.0-Release.Candidate.app/Contents/Developer/Platforms/WatchOS.platform/Developer/usr/lib -F /Users/admin/builder/spi-builder-workspace/.derivedData/Build/Products/Debug-watchos/PackageFrameworks -F /Users/admin/builder/spi-builder-workspace/.derivedData/Build/Products/Debug-watchos -F /Applications/Xcode-27.0.0-Release.Candidate.app/Contents/Developer/Platforms/WatchOS.platform/Developer/Library/Frameworks -F /Applications/Xcode-27.0.0-Release.Candidate.app/Contents/Developer/Platforms/WatchOS.platform/Developer/SDKs/WatchOS27.0.sdk/Developer/Library/Frameworks -c -j10 -enable-batch-mode -incremental -Xcc -ivfsstatcache -Xcc /Users/admin/builder/spi-builder-workspace/.derivedData/SDKStatCaches.noindex/watchos27.0-24R360-e829b21a6f8c9b70876ba0858053c04477534ef55a1706bf4c1112bbb242f0a2.sdkstatcache -output-file-map /Users/admin/builder/spi-builder-workspace/.derivedData/Build/Intermediates.noindex/Random.build/Debug-watchos/Random-t.build/Objects-normal/arm64/Random-OutputFileMap.json -save-temps -no-color-diagnostics -emit-dependencies -emit-module -emit-module-path /Users/admin/builder/spi-builder-workspace/.derivedData/Build/Intermediates.noindex/Random.build/Debug-watchos/Random-t.build/Objects-normal/arm64/Random.swiftmodule -serialize-diagnostics -validate-clang-modules-once -clang-build-session-file /Users/admin/builder/spi-builder-workspace/.derivedData/ModuleCache.noindex/Session.modulevalidation -Xcc -fmodules-prune-interval\=86400 -Xcc -fmodules-prune-after\=345600 -emit-const-values -const-gather-protocols-list /Users/admin/builder/spi-builder-workspace/.derivedData/Build/Intermediates.noindex/Random.build/Debug-watchos/Random-t.build/Objects-normal/arm64/Random_const_extract_protocols.json -Xcc -I/Users/admin/builder/spi-builder-workspace/.derivedData/Build/Products/Debug-watchos/include -Xcc -I/Users/admin/builder/spi-builder-workspace/.derivedData/Build/Intermediates.noindex/Random.build/Debug-watchos/Random-t.build/DerivedSources-normal/arm64 -Xcc -I/Users/admin/builder/spi-builder-workspace/.derivedData/Build/Intermediates.noindex/Random.build/Debug-watchos/Random-t.build/DerivedSources/arm64 -Xcc -I/Users/admin/builder/spi-builder-workspace/.derivedData/Build/Intermediates.noindex/Random.build/Debug-watchos/Random-t.build/DerivedSources -Xcc -DSWIFT_PACKAGE -Xcc -DDEBUG\=1 -emit-objc-header -emit-objc-header-path /Users/admin/builder/spi-builder-workspace/.derivedData/Build/Intermediates.noindex/Random.build/Debug-watchos/Random-t.build/Objects-normal/arm64/Random-Swift.h -working-directory /Users/admin/builder/spi-builder-workspace/.swiftpm/xcode -experimental-emit-module-separately -disable-cmo
SwiftDriverJobDiscovery normal arm64_32 Compiling TCPReadableSocket.swift, TCPSocket.swift (in target 'Sockets' from project 'Sockets')
SwiftCompile normal arm64 Compiling\ Socket.swift,\ SocketOptions.swift /Users/admin/builder/spi-builder-workspace/.dependencies/checkouts/sockets/Sources/Sockets/Socket/Socket.swift /Users/admin/builder/spi-builder-workspace/.dependencies/checkouts/sockets/Sources/Sockets/Socket/SocketOptions.swift (in target 'Sockets' from project 'Sockets')
SwiftCompile normal arm64 /Users/admin/builder/spi-builder-workspace/.dependencies/checkouts/sockets/Sources/Sockets/Socket/Socket.swift (in target 'Sockets' from project 'Sockets')
cd /Users/admin/builder/spi-builder-workspace/.swiftpm/xcode
builtin-SwiftPerFileCompile Socket.swift
SwiftCompile normal arm64 /Users/admin/builder/spi-builder-workspace/.dependencies/checkouts/sockets/Sources/Sockets/Socket/SocketOptions.swift (in target 'Sockets' from project 'Sockets')
cd /Users/admin/builder/spi-builder-workspace/.swiftpm/xcode
builtin-SwiftPerFileCompile SocketOptions.swift
SwiftCompile normal arm64 Compiling\ InternetSocket.swift,\ Pipe.swift /Users/admin/builder/spi-builder-workspace/.dependencies/checkouts/sockets/Sources/Sockets/Socket/InternetSocket.swift /Users/admin/builder/spi-builder-workspace/.dependencies/checkouts/sockets/Sources/Sockets/Socket/Pipe.swift (in target 'Sockets' from project 'Sockets')
SwiftCompile normal arm64 /Users/admin/builder/spi-builder-workspace/.dependencies/checkouts/sockets/Sources/Sockets/Socket/InternetSocket.swift (in target 'Sockets' from project 'Sockets')
cd /Users/admin/builder/spi-builder-workspace/.swiftpm/xcode
builtin-SwiftPerFileCompile InternetSocket.swift
SwiftCompile normal arm64 /Users/admin/builder/spi-builder-workspace/.dependencies/checkouts/sockets/Sources/Sockets/Socket/Pipe.swift (in target 'Sockets' from project 'Sockets')
cd /Users/admin/builder/spi-builder-workspace/.swiftpm/xcode
builtin-SwiftPerFileCompile Pipe.swift
SwiftDriverJobDiscovery normal arm64 Compiling Conversions.swift, Error.swift, FDSet.swift (in target 'Sockets' from project 'Sockets')
SwiftMergeGeneratedHeaders /Users/admin/builder/spi-builder-workspace/.derivedData/Build/Intermediates.noindex/GeneratedModuleMaps-watchos/Random-Swift.h /Users/admin/builder/spi-builder-workspace/.derivedData/Build/Intermediates.noindex/Random.build/Debug-watchos/Random-t.build/Objects-normal/arm64/Random-Swift.h /Users/admin/builder/spi-builder-workspace/.derivedData/Build/Intermediates.noindex/Random.build/Debug-watchos/Random-t.build/Objects-normal/arm64_32/Random-Swift.h (in target 'Random' from project 'Random')
cd /Users/admin/builder/spi-builder-workspace/.dependencies/checkouts/random
builtin-swiftHeaderTool -arch arm64 /Users/admin/builder/spi-builder-workspace/.derivedData/Build/Intermediates.noindex/Random.build/Debug-watchos/Random-t.build/Objects-normal/arm64/Random-Swift.h -arch arm64_32 /Users/admin/builder/spi-builder-workspace/.derivedData/Build/Intermediates.noindex/Random.build/Debug-watchos/Random-t.build/Objects-normal/arm64_32/Random-Swift.h -o /Users/admin/builder/spi-builder-workspace/.derivedData/Build/Intermediates.noindex/GeneratedModuleMaps-watchos/Random-Swift.h
SwiftDriverJobDiscovery normal arm64_32 Compiling TCPWriteableSocket.swift, UDPSocket.swift (in target 'Sockets' from project 'Sockets')
Copy /Users/admin/builder/spi-builder-workspace/.derivedData/Build/Products/Debug-watchos/Random.swiftmodule/arm64-apple-watchos.swiftmodule /Users/admin/builder/spi-builder-workspace/.derivedData/Build/Intermediates.noindex/Random.build/Debug-watchos/Random-t.build/Objects-normal/arm64/Random.swiftmodule (in target 'Random' from project 'Random')
cd /Users/admin/builder/spi-builder-workspace/.dependencies/checkouts/random
builtin-copy -exclude .DS_Store -exclude CVS -exclude .svn -exclude .git -exclude .hg -resolve-src-symlinks -rename /Users/admin/builder/spi-builder-workspace/.derivedData/Build/Intermediates.noindex/Random.build/Debug-watchos/Random-t.build/Objects-normal/arm64/Random.swiftmodule /Users/admin/builder/spi-builder-workspace/.derivedData/Build/Products/Debug-watchos/Random.swiftmodule/arm64-apple-watchos.swiftmodule
Copy /Users/admin/builder/spi-builder-workspace/.derivedData/Build/Products/Debug-watchos/Random.swiftmodule/arm64-apple-watchos.swiftdoc /Users/admin/builder/spi-builder-workspace/.derivedData/Build/Intermediates.noindex/Random.build/Debug-watchos/Random-t.build/Objects-normal/arm64/Random.swiftdoc (in target 'Random' from project 'Random')
cd /Users/admin/builder/spi-builder-workspace/.dependencies/checkouts/random
builtin-copy -exclude .DS_Store -exclude CVS -exclude .svn -exclude .git -exclude .hg -resolve-src-symlinks -rename /Users/admin/builder/spi-builder-workspace/.derivedData/Build/Intermediates.noindex/Random.build/Debug-watchos/Random-t.build/Objects-normal/arm64/Random.swiftdoc /Users/admin/builder/spi-builder-workspace/.derivedData/Build/Products/Debug-watchos/Random.swiftmodule/arm64-apple-watchos.swiftdoc
Copy /Users/admin/builder/spi-builder-workspace/.derivedData/Build/Products/Debug-watchos/Random.swiftmodule/arm64-apple-watchos.abi.json /Users/admin/builder/spi-builder-workspace/.derivedData/Build/Intermediates.noindex/Random.build/Debug-watchos/Random-t.build/Objects-normal/arm64/Random.abi.json (in target 'Random' from project 'Random')
cd /Users/admin/builder/spi-builder-workspace/.dependencies/checkouts/random
builtin-copy -exclude .DS_Store -exclude CVS -exclude .svn -exclude .git -exclude .hg -resolve-src-symlinks -rename /Users/admin/builder/spi-builder-workspace/.derivedData/Build/Intermediates.noindex/Random.build/Debug-watchos/Random-t.build/Objects-normal/arm64/Random.abi.json /Users/admin/builder/spi-builder-workspace/.derivedData/Build/Products/Debug-watchos/Random.swiftmodule/arm64-apple-watchos.abi.json
Copy /Users/admin/builder/spi-builder-workspace/.derivedData/Build/Products/Debug-watchos/Random.swiftmodule/Project/arm64-apple-watchos.swiftsourceinfo /Users/admin/builder/spi-builder-workspace/.derivedData/Build/Intermediates.noindex/Random.build/Debug-watchos/Random-t.build/Objects-normal/arm64/Random.swiftsourceinfo (in target 'Random' from project 'Random')
cd /Users/admin/builder/spi-builder-workspace/.dependencies/checkouts/random
builtin-copy -exclude .DS_Store -exclude CVS -exclude .svn -exclude .git -exclude .hg -resolve-src-symlinks -rename /Users/admin/builder/spi-builder-workspace/.derivedData/Build/Intermediates.noindex/Random.build/Debug-watchos/Random-t.build/Objects-normal/arm64/Random.swiftsourceinfo /Users/admin/builder/spi-builder-workspace/.derivedData/Build/Products/Debug-watchos/Random.swiftmodule/Project/arm64-apple-watchos.swiftsourceinfo
SwiftCompile normal arm64_32 Compiling\ Address+C.swift,\ Address.swift,\ Buffer.swift /Users/admin/builder/spi-builder-workspace/.dependencies/checkouts/sockets/Sources/Sockets/Address/Address+C.swift /Users/admin/builder/spi-builder-workspace/.dependencies/checkouts/sockets/Sources/Sockets/Address/Address.swift /Users/admin/builder/spi-builder-workspace/.dependencies/checkouts/sockets/Sources/Sockets/Core/Buffer.swift (in target 'Sockets' from project 'Sockets')
SwiftCompile normal arm64_32 /Users/admin/builder/spi-builder-workspace/.dependencies/checkouts/sockets/Sources/Sockets/Address/Address+C.swift (in target 'Sockets' from project 'Sockets')
cd /Users/admin/builder/spi-builder-workspace/.swiftpm/xcode
builtin-SwiftPerFileCompile Address+C.swift
SwiftCompile normal arm64_32 /Users/admin/builder/spi-builder-workspace/.dependencies/checkouts/sockets/Sources/Sockets/Address/Address.swift (in target 'Sockets' from project 'Sockets')
cd /Users/admin/builder/spi-builder-workspace/.swiftpm/xcode
builtin-SwiftPerFileCompile Address.swift
SwiftCompile normal arm64_32 /Users/admin/builder/spi-builder-workspace/.dependencies/checkouts/sockets/Sources/Sockets/Core/Buffer.swift (in target 'Sockets' from project 'Sockets')
cd /Users/admin/builder/spi-builder-workspace/.swiftpm/xcode
builtin-SwiftPerFileCompile Buffer.swift
SwiftCompile normal arm64_32 Compiling\ TCPEstablishedSocket.swift,\ TCPInternetSocket.swift /Users/admin/builder/spi-builder-workspace/.dependencies/checkouts/sockets/Sources/Sockets/TCP/TCPEstablishedSocket.swift /Users/admin/builder/spi-builder-workspace/.dependencies/checkouts/sockets/Sources/Sockets/TCP/TCPInternetSocket.swift (in target 'Sockets' from project 'Sockets')
SwiftCompile normal arm64_32 /Users/admin/builder/spi-builder-workspace/.dependencies/checkouts/sockets/Sources/Sockets/TCP/TCPEstablishedSocket.swift (in target 'Sockets' from project 'Sockets')
cd /Users/admin/builder/spi-builder-workspace/.swiftpm/xcode
builtin-SwiftPerFileCompile TCPEstablishedSocket.swift
SwiftCompile normal arm64_32 /Users/admin/builder/spi-builder-workspace/.dependencies/checkouts/sockets/Sources/Sockets/TCP/TCPInternetSocket.swift (in target 'Sockets' from project 'Sockets')
cd /Users/admin/builder/spi-builder-workspace/.swiftpm/xcode
builtin-SwiftPerFileCompile TCPInternetSocket.swift
SwiftDriverJobDiscovery normal arm64_32 Compiling Types.swift, Exports.swift (in target 'Sockets' from project 'Sockets')
SwiftCompile normal arm64_32 Compiling\ Socket.swift,\ SocketOptions.swift /Users/admin/builder/spi-builder-workspace/.dependencies/checkouts/sockets/Sources/Sockets/Socket/Socket.swift /Users/admin/builder/spi-builder-workspace/.dependencies/checkouts/sockets/Sources/Sockets/Socket/SocketOptions.swift (in target 'Sockets' from project 'Sockets')
SwiftCompile normal arm64_32 /Users/admin/builder/spi-builder-workspace/.dependencies/checkouts/sockets/Sources/Sockets/Socket/Socket.swift (in target 'Sockets' from project 'Sockets')
cd /Users/admin/builder/spi-builder-workspace/.swiftpm/xcode
builtin-SwiftPerFileCompile Socket.swift
SwiftCompile normal arm64_32 /Users/admin/builder/spi-builder-workspace/.dependencies/checkouts/sockets/Sources/Sockets/Socket/SocketOptions.swift (in target 'Sockets' from project 'Sockets')
cd /Users/admin/builder/spi-builder-workspace/.swiftpm/xcode
builtin-SwiftPerFileCompile SocketOptions.swift
SwiftDriverJobDiscovery normal arm64_32 Compiling Conversions.swift, Error.swift, FDSet.swift (in target 'Sockets' from project 'Sockets')
SwiftCompile normal arm64_32 Compiling\ Config.swift,\ Descriptor.swift /Users/admin/builder/spi-builder-workspace/.dependencies/checkouts/sockets/Sources/Sockets/Socket/Config.swift /Users/admin/builder/spi-builder-workspace/.dependencies/checkouts/sockets/Sources/Sockets/Socket/Descriptor.swift (in target 'Sockets' from project 'Sockets')
SwiftCompile normal arm64_32 /Users/admin/builder/spi-builder-workspace/.dependencies/checkouts/sockets/Sources/Sockets/Socket/Config.swift (in target 'Sockets' from project 'Sockets')
cd /Users/admin/builder/spi-builder-workspace/.swiftpm/xcode
builtin-SwiftPerFileCompile Config.swift
SwiftCompile normal arm64_32 /Users/admin/builder/spi-builder-workspace/.dependencies/checkouts/sockets/Sources/Sockets/Socket/Descriptor.swift (in target 'Sockets' from project 'Sockets')
cd /Users/admin/builder/spi-builder-workspace/.swiftpm/xcode
builtin-SwiftPerFileCompile Descriptor.swift
SwiftDriverJobDiscovery normal arm64 Compiling TCPWriteableSocket.swift, UDPSocket.swift (in target 'Sockets' from project 'Sockets')
SwiftCompile normal arm64 Compiling\ RawSocket.swift,\ Select.swift /Users/admin/builder/spi-builder-workspace/.dependencies/checkouts/sockets/Sources/Sockets/Socket/RawSocket.swift /Users/admin/builder/spi-builder-workspace/.dependencies/checkouts/sockets/Sources/Sockets/Socket/Select.swift (in target 'Sockets' from project 'Sockets')
SwiftCompile normal arm64 /Users/admin/builder/spi-builder-workspace/.dependencies/checkouts/sockets/Sources/Sockets/Socket/RawSocket.swift (in target 'Sockets' from project 'Sockets')
cd /Users/admin/builder/spi-builder-workspace/.swiftpm/xcode
builtin-SwiftPerFileCompile RawSocket.swift
SwiftCompile normal arm64 /Users/admin/builder/spi-builder-workspace/.dependencies/checkouts/sockets/Sources/Sockets/Socket/Select.swift (in target 'Sockets' from project 'Sockets')
cd /Users/admin/builder/spi-builder-workspace/.swiftpm/xcode
builtin-SwiftPerFileCompile Select.swift
SwiftDriverJobDiscovery normal arm64 Compiling Socket.swift, SocketOptions.swift (in target 'Sockets' from project 'Sockets')
SwiftCompile normal arm64_32 Compiling\ InternetSocket.swift,\ Pipe.swift /Users/admin/builder/spi-builder-workspace/.dependencies/checkouts/sockets/Sources/Sockets/Socket/InternetSocket.swift /Users/admin/builder/spi-builder-workspace/.dependencies/checkouts/sockets/Sources/Sockets/Socket/Pipe.swift (in target 'Sockets' from project 'Sockets')
SwiftCompile normal arm64_32 /Users/admin/builder/spi-builder-workspace/.dependencies/checkouts/sockets/Sources/Sockets/Socket/InternetSocket.swift (in target 'Sockets' from project 'Sockets')
cd /Users/admin/builder/spi-builder-workspace/.swiftpm/xcode
builtin-SwiftPerFileCompile InternetSocket.swift
SwiftCompile normal arm64_32 /Users/admin/builder/spi-builder-workspace/.dependencies/checkouts/sockets/Sources/Sockets/Socket/Pipe.swift (in target 'Sockets' from project 'Sockets')
cd /Users/admin/builder/spi-builder-workspace/.swiftpm/xcode
builtin-SwiftPerFileCompile Pipe.swift
SwiftDriverJobDiscovery normal arm64 Compiling InternetSocket.swift, Pipe.swift (in target 'Sockets' from project 'Sockets')
SwiftCompile normal arm64 Compiling\ TCPEstablishedSocket.swift,\ TCPInternetSocket.swift /Users/admin/builder/spi-builder-workspace/.dependencies/checkouts/sockets/Sources/Sockets/TCP/TCPEstablishedSocket.swift /Users/admin/builder/spi-builder-workspace/.dependencies/checkouts/sockets/Sources/Sockets/TCP/TCPInternetSocket.swift (in target 'Sockets' from project 'Sockets')
SwiftCompile normal arm64 /Users/admin/builder/spi-builder-workspace/.dependencies/checkouts/sockets/Sources/Sockets/TCP/TCPEstablishedSocket.swift (in target 'Sockets' from project 'Sockets')
cd /Users/admin/builder/spi-builder-workspace/.swiftpm/xcode
builtin-SwiftPerFileCompile TCPEstablishedSocket.swift
SwiftCompile normal arm64 /Users/admin/builder/spi-builder-workspace/.dependencies/checkouts/sockets/Sources/Sockets/TCP/TCPInternetSocket.swift (in target 'Sockets' from project 'Sockets')
cd /Users/admin/builder/spi-builder-workspace/.swiftpm/xcode
builtin-SwiftPerFileCompile TCPInternetSocket.swift
SwiftDriverJobDiscovery normal arm64 Compiling Types.swift, Exports.swift (in target 'Sockets' from project 'Sockets')
SwiftCompile normal arm64_32 Compiling\ RawSocket.swift,\ Select.swift /Users/admin/builder/spi-builder-workspace/.dependencies/checkouts/sockets/Sources/Sockets/Socket/RawSocket.swift /Users/admin/builder/spi-builder-workspace/.dependencies/checkouts/sockets/Sources/Sockets/Socket/Select.swift (in target 'Sockets' from project 'Sockets')
SwiftCompile normal arm64_32 /Users/admin/builder/spi-builder-workspace/.dependencies/checkouts/sockets/Sources/Sockets/Socket/RawSocket.swift (in target 'Sockets' from project 'Sockets')
cd /Users/admin/builder/spi-builder-workspace/.swiftpm/xcode
builtin-SwiftPerFileCompile RawSocket.swift
SwiftCompile normal arm64_32 /Users/admin/builder/spi-builder-workspace/.dependencies/checkouts/sockets/Sources/Sockets/Socket/Select.swift (in target 'Sockets' from project 'Sockets')
cd /Users/admin/builder/spi-builder-workspace/.swiftpm/xcode
builtin-SwiftPerFileCompile Select.swift
SwiftDriverJobDiscovery normal arm64_32 Compiling Socket.swift, SocketOptions.swift (in target 'Sockets' from project 'Sockets')
SwiftDriverJobDiscovery normal arm64 Compiling Address+C.swift, Address.swift, Buffer.swift (in target 'Sockets' from project 'Sockets')
SwiftCompile normal arm64 Compiling\ Array+Random.swift /Users/admin/builder/spi-builder-workspace/.dependencies/checkouts/random/Sources/Random/Array+Random.swift (in target 'Random' from project 'Random')
SwiftCompile normal arm64 /Users/admin/builder/spi-builder-workspace/.dependencies/checkouts/random/Sources/Random/Array+Random.swift (in target 'Random' from project 'Random')
cd /Users/admin/builder/spi-builder-workspace/.swiftpm/xcode
builtin-SwiftPerFileCompile Array+Random.swift
SwiftDriverJobDiscovery normal arm64_32 Compiling InternetSocket.swift, Pipe.swift (in target 'Sockets' from project 'Sockets')
SwiftCompile normal arm64_32 Compiling\ EmptyInitializable.swift /Users/admin/builder/spi-builder-workspace/.dependencies/checkouts/random/Sources/Random/EmptyInitializable.swift (in target 'Random' from project 'Random')
SwiftCompile normal arm64_32 /Users/admin/builder/spi-builder-workspace/.dependencies/checkouts/random/Sources/Random/EmptyInitializable.swift (in target 'Random' from project 'Random')
cd /Users/admin/builder/spi-builder-workspace/.swiftpm/xcode
builtin-SwiftPerFileCompile EmptyInitializable.swift
SwiftDriverJobDiscovery normal arm64_32 Compiling Config.swift, Descriptor.swift (in target 'Sockets' from project 'Sockets')
SwiftCompile normal arm64_32 Compiling\ Exports.swift /Users/admin/builder/spi-builder-workspace/.dependencies/checkouts/random/Sources/Random/Exports.swift (in target 'Random' from project 'Random')
SwiftCompile normal arm64_32 /Users/admin/builder/spi-builder-workspace/.dependencies/checkouts/random/Sources/Random/Exports.swift (in target 'Random' from project 'Random')
cd /Users/admin/builder/spi-builder-workspace/.swiftpm/xcode
builtin-SwiftPerFileCompile Exports.swift
SwiftDriverJobDiscovery normal arm64 Compiling RawSocket.swift, Select.swift (in target 'Sockets' from project 'Sockets')
SwiftCompile normal arm64 Compiling\ RandomProtocol.swift /Users/admin/builder/spi-builder-workspace/.dependencies/checkouts/random/Sources/Random/RandomProtocol.swift (in target 'Random' from project 'Random')
SwiftCompile normal arm64 /Users/admin/builder/spi-builder-workspace/.dependencies/checkouts/random/Sources/Random/RandomProtocol.swift (in target 'Random' from project 'Random')
cd /Users/admin/builder/spi-builder-workspace/.swiftpm/xcode
builtin-SwiftPerFileCompile RandomProtocol.swift
SwiftDriverJobDiscovery normal arm64_32 Compiling TCPEstablishedSocket.swift, TCPInternetSocket.swift (in target 'Sockets' from project 'Sockets')
SwiftCompile normal arm64 Compiling\ OSRandom.swift /Users/admin/builder/spi-builder-workspace/.dependencies/checkouts/random/Sources/Random/OSRandom.swift (in target 'Random' from project 'Random')
SwiftCompile normal arm64 /Users/admin/builder/spi-builder-workspace/.dependencies/checkouts/random/Sources/Random/OSRandom.swift (in target 'Random' from project 'Random')
cd /Users/admin/builder/spi-builder-workspace/.swiftpm/xcode
builtin-SwiftPerFileCompile OSRandom.swift
SwiftDriverJobDiscovery normal arm64_32 Compiling Exports.swift (in target 'Random' from project 'Random')
SwiftCompile normal arm64 Compiling\ Exports.swift /Users/admin/builder/spi-builder-workspace/.dependencies/checkouts/random/Sources/Random/Exports.swift (in target 'Random' from project 'Random')
SwiftCompile normal arm64 /Users/admin/builder/spi-builder-workspace/.dependencies/checkouts/random/Sources/Random/Exports.swift (in target 'Random' from project 'Random')
cd /Users/admin/builder/spi-builder-workspace/.swiftpm/xcode
builtin-SwiftPerFileCompile Exports.swift
SwiftCompile normal arm64_32 Compiling\ OSRandom.swift /Users/admin/builder/spi-builder-workspace/.dependencies/checkouts/random/Sources/Random/OSRandom.swift (in target 'Random' from project 'Random')
SwiftCompile normal arm64_32 /Users/admin/builder/spi-builder-workspace/.dependencies/checkouts/random/Sources/Random/OSRandom.swift (in target 'Random' from project 'Random')
cd /Users/admin/builder/spi-builder-workspace/.swiftpm/xcode
builtin-SwiftPerFileCompile OSRandom.swift
SwiftDriverJobDiscovery normal arm64 Compiling TCPEstablishedSocket.swift, TCPInternetSocket.swift (in target 'Sockets' from project 'Sockets')
SwiftDriverJobDiscovery normal arm64 Compiling Array+Random.swift (in target 'Random' from project 'Random')
SwiftDriver\ Compilation Sockets normal arm64 com.apple.xcode.tools.swift.compiler (in target 'Sockets' from project 'Sockets')
cd /Users/admin/builder/spi-builder-workspace/.swiftpm/xcode
builtin-Swift-Compilation -- /Applications/Xcode-27.0.0-Release.Candidate.app/Contents/Developer/Toolchains/XcodeDefault.xctoolchain/usr/bin/swiftc -parse-as-library -module-name Sockets -Onone @/Users/admin/builder/spi-builder-workspace/.derivedData/Build/Intermediates.noindex/Sockets.build/Debug-watchos/Sockets-t.build/Objects-normal/arm64/Sockets.SwiftFileList -DSWIFT_PACKAGE -DDEBUG -DSWIFT_MODULE_RESOURCE_BUNDLE_UNAVAILABLE -DXcode -plugin-path /Applications/Xcode-27.0.0-Release.Candidate.app/Contents/Developer/Toolchains/XcodeDefault.xctoolchain/usr/lib/swift/host/plugins/testing -enable-experimental-feature DebugDescriptionMacro -sdk /Applications/Xcode-27.0.0-Release.Candidate.app/Contents/Developer/Platforms/WatchOS.platform/Developer/SDKs/WatchOS27.0.sdk -target arm64-apple-watchos9.0 -g -module-cache-path /Users/admin/builder/spi-builder-workspace/.derivedData/ModuleCache.noindex -Xfrontend -serialize-debugging-options -profile-coverage-mapping -profile-generate -enable-testing -suppress-warnings -index-store-path /Users/admin/builder/spi-builder-workspace/.derivedData/Index.noindex/DataStore -Xcc -D_LIBCPP_HARDENING_MODE\=_LIBCPP_HARDENING_MODE_DEBUG -swift-version 4 -I /Users/admin/builder/spi-builder-workspace/.derivedData/Build/Products/Debug-watchos -Isystem /Applications/Xcode-27.0.0-Release.Candidate.app/Contents/Developer/Platforms/WatchOS.platform/Developer/usr/lib -F /Users/admin/builder/spi-builder-workspace/.derivedData/Build/Products/Debug-watchos/PackageFrameworks -F /Users/admin/builder/spi-builder-workspace/.derivedData/Build/Products/Debug-watchos -F /Applications/Xcode-27.0.0-Release.Candidate.app/Contents/Developer/Platforms/WatchOS.platform/Developer/Library/Frameworks -F /Applications/Xcode-27.0.0-Release.Candidate.app/Contents/Developer/Platforms/WatchOS.platform/Developer/SDKs/WatchOS27.0.sdk/Developer/Library/Frameworks -c -j10 -enable-batch-mode -incremental -Xcc -ivfsstatcache -Xcc /Users/admin/builder/spi-builder-workspace/.derivedData/SDKStatCaches.noindex/watchos27.0-24R360-e829b21a6f8c9b70876ba0858053c04477534ef55a1706bf4c1112bbb242f0a2.sdkstatcache -output-file-map /Users/admin/builder/spi-builder-workspace/.derivedData/Build/Intermediates.noindex/Sockets.build/Debug-watchos/Sockets-t.build/Objects-normal/arm64/Sockets-OutputFileMap.json -save-temps -no-color-diagnostics -emit-dependencies -emit-module -emit-module-path /Users/admin/builder/spi-builder-workspace/.derivedData/Build/Intermediates.noindex/Sockets.build/Debug-watchos/Sockets-t.build/Objects-normal/arm64/Sockets.swiftmodule -serialize-diagnostics -validate-clang-modules-once -clang-build-session-file /Users/admin/builder/spi-builder-workspace/.derivedData/ModuleCache.noindex/Session.modulevalidation -Xcc -fmodules-prune-interval\=86400 -Xcc -fmodules-prune-after\=345600 -emit-const-values -const-gather-protocols-list /Users/admin/builder/spi-builder-workspace/.derivedData/Build/Intermediates.noindex/Sockets.build/Debug-watchos/Sockets-t.build/Objects-normal/arm64/Sockets_const_extract_protocols.json -Xcc -I/Users/admin/builder/spi-builder-workspace/.derivedData/Build/Products/Debug-watchos/include -Xcc -I/Users/admin/builder/spi-builder-workspace/.derivedData/Build/Intermediates.noindex/Sockets.build/Debug-watchos/Sockets-t.build/DerivedSources-normal/arm64 -Xcc -I/Users/admin/builder/spi-builder-workspace/.derivedData/Build/Intermediates.noindex/Sockets.build/Debug-watchos/Sockets-t.build/DerivedSources/arm64 -Xcc -I/Users/admin/builder/spi-builder-workspace/.derivedData/Build/Intermediates.noindex/Sockets.build/Debug-watchos/Sockets-t.build/DerivedSources -Xcc -DSWIFT_PACKAGE -Xcc -DDEBUG\=1 -emit-objc-header -emit-objc-header-path /Users/admin/builder/spi-builder-workspace/.derivedData/Build/Intermediates.noindex/Sockets.build/Debug-watchos/Sockets-t.build/Objects-normal/arm64/Sockets-Swift.h -working-directory /Users/admin/builder/spi-builder-workspace/.swiftpm/xcode -experimental-emit-module-separately -disable-cmo
SwiftCompile normal arm64 Compiling\ URandom.swift /Users/admin/builder/spi-builder-workspace/.dependencies/checkouts/random/Sources/Random/URandom.swift (in target 'Random' from project 'Random')
SwiftCompile normal arm64 /Users/admin/builder/spi-builder-workspace/.dependencies/checkouts/random/Sources/Random/URandom.swift (in target 'Random' from project 'Random')
cd /Users/admin/builder/spi-builder-workspace/.swiftpm/xcode
builtin-SwiftPerFileCompile URandom.swift
SwiftCompile normal arm64_32 Compiling\ URandom.swift /Users/admin/builder/spi-builder-workspace/.dependencies/checkouts/random/Sources/Random/URandom.swift (in target 'Random' from project 'Random')
SwiftCompile normal arm64_32 /Users/admin/builder/spi-builder-workspace/.dependencies/checkouts/random/Sources/Random/URandom.swift (in target 'Random' from project 'Random')
cd /Users/admin/builder/spi-builder-workspace/.swiftpm/xcode
builtin-SwiftPerFileCompile URandom.swift
SwiftCompile normal arm64 Compiling\ EmptyInitializable.swift /Users/admin/builder/spi-builder-workspace/.dependencies/checkouts/random/Sources/Random/EmptyInitializable.swift (in target 'Random' from project 'Random')
SwiftCompile normal arm64 /Users/admin/builder/spi-builder-workspace/.dependencies/checkouts/random/Sources/Random/EmptyInitializable.swift (in target 'Random' from project 'Random')
cd /Users/admin/builder/spi-builder-workspace/.swiftpm/xcode
builtin-SwiftPerFileCompile EmptyInitializable.swift
SwiftDriverJobDiscovery normal arm64_32 Compiling EmptyInitializable.swift (in target 'Random' from project 'Random')
SwiftDriverJobDiscovery normal arm64_32 Compiling Address+C.swift, Address.swift, Buffer.swift (in target 'Sockets' from project 'Sockets')
SwiftCompile normal arm64_32 Compiling\ RandomProtocol.swift /Users/admin/builder/spi-builder-workspace/.dependencies/checkouts/random/Sources/Random/RandomProtocol.swift (in target 'Random' from project 'Random')
SwiftCompile normal arm64_32 /Users/admin/builder/spi-builder-workspace/.dependencies/checkouts/random/Sources/Random/RandomProtocol.swift (in target 'Random' from project 'Random')
cd /Users/admin/builder/spi-builder-workspace/.swiftpm/xcode
builtin-SwiftPerFileCompile RandomProtocol.swift
SwiftDriverJobDiscovery normal arm64_32 Compiling RawSocket.swift, Select.swift (in target 'Sockets' from project 'Sockets')
SwiftDriverJobDiscovery normal arm64 Compiling RandomProtocol.swift (in target 'Random' from project 'Random')
SwiftDriver\ Compilation Sockets normal arm64_32 com.apple.xcode.tools.swift.compiler (in target 'Sockets' from project 'Sockets')
cd /Users/admin/builder/spi-builder-workspace/.swiftpm/xcode
builtin-Swift-Compilation -- /Applications/Xcode-27.0.0-Release.Candidate.app/Contents/Developer/Toolchains/XcodeDefault.xctoolchain/usr/bin/swiftc -parse-as-library -module-name Sockets -Onone @/Users/admin/builder/spi-builder-workspace/.derivedData/Build/Intermediates.noindex/Sockets.build/Debug-watchos/Sockets-t.build/Objects-normal/arm64_32/Sockets.SwiftFileList -DSWIFT_PACKAGE -DDEBUG -DSWIFT_MODULE_RESOURCE_BUNDLE_UNAVAILABLE -DXcode -plugin-path /Applications/Xcode-27.0.0-Release.Candidate.app/Contents/Developer/Toolchains/XcodeDefault.xctoolchain/usr/lib/swift/host/plugins/testing -enable-experimental-feature DebugDescriptionMacro -sdk /Applications/Xcode-27.0.0-Release.Candidate.app/Contents/Developer/Platforms/WatchOS.platform/Developer/SDKs/WatchOS27.0.sdk -target arm64_32-apple-watchos9.0 -g -module-cache-path /Users/admin/builder/spi-builder-workspace/.derivedData/ModuleCache.noindex -Xfrontend -serialize-debugging-options -profile-coverage-mapping -profile-generate -enable-testing -suppress-warnings -index-store-path /Users/admin/builder/spi-builder-workspace/.derivedData/Index.noindex/DataStore -Xcc -D_LIBCPP_HARDENING_MODE\=_LIBCPP_HARDENING_MODE_DEBUG -swift-version 4 -I /Users/admin/builder/spi-builder-workspace/.derivedData/Build/Products/Debug-watchos -Isystem /Applications/Xcode-27.0.0-Release.Candidate.app/Contents/Developer/Platforms/WatchOS.platform/Developer/usr/lib -F /Users/admin/builder/spi-builder-workspace/.derivedData/Build/Products/Debug-watchos/PackageFrameworks -F /Users/admin/builder/spi-builder-workspace/.derivedData/Build/Products/Debug-watchos -F /Applications/Xcode-27.0.0-Release.Candidate.app/Contents/Developer/Platforms/WatchOS.platform/Developer/Library/Frameworks -F /Applications/Xcode-27.0.0-Release.Candidate.app/Contents/Developer/Platforms/WatchOS.platform/Developer/SDKs/WatchOS27.0.sdk/Developer/Library/Frameworks -c -j10 -enable-batch-mode -incremental -Xcc -ivfsstatcache -Xcc /Users/admin/builder/spi-builder-workspace/.derivedData/SDKStatCaches.noindex/watchos27.0-24R360-e829b21a6f8c9b70876ba0858053c04477534ef55a1706bf4c1112bbb242f0a2.sdkstatcache -output-file-map /Users/admin/builder/spi-builder-workspace/.derivedData/Build/Intermediates.noindex/Sockets.build/Debug-watchos/Sockets-t.build/Objects-normal/arm64_32/Sockets-OutputFileMap.json -save-temps -no-color-diagnostics -emit-dependencies -emit-module -emit-module-path /Users/admin/builder/spi-builder-workspace/.derivedData/Build/Intermediates.noindex/Sockets.build/Debug-watchos/Sockets-t.build/Objects-normal/arm64_32/Sockets.swiftmodule -serialize-diagnostics -validate-clang-modules-once -clang-build-session-file /Users/admin/builder/spi-builder-workspace/.derivedData/ModuleCache.noindex/Session.modulevalidation -Xcc -fmodules-prune-interval\=86400 -Xcc -fmodules-prune-after\=345600 -emit-const-values -const-gather-protocols-list /Users/admin/builder/spi-builder-workspace/.derivedData/Build/Intermediates.noindex/Sockets.build/Debug-watchos/Sockets-t.build/Objects-normal/arm64_32/Sockets_const_extract_protocols.json -Xcc -I/Users/admin/builder/spi-builder-workspace/.derivedData/Build/Products/Debug-watchos/include -Xcc -I/Users/admin/builder/spi-builder-workspace/.derivedData/Build/Intermediates.noindex/Sockets.build/Debug-watchos/Sockets-t.build/DerivedSources-normal/arm64_32 -Xcc -I/Users/admin/builder/spi-builder-workspace/.derivedData/Build/Intermediates.noindex/Sockets.build/Debug-watchos/Sockets-t.build/DerivedSources/arm64_32 -Xcc -I/Users/admin/builder/spi-builder-workspace/.derivedData/Build/Intermediates.noindex/Sockets.build/Debug-watchos/Sockets-t.build/DerivedSources -Xcc -DSWIFT_PACKAGE -Xcc -DDEBUG\=1 -emit-objc-header -emit-objc-header-path /Users/admin/builder/spi-builder-workspace/.derivedData/Build/Intermediates.noindex/Sockets.build/Debug-watchos/Sockets-t.build/Objects-normal/arm64_32/Sockets-Swift.h -working-directory /Users/admin/builder/spi-builder-workspace/.swiftpm/xcode -experimental-emit-module-separately -disable-cmo
SwiftDriver TLS normal arm64 com.apple.xcode.tools.swift.compiler (in target 'TLS' from project 'TLS')
cd /Users/admin/builder/spi-builder-workspace/.swiftpm/xcode
builtin-SwiftDriver -- /Applications/Xcode-27.0.0-Release.Candidate.app/Contents/Developer/Toolchains/XcodeDefault.xctoolchain/usr/bin/swiftc -parse-as-library -module-name TLS -Onone @/Users/admin/builder/spi-builder-workspace/.derivedData/Build/Intermediates.noindex/TLS.build/Debug-watchos/TLS-t.build/Objects-normal/arm64/TLS.SwiftFileList -DSWIFT_PACKAGE -DDEBUG -DSWIFT_MODULE_RESOURCE_BUNDLE_UNAVAILABLE -Xcc -fmodule-map-file\=/Users/admin/builder/spi-builder-workspace/.dependencies/checkouts/ctls/module.modulemap -DXcode -plugin-path /Applications/Xcode-27.0.0-Release.Candidate.app/Contents/Developer/Toolchains/XcodeDefault.xctoolchain/usr/lib/swift/host/plugins/testing -enable-experimental-feature DebugDescriptionMacro -sdk /Applications/Xcode-27.0.0-Release.Candidate.app/Contents/Developer/Platforms/WatchOS.platform/Developer/SDKs/WatchOS27.0.sdk -target arm64-apple-watchos9.0 -g -module-cache-path /Users/admin/builder/spi-builder-workspace/.derivedData/ModuleCache.noindex -Xfrontend -serialize-debugging-options -profile-coverage-mapping -profile-generate -enable-testing -suppress-warnings -index-store-path /Users/admin/builder/spi-builder-workspace/.derivedData/Index.noindex/DataStore -Xcc -D_LIBCPP_HARDENING_MODE\=_LIBCPP_HARDENING_MODE_DEBUG -swift-version 4 -I /Users/admin/builder/spi-builder-workspace/.derivedData/Build/Products/Debug-watchos -Isystem /Applications/Xcode-27.0.0-Release.Candidate.app/Contents/Developer/Platforms/WatchOS.platform/Developer/usr/lib -F /Users/admin/builder/spi-builder-workspace/.derivedData/Build/Products/Debug-watchos/PackageFrameworks -F /Users/admin/builder/spi-builder-workspace/.derivedData/Build/Products/Debug-watchos -F /Applications/Xcode-27.0.0-Release.Candidate.app/Contents/Developer/Platforms/WatchOS.platform/Developer/Library/Frameworks -F /Applications/Xcode-27.0.0-Release.Candidate.app/Contents/Developer/Platforms/WatchOS.platform/Developer/SDKs/WatchOS27.0.sdk/Developer/Library/Frameworks -c -j10 -enable-batch-mode -incremental -Xcc -ivfsstatcache -Xcc /Users/admin/builder/spi-builder-workspace/.derivedData/SDKStatCaches.noindex/watchos27.0-24R360-e829b21a6f8c9b70876ba0858053c04477534ef55a1706bf4c1112bbb242f0a2.sdkstatcache -output-file-map /Users/admin/builder/spi-builder-workspace/.derivedData/Build/Intermediates.noindex/TLS.build/Debug-watchos/TLS-t.build/Objects-normal/arm64/TLS-OutputFileMap.json -save-temps -no-color-diagnostics -emit-dependencies -emit-module -emit-module-path /Users/admin/builder/spi-builder-workspace/.derivedData/Build/Intermediates.noindex/TLS.build/Debug-watchos/TLS-t.build/Objects-normal/arm64/TLS.swiftmodule -serialize-diagnostics -validate-clang-modules-once -clang-build-session-file /Users/admin/builder/spi-builder-workspace/.derivedData/ModuleCache.noindex/Session.modulevalidation -Xcc -fmodules-prune-interval\=86400 -Xcc -fmodules-prune-after\=345600 -emit-const-values -const-gather-protocols-list /Users/admin/builder/spi-builder-workspace/.derivedData/Build/Intermediates.noindex/TLS.build/Debug-watchos/TLS-t.build/Objects-normal/arm64/TLS_const_extract_protocols.json -Xcc -I/Users/admin/builder/spi-builder-workspace/.derivedData/Build/Products/Debug-watchos/include -Xcc -I/Users/admin/builder/spi-builder-workspace/.derivedData/Build/Intermediates.noindex/TLS.build/Debug-watchos/TLS-t.build/DerivedSources-normal/arm64 -Xcc -I/Users/admin/builder/spi-builder-workspace/.derivedData/Build/Intermediates.noindex/TLS.build/Debug-watchos/TLS-t.build/DerivedSources/arm64 -Xcc -I/Users/admin/builder/spi-builder-workspace/.derivedData/Build/Intermediates.noindex/TLS.build/Debug-watchos/TLS-t.build/DerivedSources -Xcc -DSWIFT_PACKAGE -Xcc -DDEBUG\=1 -emit-objc-header -emit-objc-header-path /Users/admin/builder/spi-builder-workspace/.derivedData/Build/Intermediates.noindex/TLS.build/Debug-watchos/TLS-t.build/Objects-normal/arm64/TLS-Swift.h -working-directory /Users/admin/builder/spi-builder-workspace/.swiftpm/xcode -experimental-emit-module-separately -disable-cmo
SwiftDriver TLS normal arm64_32 com.apple.xcode.tools.swift.compiler (in target 'TLS' from project 'TLS')
cd /Users/admin/builder/spi-builder-workspace/.swiftpm/xcode
builtin-SwiftDriver -- /Applications/Xcode-27.0.0-Release.Candidate.app/Contents/Developer/Toolchains/XcodeDefault.xctoolchain/usr/bin/swiftc -parse-as-library -module-name TLS -Onone @/Users/admin/builder/spi-builder-workspace/.derivedData/Build/Intermediates.noindex/TLS.build/Debug-watchos/TLS-t.build/Objects-normal/arm64_32/TLS.SwiftFileList -DSWIFT_PACKAGE -DDEBUG -DSWIFT_MODULE_RESOURCE_BUNDLE_UNAVAILABLE -Xcc -fmodule-map-file\=/Users/admin/builder/spi-builder-workspace/.dependencies/checkouts/ctls/module.modulemap -DXcode -plugin-path /Applications/Xcode-27.0.0-Release.Candidate.app/Contents/Developer/Toolchains/XcodeDefault.xctoolchain/usr/lib/swift/host/plugins/testing -enable-experimental-feature DebugDescriptionMacro -sdk /Applications/Xcode-27.0.0-Release.Candidate.app/Contents/Developer/Platforms/WatchOS.platform/Developer/SDKs/WatchOS27.0.sdk -target arm64_32-apple-watchos9.0 -g -module-cache-path /Users/admin/builder/spi-builder-workspace/.derivedData/ModuleCache.noindex -Xfrontend -serialize-debugging-options -profile-coverage-mapping -profile-generate -enable-testing -suppress-warnings -index-store-path /Users/admin/builder/spi-builder-workspace/.derivedData/Index.noindex/DataStore -Xcc -D_LIBCPP_HARDENING_MODE\=_LIBCPP_HARDENING_MODE_DEBUG -swift-version 4 -I /Users/admin/builder/spi-builder-workspace/.derivedData/Build/Products/Debug-watchos -Isystem /Applications/Xcode-27.0.0-Release.Candidate.app/Contents/Developer/Platforms/WatchOS.platform/Developer/usr/lib -F /Users/admin/builder/spi-builder-workspace/.derivedData/Build/Products/Debug-watchos/PackageFrameworks -F /Users/admin/builder/spi-builder-workspace/.derivedData/Build/Products/Debug-watchos -F /Applications/Xcode-27.0.0-Release.Candidate.app/Contents/Developer/Platforms/WatchOS.platform/Developer/Library/Frameworks -F /Applications/Xcode-27.0.0-Release.Candidate.app/Contents/Developer/Platforms/WatchOS.platform/Developer/SDKs/WatchOS27.0.sdk/Developer/Library/Frameworks -c -j10 -enable-batch-mode -incremental -Xcc -ivfsstatcache -Xcc /Users/admin/builder/spi-builder-workspace/.derivedData/SDKStatCaches.noindex/watchos27.0-24R360-e829b21a6f8c9b70876ba0858053c04477534ef55a1706bf4c1112bbb242f0a2.sdkstatcache -output-file-map /Users/admin/builder/spi-builder-workspace/.derivedData/Build/Intermediates.noindex/TLS.build/Debug-watchos/TLS-t.build/Objects-normal/arm64_32/TLS-OutputFileMap.json -save-temps -no-color-diagnostics -emit-dependencies -emit-module -emit-module-path /Users/admin/builder/spi-builder-workspace/.derivedData/Build/Intermediates.noindex/TLS.build/Debug-watchos/TLS-t.build/Objects-normal/arm64_32/TLS.swiftmodule -serialize-diagnostics -validate-clang-modules-once -clang-build-session-file /Users/admin/builder/spi-builder-workspace/.derivedData/ModuleCache.noindex/Session.modulevalidation -Xcc -fmodules-prune-interval\=86400 -Xcc -fmodules-prune-after\=345600 -emit-const-values -const-gather-protocols-list /Users/admin/builder/spi-builder-workspace/.derivedData/Build/Intermediates.noindex/TLS.build/Debug-watchos/TLS-t.build/Objects-normal/arm64_32/TLS_const_extract_protocols.json -Xcc -I/Users/admin/builder/spi-builder-workspace/.derivedData/Build/Products/Debug-watchos/include -Xcc -I/Users/admin/builder/spi-builder-workspace/.derivedData/Build/Intermediates.noindex/TLS.build/Debug-watchos/TLS-t.build/DerivedSources-normal/arm64_32 -Xcc -I/Users/admin/builder/spi-builder-workspace/.derivedData/Build/Intermediates.noindex/TLS.build/Debug-watchos/TLS-t.build/DerivedSources/arm64_32 -Xcc -I/Users/admin/builder/spi-builder-workspace/.derivedData/Build/Intermediates.noindex/TLS.build/Debug-watchos/TLS-t.build/DerivedSources -Xcc -DSWIFT_PACKAGE -Xcc -DDEBUG\=1 -emit-objc-header -emit-objc-header-path /Users/admin/builder/spi-builder-workspace/.derivedData/Build/Intermediates.noindex/TLS.build/Debug-watchos/TLS-t.build/Objects-normal/arm64_32/TLS-Swift.h -working-directory /Users/admin/builder/spi-builder-workspace/.swiftpm/xcode -experimental-emit-module-separately -disable-cmo
SwiftEmitModule normal arm64 Emitting\ module\ for\ TLS (in target 'TLS' from project 'TLS')
<module-includes>:1:9: note: in file included from <module-includes>:1:
1 | #import "shim.h"
| `- note: in file included from <module-includes>:1:
2 |
/Users/admin/builder/spi-builder-workspace/.dependencies/checkouts/ctls/shim.h:4:10: error: 'openssl/conf.h' file not found
2 | #define __COPENSSL_SHIM_H__
3 |
4 | #include <openssl/conf.h>
| `- error: 'openssl/conf.h' file not found
5 | #include <openssl/evp.h>
6 | #include <openssl/err.h>
/Users/admin/builder/spi-builder-workspace/.dependencies/checkouts/tls/Sources/TLS/ClientSocket.swift:1:8: error: could not build Objective-C module 'CTLS'
1 | import CTLS
| `- error: could not build Objective-C module 'CTLS'
2 |
3 | /// An SSL Socket.
Failed frontend command:
/Applications/Xcode-27.0.0-Release.Candidate.app/Contents/Developer/Toolchains/XcodeDefault.xctoolchain/usr/bin/swift-frontend -frontend -emit-module -experimental-skip-non-inlinable-function-bodies-without-types /Users/admin/builder/spi-builder-workspace/.dependencies/checkouts/tls/Sources/TLS/Certificates.swift /Users/admin/builder/spi-builder-workspace/.dependencies/checkouts/tls/Sources/TLS/ClientSocket.swift /Users/admin/builder/spi-builder-workspace/.dependencies/checkouts/tls/Sources/TLS/Context.swift /Users/admin/builder/spi-builder-workspace/.dependencies/checkouts/tls/Sources/TLS/Error.swift /Users/admin/builder/spi-builder-workspace/.dependencies/checkouts/tls/Sources/TLS/Exports.swift /Users/admin/builder/spi-builder-workspace/.dependencies/checkouts/tls/Sources/TLS/InternetSocket.swift /Users/admin/builder/spi-builder-workspace/.dependencies/checkouts/tls/Sources/TLS/Mode.swift /Users/admin/builder/spi-builder-workspace/.dependencies/checkouts/tls/Sources/TLS/ReadableSocket.swift /Users/admin/builder/spi-builder-workspace/.dependencies/checkouts/tls/Sources/TLS/ServerSocket.swift /Users/admin/builder/spi-builder-workspace/.dependencies/checkouts/tls/Sources/TLS/Socket.swift /Users/admin/builder/spi-builder-workspace/.dependencies/checkouts/tls/Sources/TLS/Utilities.swift /Users/admin/builder/spi-builder-workspace/.dependencies/checkouts/tls/Sources/TLS/WriteableSocket.swift -target arm64-apple-watchos9.0 -Xllvm -aarch64-use-tbi -enable-objc-interop -stack-check -sdk /Applications/Xcode-27.0.0-Release.Candidate.app/Contents/Developer/Platforms/WatchOS.platform/Developer/SDKs/WatchOS27.0.sdk -I /Users/admin/builder/spi-builder-workspace/.derivedData/Build/Products/Debug-watchos -Isystem /Applications/Xcode-27.0.0-Release.Candidate.app/Contents/Developer/Platforms/WatchOS.platform/Developer/usr/lib -F /Users/admin/builder/spi-builder-workspace/.derivedData/Build/Products/Debug-watchos/PackageFrameworks -F /Users/admin/builder/spi-builder-workspace/.derivedData/Build/Products/Debug-watchos -F /Applications/Xcode-27.0.0-Release.Candidate.app/Contents/Developer/Platforms/WatchOS.platform/Developer/Library/Frameworks -F /Applications/Xcode-27.0.0-Release.Candidate.app/Contents/Developer/Platforms/WatchOS.platform/Developer/SDKs/WatchOS27.0.sdk/Developer/Library/Frameworks -module-cache-path /Users/admin/builder/spi-builder-workspace/.derivedData/ModuleCache.noindex -no-color-diagnostics -Xcc -fno-color-diagnostics -enable-testing -g -debug-info-format\=dwarf -dwarf-version\=4 -suppress-warnings -profile-generate -profile-coverage-mapping -swift-version 4 -Onone -D SWIFT_PACKAGE -D DEBUG -D SWIFT_MODULE_RESOURCE_BUNDLE_UNAVAILABLE -D Xcode -serialize-debugging-options -enable-experimental-feature DebugDescriptionMacro -empty-abi-descriptor -plugin-path /Applications/Xcode-27.0.0-Release.Candidate.app/Contents/Developer/Toolchains/XcodeDefault.xctoolchain/usr/lib/swift/host/plugins/testing -validate-clang-modules-once -clang-build-session-file /Users/admin/builder/spi-builder-workspace/.derivedData/ModuleCache.noindex/Session.modulevalidation -Xcc -working-directory -Xcc /Users/admin/builder/spi-builder-workspace/.swiftpm/xcode -enable-anonymous-context-mangled-names -file-compilation-dir /Users/admin/builder/spi-builder-workspace/.swiftpm/xcode -Xcc -fmodule-map-file\=/Users/admin/builder/spi-builder-workspace/.dependencies/checkouts/ctls/module.modulemap -Xcc -D_LIBCPP_HARDENING_MODE\=_LIBCPP_HARDENING_MODE_DEBUG -Xcc -ivfsstatcache -Xcc /Users/admin/builder/spi-builder-workspace/.derivedData/SDKStatCaches.noindex/watchos27.0-24R360-e829b21a6f8c9b70876ba0858053c04477534ef55a1706bf4c1112bbb242f0a2.sdkstatcache -Xcc -fmodules-prune-interval\=86400 -Xcc -fmodules-prune-after\=345600 -Xcc -I/Users/admin/builder/spi-builder-workspace/.derivedData/Build/Products/Debug-watchos/include -Xcc -I/Users/admin/builder/spi-builder-workspace/.derivedData/Build/Intermediates.noindex/TLS.build/Debug-watchos/TLS-t.build/DerivedSources-normal/arm64 -Xcc -I/Users/admin/builder/spi-builder-workspace/.derivedData/Build/Intermediates.noindex/TLS.build/Debug-watchos/TLS-t.build/DerivedSources/arm64 -Xcc -I/Users/admin/builder/spi-builder-workspace/.derivedData/Build/Intermediates.noindex/TLS.build/Debug-watchos/TLS-t.build/DerivedSources -Xcc -DSWIFT_PACKAGE -Xcc -DDEBUG\=1 -no-auto-bridging-header-chaining -module-name TLS -const-gather-protocols-file /Users/admin/builder/spi-builder-workspace/.derivedData/Build/Intermediates.noindex/TLS.build/Debug-watchos/TLS-t.build/Objects-normal/arm64/TLS_const_extract_protocols.json -disable-clang-spi -target-sdk-version 27.0 -target-sdk-name watchos27.0 -external-plugin-path /Applications/Xcode-27.0.0-Release.Candidate.app/Contents/Developer/Platforms/WatchOS.platform/Developer/usr/lib/swift/host/plugins\#/Applications/Xcode-27.0.0-Release.Candidate.app/Contents/Developer/Platforms/WatchOS.platform/Developer/usr/bin/swift-plugin-server -external-plugin-path /Applications/Xcode-27.0.0-Release.Candidate.app/Contents/Developer/Platforms/WatchOS.platform/Developer/usr/local/lib/swift/host/plugins\#/Applications/Xcode-27.0.0-Release.Candidate.app/Contents/Developer/Platforms/WatchOS.platform/Developer/usr/bin/swift-plugin-server -in-process-plugin-server-path /Applications/Xcode-27.0.0-Release.Candidate.app/Contents/Developer/Toolchains/XcodeDefault.xctoolchain/usr/lib/swift/host/libSwiftInProcPluginServer.dylib -plugin-path /Applications/Xcode-27.0.0-Release.Candidate.app/Contents/Developer/Toolchains/XcodeDefault.xctoolchain/usr/lib/swift/host/plugins -plugin-path /Applications/Xcode-27.0.0-Release.Candidate.app/Contents/Developer/Toolchains/XcodeDefault.xctoolchain/usr/local/lib/swift/host/plugins -emit-module-doc-path /Users/admin/builder/spi-builder-workspace/.derivedData/Build/Intermediates.noindex/TLS.build/Debug-watchos/TLS-t.build/Objects-normal/arm64/TLS.swiftdoc -emit-module-source-info-path /Users/admin/builder/spi-builder-workspace/.derivedData/Build/Intermediates.noindex/TLS.build/Debug-watchos/TLS-t.build/Objects-normal/arm64/TLS.swiftsourceinfo -emit-objc-header-path /Users/admin/builder/spi-builder-workspace/.derivedData/Build/Intermediates.noindex/TLS.build/Debug-watchos/TLS-t.build/Objects-normal/arm64/TLS-Swift.h -serialize-diagnostics-path /Users/admin/builder/spi-builder-workspace/.derivedData/Build/Intermediates.noindex/TLS.build/Debug-watchos/TLS-t.build/Objects-normal/arm64/TLS-primary-emit-module.dia -emit-dependencies-path /Users/admin/builder/spi-builder-workspace/.derivedData/Build/Intermediates.noindex/TLS.build/Debug-watchos/TLS-t.build/Objects-normal/arm64/TLS-primary-emit-module.d -parse-as-library -o /Users/admin/builder/spi-builder-workspace/.derivedData/Build/Intermediates.noindex/TLS.build/Debug-watchos/TLS-t.build/Objects-normal/arm64/TLS.swiftmodule -emit-abi-descriptor-path /Users/admin/builder/spi-builder-workspace/.derivedData/Build/Intermediates.noindex/TLS.build/Debug-watchos/TLS-t.build/Objects-normal/arm64/TLS.abi.json
SwiftCompile normal arm64 (in target 'TLS' from project 'TLS')
cd /Users/admin/builder/spi-builder-workspace/.swiftpm/xcode
SwiftEmitModule normal arm64_32 Emitting\ module\ for\ TLS (in target 'TLS' from project 'TLS')
<module-includes>:1:9: note: in file included from <module-includes>:1:
1 | #import "shim.h"
| `- note: in file included from <module-includes>:1:
2 |
/Users/admin/builder/spi-builder-workspace/.dependencies/checkouts/ctls/shim.h:4:10: error: 'openssl/conf.h' file not found
2 | #define __COPENSSL_SHIM_H__
3 |
4 | #include <openssl/conf.h>
| `- error: 'openssl/conf.h' file not found
5 | #include <openssl/evp.h>
6 | #include <openssl/err.h>
SwiftCompile normal arm64_32 (in target 'TLS' from project 'TLS')
cd /Users/admin/builder/spi-builder-workspace/.swiftpm/xcode
SwiftDriverJobDiscovery normal arm64 Compiling Exports.swift (in target 'Random' from project 'Random')
SwiftCompile normal arm64_32 Compiling\ ReadableSocket.swift /Users/admin/builder/spi-builder-workspace/.dependencies/checkouts/tls/Sources/TLS/ReadableSocket.swift (in target 'TLS' from project 'TLS')
SwiftCompile normal arm64_32 /Users/admin/builder/spi-builder-workspace/.dependencies/checkouts/tls/Sources/TLS/ReadableSocket.swift (in target 'TLS' from project 'TLS')
cd /Users/admin/builder/spi-builder-workspace/.swiftpm/xcode
builtin-SwiftPerFileCompile ReadableSocket.swift
SwiftDriverJobDiscovery normal arm64 Compiling EmptyInitializable.swift (in target 'Random' from project 'Random')
SwiftCompile normal arm64 Compiling\ Exports.swift /Users/admin/builder/spi-builder-workspace/.dependencies/checkouts/tls/Sources/TLS/Exports.swift (in target 'TLS' from project 'TLS')
SwiftCompile normal arm64 /Users/admin/builder/spi-builder-workspace/.dependencies/checkouts/tls/Sources/TLS/Exports.swift (in target 'TLS' from project 'TLS')
cd /Users/admin/builder/spi-builder-workspace/.swiftpm/xcode
builtin-SwiftPerFileCompile Exports.swift
SwiftDriverJobDiscovery normal arm64 Compiling OSRandom.swift (in target 'Random' from project 'Random')
SwiftCompile normal arm64_32 Compiling\ Certificates.swift,\ ClientSocket.swift /Users/admin/builder/spi-builder-workspace/.dependencies/checkouts/tls/Sources/TLS/Certificates.swift /Users/admin/builder/spi-builder-workspace/.dependencies/checkouts/tls/Sources/TLS/ClientSocket.swift (in target 'TLS' from project 'TLS')
SwiftCompile normal arm64_32 /Users/admin/builder/spi-builder-workspace/.dependencies/checkouts/tls/Sources/TLS/Certificates.swift (in target 'TLS' from project 'TLS')
cd /Users/admin/builder/spi-builder-workspace/.swiftpm/xcode
builtin-SwiftPerFileCompile Certificates.swift
SwiftCompile normal arm64_32 /Users/admin/builder/spi-builder-workspace/.dependencies/checkouts/tls/Sources/TLS/ClientSocket.swift (in target 'TLS' from project 'TLS')
cd /Users/admin/builder/spi-builder-workspace/.swiftpm/xcode
builtin-SwiftPerFileCompile ClientSocket.swift
SwiftDriverJobDiscovery normal arm64_32 Compiling RandomProtocol.swift (in target 'Random' from project 'Random')
SwiftCompile normal arm64_32 Compiling\ WriteableSocket.swift /Users/admin/builder/spi-builder-workspace/.dependencies/checkouts/tls/Sources/TLS/WriteableSocket.swift (in target 'TLS' from project 'TLS')
SwiftCompile normal arm64_32 /Users/admin/builder/spi-builder-workspace/.dependencies/checkouts/tls/Sources/TLS/WriteableSocket.swift (in target 'TLS' from project 'TLS')
cd /Users/admin/builder/spi-builder-workspace/.swiftpm/xcode
builtin-SwiftPerFileCompile WriteableSocket.swift
SwiftDriverJobDiscovery normal arm64 Compiling URandom.swift (in target 'Random' from project 'Random')
SwiftCompile normal arm64_32 Compiling\ Utilities.swift /Users/admin/builder/spi-builder-workspace/.dependencies/checkouts/tls/Sources/TLS/Utilities.swift (in target 'TLS' from project 'TLS')
SwiftCompile normal arm64_32 /Users/admin/builder/spi-builder-workspace/.dependencies/checkouts/tls/Sources/TLS/Utilities.swift (in target 'TLS' from project 'TLS')
cd /Users/admin/builder/spi-builder-workspace/.swiftpm/xcode
builtin-SwiftPerFileCompile Utilities.swift
SwiftDriverJobDiscovery normal arm64_32 Compiling URandom.swift (in target 'Random' from project 'Random')
SwiftCompile normal arm64 Compiling\ Mode.swift /Users/admin/builder/spi-builder-workspace/.dependencies/checkouts/tls/Sources/TLS/Mode.swift (in target 'TLS' from project 'TLS')
SwiftCompile normal arm64 /Users/admin/builder/spi-builder-workspace/.dependencies/checkouts/tls/Sources/TLS/Mode.swift (in target 'TLS' from project 'TLS')
cd /Users/admin/builder/spi-builder-workspace/.swiftpm/xcode
builtin-SwiftPerFileCompile Mode.swift
SwiftDriverJobDiscovery normal arm64_32 Compiling OSRandom.swift (in target 'Random' from project 'Random')
SwiftCompile normal arm64 Compiling\ Certificates.swift,\ ClientSocket.swift /Users/admin/builder/spi-builder-workspace/.dependencies/checkouts/tls/Sources/TLS/Certificates.swift /Users/admin/builder/spi-builder-workspace/.dependencies/checkouts/tls/Sources/TLS/ClientSocket.swift (in target 'TLS' from project 'TLS')
SwiftCompile normal arm64 /Users/admin/builder/spi-builder-workspace/.dependencies/checkouts/tls/Sources/TLS/Certificates.swift (in target 'TLS' from project 'TLS')
cd /Users/admin/builder/spi-builder-workspace/.swiftpm/xcode
builtin-SwiftPerFileCompile Certificates.swift
SwiftCompile normal arm64 /Users/admin/builder/spi-builder-workspace/.dependencies/checkouts/tls/Sources/TLS/ClientSocket.swift (in target 'TLS' from project 'TLS')
cd /Users/admin/builder/spi-builder-workspace/.swiftpm/xcode
builtin-SwiftPerFileCompile ClientSocket.swift
PruneExplicitPrecompiledModules /Users/admin/builder/spi-builder-workspace/.derivedData/Build/Intermediates.noindex/SwiftExplicitPrecompiledModules
PruneExplicitPrecompiledModules /Users/admin/builder/spi-builder-workspace/.derivedData/Build/Intermediates.noindex/ExplicitPrecompiledModules
PruneExplicitPrecompiledModules /Users/admin/builder/spi-builder-workspace/.derivedData/SDKExplicitPrecompiledModules
2026-09-20 01:06:45.996 xcodebuild[1386:7214] [MT] IDERunDestination: Supported platforms for the buildables in the current scheme is empty.
** BUILD FAILED **
The following build commands failed:
SwiftEmitModule normal arm64 Emitting\ module\ for\ TLS (in target 'TLS' from project 'TLS')
SwiftCompile normal arm64 (in target 'TLS' from project 'TLS')
Building workspace AuthProvider with scheme AuthProvider
(3 failures)
Command line invocation:
/Applications/Xcode-27.0.0-Release.Candidate.app/Contents/Developer/usr/bin/xcodebuild -IDEClonedSourcePackagesDirPathOverride=/Users/admin/builder/spi-builder-workspace/.dependencies -resolvePackageDependencies
Resolve Package Graph
ignoring declared target(s) 'CTLS' in the system packageyou may be able to install ctls using your system-packager:
brew install openssl
Resolved source packages:
BCrypt: https://github.com/vapor/bcrypt.git @ 1.1.1
AuthProvider: /Users/admin/builder/spi-builder-workspace
Vapor: https://github.com/vapor/vapor.git @ 2.4.5
Core: https://github.com/vapor/core.git @ 2.2.1
Fluent: https://github.com/vapor/fluent.git @ 2.5.1
Multipart: https://github.com/vapor/multipart.git @ 2.2.1
CTLS: https://github.com/vapor/ctls.git @ 1.1.3
Random: https://github.com/vapor/random.git @ 1.2.0
Engine: https://github.com/vapor/engine.git @ 2.2.5
Sockets: https://github.com/vapor/sockets.git @ 2.2.3
Node: https://github.com/vapor/node.git @ 2.1.5
JSON: https://github.com/vapor/json.git @ 2.2.2
Crypto: https://github.com/vapor/crypto.git @ 2.1.3
Auth: https://github.com/vapor/auth.git @ 1.2.1
TLS: https://github.com/vapor/tls.git @ 2.1.3
Debugging: https://github.com/vapor/debugging.git @ 1.1.1
Bits: https://github.com/vapor/bits.git @ 1.1.1
Console: https://github.com/vapor/console.git @ 2.3.1
Routing: https://github.com/vapor/routing.git @ 2.2.1
SQLite: https://github.com/vapor/sqlite.git @ 2.3.1
resolved source packages: BCrypt, AuthProvider, Vapor, Core, Fluent, Multipart, CTLS, Random, Engine, Sockets, Node, JSON, Crypto, Auth, TLS, Debugging, Bits, Console, Routing, SQLite
2026-09-20 01:06:56.065 xcodebuild[1761:8920] [MT] IDERunDestination: Supported platforms for the buildables in the current scheme is empty.
{
"dependencies" : [
{
"identity" : "auth",
"requirement" : {
"range" : [
{
"lower_bound" : "1.2.0",
"upper_bound" : "2.0.0"
}
]
},
"type" : "sourceControl",
"url" : "https://github.com/vapor/auth.git"
},
{
"identity" : "vapor",
"requirement" : {
"range" : [
{
"lower_bound" : "2.2.0",
"upper_bound" : "3.0.0"
}
]
},
"type" : "sourceControl",
"url" : "https://github.com/vapor/vapor.git"
}
],
"manifest_display_name" : "AuthProvider",
"name" : "AuthProvider",
"path" : "/Users/admin/builder/spi-builder-workspace",
"platforms" : [
],
"products" : [
{
"name" : "AuthProvider",
"targets" : [
"AuthProvider"
],
"type" : {
"library" : [
"automatic"
]
}
}
],
"targets" : [
{
"c99name" : "AuthProviderTests",
"module_type" : "SwiftTarget",
"name" : "AuthProviderTests",
"path" : "Tests/AuthProviderTests",
"product_dependencies" : [
"Testing"
],
"sources" : [
"MiddlewareTests.swift",
"TokenTests.swift",
"Utilities/HTTP+Conveniences.swift",
"Utilities/TestToken.swift",
"Utilities/TestUser.swift"
],
"target_dependencies" : [
"AuthProvider"
],
"type" : "test"
},
{
"c99name" : "AuthProvider",
"module_type" : "SwiftTarget",
"name" : "AuthProvider",
"path" : "Sources/AuthProvider",
"product_dependencies" : [
"Authentication",
"Authorization",
"Vapor"
],
"product_memberships" : [
"AuthProvider"
],
"sources" : [
"AuthError.swift",
"BCryptHasher+PasswordVerifier.swift",
"Exports.swift",
"Helper.swift",
"InverseRedirectMiddleware.swift",
"Persistable.swift",
"Provider.swift",
"RedirectMiddleware.swift",
"SessionPersistable.swift",
"TokenMiddleware.swift"
],
"type" : "library"
}
],
"tools_version" : "4.0"
}
{
"workspace" : {
"name" : "AuthProvider",
"schemes" : [
"AuthProvider"
]
}
}
2026-09-20 01:06:57.584 xcodebuild[1776:8993] [MT] IDERunDestination: Supported platforms for the buildables in the current scheme is empty.
Running build ...
env DEVELOPER_DIR=/Applications/Xcode-27.0.0-Release.Candidate.app xcrun xcodebuild -IDEClonedSourcePackagesDirPathOverride=$PWD/.dependencies -skipMacroValidation -skipPackagePluginValidation -derivedDataPath $PWD/.derivedData build -scheme AuthProvider -destination generic/platform=watchOS
Command line invocation:
/Applications/Xcode-27.0.0-Release.Candidate.app/Contents/Developer/usr/bin/xcodebuild -IDEClonedSourcePackagesDirPathOverride=/Users/admin/builder/spi-builder-workspace/.dependencies -skipMacroValidation -skipPackagePluginValidation -derivedDataPath /Users/admin/builder/spi-builder-workspace/.derivedData build -scheme AuthProvider -destination generic/platform=watchOS
Resolve Package Graph
ignoring declared target(s) 'CTLS' in the system packageyou may be able to install ctls using your system-packager:
brew install openssl
Resolved source packages:
JSON: https://github.com/vapor/json.git @ 2.2.2
Random: https://github.com/vapor/random.git @ 1.2.0
Auth: https://github.com/vapor/auth.git @ 1.2.1
Routing: https://github.com/vapor/routing.git @ 2.2.1
Node: https://github.com/vapor/node.git @ 2.1.5
Core: https://github.com/vapor/core.git @ 2.2.1
Crypto: https://github.com/vapor/crypto.git @ 2.1.3
Engine: https://github.com/vapor/engine.git @ 2.2.5
Fluent: https://github.com/vapor/fluent.git @ 2.5.1
Console: https://github.com/vapor/console.git @ 2.3.1
Vapor: https://github.com/vapor/vapor.git @ 2.4.5
Bits: https://github.com/vapor/bits.git @ 1.1.1
SQLite: https://github.com/vapor/sqlite.git @ 2.3.1
AuthProvider: /Users/admin/builder/spi-builder-workspace
TLS: https://github.com/vapor/tls.git @ 2.1.3
Sockets: https://github.com/vapor/sockets.git @ 2.2.3
Multipart: https://github.com/vapor/multipart.git @ 2.2.1
BCrypt: https://github.com/vapor/bcrypt.git @ 1.1.1
Debugging: https://github.com/vapor/debugging.git @ 1.1.1
CTLS: https://github.com/vapor/ctls.git @ 1.1.3
ComputePackagePrebuildTargetDependencyGraph
Prepare packages
CreateBuildRequest
SendProjectDescription
CreateBuildOperation
ComputeTargetDependencyGraph
note: Building targets in dependency order
note: Target dependency graph (61 targets)
Target 'AuthProvider-product' in project 'AuthProvider'
➜ Explicit dependency on target 'AuthProvider' in project 'AuthProvider'
➜ Explicit dependency on target 'Authentication-product' in project 'Auth'
➜ Explicit dependency on target 'Authorization-product' in project 'Auth'
➜ Explicit dependency on target 'Vapor-product' in project 'Vapor'
Target 'AuthProvider' in project 'AuthProvider'
➜ Explicit dependency on target 'Authentication-product' in project 'Auth'
➜ Explicit dependency on target 'Authorization-product' in project 'Auth'
➜ Explicit dependency on target 'Vapor-product' in project 'Vapor'
Target 'Vapor-product' in project 'Vapor'
➜ Explicit dependency on target 'Vapor' in project 'Vapor'
➜ Explicit dependency on target 'Cache' in project 'Vapor'
➜ Explicit dependency on target 'Configs' in project 'Vapor'
➜ Explicit dependency on target 'Sessions' in project 'Vapor'
➜ Explicit dependency on target 'Node-product' in project 'Node'
➜ Explicit dependency on target 'Core-product' in project 'Core'
➜ Explicit dependency on target 'JSON-product' in project 'JSON'
➜ Explicit dependency on target 'Cookies-product' in project 'Engine'
➜ Explicit dependency on target 'Crypto-product' in project 'Crypto'
➜ Explicit dependency on target 'HTTP-product' in project 'Engine'
➜ Explicit dependency on target 'BCrypt-product' in project 'BCrypt'
➜ Explicit dependency on target 'Console-product' in project 'Console'
➜ Explicit dependency on target 'FormData-product' in project 'Multipart'
➜ Explicit dependency on target 'Multipart-product' in project 'Multipart'
➜ Explicit dependency on target 'Routing-product' in project 'Routing'
➜ Explicit dependency on target 'SMTP-product' in project 'Engine'
➜ Explicit dependency on target 'WebSockets-product' in project 'Engine'
Target 'Vapor' in project 'Vapor'
➜ Explicit dependency on target 'Cache' in project 'Vapor'
➜ Explicit dependency on target 'Configs' in project 'Vapor'
➜ Explicit dependency on target 'Sessions' in project 'Vapor'
➜ Explicit dependency on target 'Node-product' in project 'Node'
➜ Explicit dependency on target 'Core-product' in project 'Core'
➜ Explicit dependency on target 'JSON-product' in project 'JSON'
➜ Explicit dependency on target 'Cookies-product' in project 'Engine'
➜ Explicit dependency on target 'Crypto-product' in project 'Crypto'
➜ Explicit dependency on target 'HTTP-product' in project 'Engine'
➜ Explicit dependency on target 'BCrypt-product' in project 'BCrypt'
➜ Explicit dependency on target 'Console-product' in project 'Console'
➜ Explicit dependency on target 'FormData-product' in project 'Multipart'
➜ Explicit dependency on target 'Multipart-product' in project 'Multipart'
➜ Explicit dependency on target 'Routing-product' in project 'Routing'
➜ Explicit dependency on target 'SMTP-product' in project 'Engine'
➜ Explicit dependency on target 'WebSockets-product' in project 'Engine'
Target 'SMTP-product' in project 'Engine'
➜ Explicit dependency on target 'SMTP' in project 'Engine'
➜ Explicit dependency on target 'Sockets-product' in project 'Sockets'
➜ Explicit dependency on target 'Transport-product' in project 'Sockets'
Target 'SMTP' in project 'Engine'
➜ Explicit dependency on target 'Sockets-product' in project 'Sockets'
➜ Explicit dependency on target 'Transport-product' in project 'Sockets'
Target 'Routing-product' in project 'Routing'
➜ Explicit dependency on target 'Routing' in project 'Routing'
➜ Explicit dependency on target 'Branches' in project 'Routing'
➜ Explicit dependency on target 'Core-product' in project 'Core'
➜ Explicit dependency on target 'Node-product' in project 'Node'
➜ Explicit dependency on target 'HTTP-product' in project 'Engine'
➜ Explicit dependency on target 'WebSockets-product' in project 'Engine'
Target 'Routing' in project 'Routing'
➜ Explicit dependency on target 'Branches' in project 'Routing'
➜ Explicit dependency on target 'Core-product' in project 'Core'
➜ Explicit dependency on target 'Node-product' in project 'Node'
➜ Explicit dependency on target 'HTTP-product' in project 'Engine'
➜ Explicit dependency on target 'WebSockets-product' in project 'Engine'
Target 'WebSockets-product' in project 'Engine'
➜ Explicit dependency on target 'WebSockets' in project 'Engine'
➜ Explicit dependency on target 'CHTTP' in project 'Engine'
➜ Explicit dependency on target 'URI' in project 'Engine'
➜ Explicit dependency on target 'HTTP' in project 'Engine'
➜ Explicit dependency on target 'Core-product' in project 'Core'
➜ Explicit dependency on target 'Transport-product' in project 'Sockets'
➜ Explicit dependency on target 'Sockets-product' in project 'Sockets'
➜ Explicit dependency on target 'TLS-product' in project 'TLS'
➜ Explicit dependency on target 'Random-product' in project 'Random'
➜ Explicit dependency on target 'Crypto-product' in project 'Crypto'
Target 'WebSockets' in project 'Engine'
➜ Explicit dependency on target 'CHTTP' in project 'Engine'
➜ Explicit dependency on target 'URI' in project 'Engine'
➜ Explicit dependency on target 'HTTP' in project 'Engine'
➜ Explicit dependency on target 'Core-product' in project 'Core'
➜ Explicit dependency on target 'Transport-product' in project 'Sockets'
➜ Explicit dependency on target 'Sockets-product' in project 'Sockets'
➜ Explicit dependency on target 'TLS-product' in project 'TLS'
➜ Explicit dependency on target 'Random-product' in project 'Random'
➜ Explicit dependency on target 'Crypto-product' in project 'Crypto'
Target 'Branches' in project 'Routing'
➜ Explicit dependency on target 'Core-product' in project 'Core'
➜ Explicit dependency on target 'Node-product' in project 'Node'
Target 'Multipart-product' in project 'Multipart'
➜ Explicit dependency on target 'Multipart' in project 'Multipart'
➜ Explicit dependency on target 'Core-product' in project 'Core'
➜ Explicit dependency on target 'HTTP-product' in project 'Engine'
Target 'FormData-product' in project 'Multipart'
➜ Explicit dependency on target 'FormData' in project 'Multipart'
➜ Explicit dependency on target 'Multipart' in project 'Multipart'
➜ Explicit dependency on target 'Core-product' in project 'Core'
➜ Explicit dependency on target 'HTTP-product' in project 'Engine'
Target 'FormData' in project 'Multipart'
➜ Explicit dependency on target 'Multipart' in project 'Multipart'
➜ Explicit dependency on target 'Core-product' in project 'Core'
➜ Explicit dependency on target 'HTTP-product' in project 'Engine'
Target 'Multipart' in project 'Multipart'
➜ Explicit dependency on target 'Core-product' in project 'Core'
➜ Explicit dependency on target 'HTTP-product' in project 'Engine'
Target 'Console-product' in project 'Console'
➜ Explicit dependency on target 'Console' in project 'Console'
➜ Explicit dependency on target 'Core-product' in project 'Core'
Target 'Console' in project 'Console'
➜ Explicit dependency on target 'Core-product' in project 'Core'
Target 'BCrypt-product' in project 'BCrypt'
➜ Explicit dependency on target 'BCrypt' in project 'BCrypt'
➜ Explicit dependency on target 'Random-product' in project 'Random'
Target 'BCrypt' in project 'BCrypt'
➜ Explicit dependency on target 'Random-product' in project 'Random'
Target 'Sessions' in project 'Vapor'
➜ Explicit dependency on target 'Cache' in project 'Vapor'
➜ Explicit dependency on target 'Node-product' in project 'Node'
➜ Explicit dependency on target 'Cookies-product' in project 'Engine'
➜ Explicit dependency on target 'Crypto-product' in project 'Crypto'
➜ Explicit dependency on target 'HTTP-product' in project 'Engine'
Target 'HTTP-product' in project 'Engine'
➜ Explicit dependency on target 'HTTP' in project 'Engine'
➜ Explicit dependency on target 'CHTTP' in project 'Engine'
➜ Explicit dependency on target 'URI' in project 'Engine'
➜ Explicit dependency on target 'Core-product' in project 'Core'
➜ Explicit dependency on target 'Transport-product' in project 'Sockets'
➜ Explicit dependency on target 'Sockets-product' in project 'Sockets'
➜ Explicit dependency on target 'TLS-product' in project 'TLS'
➜ Explicit dependency on target 'Random-product' in project 'Random'
Target 'Crypto-product' in project 'Crypto'
➜ Explicit dependency on target 'Crypto' in project 'Crypto'
➜ Explicit dependency on target 'CTLS-product' in project 'CTLS'
➜ Explicit dependency on target 'Random-product' in project 'Random'
Target 'Crypto' in project 'Crypto'
➜ Explicit dependency on target 'CTLS' in project 'CTLS'
➜ Explicit dependency on target 'CTLS-product' in project 'CTLS'
➜ Explicit dependency on target 'Random-product' in project 'Random'
Target 'Cookies-product' in project 'Engine'
➜ Explicit dependency on target 'Cookies' in project 'Engine'
➜ Explicit dependency on target 'CHTTP' in project 'Engine'
➜ Explicit dependency on target 'URI' in project 'Engine'
➜ Explicit dependency on target 'HTTP' in project 'Engine'
➜ Explicit dependency on target 'Core-product' in project 'Core'
➜ Explicit dependency on target 'Transport-product' in project 'Sockets'
➜ Explicit dependency on target 'Sockets-product' in project 'Sockets'
➜ Explicit dependency on target 'TLS-product' in project 'TLS'
➜ Explicit dependency on target 'Random-product' in project 'Random'
Target 'Cookies' in project 'Engine'
➜ Explicit dependency on target 'CHTTP' in project 'Engine'
➜ Explicit dependency on target 'URI' in project 'Engine'
➜ Explicit dependency on target 'HTTP' in project 'Engine'
➜ Explicit dependency on target 'Core-product' in project 'Core'
➜ Explicit dependency on target 'Transport-product' in project 'Sockets'
➜ Explicit dependency on target 'Sockets-product' in project 'Sockets'
➜ Explicit dependency on target 'TLS-product' in project 'TLS'
➜ Explicit dependency on target 'Random-product' in project 'Random'
Target 'HTTP' in project 'Engine'
➜ Explicit dependency on target 'CHTTP' in project 'Engine'
➜ Explicit dependency on target 'URI' in project 'Engine'
➜ Explicit dependency on target 'Core-product' in project 'Core'
➜ Explicit dependency on target 'Transport-product' in project 'Sockets'
➜ Explicit dependency on target 'Sockets-product' in project 'Sockets'
➜ Explicit dependency on target 'TLS-product' in project 'TLS'
➜ Explicit dependency on target 'Random-product' in project 'Random'
Target 'TLS-product' in project 'TLS'
➜ Explicit dependency on target 'TLS' in project 'TLS'
➜ Explicit dependency on target 'Core-product' in project 'Core'
➜ Explicit dependency on target 'CTLS-product' in project 'CTLS'
➜ Explicit dependency on target 'Sockets-product' in project 'Sockets'
Target 'TLS' in project 'TLS'
➜ Explicit dependency on target 'CTLS' in project 'CTLS'
➜ Explicit dependency on target 'Core-product' in project 'Core'
➜ Explicit dependency on target 'CTLS-product' in project 'CTLS'
➜ Explicit dependency on target 'Sockets-product' in project 'Sockets'
Target 'CTLS-product' in project 'CTLS'
➜ Explicit dependency on target 'CTLS' in project 'CTLS'
Target 'CTLS' in project 'CTLS' (no dependencies)
Target 'Sockets-product' in project 'Sockets'
➜ Explicit dependency on target 'Sockets' in project 'Sockets'
➜ Explicit dependency on target 'Transport' in project 'Sockets'
➜ Explicit dependency on target 'Core-product' in project 'Core'
Target 'Sockets' in project 'Sockets'
➜ Explicit dependency on target 'Transport' in project 'Sockets'
➜ Explicit dependency on target 'Core-product' in project 'Core'
Target 'URI' in project 'Engine'
➜ Explicit dependency on target 'CHTTP' in project 'Engine'
➜ Explicit dependency on target 'Core-product' in project 'Core'
➜ Explicit dependency on target 'Transport-product' in project 'Sockets'
Target 'Transport-product' in project 'Sockets'
➜ Explicit dependency on target 'Transport' in project 'Sockets'
➜ Explicit dependency on target 'Core-product' in project 'Core'
Target 'Transport' in project 'Sockets'
➜ Explicit dependency on target 'Core-product' in project 'Core'
Target 'CHTTP' in project 'Engine' (no dependencies)
Target 'Configs' in project 'Vapor'
➜ Explicit dependency on target 'Core-product' in project 'Core'
➜ Explicit dependency on target 'JSON-product' in project 'JSON'
Target 'JSON-product' in project 'JSON'
➜ Explicit dependency on target 'JSON' in project 'JSON'
➜ Explicit dependency on target 'Core-product' in project 'Core'
➜ Explicit dependency on target 'Node-product' in project 'Node'
Target 'JSON' in project 'JSON'
➜ Explicit dependency on target 'Core-product' in project 'Core'
➜ Explicit dependency on target 'Node-product' in project 'Node'
Target 'Cache' in project 'Vapor'
➜ Explicit dependency on target 'Node-product' in project 'Node'
Target 'Authorization-product' in project 'Auth'
➜ Explicit dependency on target 'Authorization' in project 'Auth'
➜ Explicit dependency on target 'Authentication' in project 'Auth'
➜ Explicit dependency on target 'Fluent-product' in project 'Fluent'
Target 'Authorization' in project 'Auth'
➜ Explicit dependency on target 'Authentication' in project 'Auth'
➜ Explicit dependency on target 'Fluent-product' in project 'Fluent'
Target 'Authentication-product' in project 'Auth'
➜ Explicit dependency on target 'Authentication' in project 'Auth'
➜ Explicit dependency on target 'Fluent-product' in project 'Fluent'
Target 'Authentication' in project 'Auth'
➜ Explicit dependency on target 'Fluent-product' in project 'Fluent'
Target 'Fluent-product' in project 'Fluent'
➜ Explicit dependency on target 'Fluent' in project 'Fluent'
➜ Explicit dependency on target 'Core-product' in project 'Core'
➜ Explicit dependency on target 'Node-product' in project 'Node'
➜ Explicit dependency on target 'Random-product' in project 'Random'
➜ Explicit dependency on target 'SQLite-product' in project 'SQLite'
Target 'Fluent' in project 'Fluent'
➜ Explicit dependency on target 'Core-product' in project 'Core'
➜ Explicit dependency on target 'Node-product' in project 'Node'
➜ Explicit dependency on target 'Random-product' in project 'Random'
➜ Explicit dependency on target 'SQLite-product' in project 'SQLite'
Target 'SQLite-product' in project 'SQLite'
➜ Explicit dependency on target 'SQLite' in project 'SQLite'
➜ Explicit dependency on target 'CSQLite' in project 'SQLite'
➜ Explicit dependency on target 'Core-product' in project 'Core'
➜ Explicit dependency on target 'Node-product' in project 'Node'
Target 'SQLite' in project 'SQLite'
➜ Explicit dependency on target 'CSQLite' in project 'SQLite'
➜ Explicit dependency on target 'Core-product' in project 'Core'
➜ Explicit dependency on target 'Node-product' in project 'Node'
Target 'CSQLite' in project 'SQLite' (no dependencies)
Target 'Random-product' in project 'Random'
➜ Explicit dependency on target 'Random' in project 'Random'
➜ Explicit dependency on target 'Core-product' in project 'Core'
Target 'Random' in project 'Random'
➜ Explicit dependency on target 'Core-product' in project 'Core'
Target 'Node-product' in project 'Node'
➜ Explicit dependency on target 'Node' in project 'Node'
➜ Explicit dependency on target 'PathIndexable' in project 'Node'
➜ Explicit dependency on target 'Bits-product' in project 'Bits'
➜ Explicit dependency on target 'Core-product' in project 'Core'
Target 'Node' in project 'Node'
➜ Explicit dependency on target 'PathIndexable' in project 'Node'
➜ Explicit dependency on target 'Bits-product' in project 'Bits'
➜ Explicit dependency on target 'Core-product' in project 'Core'
Target 'PathIndexable' in project 'Node' (no dependencies)
Target 'Core-product' in project 'Core'
➜ Explicit dependency on target 'Core' in project 'Core'
➜ Explicit dependency on target 'libc' in project 'Core'
➜ Explicit dependency on target 'Bits-product' in project 'Bits'
➜ Explicit dependency on target 'Debugging-product' in project 'Debugging'
Target 'Core' in project 'Core'
➜ Explicit dependency on target 'libc' in project 'Core'
➜ Explicit dependency on target 'Bits-product' in project 'Bits'
➜ Explicit dependency on target 'Debugging-product' in project 'Debugging'
Target 'Debugging-product' in project 'Debugging'
➜ Explicit dependency on target 'Debugging' in project 'Debugging'
Target 'Debugging' in project 'Debugging' (no dependencies)
Target 'Bits-product' in project 'Bits'
➜ Explicit dependency on target 'Bits' in project 'Bits'
Target 'Bits' in project 'Bits' (no dependencies)
Target 'libc' in project 'Core' (no dependencies)
GatherProvisioningInputs
CreateBuildDescription
ClangStatCache /Applications/Xcode-27.0.0-Release.Candidate.app/Contents/Developer/Toolchains/XcodeDefault.xctoolchain/usr/bin/clang-stat-cache /Applications/Xcode-27.0.0-Release.Candidate.app/Contents/Developer/Platforms/WatchOS.platform/Developer/SDKs/WatchOS27.0.sdk /Users/admin/builder/spi-builder-workspace/.derivedData/SDKStatCaches.noindex/watchos27.0-24R360-e829b21a6f8c9b70876ba0858053c04477534ef55a1706bf4c1112bbb242f0a2.sdkstatcache
cd /Users/admin/builder/spi-builder-workspace/.swiftpm/xcode
/Applications/Xcode-27.0.0-Release.Candidate.app/Contents/Developer/Toolchains/XcodeDefault.xctoolchain/usr/bin/clang-stat-cache /Applications/Xcode-27.0.0-Release.Candidate.app/Contents/Developer/Platforms/WatchOS.platform/Developer/SDKs/WatchOS27.0.sdk -o /Users/admin/builder/spi-builder-workspace/.derivedData/SDKStatCaches.noindex/watchos27.0-24R360-e829b21a6f8c9b70876ba0858053c04477534ef55a1706bf4c1112bbb242f0a2.sdkstatcache
SwiftDriver TLS normal arm64_32 com.apple.xcode.tools.swift.compiler (in target 'TLS' from project 'TLS')
cd /Users/admin/builder/spi-builder-workspace/.swiftpm/xcode
builtin-SwiftDriver -- /Applications/Xcode-27.0.0-Release.Candidate.app/Contents/Developer/Toolchains/XcodeDefault.xctoolchain/usr/bin/swiftc -parse-as-library -module-name TLS -Onone @/Users/admin/builder/spi-builder-workspace/.derivedData/Build/Intermediates.noindex/TLS.build/Debug-watchos/TLS-t.build/Objects-normal/arm64_32/TLS.SwiftFileList -DSWIFT_PACKAGE -DDEBUG -DSWIFT_MODULE_RESOURCE_BUNDLE_UNAVAILABLE -Xcc -fmodule-map-file\=/Users/admin/builder/spi-builder-workspace/.dependencies/checkouts/ctls/module.modulemap -DXcode -plugin-path /Applications/Xcode-27.0.0-Release.Candidate.app/Contents/Developer/Toolchains/XcodeDefault.xctoolchain/usr/lib/swift/host/plugins/testing -enable-experimental-feature DebugDescriptionMacro -sdk /Applications/Xcode-27.0.0-Release.Candidate.app/Contents/Developer/Platforms/WatchOS.platform/Developer/SDKs/WatchOS27.0.sdk -target arm64_32-apple-watchos9.0 -g -module-cache-path /Users/admin/builder/spi-builder-workspace/.derivedData/ModuleCache.noindex -Xfrontend -serialize-debugging-options -profile-coverage-mapping -profile-generate -enable-testing -suppress-warnings -index-store-path /Users/admin/builder/spi-builder-workspace/.derivedData/Index.noindex/DataStore -Xcc -D_LIBCPP_HARDENING_MODE\=_LIBCPP_HARDENING_MODE_DEBUG -swift-version 4 -I /Users/admin/builder/spi-builder-workspace/.derivedData/Build/Products/Debug-watchos -Isystem /Applications/Xcode-27.0.0-Release.Candidate.app/Contents/Developer/Platforms/WatchOS.platform/Developer/usr/lib -F /Users/admin/builder/spi-builder-workspace/.derivedData/Build/Products/Debug-watchos/PackageFrameworks -F /Users/admin/builder/spi-builder-workspace/.derivedData/Build/Products/Debug-watchos -F /Applications/Xcode-27.0.0-Release.Candidate.app/Contents/Developer/Platforms/WatchOS.platform/Developer/Library/Frameworks -F /Applications/Xcode-27.0.0-Release.Candidate.app/Contents/Developer/Platforms/WatchOS.platform/Developer/SDKs/WatchOS27.0.sdk/Developer/Library/Frameworks -c -j10 -enable-batch-mode -incremental -Xcc -ivfsstatcache -Xcc /Users/admin/builder/spi-builder-workspace/.derivedData/SDKStatCaches.noindex/watchos27.0-24R360-e829b21a6f8c9b70876ba0858053c04477534ef55a1706bf4c1112bbb242f0a2.sdkstatcache -output-file-map /Users/admin/builder/spi-builder-workspace/.derivedData/Build/Intermediates.noindex/TLS.build/Debug-watchos/TLS-t.build/Objects-normal/arm64_32/TLS-OutputFileMap.json -save-temps -no-color-diagnostics -emit-dependencies -emit-module -emit-module-path /Users/admin/builder/spi-builder-workspace/.derivedData/Build/Intermediates.noindex/TLS.build/Debug-watchos/TLS-t.build/Objects-normal/arm64_32/TLS.swiftmodule -serialize-diagnostics -validate-clang-modules-once -clang-build-session-file /Users/admin/builder/spi-builder-workspace/.derivedData/ModuleCache.noindex/Session.modulevalidation -Xcc -fmodules-prune-interval\=86400 -Xcc -fmodules-prune-after\=345600 -emit-const-values -const-gather-protocols-list /Users/admin/builder/spi-builder-workspace/.derivedData/Build/Intermediates.noindex/TLS.build/Debug-watchos/TLS-t.build/Objects-normal/arm64_32/TLS_const_extract_protocols.json -Xcc -I/Users/admin/builder/spi-builder-workspace/.derivedData/Build/Products/Debug-watchos/include -Xcc -I/Users/admin/builder/spi-builder-workspace/.derivedData/Build/Intermediates.noindex/TLS.build/Debug-watchos/TLS-t.build/DerivedSources-normal/arm64_32 -Xcc -I/Users/admin/builder/spi-builder-workspace/.derivedData/Build/Intermediates.noindex/TLS.build/Debug-watchos/TLS-t.build/DerivedSources/arm64_32 -Xcc -I/Users/admin/builder/spi-builder-workspace/.derivedData/Build/Intermediates.noindex/TLS.build/Debug-watchos/TLS-t.build/DerivedSources -Xcc -DSWIFT_PACKAGE -Xcc -DDEBUG\=1 -emit-objc-header -emit-objc-header-path /Users/admin/builder/spi-builder-workspace/.derivedData/Build/Intermediates.noindex/TLS.build/Debug-watchos/TLS-t.build/Objects-normal/arm64_32/TLS-Swift.h -working-directory /Users/admin/builder/spi-builder-workspace/.swiftpm/xcode -experimental-emit-module-separately -disable-cmo
SwiftDriver TLS normal arm64 com.apple.xcode.tools.swift.compiler (in target 'TLS' from project 'TLS')
cd /Users/admin/builder/spi-builder-workspace/.swiftpm/xcode
builtin-SwiftDriver -- /Applications/Xcode-27.0.0-Release.Candidate.app/Contents/Developer/Toolchains/XcodeDefault.xctoolchain/usr/bin/swiftc -parse-as-library -module-name TLS -Onone @/Users/admin/builder/spi-builder-workspace/.derivedData/Build/Intermediates.noindex/TLS.build/Debug-watchos/TLS-t.build/Objects-normal/arm64/TLS.SwiftFileList -DSWIFT_PACKAGE -DDEBUG -DSWIFT_MODULE_RESOURCE_BUNDLE_UNAVAILABLE -Xcc -fmodule-map-file\=/Users/admin/builder/spi-builder-workspace/.dependencies/checkouts/ctls/module.modulemap -DXcode -plugin-path /Applications/Xcode-27.0.0-Release.Candidate.app/Contents/Developer/Toolchains/XcodeDefault.xctoolchain/usr/lib/swift/host/plugins/testing -enable-experimental-feature DebugDescriptionMacro -sdk /Applications/Xcode-27.0.0-Release.Candidate.app/Contents/Developer/Platforms/WatchOS.platform/Developer/SDKs/WatchOS27.0.sdk -target arm64-apple-watchos9.0 -g -module-cache-path /Users/admin/builder/spi-builder-workspace/.derivedData/ModuleCache.noindex -Xfrontend -serialize-debugging-options -profile-coverage-mapping -profile-generate -enable-testing -suppress-warnings -index-store-path /Users/admin/builder/spi-builder-workspace/.derivedData/Index.noindex/DataStore -Xcc -D_LIBCPP_HARDENING_MODE\=_LIBCPP_HARDENING_MODE_DEBUG -swift-version 4 -I /Users/admin/builder/spi-builder-workspace/.derivedData/Build/Products/Debug-watchos -Isystem /Applications/Xcode-27.0.0-Release.Candidate.app/Contents/Developer/Platforms/WatchOS.platform/Developer/usr/lib -F /Users/admin/builder/spi-builder-workspace/.derivedData/Build/Products/Debug-watchos/PackageFrameworks -F /Users/admin/builder/spi-builder-workspace/.derivedData/Build/Products/Debug-watchos -F /Applications/Xcode-27.0.0-Release.Candidate.app/Contents/Developer/Platforms/WatchOS.platform/Developer/Library/Frameworks -F /Applications/Xcode-27.0.0-Release.Candidate.app/Contents/Developer/Platforms/WatchOS.platform/Developer/SDKs/WatchOS27.0.sdk/Developer/Library/Frameworks -c -j10 -enable-batch-mode -incremental -Xcc -ivfsstatcache -Xcc /Users/admin/builder/spi-builder-workspace/.derivedData/SDKStatCaches.noindex/watchos27.0-24R360-e829b21a6f8c9b70876ba0858053c04477534ef55a1706bf4c1112bbb242f0a2.sdkstatcache -output-file-map /Users/admin/builder/spi-builder-workspace/.derivedData/Build/Intermediates.noindex/TLS.build/Debug-watchos/TLS-t.build/Objects-normal/arm64/TLS-OutputFileMap.json -save-temps -no-color-diagnostics -emit-dependencies -emit-module -emit-module-path /Users/admin/builder/spi-builder-workspace/.derivedData/Build/Intermediates.noindex/TLS.build/Debug-watchos/TLS-t.build/Objects-normal/arm64/TLS.swiftmodule -serialize-diagnostics -validate-clang-modules-once -clang-build-session-file /Users/admin/builder/spi-builder-workspace/.derivedData/ModuleCache.noindex/Session.modulevalidation -Xcc -fmodules-prune-interval\=86400 -Xcc -fmodules-prune-after\=345600 -emit-const-values -const-gather-protocols-list /Users/admin/builder/spi-builder-workspace/.derivedData/Build/Intermediates.noindex/TLS.build/Debug-watchos/TLS-t.build/Objects-normal/arm64/TLS_const_extract_protocols.json -Xcc -I/Users/admin/builder/spi-builder-workspace/.derivedData/Build/Products/Debug-watchos/include -Xcc -I/Users/admin/builder/spi-builder-workspace/.derivedData/Build/Intermediates.noindex/TLS.build/Debug-watchos/TLS-t.build/DerivedSources-normal/arm64 -Xcc -I/Users/admin/builder/spi-builder-workspace/.derivedData/Build/Intermediates.noindex/TLS.build/Debug-watchos/TLS-t.build/DerivedSources/arm64 -Xcc -I/Users/admin/builder/spi-builder-workspace/.derivedData/Build/Intermediates.noindex/TLS.build/Debug-watchos/TLS-t.build/DerivedSources -Xcc -DSWIFT_PACKAGE -Xcc -DDEBUG\=1 -emit-objc-header -emit-objc-header-path /Users/admin/builder/spi-builder-workspace/.derivedData/Build/Intermediates.noindex/TLS.build/Debug-watchos/TLS-t.build/Objects-normal/arm64/TLS-Swift.h -working-directory /Users/admin/builder/spi-builder-workspace/.swiftpm/xcode -experimental-emit-module-separately -disable-cmo
SwiftDriver Random normal arm64_32 com.apple.xcode.tools.swift.compiler (in target 'Random' from project 'Random')
cd /Users/admin/builder/spi-builder-workspace/.swiftpm/xcode
builtin-SwiftDriver -- /Applications/Xcode-27.0.0-Release.Candidate.app/Contents/Developer/Toolchains/XcodeDefault.xctoolchain/usr/bin/swiftc -parse-as-library -module-name Random -Onone @/Users/admin/builder/spi-builder-workspace/.derivedData/Build/Intermediates.noindex/Random.build/Debug-watchos/Random-t.build/Objects-normal/arm64_32/Random.SwiftFileList -DSWIFT_PACKAGE -DDEBUG -DSWIFT_MODULE_RESOURCE_BUNDLE_UNAVAILABLE -DXcode -plugin-path /Applications/Xcode-27.0.0-Release.Candidate.app/Contents/Developer/Toolchains/XcodeDefault.xctoolchain/usr/lib/swift/host/plugins/testing -enable-experimental-feature DebugDescriptionMacro -sdk /Applications/Xcode-27.0.0-Release.Candidate.app/Contents/Developer/Platforms/WatchOS.platform/Developer/SDKs/WatchOS27.0.sdk -target arm64_32-apple-watchos9.0 -g -module-cache-path /Users/admin/builder/spi-builder-workspace/.derivedData/ModuleCache.noindex -Xfrontend -serialize-debugging-options -profile-coverage-mapping -profile-generate -enable-testing -suppress-warnings -index-store-path /Users/admin/builder/spi-builder-workspace/.derivedData/Index.noindex/DataStore -Xcc -D_LIBCPP_HARDENING_MODE\=_LIBCPP_HARDENING_MODE_DEBUG -swift-version 4 -I /Users/admin/builder/spi-builder-workspace/.derivedData/Build/Products/Debug-watchos -Isystem /Applications/Xcode-27.0.0-Release.Candidate.app/Contents/Developer/Platforms/WatchOS.platform/Developer/usr/lib -F /Users/admin/builder/spi-builder-workspace/.derivedData/Build/Products/Debug-watchos/PackageFrameworks -F /Users/admin/builder/spi-builder-workspace/.derivedData/Build/Products/Debug-watchos -F /Applications/Xcode-27.0.0-Release.Candidate.app/Contents/Developer/Platforms/WatchOS.platform/Developer/Library/Frameworks -F /Applications/Xcode-27.0.0-Release.Candidate.app/Contents/Developer/Platforms/WatchOS.platform/Developer/SDKs/WatchOS27.0.sdk/Developer/Library/Frameworks -c -j10 -enable-batch-mode -incremental -Xcc -ivfsstatcache -Xcc /Users/admin/builder/spi-builder-workspace/.derivedData/SDKStatCaches.noindex/watchos27.0-24R360-e829b21a6f8c9b70876ba0858053c04477534ef55a1706bf4c1112bbb242f0a2.sdkstatcache -output-file-map /Users/admin/builder/spi-builder-workspace/.derivedData/Build/Intermediates.noindex/Random.build/Debug-watchos/Random-t.build/Objects-normal/arm64_32/Random-OutputFileMap.json -save-temps -no-color-diagnostics -emit-dependencies -emit-module -emit-module-path /Users/admin/builder/spi-builder-workspace/.derivedData/Build/Intermediates.noindex/Random.build/Debug-watchos/Random-t.build/Objects-normal/arm64_32/Random.swiftmodule -serialize-diagnostics -validate-clang-modules-once -clang-build-session-file /Users/admin/builder/spi-builder-workspace/.derivedData/ModuleCache.noindex/Session.modulevalidation -Xcc -fmodules-prune-interval\=86400 -Xcc -fmodules-prune-after\=345600 -emit-const-values -const-gather-protocols-list /Users/admin/builder/spi-builder-workspace/.derivedData/Build/Intermediates.noindex/Random.build/Debug-watchos/Random-t.build/Objects-normal/arm64_32/Random_const_extract_protocols.json -Xcc -I/Users/admin/builder/spi-builder-workspace/.derivedData/Build/Products/Debug-watchos/include -Xcc -I/Users/admin/builder/spi-builder-workspace/.derivedData/Build/Intermediates.noindex/Random.build/Debug-watchos/Random-t.build/DerivedSources-normal/arm64_32 -Xcc -I/Users/admin/builder/spi-builder-workspace/.derivedData/Build/Intermediates.noindex/Random.build/Debug-watchos/Random-t.build/DerivedSources/arm64_32 -Xcc -I/Users/admin/builder/spi-builder-workspace/.derivedData/Build/Intermediates.noindex/Random.build/Debug-watchos/Random-t.build/DerivedSources -Xcc -DSWIFT_PACKAGE -Xcc -DDEBUG\=1 -emit-objc-header -emit-objc-header-path /Users/admin/builder/spi-builder-workspace/.derivedData/Build/Intermediates.noindex/Random.build/Debug-watchos/Random-t.build/Objects-normal/arm64_32/Random-Swift.h -working-directory /Users/admin/builder/spi-builder-workspace/.swiftpm/xcode -experimental-emit-module-separately -disable-cmo
SwiftDriver Random normal arm64 com.apple.xcode.tools.swift.compiler (in target 'Random' from project 'Random')
cd /Users/admin/builder/spi-builder-workspace/.swiftpm/xcode
builtin-SwiftDriver -- /Applications/Xcode-27.0.0-Release.Candidate.app/Contents/Developer/Toolchains/XcodeDefault.xctoolchain/usr/bin/swiftc -parse-as-library -module-name Random -Onone @/Users/admin/builder/spi-builder-workspace/.derivedData/Build/Intermediates.noindex/Random.build/Debug-watchos/Random-t.build/Objects-normal/arm64/Random.SwiftFileList -DSWIFT_PACKAGE -DDEBUG -DSWIFT_MODULE_RESOURCE_BUNDLE_UNAVAILABLE -DXcode -plugin-path /Applications/Xcode-27.0.0-Release.Candidate.app/Contents/Developer/Toolchains/XcodeDefault.xctoolchain/usr/lib/swift/host/plugins/testing -enable-experimental-feature DebugDescriptionMacro -sdk /Applications/Xcode-27.0.0-Release.Candidate.app/Contents/Developer/Platforms/WatchOS.platform/Developer/SDKs/WatchOS27.0.sdk -target arm64-apple-watchos9.0 -g -module-cache-path /Users/admin/builder/spi-builder-workspace/.derivedData/ModuleCache.noindex -Xfrontend -serialize-debugging-options -profile-coverage-mapping -profile-generate -enable-testing -suppress-warnings -index-store-path /Users/admin/builder/spi-builder-workspace/.derivedData/Index.noindex/DataStore -Xcc -D_LIBCPP_HARDENING_MODE\=_LIBCPP_HARDENING_MODE_DEBUG -swift-version 4 -I /Users/admin/builder/spi-builder-workspace/.derivedData/Build/Products/Debug-watchos -Isystem /Applications/Xcode-27.0.0-Release.Candidate.app/Contents/Developer/Platforms/WatchOS.platform/Developer/usr/lib -F /Users/admin/builder/spi-builder-workspace/.derivedData/Build/Products/Debug-watchos/PackageFrameworks -F /Users/admin/builder/spi-builder-workspace/.derivedData/Build/Products/Debug-watchos -F /Applications/Xcode-27.0.0-Release.Candidate.app/Contents/Developer/Platforms/WatchOS.platform/Developer/Library/Frameworks -F /Applications/Xcode-27.0.0-Release.Candidate.app/Contents/Developer/Platforms/WatchOS.platform/Developer/SDKs/WatchOS27.0.sdk/Developer/Library/Frameworks -c -j10 -enable-batch-mode -incremental -Xcc -ivfsstatcache -Xcc /Users/admin/builder/spi-builder-workspace/.derivedData/SDKStatCaches.noindex/watchos27.0-24R360-e829b21a6f8c9b70876ba0858053c04477534ef55a1706bf4c1112bbb242f0a2.sdkstatcache -output-file-map /Users/admin/builder/spi-builder-workspace/.derivedData/Build/Intermediates.noindex/Random.build/Debug-watchos/Random-t.build/Objects-normal/arm64/Random-OutputFileMap.json -save-temps -no-color-diagnostics -emit-dependencies -emit-module -emit-module-path /Users/admin/builder/spi-builder-workspace/.derivedData/Build/Intermediates.noindex/Random.build/Debug-watchos/Random-t.build/Objects-normal/arm64/Random.swiftmodule -serialize-diagnostics -validate-clang-modules-once -clang-build-session-file /Users/admin/builder/spi-builder-workspace/.derivedData/ModuleCache.noindex/Session.modulevalidation -Xcc -fmodules-prune-interval\=86400 -Xcc -fmodules-prune-after\=345600 -emit-const-values -const-gather-protocols-list /Users/admin/builder/spi-builder-workspace/.derivedData/Build/Intermediates.noindex/Random.build/Debug-watchos/Random-t.build/Objects-normal/arm64/Random_const_extract_protocols.json -Xcc -I/Users/admin/builder/spi-builder-workspace/.derivedData/Build/Products/Debug-watchos/include -Xcc -I/Users/admin/builder/spi-builder-workspace/.derivedData/Build/Intermediates.noindex/Random.build/Debug-watchos/Random-t.build/DerivedSources-normal/arm64 -Xcc -I/Users/admin/builder/spi-builder-workspace/.derivedData/Build/Intermediates.noindex/Random.build/Debug-watchos/Random-t.build/DerivedSources/arm64 -Xcc -I/Users/admin/builder/spi-builder-workspace/.derivedData/Build/Intermediates.noindex/Random.build/Debug-watchos/Random-t.build/DerivedSources -Xcc -DSWIFT_PACKAGE -Xcc -DDEBUG\=1 -emit-objc-header -emit-objc-header-path /Users/admin/builder/spi-builder-workspace/.derivedData/Build/Intermediates.noindex/Random.build/Debug-watchos/Random-t.build/Objects-normal/arm64/Random-Swift.h -working-directory /Users/admin/builder/spi-builder-workspace/.swiftpm/xcode -experimental-emit-module-separately -disable-cmo
CompileC /Users/admin/builder/spi-builder-workspace/.derivedData/Build/Intermediates.noindex/SQLite.build/Debug-watchos/CSQLite-t.build/Objects-normal/arm64_32/sqlite3.o /Users/admin/builder/spi-builder-workspace/.dependencies/checkouts/sqlite/Sources/CSQLite/sqlite3.c normal arm64_32 c com.apple.compilers.llvm.clang.1_0.compiler (in target 'CSQLite' from project 'SQLite')
cd /Users/admin/builder/spi-builder-workspace/.swiftpm/xcode
Using response file: /Users/admin/builder/spi-builder-workspace/.derivedData/Build/Intermediates.noindex/SQLite.build/Debug-watchos/CSQLite-t.build/Objects-normal/arm64_32/7187679823f38a2a940e0043cdf9d637-common-args.resp
/Applications/Xcode-27.0.0-Release.Candidate.app/Contents/Developer/Toolchains/XcodeDefault.xctoolchain/usr/bin/clang -x c -ivfsstatcache /Users/admin/builder/spi-builder-workspace/.derivedData/SDKStatCaches.noindex/watchos27.0-24R360-e829b21a6f8c9b70876ba0858053c04477534ef55a1706bf4c1112bbb242f0a2.sdkstatcache -target arm64_32-apple-watchos9.0 -fmessage-length\=0 -fdiagnostics-show-note-include-stack -fmacro-backtrace-limit\=0 -fno-color-diagnostics -fmodules-prune-interval\=86400 -fmodules-prune-after\=345600 -fbuild-session-file\=/Users/admin/builder/spi-builder-workspace/.derivedData/ModuleCache.noindex/Session.modulevalidation -fmodules-validate-once-per-build-session -Wnon-modular-include-in-framework-module -Werror\=non-modular-include-in-framework-module -Wno-trigraphs -Wno-missing-field-initializers -Wno-missing-prototypes -Wno-return-type -Wno-missing-braces -Wparentheses -Wswitch -Wno-unused-function -Wno-unused-label -Wno-unused-parameter -Wno-unused-variable -Wunused-value -Wno-empty-body -Wno-uninitialized -Wno-unknown-pragmas -w -Wno-shadow -Wno-four-char-constants -Wno-conversion -Wno-constant-conversion -Wno-int-conversion -Wno-bool-conversion -Wno-enum-conversion -Wno-float-conversion -Wno-non-literal-null-conversion -Wno-objc-literal-conversion -Wno-shorten-64-to-32 -Wpointer-sign -Wno-newline-eof -Wno-implicit-fallthrough -isysroot /Applications/Xcode-27.0.0-Release.Candidate.app/Contents/Developer/Platforms/WatchOS.platform/Developer/SDKs/WatchOS27.0.sdk -fstrict-aliasing -Wdeprecated-declarations -Wno-sign-conversion -Wno-infinite-recursion -Wno-comma -Wno-block-capture-autoreleasing -Wno-strict-prototypes -Wno-semicolon-before-method-body -index-store-path /Users/admin/builder/spi-builder-workspace/.derivedData/Index.noindex/DataStore @/Users/admin/builder/spi-builder-workspace/.derivedData/Build/Intermediates.noindex/SQLite.build/Debug-watchos/CSQLite-t.build/Objects-normal/arm64_32/7187679823f38a2a940e0043cdf9d637-common-args.resp -MMD -MT dependencies -MF /Users/admin/builder/spi-builder-workspace/.derivedData/Build/Intermediates.noindex/SQLite.build/Debug-watchos/CSQLite-t.build/Objects-normal/arm64_32/sqlite3.d --serialize-diagnostics /Users/admin/builder/spi-builder-workspace/.derivedData/Build/Intermediates.noindex/SQLite.build/Debug-watchos/CSQLite-t.build/Objects-normal/arm64_32/sqlite3.dia -c /Users/admin/builder/spi-builder-workspace/.dependencies/checkouts/sqlite/Sources/CSQLite/sqlite3.c -o /Users/admin/builder/spi-builder-workspace/.derivedData/Build/Intermediates.noindex/SQLite.build/Debug-watchos/CSQLite-t.build/Objects-normal/arm64_32/sqlite3.o -index-unit-output-path /SQLite.build/Debug-watchos/CSQLite-t.build/Objects-normal/arm64_32/sqlite3.o
Failed frontend command:
/Applications/Xcode-27.0.0-Release.Candidate.app/Contents/Developer/Toolchains/XcodeDefault.xctoolchain/usr/bin/clang -cc1 -Wundef-prefix\=TARGET_OS_ -fdiagnostics-show-note-include-stack -fmacro-backtrace-limit\=0 -w -ferror-limit 19 -serialize-diagnostic-file /Users/admin/builder/spi-builder-workspace/.derivedData/Build/Intermediates.noindex/SQLite.build/Debug-watchos/CSQLite-t.build/Objects-normal/arm64_32/sqlite3.dia -Wdeprecated-objc-isa-usage -Werror\=deprecated-objc-isa-usage -Werror\=implicit-function-declaration -Wnon-modular-include-in-framework-module -Werror\=non-modular-include-in-framework-module -Wno-trigraphs -Wno-missing-field-initializers -Wno-missing-prototypes -Wno-return-type -Wno-missing-braces -Wparentheses -Wswitch -Wno-unused-function -Wno-unused-label -Wno-unused-parameter -Wno-unused-variable -Wunused-value -Wno-empty-body -Wno-uninitialized -Wno-unknown-pragmas -Wno-shadow -Wno-four-char-constants -Wno-conversion -Wno-constant-conversion -Wno-int-conversion -Wno-bool-conversion -Wno-enum-conversion -Wno-float-conversion -Wno-non-literal-null-conversion -Wno-objc-literal-conversion -Wno-shorten-64-to-32 -Wpointer-sign -Wno-newline-eof -Wno-implicit-fallthrough -Wdeprecated-declarations -Wno-sign-conversion -Wno-infinite-recursion -Wno-comma -Wno-block-capture-autoreleasing -Wno-strict-prototypes -Wno-semicolon-before-method-body -Wno-elaborated-enum-base -Wno-error\=allocator-wrappers -index-store-path /Users/admin/builder/spi-builder-workspace/.derivedData/Index.noindex/DataStore -index-unit-output-path /SQLite.build/Debug-watchos/CSQLite-t.build/Objects-normal/arm64_32/sqlite3.o -fmodule-map-file\=/Applications/Xcode-27.0.0-Release.Candidate.app/Contents/Developer/Toolchains/XcodeDefault.xctoolchain/usr/lib/clang/21/include/module.modulemap -fmodule-map-file\=/Applications/Xcode-27.0.0-Release.Candidate.app/Contents/Developer/Platforms/WatchOS.platform/Developer/SDKs/WatchOS.sdk/usr/include/DarwinFoundation1.modulemap -fmodule-map-file\=/Applications/Xcode-27.0.0-Release.Candidate.app/Contents/Developer/Toolchains/XcodeDefault.xctoolchain/usr/lib/clang/21/include/module.modulemap -fmodule-map-file\=/Applications/Xcode-27.0.0-Release.Candidate.app/Contents/Developer/Platforms/WatchOS.platform/Developer/SDKs/WatchOS.sdk/usr/include/DarwinFoundation2.modulemap -fmodule-map-file\=/Applications/Xcode-27.0.0-Release.Candidate.app/Contents/Developer/Platforms/WatchOS.platform/Developer/SDKs/WatchOS.sdk/usr/include/DarwinFoundation3.modulemap -fmodule-map-file\=/Applications/Xcode-27.0.0-Release.Candidate.app/Contents/Developer/Platforms/WatchOS.platform/Developer/SDKs/WatchOS.sdk/usr/include/Darwin.modulemap -o /Users/admin/builder/spi-builder-workspace/.derivedData/Build/Intermediates.noindex/SQLite.build/Debug-watchos/CSQLite-t.build/Objects-normal/arm64_32/sqlite3.o -disable-free -emit-obj -x c /Users/admin/builder/spi-builder-workspace/.dependencies/checkouts/sqlite/Sources/CSQLite/sqlite3.c -target-abi darwinpcs -target-cpu apple-s4 -target-feature +v8.3a -target-feature +aes -target-feature +complxnum -target-feature +crc -target-feature +fp-armv8 -target-feature +fullfp16 -target-feature +jsconv -target-feature +lse -target-feature +neon -target-feature +pauth -target-feature +perfmon -target-feature +ras -target-feature +rcpc -target-feature +rdm -target-feature +sha2 -triple arm64_32-apple-watchos9.0.0 -target-linker-version 1166.2 -target-sdk-version\=27.0 -fmodules-validate-system-headers -fno-modulemap-allow-subdirectory-search -isysroot /Applications/Xcode-27.0.0-Release.Candidate.app/Contents/Developer/Platforms/WatchOS.platform/Developer/SDKs/WatchOS27.0.sdk -resource-dir /Applications/Xcode-27.0.0-Release.Candidate.app/Contents/Developer/Toolchains/XcodeDefault.xctoolchain/usr/lib/clang/21 -fmodule-format\=obj -fmodule-file\=Darwin\=/Users/admin/builder/spi-builder-workspace/.derivedData/Build/Intermediates.noindex/ExplicitPrecompiledModules/Darwin-DBL55RBCXXBQWBIKBQECQ4IYB.pcm -fmodule-file\=_Builtin_stdarg\=/Users/admin/builder/spi-builder-workspace/.derivedData/Build/Intermediates.noindex/ExplicitPrecompiledModules/_Builtin_stdarg-3FBU3SHG4221H48J15ES3MF8K.pcm -fmodule-file\=_Builtin_stddef\=/Users/admin/builder/spi-builder-workspace/.derivedData/Build/Intermediates.noindex/ExplicitPrecompiledModules/_Builtin_stddef-2G16WS4KI1O8GRURG8GT0OWEX.pcm -fmodule-file\=_DarwinFoundation1\=/Users/admin/builder/spi-builder-workspace/.derivedData/Build/Intermediates.noindex/ExplicitPrecompiledModules/_DarwinFoundation1-13H6FXL1GBYYXRCWTA0PD05GF.pcm -fmodule-file\=_DarwinFoundation2\=/Users/admin/builder/spi-builder-workspace/.derivedData/Build/Intermediates.noindex/ExplicitPrecompiledModules/_DarwinFoundation2-UOPWJD88NWYOYIOBXLEYL9XL.pcm -fmodule-file\=_DarwinFoundation3\=/Users/admin/builder/spi-builder-workspace/.derivedData/Build/Intermediates.noindex/ExplicitPrecompiledModules/_DarwinFoundation3-8YQJHADOAGVLGCJ0XL0EXZ0DO.pcm -I /Users/admin/builder/spi-builder-workspace/.derivedData/Build/Products/Debug-watchos/include -I /Users/admin/builder/spi-builder-workspace/.dependencies/checkouts/sqlite/Sources/CSQLite/include -I /Users/admin/builder/spi-builder-workspace/.derivedData/Build/Intermediates.noindex/SQLite.build/Debug-watchos/CSQLite-t.build/DerivedSources-normal/arm64_32 -I /Users/admin/builder/spi-builder-workspace/.derivedData/Build/Intermediates.noindex/SQLite.build/Debug-watchos/CSQLite-t.build/DerivedSources/arm64_32 -I /Users/admin/builder/spi-builder-workspace/.derivedData/Build/Intermediates.noindex/SQLite.build/Debug-watchos/CSQLite-t.build/DerivedSources -F /Users/admin/builder/spi-builder-workspace/.derivedData/Build/Products/Debug-watchos -iframework /Applications/Xcode-27.0.0-Release.Candidate.app/Contents/Developer/Platforms/WatchOS.platform/Developer/Library/Frameworks -iframework /Applications/Xcode-27.0.0-Release.Candidate.app/Contents/Developer/Platforms/WatchOS.platform/Developer/SDKs/WatchOS27.0.sdk/Developer/Library/Frameworks -internal-isystem /Applications/Xcode-27.0.0-Release.Candidate.app/Contents/Developer/Platforms/WatchOS.platform/Developer/SDKs/WatchOS27.0.sdk/usr/local/include -internal-isystem /Applications/Xcode-27.0.0-Release.Candidate.app/Contents/Developer/Toolchains/XcodeDefault.xctoolchain/usr/lib/clang/21/include -internal-externc-isystem /Applications/Xcode-27.0.0-Release.Candidate.app/Contents/Developer/Platforms/WatchOS.platform/Developer/SDKs/WatchOS27.0.sdk/usr/include -internal-externc-isystem /Applications/Xcode-27.0.0-Release.Candidate.app/Contents/Developer/Toolchains/XcodeDefault.xctoolchain/usr/include -internal-iframework /Applications/Xcode-27.0.0-Release.Candidate.app/Contents/Developer/Platforms/WatchOS.platform/Developer/SDKs/WatchOS27.0.sdk/System/Library/Frameworks -internal-iframework /Applications/Xcode-27.0.0-Release.Candidate.app/Contents/Developer/Platforms/WatchOS.platform/Developer/SDKs/WatchOS27.0.sdk/System/Library/SubFrameworks -internal-iframework /Applications/Xcode-27.0.0-Release.Candidate.app/Contents/Developer/Platforms/WatchOS.platform/Developer/SDKs/WatchOS27.0.sdk/Library/Frameworks -ivfsstatcache /Users/admin/builder/spi-builder-workspace/.derivedData/SDKStatCaches.noindex/watchos27.0-24R360-e829b21a6f8c9b70876ba0858053c04477534ef55a1706bf4c1112bbb242f0a2.sdkstatcache -std\=gnu17 -fskip-odr-check-in-gmf -fmodules -fmodule-name\=CSQLite -fno-implicit-modules -fmax-type-align\=16 -fpascal-strings -fvisibility-inlines-hidden-static-local-var -mdarwin-stkchk-strong-link -fno-odr-hash-protocols -pic-level 2 -fencode-extended-block-signature -stack-protector 1 -fgnuc-version\=4.2.1 -fblocks -fno-convergent-functions -ffp-contract\=on -fclang-abi-compat\=4.0 -fno-experimental-relative-c++-abi-vtables -fno-file-reproducible -clang-vendor-feature\=+disableNonDependentMemberExprInCurrentInstantiation -clang-vendor-feature\=+enableAggressiveVLAFolding -clang-vendor-feature\=+revert09abecef7bbf -clang-vendor-feature\=+thisNoAlignAttr -clang-vendor-feature\=+thisNoNullAttr -clang-vendor-feature\=+disableAtImportPrivateFrameworkInImplementationError -O0 -fno-assume-unique-vtables -fdebug-compilation-dir\=/Users/admin/builder/spi-builder-workspace/.swiftpm/xcode -fcoverage-compilation-dir\=/Users/admin/builder/spi-builder-workspace/.swiftpm/xcode -fcoverage-mapping -fcommon -fdwarf2-cfi-asm -fobjc-msgsend-selector-stubs -fregister-global-dtors-with-atexit -fno-strict-return -dwarf-version\=4 -debugger-tuning\=lldb -disable-llvm-verifier -dwarf-ext-refs -funwind-tables\=1 -fprofile-instrument\=clang -enable-tlsdesc -clear-ast-before-backend -discard-value-names -main-file-name sqlite3.c -mframe-pointer\=non-leaf -debug-info-kind\=standalone -fno-loop-interchange -fdiagnostics-hotness-threshold\=0 -fdiagnostics-misexpect-tolerance\=0 -D DEBUG\=1 -D SWIFT_PACKAGE -D Xcode -fdefine-target-os-macros -MT dependencies -dependency-file /Users/admin/builder/spi-builder-workspace/.derivedData/Build/Intermediates.noindex/SQLite.build/Debug-watchos/CSQLite-t.build/Objects-normal/arm64_32/sqlite3.d -skip-unused-modulemap-deps -module-file-deps\=direct -fdepfile-entry\=/Applications/Xcode-27.0.0-Release.Candidate.app/Contents/Developer/Platforms/WatchOS.platform/Developer/SDKs/WatchOS27.0.sdk/SDKSettings.json
CompileC /Users/admin/builder/spi-builder-workspace/.derivedData/Build/Intermediates.noindex/SQLite.build/Debug-watchos/CSQLite-t.build/Objects-normal/arm64/sqlite3.o /Users/admin/builder/spi-builder-workspace/.dependencies/checkouts/sqlite/Sources/CSQLite/sqlite3.c normal arm64 c com.apple.compilers.llvm.clang.1_0.compiler (in target 'CSQLite' from project 'SQLite')
cd /Users/admin/builder/spi-builder-workspace/.swiftpm/xcode
Using response file: /Users/admin/builder/spi-builder-workspace/.derivedData/Build/Intermediates.noindex/SQLite.build/Debug-watchos/CSQLite-t.build/Objects-normal/arm64/7187679823f38a2a940e0043cdf9d637-common-args.resp
/Applications/Xcode-27.0.0-Release.Candidate.app/Contents/Developer/Toolchains/XcodeDefault.xctoolchain/usr/bin/clang -x c -ivfsstatcache /Users/admin/builder/spi-builder-workspace/.derivedData/SDKStatCaches.noindex/watchos27.0-24R360-e829b21a6f8c9b70876ba0858053c04477534ef55a1706bf4c1112bbb242f0a2.sdkstatcache -target arm64-apple-watchos9.0 -fmessage-length\=0 -fdiagnostics-show-note-include-stack -fmacro-backtrace-limit\=0 -fno-color-diagnostics -fmodules-prune-interval\=86400 -fmodules-prune-after\=345600 -fbuild-session-file\=/Users/admin/builder/spi-builder-workspace/.derivedData/ModuleCache.noindex/Session.modulevalidation -fmodules-validate-once-per-build-session -Wnon-modular-include-in-framework-module -Werror\=non-modular-include-in-framework-module -Wno-trigraphs -Wno-missing-field-initializers -Wno-missing-prototypes -Wno-return-type -Wno-missing-braces -Wparentheses -Wswitch -Wno-unused-function -Wno-unused-label -Wno-unused-parameter -Wno-unused-variable -Wunused-value -Wno-empty-body -Wno-uninitialized -Wno-unknown-pragmas -w -Wno-shadow -Wno-four-char-constants -Wno-conversion -Wno-constant-conversion -Wno-int-conversion -Wno-bool-conversion -Wno-enum-conversion -Wno-float-conversion -Wno-non-literal-null-conversion -Wno-objc-literal-conversion -Wshorten-64-to-32 -Wpointer-sign -Wno-newline-eof -Wno-implicit-fallthrough -isysroot /Applications/Xcode-27.0.0-Release.Candidate.app/Contents/Developer/Platforms/WatchOS.platform/Developer/SDKs/WatchOS27.0.sdk -fstrict-aliasing -Wdeprecated-declarations -Wno-sign-conversion -Wno-infinite-recursion -Wno-comma -Wno-block-capture-autoreleasing -Wno-strict-prototypes -Wno-semicolon-before-method-body -index-store-path /Users/admin/builder/spi-builder-workspace/.derivedData/Index.noindex/DataStore @/Users/admin/builder/spi-builder-workspace/.derivedData/Build/Intermediates.noindex/SQLite.build/Debug-watchos/CSQLite-t.build/Objects-normal/arm64/7187679823f38a2a940e0043cdf9d637-common-args.resp -MMD -MT dependencies -MF /Users/admin/builder/spi-builder-workspace/.derivedData/Build/Intermediates.noindex/SQLite.build/Debug-watchos/CSQLite-t.build/Objects-normal/arm64/sqlite3.d --serialize-diagnostics /Users/admin/builder/spi-builder-workspace/.derivedData/Build/Intermediates.noindex/SQLite.build/Debug-watchos/CSQLite-t.build/Objects-normal/arm64/sqlite3.dia -c /Users/admin/builder/spi-builder-workspace/.dependencies/checkouts/sqlite/Sources/CSQLite/sqlite3.c -o /Users/admin/builder/spi-builder-workspace/.derivedData/Build/Intermediates.noindex/SQLite.build/Debug-watchos/CSQLite-t.build/Objects-normal/arm64/sqlite3.o -index-unit-output-path /SQLite.build/Debug-watchos/CSQLite-t.build/Objects-normal/arm64/sqlite3.o
Failed frontend command:
/Applications/Xcode-27.0.0-Release.Candidate.app/Contents/Developer/Toolchains/XcodeDefault.xctoolchain/usr/bin/clang -cc1 -Wundef-prefix\=TARGET_OS_ -fdiagnostics-show-note-include-stack -fmacro-backtrace-limit\=0 -w -ferror-limit 19 -serialize-diagnostic-file /Users/admin/builder/spi-builder-workspace/.derivedData/Build/Intermediates.noindex/SQLite.build/Debug-watchos/CSQLite-t.build/Objects-normal/arm64/sqlite3.dia -Wdeprecated-objc-isa-usage -Werror\=deprecated-objc-isa-usage -Werror\=implicit-function-declaration -Wnon-modular-include-in-framework-module -Werror\=non-modular-include-in-framework-module -Wno-trigraphs -Wno-missing-field-initializers -Wno-missing-prototypes -Wno-return-type -Wno-missing-braces -Wparentheses -Wswitch -Wno-unused-function -Wno-unused-label -Wno-unused-parameter -Wno-unused-variable -Wunused-value -Wno-empty-body -Wno-uninitialized -Wno-unknown-pragmas -Wno-shadow -Wno-four-char-constants -Wno-conversion -Wno-constant-conversion -Wno-int-conversion -Wno-bool-conversion -Wno-enum-conversion -Wno-float-conversion -Wno-non-literal-null-conversion -Wno-objc-literal-conversion -Wshorten-64-to-32 -Wpointer-sign -Wno-newline-eof -Wno-implicit-fallthrough -Wdeprecated-declarations -Wno-sign-conversion -Wno-infinite-recursion -Wno-comma -Wno-block-capture-autoreleasing -Wno-strict-prototypes -Wno-semicolon-before-method-body -Wno-elaborated-enum-base -Wno-error\=allocator-wrappers -index-store-path /Users/admin/builder/spi-builder-workspace/.derivedData/Index.noindex/DataStore -index-unit-output-path /SQLite.build/Debug-watchos/CSQLite-t.build/Objects-normal/arm64/sqlite3.o -fmodule-map-file\=/Applications/Xcode-27.0.0-Release.Candidate.app/Contents/Developer/Toolchains/XcodeDefault.xctoolchain/usr/lib/clang/21/include/module.modulemap -fmodule-map-file\=/Applications/Xcode-27.0.0-Release.Candidate.app/Contents/Developer/Platforms/WatchOS.platform/Developer/SDKs/WatchOS.sdk/usr/include/DarwinFoundation1.modulemap -fmodule-map-file\=/Applications/Xcode-27.0.0-Release.Candidate.app/Contents/Developer/Toolchains/XcodeDefault.xctoolchain/usr/lib/clang/21/include/module.modulemap -fmodule-map-file\=/Applications/Xcode-27.0.0-Release.Candidate.app/Contents/Developer/Platforms/WatchOS.platform/Developer/SDKs/WatchOS.sdk/usr/include/DarwinFoundation2.modulemap -fmodule-map-file\=/Applications/Xcode-27.0.0-Release.Candidate.app/Contents/Developer/Platforms/WatchOS.platform/Developer/SDKs/WatchOS.sdk/usr/include/DarwinFoundation3.modulemap -fmodule-map-file\=/Applications/Xcode-27.0.0-Release.Candidate.app/Contents/Developer/Platforms/WatchOS.platform/Developer/SDKs/WatchOS.sdk/usr/include/Darwin.modulemap -o /Users/admin/builder/spi-builder-workspace/.derivedData/Build/Intermediates.noindex/SQLite.build/Debug-watchos/CSQLite-t.build/Objects-normal/arm64/sqlite3.o -disable-free -emit-obj -x c /Users/admin/builder/spi-builder-workspace/.dependencies/checkouts/sqlite/Sources/CSQLite/sqlite3.c -target-abi darwinpcs -target-cpu apple-s9 -target-feature +v8.6a -target-feature +aes -target-feature +bf16 -target-feature +complxnum -target-feature +crc -target-feature +dotprod -target-feature +fp-armv8 -target-feature +fp16fml -target-feature +fpac -target-feature +fullfp16 -target-feature +hcx -target-feature +i8mm -target-feature +jsconv -target-feature +lse -target-feature +neon -target-feature +pauth -target-feature +perfmon -target-feature +ras -target-feature +rcpc -target-feature +rdm -target-feature +sha2 -target-feature +sha3 -target-feature +ssbs -triple arm64-apple-watchos9.0.0 -target-linker-version 1166.2 -target-sdk-version\=27.0 -fmodules-validate-system-headers -fno-modulemap-allow-subdirectory-search -isysroot /Applications/Xcode-27.0.0-Release.Candidate.app/Contents/Developer/Platforms/WatchOS.platform/Developer/SDKs/WatchOS27.0.sdk -resource-dir /Applications/Xcode-27.0.0-Release.Candidate.app/Contents/Developer/Toolchains/XcodeDefault.xctoolchain/usr/lib/clang/21 -fmodule-format\=obj -fmodule-file\=Darwin\=/Users/admin/builder/spi-builder-workspace/.derivedData/Build/Intermediates.noindex/ExplicitPrecompiledModules/Darwin-7ZKULZR42CGYZA0VTFXY0632X.pcm -fmodule-file\=_Builtin_stdarg\=/Users/admin/builder/spi-builder-workspace/.derivedData/Build/Intermediates.noindex/ExplicitPrecompiledModules/_Builtin_stdarg-A34P5U89RCRB7LXC2DYKO2DFI.pcm -fmodule-file\=_Builtin_stddef\=/Users/admin/builder/spi-builder-workspace/.derivedData/Build/Intermediates.noindex/ExplicitPrecompiledModules/_Builtin_stddef-D24ER3MLYJ1LE64PIZ3PRS6FG.pcm -fmodule-file\=_DarwinFoundation1\=/Users/admin/builder/spi-builder-workspace/.derivedData/Build/Intermediates.noindex/ExplicitPrecompiledModules/_DarwinFoundation1-271C6YMHKE2T7B31M2WB81V4X.pcm -fmodule-file\=_DarwinFoundation2\=/Users/admin/builder/spi-builder-workspace/.derivedData/Build/Intermediates.noindex/ExplicitPrecompiledModules/_DarwinFoundation2-97B3A1VFJWM3XXNSKJIWN1MUQ.pcm -fmodule-file\=_DarwinFoundation3\=/Users/admin/builder/spi-builder-workspace/.derivedData/Build/Intermediates.noindex/ExplicitPrecompiledModules/_DarwinFoundation3-AEQ8M866EXUQLRMRTUGOCYYV3.pcm -I /Users/admin/builder/spi-builder-workspace/.derivedData/Build/Products/Debug-watchos/include -I /Users/admin/builder/spi-builder-workspace/.dependencies/checkouts/sqlite/Sources/CSQLite/include -I /Users/admin/builder/spi-builder-workspace/.derivedData/Build/Intermediates.noindex/SQLite.build/Debug-watchos/CSQLite-t.build/DerivedSources-normal/arm64 -I /Users/admin/builder/spi-builder-workspace/.derivedData/Build/Intermediates.noindex/SQLite.build/Debug-watchos/CSQLite-t.build/DerivedSources/arm64 -I /Users/admin/builder/spi-builder-workspace/.derivedData/Build/Intermediates.noindex/SQLite.build/Debug-watchos/CSQLite-t.build/DerivedSources -F /Users/admin/builder/spi-builder-workspace/.derivedData/Build/Products/Debug-watchos -iframework /Applications/Xcode-27.0.0-Release.Candidate.app/Contents/Developer/Platforms/WatchOS.platform/Developer/Library/Frameworks -iframework /Applications/Xcode-27.0.0-Release.Candidate.app/Contents/Developer/Platforms/WatchOS.platform/Developer/SDKs/WatchOS27.0.sdk/Developer/Library/Frameworks -internal-isystem /Applications/Xcode-27.0.0-Release.Candidate.app/Contents/Developer/Platforms/WatchOS.platform/Developer/SDKs/WatchOS27.0.sdk/usr/local/include -internal-isystem /Applications/Xcode-27.0.0-Release.Candidate.app/Contents/Developer/Toolchains/XcodeDefault.xctoolchain/usr/lib/clang/21/include -internal-externc-isystem /Applications/Xcode-27.0.0-Release.Candidate.app/Contents/Developer/Platforms/WatchOS.platform/Developer/SDKs/WatchOS27.0.sdk/usr/include -internal-externc-isystem /Applications/Xcode-27.0.0-Release.Candidate.app/Contents/Developer/Toolchains/XcodeDefault.xctoolchain/usr/include -internal-iframework /Applications/Xcode-27.0.0-Release.Candidate.app/Contents/Developer/Platforms/WatchOS.platform/Developer/SDKs/WatchOS27.0.sdk/System/Library/Frameworks -internal-iframework /Applications/Xcode-27.0.0-Release.Candidate.app/Contents/Developer/Platforms/WatchOS.platform/Developer/SDKs/WatchOS27.0.sdk/System/Library/SubFrameworks -internal-iframework /Applications/Xcode-27.0.0-Release.Candidate.app/Contents/Developer/Platforms/WatchOS.platform/Developer/SDKs/WatchOS27.0.sdk/Library/Frameworks -ivfsstatcache /Users/admin/builder/spi-builder-workspace/.derivedData/SDKStatCaches.noindex/watchos27.0-24R360-e829b21a6f8c9b70876ba0858053c04477534ef55a1706bf4c1112bbb242f0a2.sdkstatcache -std\=gnu17 -fskip-odr-check-in-gmf -fmodules -fmodule-name\=CSQLite -fno-implicit-modules -fmax-type-align\=16 -fpascal-strings -fstack-check -fvisibility-inlines-hidden-static-local-var -mdarwin-stkchk-strong-link -fno-odr-hash-protocols -pic-level 2 -fencode-extended-block-signature -stack-protector 1 -fgnuc-version\=4.2.1 -fblocks -fno-convergent-functions -ffp-contract\=on -fclang-abi-compat\=4.0 -fno-experimental-relative-c++-abi-vtables -fno-file-reproducible -clang-vendor-feature\=+disableNonDependentMemberExprInCurrentInstantiation -clang-vendor-feature\=+enableAggressiveVLAFolding -clang-vendor-feature\=+revert09abecef7bbf -clang-vendor-feature\=+thisNoAlignAttr -clang-vendor-feature\=+thisNoNullAttr -clang-vendor-feature\=+disableAtImportPrivateFrameworkInImplementationError -O0 -fno-assume-unique-vtables -fdebug-compilation-dir\=/Users/admin/builder/spi-builder-workspace/.swiftpm/xcode -fcoverage-compilation-dir\=/Users/admin/builder/spi-builder-workspace/.swiftpm/xcode -fcoverage-mapping -fcommon -fdwarf2-cfi-asm -fobjc-msgsend-selector-stubs -fregister-global-dtors-with-atexit -fno-strict-return -dwarf-version\=4 -debugger-tuning\=lldb -disable-llvm-verifier -dwarf-ext-refs -funwind-tables\=1 -fprofile-instrument\=clang -enable-tlsdesc -clear-ast-before-backend -discard-value-names -main-file-name sqlite3.c -mframe-pointer\=non-leaf -debug-info-kind\=standalone -fno-loop-interchange -fdiagnostics-hotness-threshold\=0 -fdiagnostics-misexpect-tolerance\=0 -D DEBUG\=1 -D SWIFT_PACKAGE -D Xcode -fdefine-target-os-macros -MT dependencies -dependency-file /Users/admin/builder/spi-builder-workspace/.derivedData/Build/Intermediates.noindex/SQLite.build/Debug-watchos/CSQLite-t.build/Objects-normal/arm64/sqlite3.d -skip-unused-modulemap-deps -module-file-deps\=direct -fdepfile-entry\=/Applications/Xcode-27.0.0-Release.Candidate.app/Contents/Developer/Platforms/WatchOS.platform/Developer/SDKs/WatchOS27.0.sdk/SDKSettings.json
SwiftDriver Node normal arm64_32 com.apple.xcode.tools.swift.compiler (in target 'Node' from project 'Node')
cd /Users/admin/builder/spi-builder-workspace/.swiftpm/xcode
builtin-SwiftDriver -- /Applications/Xcode-27.0.0-Release.Candidate.app/Contents/Developer/Toolchains/XcodeDefault.xctoolchain/usr/bin/swiftc -parse-as-library -module-name Node -Onone @/Users/admin/builder/spi-builder-workspace/.derivedData/Build/Intermediates.noindex/Node.build/Debug-watchos/Node-t.build/Objects-normal/arm64_32/Node.SwiftFileList -DSWIFT_PACKAGE -DDEBUG -DSWIFT_MODULE_RESOURCE_BUNDLE_UNAVAILABLE -DXcode -plugin-path /Applications/Xcode-27.0.0-Release.Candidate.app/Contents/Developer/Toolchains/XcodeDefault.xctoolchain/usr/lib/swift/host/plugins/testing -enable-experimental-feature DebugDescriptionMacro -sdk /Applications/Xcode-27.0.0-Release.Candidate.app/Contents/Developer/Platforms/WatchOS.platform/Developer/SDKs/WatchOS27.0.sdk -target arm64_32-apple-watchos9.0 -g -module-cache-path /Users/admin/builder/spi-builder-workspace/.derivedData/ModuleCache.noindex -Xfrontend -serialize-debugging-options -profile-coverage-mapping -profile-generate -enable-testing -suppress-warnings -index-store-path /Users/admin/builder/spi-builder-workspace/.derivedData/Index.noindex/DataStore -Xcc -D_LIBCPP_HARDENING_MODE\=_LIBCPP_HARDENING_MODE_DEBUG -swift-version 4 -I /Users/admin/builder/spi-builder-workspace/.derivedData/Build/Products/Debug-watchos -Isystem /Applications/Xcode-27.0.0-Release.Candidate.app/Contents/Developer/Platforms/WatchOS.platform/Developer/usr/lib -F /Users/admin/builder/spi-builder-workspace/.derivedData/Build/Products/Debug-watchos/PackageFrameworks -F /Users/admin/builder/spi-builder-workspace/.derivedData/Build/Products/Debug-watchos -F /Applications/Xcode-27.0.0-Release.Candidate.app/Contents/Developer/Platforms/WatchOS.platform/Developer/Library/Frameworks -F /Applications/Xcode-27.0.0-Release.Candidate.app/Contents/Developer/Platforms/WatchOS.platform/Developer/SDKs/WatchOS27.0.sdk/Developer/Library/Frameworks -c -j10 -enable-batch-mode -incremental -Xcc -ivfsstatcache -Xcc /Users/admin/builder/spi-builder-workspace/.derivedData/SDKStatCaches.noindex/watchos27.0-24R360-e829b21a6f8c9b70876ba0858053c04477534ef55a1706bf4c1112bbb242f0a2.sdkstatcache -output-file-map /Users/admin/builder/spi-builder-workspace/.derivedData/Build/Intermediates.noindex/Node.build/Debug-watchos/Node-t.build/Objects-normal/arm64_32/Node-OutputFileMap.json -save-temps -no-color-diagnostics -emit-dependencies -emit-module -emit-module-path /Users/admin/builder/spi-builder-workspace/.derivedData/Build/Intermediates.noindex/Node.build/Debug-watchos/Node-t.build/Objects-normal/arm64_32/Node.swiftmodule -serialize-diagnostics -validate-clang-modules-once -clang-build-session-file /Users/admin/builder/spi-builder-workspace/.derivedData/ModuleCache.noindex/Session.modulevalidation -Xcc -fmodules-prune-interval\=86400 -Xcc -fmodules-prune-after\=345600 -emit-const-values -const-gather-protocols-list /Users/admin/builder/spi-builder-workspace/.derivedData/Build/Intermediates.noindex/Node.build/Debug-watchos/Node-t.build/Objects-normal/arm64_32/Node_const_extract_protocols.json -Xcc -I/Users/admin/builder/spi-builder-workspace/.derivedData/Build/Products/Debug-watchos/include -Xcc -I/Users/admin/builder/spi-builder-workspace/.derivedData/Build/Intermediates.noindex/Node.build/Debug-watchos/Node-t.build/DerivedSources-normal/arm64_32 -Xcc -I/Users/admin/builder/spi-builder-workspace/.derivedData/Build/Intermediates.noindex/Node.build/Debug-watchos/Node-t.build/DerivedSources/arm64_32 -Xcc -I/Users/admin/builder/spi-builder-workspace/.derivedData/Build/Intermediates.noindex/Node.build/Debug-watchos/Node-t.build/DerivedSources -Xcc -DSWIFT_PACKAGE -Xcc -DDEBUG\=1 -emit-objc-header -emit-objc-header-path /Users/admin/builder/spi-builder-workspace/.derivedData/Build/Intermediates.noindex/Node.build/Debug-watchos/Node-t.build/Objects-normal/arm64_32/Node-Swift.h -working-directory /Users/admin/builder/spi-builder-workspace/.swiftpm/xcode -experimental-emit-module-separately -disable-cmo
SwiftDriver Node normal arm64 com.apple.xcode.tools.swift.compiler (in target 'Node' from project 'Node')
cd /Users/admin/builder/spi-builder-workspace/.swiftpm/xcode
builtin-SwiftDriver -- /Applications/Xcode-27.0.0-Release.Candidate.app/Contents/Developer/Toolchains/XcodeDefault.xctoolchain/usr/bin/swiftc -parse-as-library -module-name Node -Onone @/Users/admin/builder/spi-builder-workspace/.derivedData/Build/Intermediates.noindex/Node.build/Debug-watchos/Node-t.build/Objects-normal/arm64/Node.SwiftFileList -DSWIFT_PACKAGE -DDEBUG -DSWIFT_MODULE_RESOURCE_BUNDLE_UNAVAILABLE -DXcode -plugin-path /Applications/Xcode-27.0.0-Release.Candidate.app/Contents/Developer/Toolchains/XcodeDefault.xctoolchain/usr/lib/swift/host/plugins/testing -enable-experimental-feature DebugDescriptionMacro -sdk /Applications/Xcode-27.0.0-Release.Candidate.app/Contents/Developer/Platforms/WatchOS.platform/Developer/SDKs/WatchOS27.0.sdk -target arm64-apple-watchos9.0 -g -module-cache-path /Users/admin/builder/spi-builder-workspace/.derivedData/ModuleCache.noindex -Xfrontend -serialize-debugging-options -profile-coverage-mapping -profile-generate -enable-testing -suppress-warnings -index-store-path /Users/admin/builder/spi-builder-workspace/.derivedData/Index.noindex/DataStore -Xcc -D_LIBCPP_HARDENING_MODE\=_LIBCPP_HARDENING_MODE_DEBUG -swift-version 4 -I /Users/admin/builder/spi-builder-workspace/.derivedData/Build/Products/Debug-watchos -Isystem /Applications/Xcode-27.0.0-Release.Candidate.app/Contents/Developer/Platforms/WatchOS.platform/Developer/usr/lib -F /Users/admin/builder/spi-builder-workspace/.derivedData/Build/Products/Debug-watchos/PackageFrameworks -F /Users/admin/builder/spi-builder-workspace/.derivedData/Build/Products/Debug-watchos -F /Applications/Xcode-27.0.0-Release.Candidate.app/Contents/Developer/Platforms/WatchOS.platform/Developer/Library/Frameworks -F /Applications/Xcode-27.0.0-Release.Candidate.app/Contents/Developer/Platforms/WatchOS.platform/Developer/SDKs/WatchOS27.0.sdk/Developer/Library/Frameworks -c -j10 -enable-batch-mode -incremental -Xcc -ivfsstatcache -Xcc /Users/admin/builder/spi-builder-workspace/.derivedData/SDKStatCaches.noindex/watchos27.0-24R360-e829b21a6f8c9b70876ba0858053c04477534ef55a1706bf4c1112bbb242f0a2.sdkstatcache -output-file-map /Users/admin/builder/spi-builder-workspace/.derivedData/Build/Intermediates.noindex/Node.build/Debug-watchos/Node-t.build/Objects-normal/arm64/Node-OutputFileMap.json -save-temps -no-color-diagnostics -emit-dependencies -emit-module -emit-module-path /Users/admin/builder/spi-builder-workspace/.derivedData/Build/Intermediates.noindex/Node.build/Debug-watchos/Node-t.build/Objects-normal/arm64/Node.swiftmodule -serialize-diagnostics -validate-clang-modules-once -clang-build-session-file /Users/admin/builder/spi-builder-workspace/.derivedData/ModuleCache.noindex/Session.modulevalidation -Xcc -fmodules-prune-interval\=86400 -Xcc -fmodules-prune-after\=345600 -emit-const-values -const-gather-protocols-list /Users/admin/builder/spi-builder-workspace/.derivedData/Build/Intermediates.noindex/Node.build/Debug-watchos/Node-t.build/Objects-normal/arm64/Node_const_extract_protocols.json -Xcc -I/Users/admin/builder/spi-builder-workspace/.derivedData/Build/Products/Debug-watchos/include -Xcc -I/Users/admin/builder/spi-builder-workspace/.derivedData/Build/Intermediates.noindex/Node.build/Debug-watchos/Node-t.build/DerivedSources-normal/arm64 -Xcc -I/Users/admin/builder/spi-builder-workspace/.derivedData/Build/Intermediates.noindex/Node.build/Debug-watchos/Node-t.build/DerivedSources/arm64 -Xcc -I/Users/admin/builder/spi-builder-workspace/.derivedData/Build/Intermediates.noindex/Node.build/Debug-watchos/Node-t.build/DerivedSources -Xcc -DSWIFT_PACKAGE -Xcc -DDEBUG\=1 -emit-objc-header -emit-objc-header-path /Users/admin/builder/spi-builder-workspace/.derivedData/Build/Intermediates.noindex/Node.build/Debug-watchos/Node-t.build/Objects-normal/arm64/Node-Swift.h -working-directory /Users/admin/builder/spi-builder-workspace/.swiftpm/xcode -experimental-emit-module-separately -disable-cmo
SwiftDriver SMTP normal arm64 com.apple.xcode.tools.swift.compiler (in target 'SMTP' from project 'Engine')
cd /Users/admin/builder/spi-builder-workspace/.swiftpm/xcode
builtin-SwiftDriver -- /Applications/Xcode-27.0.0-Release.Candidate.app/Contents/Developer/Toolchains/XcodeDefault.xctoolchain/usr/bin/swiftc -parse-as-library -module-name SMTP -Onone @/Users/admin/builder/spi-builder-workspace/.derivedData/Build/Intermediates.noindex/Engine.build/Debug-watchos/SMTP-t.build/Objects-normal/arm64/SMTP.SwiftFileList -DSWIFT_PACKAGE -DDEBUG -DSWIFT_MODULE_RESOURCE_BUNDLE_UNAVAILABLE -DXcode -plugin-path /Applications/Xcode-27.0.0-Release.Candidate.app/Contents/Developer/Toolchains/XcodeDefault.xctoolchain/usr/lib/swift/host/plugins/testing -enable-experimental-feature DebugDescriptionMacro -sdk /Applications/Xcode-27.0.0-Release.Candidate.app/Contents/Developer/Platforms/WatchOS.platform/Developer/SDKs/WatchOS27.0.sdk -target arm64-apple-watchos9.0 -g -module-cache-path /Users/admin/builder/spi-builder-workspace/.derivedData/ModuleCache.noindex -Xfrontend -serialize-debugging-options -profile-coverage-mapping -profile-generate -enable-testing -suppress-warnings -index-store-path /Users/admin/builder/spi-builder-workspace/.derivedData/Index.noindex/DataStore -Xcc -D_LIBCPP_HARDENING_MODE\=_LIBCPP_HARDENING_MODE_DEBUG -swift-version 4 -I /Users/admin/builder/spi-builder-workspace/.derivedData/Build/Products/Debug-watchos -Isystem /Applications/Xcode-27.0.0-Release.Candidate.app/Contents/Developer/Platforms/WatchOS.platform/Developer/usr/lib -F /Users/admin/builder/spi-builder-workspace/.derivedData/Build/Products/Debug-watchos/PackageFrameworks -F /Users/admin/builder/spi-builder-workspace/.derivedData/Build/Products/Debug-watchos -F /Applications/Xcode-27.0.0-Release.Candidate.app/Contents/Developer/Platforms/WatchOS.platform/Developer/Library/Frameworks -F /Applications/Xcode-27.0.0-Release.Candidate.app/Contents/Developer/Platforms/WatchOS.platform/Developer/SDKs/WatchOS27.0.sdk/Developer/Library/Frameworks -c -j10 -enable-batch-mode -incremental -Xcc -ivfsstatcache -Xcc /Users/admin/builder/spi-builder-workspace/.derivedData/SDKStatCaches.noindex/watchos27.0-24R360-e829b21a6f8c9b70876ba0858053c04477534ef55a1706bf4c1112bbb242f0a2.sdkstatcache -output-file-map /Users/admin/builder/spi-builder-workspace/.derivedData/Build/Intermediates.noindex/Engine.build/Debug-watchos/SMTP-t.build/Objects-normal/arm64/SMTP-OutputFileMap.json -save-temps -no-color-diagnostics -emit-dependencies -emit-module -emit-module-path /Users/admin/builder/spi-builder-workspace/.derivedData/Build/Intermediates.noindex/Engine.build/Debug-watchos/SMTP-t.build/Objects-normal/arm64/SMTP.swiftmodule -serialize-diagnostics -validate-clang-modules-once -clang-build-session-file /Users/admin/builder/spi-builder-workspace/.derivedData/ModuleCache.noindex/Session.modulevalidation -Xcc -fmodules-prune-interval\=86400 -Xcc -fmodules-prune-after\=345600 -emit-const-values -const-gather-protocols-list /Users/admin/builder/spi-builder-workspace/.derivedData/Build/Intermediates.noindex/Engine.build/Debug-watchos/SMTP-t.build/Objects-normal/arm64/SMTP_const_extract_protocols.json -Xcc -I/Users/admin/builder/spi-builder-workspace/.derivedData/Build/Products/Debug-watchos/include -Xcc -I/Users/admin/builder/spi-builder-workspace/.derivedData/Build/Intermediates.noindex/Engine.build/Debug-watchos/SMTP-t.build/DerivedSources-normal/arm64 -Xcc -I/Users/admin/builder/spi-builder-workspace/.derivedData/Build/Intermediates.noindex/Engine.build/Debug-watchos/SMTP-t.build/DerivedSources/arm64 -Xcc -I/Users/admin/builder/spi-builder-workspace/.derivedData/Build/Intermediates.noindex/Engine.build/Debug-watchos/SMTP-t.build/DerivedSources -Xcc -DSWIFT_PACKAGE -Xcc -DDEBUG\=1 -emit-objc-header -emit-objc-header-path /Users/admin/builder/spi-builder-workspace/.derivedData/Build/Intermediates.noindex/Engine.build/Debug-watchos/SMTP-t.build/Objects-normal/arm64/SMTP-Swift.h -working-directory /Users/admin/builder/spi-builder-workspace/.swiftpm/xcode -experimental-emit-module-separately -disable-cmo
SwiftDriver SMTP normal arm64_32 com.apple.xcode.tools.swift.compiler (in target 'SMTP' from project 'Engine')
cd /Users/admin/builder/spi-builder-workspace/.swiftpm/xcode
builtin-SwiftDriver -- /Applications/Xcode-27.0.0-Release.Candidate.app/Contents/Developer/Toolchains/XcodeDefault.xctoolchain/usr/bin/swiftc -parse-as-library -module-name SMTP -Onone @/Users/admin/builder/spi-builder-workspace/.derivedData/Build/Intermediates.noindex/Engine.build/Debug-watchos/SMTP-t.build/Objects-normal/arm64_32/SMTP.SwiftFileList -DSWIFT_PACKAGE -DDEBUG -DSWIFT_MODULE_RESOURCE_BUNDLE_UNAVAILABLE -DXcode -plugin-path /Applications/Xcode-27.0.0-Release.Candidate.app/Contents/Developer/Toolchains/XcodeDefault.xctoolchain/usr/lib/swift/host/plugins/testing -enable-experimental-feature DebugDescriptionMacro -sdk /Applications/Xcode-27.0.0-Release.Candidate.app/Contents/Developer/Platforms/WatchOS.platform/Developer/SDKs/WatchOS27.0.sdk -target arm64_32-apple-watchos9.0 -g -module-cache-path /Users/admin/builder/spi-builder-workspace/.derivedData/ModuleCache.noindex -Xfrontend -serialize-debugging-options -profile-coverage-mapping -profile-generate -enable-testing -suppress-warnings -index-store-path /Users/admin/builder/spi-builder-workspace/.derivedData/Index.noindex/DataStore -Xcc -D_LIBCPP_HARDENING_MODE\=_LIBCPP_HARDENING_MODE_DEBUG -swift-version 4 -I /Users/admin/builder/spi-builder-workspace/.derivedData/Build/Products/Debug-watchos -Isystem /Applications/Xcode-27.0.0-Release.Candidate.app/Contents/Developer/Platforms/WatchOS.platform/Developer/usr/lib -F /Users/admin/builder/spi-builder-workspace/.derivedData/Build/Products/Debug-watchos/PackageFrameworks -F /Users/admin/builder/spi-builder-workspace/.derivedData/Build/Products/Debug-watchos -F /Applications/Xcode-27.0.0-Release.Candidate.app/Contents/Developer/Platforms/WatchOS.platform/Developer/Library/Frameworks -F /Applications/Xcode-27.0.0-Release.Candidate.app/Contents/Developer/Platforms/WatchOS.platform/Developer/SDKs/WatchOS27.0.sdk/Developer/Library/Frameworks -c -j10 -enable-batch-mode -incremental -Xcc -ivfsstatcache -Xcc /Users/admin/builder/spi-builder-workspace/.derivedData/SDKStatCaches.noindex/watchos27.0-24R360-e829b21a6f8c9b70876ba0858053c04477534ef55a1706bf4c1112bbb242f0a2.sdkstatcache -output-file-map /Users/admin/builder/spi-builder-workspace/.derivedData/Build/Intermediates.noindex/Engine.build/Debug-watchos/SMTP-t.build/Objects-normal/arm64_32/SMTP-OutputFileMap.json -save-temps -no-color-diagnostics -emit-dependencies -emit-module -emit-module-path /Users/admin/builder/spi-builder-workspace/.derivedData/Build/Intermediates.noindex/Engine.build/Debug-watchos/SMTP-t.build/Objects-normal/arm64_32/SMTP.swiftmodule -serialize-diagnostics -validate-clang-modules-once -clang-build-session-file /Users/admin/builder/spi-builder-workspace/.derivedData/ModuleCache.noindex/Session.modulevalidation -Xcc -fmodules-prune-interval\=86400 -Xcc -fmodules-prune-after\=345600 -emit-const-values -const-gather-protocols-list /Users/admin/builder/spi-builder-workspace/.derivedData/Build/Intermediates.noindex/Engine.build/Debug-watchos/SMTP-t.build/Objects-normal/arm64_32/SMTP_const_extract_protocols.json -Xcc -I/Users/admin/builder/spi-builder-workspace/.derivedData/Build/Products/Debug-watchos/include -Xcc -I/Users/admin/builder/spi-builder-workspace/.derivedData/Build/Intermediates.noindex/Engine.build/Debug-watchos/SMTP-t.build/DerivedSources-normal/arm64_32 -Xcc -I/Users/admin/builder/spi-builder-workspace/.derivedData/Build/Intermediates.noindex/Engine.build/Debug-watchos/SMTP-t.build/DerivedSources/arm64_32 -Xcc -I/Users/admin/builder/spi-builder-workspace/.derivedData/Build/Intermediates.noindex/Engine.build/Debug-watchos/SMTP-t.build/DerivedSources -Xcc -DSWIFT_PACKAGE -Xcc -DDEBUG\=1 -emit-objc-header -emit-objc-header-path /Users/admin/builder/spi-builder-workspace/.derivedData/Build/Intermediates.noindex/Engine.build/Debug-watchos/SMTP-t.build/Objects-normal/arm64_32/SMTP-Swift.h -working-directory /Users/admin/builder/spi-builder-workspace/.swiftpm/xcode -experimental-emit-module-separately -disable-cmo
SwiftCompile normal arm64 Compiling\ Certificates.swift,\ ClientSocket.swift /Users/admin/builder/spi-builder-workspace/.dependencies/checkouts/tls/Sources/TLS/Certificates.swift /Users/admin/builder/spi-builder-workspace/.dependencies/checkouts/tls/Sources/TLS/ClientSocket.swift (in target 'TLS' from project 'TLS')
SwiftCompile normal arm64 /Users/admin/builder/spi-builder-workspace/.dependencies/checkouts/tls/Sources/TLS/Certificates.swift (in target 'TLS' from project 'TLS')
cd /Users/admin/builder/spi-builder-workspace/.swiftpm/xcode
builtin-SwiftPerFileCompile Certificates.swift
SwiftCompile normal arm64 /Users/admin/builder/spi-builder-workspace/.dependencies/checkouts/tls/Sources/TLS/ClientSocket.swift (in target 'TLS' from project 'TLS')
cd /Users/admin/builder/spi-builder-workspace/.swiftpm/xcode
builtin-SwiftPerFileCompile ClientSocket.swift
<module-includes>:1:9: note: in file included from <module-includes>:1:
1 | #import "shim.h"
| `- note: in file included from <module-includes>:1:
2 |
/Users/admin/builder/spi-builder-workspace/.dependencies/checkouts/ctls/shim.h:4:10: error: 'openssl/conf.h' file not found
2 | #define __COPENSSL_SHIM_H__
3 |
4 | #include <openssl/conf.h>
| `- error: 'openssl/conf.h' file not found
5 | #include <openssl/evp.h>
6 | #include <openssl/err.h>
SwiftEmitModule normal arm64 Emitting\ module\ for\ TLS (in target 'TLS' from project 'TLS')
<module-includes>:1:9: note: in file included from <module-includes>:1:
1 | #import "shim.h"
| `- note: in file included from <module-includes>:1:
2 |
/Users/admin/builder/spi-builder-workspace/.dependencies/checkouts/ctls/shim.h:4:10: error: 'openssl/conf.h' file not found
2 | #define __COPENSSL_SHIM_H__
3 |
4 | #include <openssl/conf.h>
| `- error: 'openssl/conf.h' file not found
5 | #include <openssl/evp.h>
6 | #include <openssl/err.h>
/Users/admin/builder/spi-builder-workspace/.dependencies/checkouts/tls/Sources/TLS/ClientSocket.swift:1:8: error: could not build Objective-C module 'CTLS'
1 | import CTLS
| `- error: could not build Objective-C module 'CTLS'
2 |
3 | /// An SSL Socket.
Failed frontend command:
/Applications/Xcode-27.0.0-Release.Candidate.app/Contents/Developer/Toolchains/XcodeDefault.xctoolchain/usr/bin/swift-frontend -frontend -emit-module -experimental-skip-non-inlinable-function-bodies-without-types /Users/admin/builder/spi-builder-workspace/.dependencies/checkouts/tls/Sources/TLS/Certificates.swift /Users/admin/builder/spi-builder-workspace/.dependencies/checkouts/tls/Sources/TLS/ClientSocket.swift /Users/admin/builder/spi-builder-workspace/.dependencies/checkouts/tls/Sources/TLS/Context.swift /Users/admin/builder/spi-builder-workspace/.dependencies/checkouts/tls/Sources/TLS/Error.swift /Users/admin/builder/spi-builder-workspace/.dependencies/checkouts/tls/Sources/TLS/Exports.swift /Users/admin/builder/spi-builder-workspace/.dependencies/checkouts/tls/Sources/TLS/InternetSocket.swift /Users/admin/builder/spi-builder-workspace/.dependencies/checkouts/tls/Sources/TLS/Mode.swift /Users/admin/builder/spi-builder-workspace/.dependencies/checkouts/tls/Sources/TLS/ReadableSocket.swift /Users/admin/builder/spi-builder-workspace/.dependencies/checkouts/tls/Sources/TLS/ServerSocket.swift /Users/admin/builder/spi-builder-workspace/.dependencies/checkouts/tls/Sources/TLS/Socket.swift /Users/admin/builder/spi-builder-workspace/.dependencies/checkouts/tls/Sources/TLS/Utilities.swift /Users/admin/builder/spi-builder-workspace/.dependencies/checkouts/tls/Sources/TLS/WriteableSocket.swift -target arm64-apple-watchos9.0 -Xllvm -aarch64-use-tbi -enable-objc-interop -stack-check -sdk /Applications/Xcode-27.0.0-Release.Candidate.app/Contents/Developer/Platforms/WatchOS.platform/Developer/SDKs/WatchOS27.0.sdk -I /Users/admin/builder/spi-builder-workspace/.derivedData/Build/Products/Debug-watchos -Isystem /Applications/Xcode-27.0.0-Release.Candidate.app/Contents/Developer/Platforms/WatchOS.platform/Developer/usr/lib -F /Users/admin/builder/spi-builder-workspace/.derivedData/Build/Products/Debug-watchos/PackageFrameworks -F /Users/admin/builder/spi-builder-workspace/.derivedData/Build/Products/Debug-watchos -F /Applications/Xcode-27.0.0-Release.Candidate.app/Contents/Developer/Platforms/WatchOS.platform/Developer/Library/Frameworks -F /Applications/Xcode-27.0.0-Release.Candidate.app/Contents/Developer/Platforms/WatchOS.platform/Developer/SDKs/WatchOS27.0.sdk/Developer/Library/Frameworks -module-cache-path /Users/admin/builder/spi-builder-workspace/.derivedData/ModuleCache.noindex -no-color-diagnostics -Xcc -fno-color-diagnostics -enable-testing -g -debug-info-format\=dwarf -dwarf-version\=4 -suppress-warnings -profile-generate -profile-coverage-mapping -swift-version 4 -Onone -D SWIFT_PACKAGE -D DEBUG -D SWIFT_MODULE_RESOURCE_BUNDLE_UNAVAILABLE -D Xcode -serialize-debugging-options -enable-experimental-feature DebugDescriptionMacro -empty-abi-descriptor -plugin-path /Applications/Xcode-27.0.0-Release.Candidate.app/Contents/Developer/Toolchains/XcodeDefault.xctoolchain/usr/lib/swift/host/plugins/testing -validate-clang-modules-once -clang-build-session-file /Users/admin/builder/spi-builder-workspace/.derivedData/ModuleCache.noindex/Session.modulevalidation -Xcc -working-directory -Xcc /Users/admin/builder/spi-builder-workspace/.swiftpm/xcode -enable-anonymous-context-mangled-names -file-compilation-dir /Users/admin/builder/spi-builder-workspace/.swiftpm/xcode -Xcc -fmodule-map-file\=/Users/admin/builder/spi-builder-workspace/.dependencies/checkouts/ctls/module.modulemap -Xcc -D_LIBCPP_HARDENING_MODE\=_LIBCPP_HARDENING_MODE_DEBUG -Xcc -ivfsstatcache -Xcc /Users/admin/builder/spi-builder-workspace/.derivedData/SDKStatCaches.noindex/watchos27.0-24R360-e829b21a6f8c9b70876ba0858053c04477534ef55a1706bf4c1112bbb242f0a2.sdkstatcache -Xcc -fmodules-prune-interval\=86400 -Xcc -fmodules-prune-after\=345600 -Xcc -I/Users/admin/builder/spi-builder-workspace/.derivedData/Build/Products/Debug-watchos/include -Xcc -I/Users/admin/builder/spi-builder-workspace/.derivedData/Build/Intermediates.noindex/TLS.build/Debug-watchos/TLS-t.build/DerivedSources-normal/arm64 -Xcc -I/Users/admin/builder/spi-builder-workspace/.derivedData/Build/Intermediates.noindex/TLS.build/Debug-watchos/TLS-t.build/DerivedSources/arm64 -Xcc -I/Users/admin/builder/spi-builder-workspace/.derivedData/Build/Intermediates.noindex/TLS.build/Debug-watchos/TLS-t.build/DerivedSources -Xcc -DSWIFT_PACKAGE -Xcc -DDEBUG\=1 -no-auto-bridging-header-chaining -module-name TLS -const-gather-protocols-file /Users/admin/builder/spi-builder-workspace/.derivedData/Build/Intermediates.noindex/TLS.build/Debug-watchos/TLS-t.build/Objects-normal/arm64/TLS_const_extract_protocols.json -disable-clang-spi -target-sdk-version 27.0 -target-sdk-name watchos27.0 -external-plugin-path /Applications/Xcode-27.0.0-Release.Candidate.app/Contents/Developer/Platforms/WatchOS.platform/Developer/usr/lib/swift/host/plugins\#/Applications/Xcode-27.0.0-Release.Candidate.app/Contents/Developer/Platforms/WatchOS.platform/Developer/usr/bin/swift-plugin-server -external-plugin-path /Applications/Xcode-27.0.0-Release.Candidate.app/Contents/Developer/Platforms/WatchOS.platform/Developer/usr/local/lib/swift/host/plugins\#/Applications/Xcode-27.0.0-Release.Candidate.app/Contents/Developer/Platforms/WatchOS.platform/Developer/usr/bin/swift-plugin-server -in-process-plugin-server-path /Applications/Xcode-27.0.0-Release.Candidate.app/Contents/Developer/Toolchains/XcodeDefault.xctoolchain/usr/lib/swift/host/libSwiftInProcPluginServer.dylib -plugin-path /Applications/Xcode-27.0.0-Release.Candidate.app/Contents/Developer/Toolchains/XcodeDefault.xctoolchain/usr/lib/swift/host/plugins -plugin-path /Applications/Xcode-27.0.0-Release.Candidate.app/Contents/Developer/Toolchains/XcodeDefault.xctoolchain/usr/local/lib/swift/host/plugins -emit-module-doc-path /Users/admin/builder/spi-builder-workspace/.derivedData/Build/Intermediates.noindex/TLS.build/Debug-watchos/TLS-t.build/Objects-normal/arm64/TLS.swiftdoc -emit-module-source-info-path /Users/admin/builder/spi-builder-workspace/.derivedData/Build/Intermediates.noindex/TLS.build/Debug-watchos/TLS-t.build/Objects-normal/arm64/TLS.swiftsourceinfo -emit-objc-header-path /Users/admin/builder/spi-builder-workspace/.derivedData/Build/Intermediates.noindex/TLS.build/Debug-watchos/TLS-t.build/Objects-normal/arm64/TLS-Swift.h -serialize-diagnostics-path /Users/admin/builder/spi-builder-workspace/.derivedData/Build/Intermediates.noindex/TLS.build/Debug-watchos/TLS-t.build/Objects-normal/arm64/TLS-primary-emit-module.dia -emit-dependencies-path /Users/admin/builder/spi-builder-workspace/.derivedData/Build/Intermediates.noindex/TLS.build/Debug-watchos/TLS-t.build/Objects-normal/arm64/TLS-primary-emit-module.d -parse-as-library -o /Users/admin/builder/spi-builder-workspace/.derivedData/Build/Intermediates.noindex/TLS.build/Debug-watchos/TLS-t.build/Objects-normal/arm64/TLS.swiftmodule -emit-abi-descriptor-path /Users/admin/builder/spi-builder-workspace/.derivedData/Build/Intermediates.noindex/TLS.build/Debug-watchos/TLS-t.build/Objects-normal/arm64/TLS.abi.json
SwiftCompile normal arm64 (in target 'TLS' from project 'TLS')
cd /Users/admin/builder/spi-builder-workspace/.swiftpm/xcode
SwiftEmitModule normal arm64_32 Emitting\ module\ for\ TLS (in target 'TLS' from project 'TLS')
SwiftCompile normal arm64_32 (in target 'TLS' from project 'TLS')
cd /Users/admin/builder/spi-builder-workspace/.swiftpm/xcode
<module-includes>:1:9: note: in file included from <module-includes>:1:
1 | #import "shim.h"
| `- note: in file included from <module-includes>:1:
2 |
/Users/admin/builder/spi-builder-workspace/.dependencies/checkouts/ctls/shim.h:4:10: error: 'openssl/conf.h' file not found
2 | #define __COPENSSL_SHIM_H__
3 |
4 | #include <openssl/conf.h>
| `- error: 'openssl/conf.h' file not found
5 | #include <openssl/evp.h>
6 | #include <openssl/err.h>
SwiftDriver Crypto normal arm64_32 com.apple.xcode.tools.swift.compiler (in target 'Crypto' from project 'Crypto')
cd /Users/admin/builder/spi-builder-workspace/.swiftpm/xcode
builtin-SwiftDriver -- /Applications/Xcode-27.0.0-Release.Candidate.app/Contents/Developer/Toolchains/XcodeDefault.xctoolchain/usr/bin/swiftc -parse-as-library -module-name Crypto -Onone @/Users/admin/builder/spi-builder-workspace/.derivedData/Build/Intermediates.noindex/Crypto.build/Debug-watchos/Crypto-t.build/Objects-normal/arm64_32/Crypto.SwiftFileList -DSWIFT_PACKAGE -DDEBUG -DSWIFT_MODULE_RESOURCE_BUNDLE_UNAVAILABLE -Xcc -fmodule-map-file\=/Users/admin/builder/spi-builder-workspace/.dependencies/checkouts/ctls/module.modulemap -DXcode -plugin-path /Applications/Xcode-27.0.0-Release.Candidate.app/Contents/Developer/Toolchains/XcodeDefault.xctoolchain/usr/lib/swift/host/plugins/testing -enable-experimental-feature DebugDescriptionMacro -sdk /Applications/Xcode-27.0.0-Release.Candidate.app/Contents/Developer/Platforms/WatchOS.platform/Developer/SDKs/WatchOS27.0.sdk -target arm64_32-apple-watchos9.0 -g -module-cache-path /Users/admin/builder/spi-builder-workspace/.derivedData/ModuleCache.noindex -Xfrontend -serialize-debugging-options -profile-coverage-mapping -profile-generate -enable-testing -suppress-warnings -index-store-path /Users/admin/builder/spi-builder-workspace/.derivedData/Index.noindex/DataStore -Xcc -D_LIBCPP_HARDENING_MODE\=_LIBCPP_HARDENING_MODE_DEBUG -swift-version 4 -I /Users/admin/builder/spi-builder-workspace/.derivedData/Build/Products/Debug-watchos -Isystem /Applications/Xcode-27.0.0-Release.Candidate.app/Contents/Developer/Platforms/WatchOS.platform/Developer/usr/lib -F /Users/admin/builder/spi-builder-workspace/.derivedData/Build/Products/Debug-watchos/PackageFrameworks -F /Users/admin/builder/spi-builder-workspace/.derivedData/Build/Products/Debug-watchos -F /Applications/Xcode-27.0.0-Release.Candidate.app/Contents/Developer/Platforms/WatchOS.platform/Developer/Library/Frameworks -F /Applications/Xcode-27.0.0-Release.Candidate.app/Contents/Developer/Platforms/WatchOS.platform/Developer/SDKs/WatchOS27.0.sdk/Developer/Library/Frameworks -c -j10 -enable-batch-mode -incremental -Xcc -ivfsstatcache -Xcc /Users/admin/builder/spi-builder-workspace/.derivedData/SDKStatCaches.noindex/watchos27.0-24R360-e829b21a6f8c9b70876ba0858053c04477534ef55a1706bf4c1112bbb242f0a2.sdkstatcache -output-file-map /Users/admin/builder/spi-builder-workspace/.derivedData/Build/Intermediates.noindex/Crypto.build/Debug-watchos/Crypto-t.build/Objects-normal/arm64_32/Crypto-OutputFileMap.json -save-temps -no-color-diagnostics -emit-dependencies -emit-module -emit-module-path /Users/admin/builder/spi-builder-workspace/.derivedData/Build/Intermediates.noindex/Crypto.build/Debug-watchos/Crypto-t.build/Objects-normal/arm64_32/Crypto.swiftmodule -serialize-diagnostics -validate-clang-modules-once -clang-build-session-file /Users/admin/builder/spi-builder-workspace/.derivedData/ModuleCache.noindex/Session.modulevalidation -Xcc -fmodules-prune-interval\=86400 -Xcc -fmodules-prune-after\=345600 -emit-const-values -const-gather-protocols-list /Users/admin/builder/spi-builder-workspace/.derivedData/Build/Intermediates.noindex/Crypto.build/Debug-watchos/Crypto-t.build/Objects-normal/arm64_32/Crypto_const_extract_protocols.json -Xcc -I/Users/admin/builder/spi-builder-workspace/.derivedData/Build/Products/Debug-watchos/include -Xcc -I/Users/admin/builder/spi-builder-workspace/.derivedData/Build/Intermediates.noindex/Crypto.build/Debug-watchos/Crypto-t.build/DerivedSources-normal/arm64_32 -Xcc -I/Users/admin/builder/spi-builder-workspace/.derivedData/Build/Intermediates.noindex/Crypto.build/Debug-watchos/Crypto-t.build/DerivedSources/arm64_32 -Xcc -I/Users/admin/builder/spi-builder-workspace/.derivedData/Build/Intermediates.noindex/Crypto.build/Debug-watchos/Crypto-t.build/DerivedSources -Xcc -DSWIFT_PACKAGE -Xcc -DDEBUG\=1 -emit-objc-header -emit-objc-header-path /Users/admin/builder/spi-builder-workspace/.derivedData/Build/Intermediates.noindex/Crypto.build/Debug-watchos/Crypto-t.build/Objects-normal/arm64_32/Crypto-Swift.h -working-directory /Users/admin/builder/spi-builder-workspace/.swiftpm/xcode -experimental-emit-module-separately -disable-cmo
SwiftDriver Crypto normal arm64 com.apple.xcode.tools.swift.compiler (in target 'Crypto' from project 'Crypto')
cd /Users/admin/builder/spi-builder-workspace/.swiftpm/xcode
builtin-SwiftDriver -- /Applications/Xcode-27.0.0-Release.Candidate.app/Contents/Developer/Toolchains/XcodeDefault.xctoolchain/usr/bin/swiftc -parse-as-library -module-name Crypto -Onone @/Users/admin/builder/spi-builder-workspace/.derivedData/Build/Intermediates.noindex/Crypto.build/Debug-watchos/Crypto-t.build/Objects-normal/arm64/Crypto.SwiftFileList -DSWIFT_PACKAGE -DDEBUG -DSWIFT_MODULE_RESOURCE_BUNDLE_UNAVAILABLE -Xcc -fmodule-map-file\=/Users/admin/builder/spi-builder-workspace/.dependencies/checkouts/ctls/module.modulemap -DXcode -plugin-path /Applications/Xcode-27.0.0-Release.Candidate.app/Contents/Developer/Toolchains/XcodeDefault.xctoolchain/usr/lib/swift/host/plugins/testing -enable-experimental-feature DebugDescriptionMacro -sdk /Applications/Xcode-27.0.0-Release.Candidate.app/Contents/Developer/Platforms/WatchOS.platform/Developer/SDKs/WatchOS27.0.sdk -target arm64-apple-watchos9.0 -g -module-cache-path /Users/admin/builder/spi-builder-workspace/.derivedData/ModuleCache.noindex -Xfrontend -serialize-debugging-options -profile-coverage-mapping -profile-generate -enable-testing -suppress-warnings -index-store-path /Users/admin/builder/spi-builder-workspace/.derivedData/Index.noindex/DataStore -Xcc -D_LIBCPP_HARDENING_MODE\=_LIBCPP_HARDENING_MODE_DEBUG -swift-version 4 -I /Users/admin/builder/spi-builder-workspace/.derivedData/Build/Products/Debug-watchos -Isystem /Applications/Xcode-27.0.0-Release.Candidate.app/Contents/Developer/Platforms/WatchOS.platform/Developer/usr/lib -F /Users/admin/builder/spi-builder-workspace/.derivedData/Build/Products/Debug-watchos/PackageFrameworks -F /Users/admin/builder/spi-builder-workspace/.derivedData/Build/Products/Debug-watchos -F /Applications/Xcode-27.0.0-Release.Candidate.app/Contents/Developer/Platforms/WatchOS.platform/Developer/Library/Frameworks -F /Applications/Xcode-27.0.0-Release.Candidate.app/Contents/Developer/Platforms/WatchOS.platform/Developer/SDKs/WatchOS27.0.sdk/Developer/Library/Frameworks -c -j10 -enable-batch-mode -incremental -Xcc -ivfsstatcache -Xcc /Users/admin/builder/spi-builder-workspace/.derivedData/SDKStatCaches.noindex/watchos27.0-24R360-e829b21a6f8c9b70876ba0858053c04477534ef55a1706bf4c1112bbb242f0a2.sdkstatcache -output-file-map /Users/admin/builder/spi-builder-workspace/.derivedData/Build/Intermediates.noindex/Crypto.build/Debug-watchos/Crypto-t.build/Objects-normal/arm64/Crypto-OutputFileMap.json -save-temps -no-color-diagnostics -emit-dependencies -emit-module -emit-module-path /Users/admin/builder/spi-builder-workspace/.derivedData/Build/Intermediates.noindex/Crypto.build/Debug-watchos/Crypto-t.build/Objects-normal/arm64/Crypto.swiftmodule -serialize-diagnostics -validate-clang-modules-once -clang-build-session-file /Users/admin/builder/spi-builder-workspace/.derivedData/ModuleCache.noindex/Session.modulevalidation -Xcc -fmodules-prune-interval\=86400 -Xcc -fmodules-prune-after\=345600 -emit-const-values -const-gather-protocols-list /Users/admin/builder/spi-builder-workspace/.derivedData/Build/Intermediates.noindex/Crypto.build/Debug-watchos/Crypto-t.build/Objects-normal/arm64/Crypto_const_extract_protocols.json -Xcc -I/Users/admin/builder/spi-builder-workspace/.derivedData/Build/Products/Debug-watchos/include -Xcc -I/Users/admin/builder/spi-builder-workspace/.derivedData/Build/Intermediates.noindex/Crypto.build/Debug-watchos/Crypto-t.build/DerivedSources-normal/arm64 -Xcc -I/Users/admin/builder/spi-builder-workspace/.derivedData/Build/Intermediates.noindex/Crypto.build/Debug-watchos/Crypto-t.build/DerivedSources/arm64 -Xcc -I/Users/admin/builder/spi-builder-workspace/.derivedData/Build/Intermediates.noindex/Crypto.build/Debug-watchos/Crypto-t.build/DerivedSources -Xcc -DSWIFT_PACKAGE -Xcc -DDEBUG\=1 -emit-objc-header -emit-objc-header-path /Users/admin/builder/spi-builder-workspace/.derivedData/Build/Intermediates.noindex/Crypto.build/Debug-watchos/Crypto-t.build/Objects-normal/arm64/Crypto-Swift.h -working-directory /Users/admin/builder/spi-builder-workspace/.swiftpm/xcode -experimental-emit-module-separately -disable-cmo
SwiftCompile normal arm64 Compiling\ WriteableSocket.swift /Users/admin/builder/spi-builder-workspace/.dependencies/checkouts/tls/Sources/TLS/WriteableSocket.swift (in target 'TLS' from project 'TLS')
<module-includes>:1:9: note: in file included from <module-includes>:1:
1 | #import "shim.h"
| `- note: in file included from <module-includes>:1:
2 |
/Users/admin/builder/spi-builder-workspace/.dependencies/checkouts/ctls/shim.h:4:10: error: 'openssl/conf.h' file not found
2 | #define __COPENSSL_SHIM_H__
3 |
4 | #include <openssl/conf.h>
| `- error: 'openssl/conf.h' file not found
5 | #include <openssl/evp.h>
6 | #include <openssl/err.h>
SwiftCompile normal arm64 /Users/admin/builder/spi-builder-workspace/.dependencies/checkouts/tls/Sources/TLS/WriteableSocket.swift (in target 'TLS' from project 'TLS')
cd /Users/admin/builder/spi-builder-workspace/.swiftpm/xcode
builtin-SwiftPerFileCompile WriteableSocket.swift
SwiftEmitModule normal arm64 Emitting\ module\ for\ SMTP (in target 'SMTP' from project 'Engine')
SwiftCompile normal arm64 (in target 'SMTP' from project 'Engine')
cd /Users/admin/builder/spi-builder-workspace/.swiftpm/xcode
SwiftEmitModule normal arm64_32 Emitting\ module\ for\ SMTP (in target 'SMTP' from project 'Engine')
SwiftCompile normal arm64_32 (in target 'SMTP' from project 'Engine')
cd /Users/admin/builder/spi-builder-workspace/.swiftpm/xcode
SwiftCompile normal arm64_32 Compiling\ WriteableSocket.swift /Users/admin/builder/spi-builder-workspace/.dependencies/checkouts/tls/Sources/TLS/WriteableSocket.swift (in target 'TLS' from project 'TLS')
SwiftCompile normal arm64_32 /Users/admin/builder/spi-builder-workspace/.dependencies/checkouts/tls/Sources/TLS/WriteableSocket.swift (in target 'TLS' from project 'TLS')
cd /Users/admin/builder/spi-builder-workspace/.swiftpm/xcode
builtin-SwiftPerFileCompile WriteableSocket.swift
SwiftCompile normal arm64 Compiling\ Utilities.swift /Users/admin/builder/spi-builder-workspace/.dependencies/checkouts/tls/Sources/TLS/Utilities.swift (in target 'TLS' from project 'TLS')
SwiftCompile normal arm64 /Users/admin/builder/spi-builder-workspace/.dependencies/checkouts/tls/Sources/TLS/Utilities.swift (in target 'TLS' from project 'TLS')
cd /Users/admin/builder/spi-builder-workspace/.swiftpm/xcode
builtin-SwiftPerFileCompile Utilities.swift
SwiftEmitModule normal arm64_32 Emitting\ module\ for\ Node (in target 'Node' from project 'Node')
SwiftCompile normal arm64_32 (in target 'Node' from project 'Node')
cd /Users/admin/builder/spi-builder-workspace/.swiftpm/xcode
PruneExplicitPrecompiledModules /Users/admin/builder/spi-builder-workspace/.derivedData/Build/Intermediates.noindex/ExplicitPrecompiledModules
PruneExplicitPrecompiledModules /Users/admin/builder/spi-builder-workspace/.derivedData/Build/Intermediates.noindex/SwiftExplicitPrecompiledModules
PruneExplicitPrecompiledModules /Users/admin/builder/spi-builder-workspace/.derivedData/SDKExplicitPrecompiledModules
2026-09-20 01:06:58.849 xcodebuild[1784:9028] [MT] IDERunDestination: Supported platforms for the buildables in the current scheme is empty.
** BUILD FAILED **
The following build commands failed:
SwiftEmitModule normal arm64 Emitting\ module\ for\ TLS (in target 'TLS' from project 'TLS')
SwiftCompile normal arm64 (in target 'TLS' from project 'TLS')
Building workspace AuthProvider with scheme AuthProvider
(3 failures)
BUILD FAILURE 6.4 watchOS