Build Information
Failed to build AppReviewKit, reference main (81f94f), with Swift 6.1 for Android on 25 Jun 2026 20:09:49 UTC.
Build Command
bash -c docker run --pull=always --rm -v "checkouts-53886770-0":/host -w "$PWD" -e JAVA_HOME="/root/.sdkman/candidates/java/current" -e SPI_BUILD="1" -e SPI_PROCESSING="1" registry.gitlab.com/saguaro1/spi-images:android-6.1-latest swift build --swift-sdk aarch64-unknown-linux-android24 2>&1Build Log
========================================
RunAll
========================================
Builder version: 0e64495ecc1688c3b3e031a5ef1348b5c05091ae
Interrupt handler set up.
========================================
Checkout
========================================
Clone URL: https://github.com/markbattistella/AppReviewKit.git
Reference: main
Initialized empty Git repository in /host/spi-builder-workspace/.git/
hint: Using 'master' as the name for the initial branch. This default branch name
hint: is subject to change. To configure the initial branch name to use in all
hint: of your new repositories, which will suppress this warning, call:
hint:
hint: git config --global init.defaultBranch <name>
hint:
hint: Names commonly chosen instead of 'master' are 'main', 'trunk' and
hint: 'development'. The just-created branch can be renamed via this command:
hint:
hint: git branch -m <name>
From https://github.com/markbattistella/AppReviewKit
* branch main -> FETCH_HEAD
* [new branch] main -> origin/main
HEAD is now at 81f94f5 2026-05-26
Cloned https://github.com/markbattistella/AppReviewKit.git
Revision (git rev-parse @):
81f94f5cb011577f343dda2ffbf0dd07e744034e
SPI manifest file found: $PWD/.spi.yml
SUCCESS checkout https://github.com/markbattistella/AppReviewKit.git at main
========================================
Build
========================================
Selected platform: android
Swift version: 6.1
Building package at path: $PWD
https://github.com/markbattistella/AppReviewKit.git
https://github.com/markbattistella/AppReviewKit.git
WARNING: environment variable SUPPRESS_SWIFT_6_FLAGS is not set
Running build ...
bash -c docker run --pull=always --rm -v "checkouts-53886770-0":/host -w "$PWD" -e JAVA_HOME="/root/.sdkman/candidates/java/current" -e SPI_BUILD="1" -e SPI_PROCESSING="1" registry.gitlab.com/saguaro1/spi-images:android-6.1-latest swift build --swift-sdk aarch64-unknown-linux-android24 -Xswiftc -Xfrontend -Xswiftc -stats-output-dir -Xswiftc -Xfrontend -Xswiftc .stats -Xswiftc -strict-concurrency=complete -Xswiftc -enable-upcoming-feature -Xswiftc StrictConcurrency -Xswiftc -enable-upcoming-feature -Xswiftc DisableOutwardActorInference -Xswiftc -enable-upcoming-feature -Xswiftc GlobalActorIsolatedTypesUsability -Xswiftc -enable-upcoming-feature -Xswiftc InferSendableFromCaptures 2>&1
android-6.1-latest: Pulling from saguaro1/spi-images
Digest: sha256:365d9b14669f92fea0572234887def10439445c91d7e524c78a6579ad7294f11
Status: Image is up to date for registry.gitlab.com/saguaro1/spi-images:android-6.1-latest
Fetching https://github.com/markbattistella/DefaultsKit
[1/148] Fetching defaultskit
Fetched https://github.com/markbattistella/DefaultsKit from cache (0.40s)
Computing version for https://github.com/markbattistella/DefaultsKit
Computed https://github.com/markbattistella/DefaultsKit at 26.5.26 (0.61s)
Creating working copy for https://github.com/markbattistella/DefaultsKit
Working copy of https://github.com/markbattistella/DefaultsKit resolved at 26.5.26
Building for debugging...
[0/4] Write sources
[0/4] Copying PrivacyInfo.xcprivacy
[3/4] Write swift-version-24593BA9C3E375BF.txt
error: emit-module command failed with exit code 1 (use -v to see invocation)
[5/10] Emitting module DefaultsKit
<unknown>:0: warning: upcoming feature 'InferSendableFromCaptures' is already enabled as of Swift version 6
<unknown>:0: warning: upcoming feature 'GlobalActorIsolatedTypesUsability' is already enabled as of Swift version 6
<unknown>:0: warning: upcoming feature 'DisableOutwardActorInference' is already enabled as of Swift version 6
/host/spi-builder-workspace/.build/checkouts/DefaultsKit/Sources/DefaultsKit/AppStorage+Ext.swift:7:8: error: no such module 'SwiftUI'
5 | //
6 |
7 | import SwiftUI
| `- error: no such module 'SwiftUI'
8 |
9 | /// Extension for AppStorage to handle `Bool` types.
[6/10] Compiling DefaultsKit resource_bundle_accessor.swift
<unknown>:0: warning: upcoming feature 'InferSendableFromCaptures' is already enabled as of Swift version 6
<unknown>:0: warning: upcoming feature 'GlobalActorIsolatedTypesUsability' is already enabled as of Swift version 6
<unknown>:0: warning: upcoming feature 'DisableOutwardActorInference' is already enabled as of Swift version 6
/host/spi-builder-workspace/.build/checkouts/DefaultsKit/Sources/DefaultsKit/AppStorage+Ext.swift:7:8: error: no such module 'SwiftUI'
5 | //
6 |
7 | import SwiftUI
| `- error: no such module 'SwiftUI'
8 |
9 | /// Extension for AppStorage to handle `Bool` types.
[7/10] Compiling DefaultsKit DefaultsPersisted.swift
<unknown>:0: warning: upcoming feature 'InferSendableFromCaptures' is already enabled as of Swift version 6
<unknown>:0: warning: upcoming feature 'GlobalActorIsolatedTypesUsability' is already enabled as of Swift version 6
<unknown>:0: warning: upcoming feature 'DisableOutwardActorInference' is already enabled as of Swift version 6
/host/spi-builder-workspace/.build/checkouts/DefaultsKit/Sources/DefaultsKit/AppStorage+Ext.swift:7:8: error: no such module 'SwiftUI'
5 | //
6 |
7 | import SwiftUI
| `- error: no such module 'SwiftUI'
8 |
9 | /// Extension for AppStorage to handle `Bool` types.
[8/10] Compiling DefaultsKit UserDefaults+Ext.swift
<unknown>:0: warning: upcoming feature 'InferSendableFromCaptures' is already enabled as of Swift version 6
<unknown>:0: warning: upcoming feature 'GlobalActorIsolatedTypesUsability' is already enabled as of Swift version 6
<unknown>:0: warning: upcoming feature 'DisableOutwardActorInference' is already enabled as of Swift version 6
/host/spi-builder-workspace/.build/checkouts/DefaultsKit/Sources/DefaultsKit/AppStorage+Ext.swift:7:8: error: no such module 'SwiftUI'
5 | //
6 |
7 | import SwiftUI
| `- error: no such module 'SwiftUI'
8 |
9 | /// Extension for AppStorage to handle `Bool` types.
[9/10] Compiling DefaultsKit AppStorage+Ext.swift
<unknown>:0: warning: upcoming feature 'InferSendableFromCaptures' is already enabled as of Swift version 6
<unknown>:0: warning: upcoming feature 'GlobalActorIsolatedTypesUsability' is already enabled as of Swift version 6
<unknown>:0: warning: upcoming feature 'DisableOutwardActorInference' is already enabled as of Swift version 6
/host/spi-builder-workspace/.build/checkouts/DefaultsKit/Sources/DefaultsKit/AppStorage+Ext.swift:7:8: error: no such module 'SwiftUI'
5 | //
6 |
7 | import SwiftUI
| `- error: no such module 'SwiftUI'
8 |
9 | /// Extension for AppStorage to handle `Bool` types.
[10/10] Compiling DefaultsKit UserDefaultsKeyRepresentable.swift
<unknown>:0: warning: upcoming feature 'InferSendableFromCaptures' is already enabled as of Swift version 6
<unknown>:0: warning: upcoming feature 'GlobalActorIsolatedTypesUsability' is already enabled as of Swift version 6
<unknown>:0: warning: upcoming feature 'DisableOutwardActorInference' is already enabled as of Swift version 6
/host/spi-builder-workspace/.build/checkouts/DefaultsKit/Sources/DefaultsKit/AppStorage+Ext.swift:7:8: error: no such module 'SwiftUI'
5 | //
6 |
7 | import SwiftUI
| `- error: no such module 'SwiftUI'
8 |
9 | /// Extension for AppStorage to handle `Bool` types.
Running build ...
bash -c docker run --pull=always --rm -v "checkouts-53886770-0":/host -w "$PWD" -e JAVA_HOME="/root/.sdkman/candidates/java/current" -e SPI_BUILD="1" -e SPI_PROCESSING="1" registry.gitlab.com/saguaro1/spi-images:android-6.1-latest swift build --swift-sdk aarch64-unknown-linux-android24 2>&1
android-6.1-latest: Pulling from saguaro1/spi-images
Digest: sha256:365d9b14669f92fea0572234887def10439445c91d7e524c78a6579ad7294f11
Status: Image is up to date for registry.gitlab.com/saguaro1/spi-images:android-6.1-latest
[0/1] Planning build
Building for debugging...
[0/1] Write swift-version-24593BA9C3E375BF.txt
[2/7] Compiling DefaultsKit resource_bundle_accessor.swift
/host/spi-builder-workspace/.build/checkouts/DefaultsKit/Sources/DefaultsKit/AppStorage+Ext.swift:7:8: error: no such module 'SwiftUI'
5 | //
6 |
7 | import SwiftUI
| `- error: no such module 'SwiftUI'
8 |
9 | /// Extension for AppStorage to handle `Bool` types.
[3/7] Compiling DefaultsKit UserDefaultsKeyRepresentable.swift
/host/spi-builder-workspace/.build/checkouts/DefaultsKit/Sources/DefaultsKit/AppStorage+Ext.swift:7:8: error: no such module 'SwiftUI'
5 | //
6 |
7 | import SwiftUI
| `- error: no such module 'SwiftUI'
8 |
9 | /// Extension for AppStorage to handle `Bool` types.
[4/7] Compiling DefaultsKit UserDefaults+Ext.swift
/host/spi-builder-workspace/.build/checkouts/DefaultsKit/Sources/DefaultsKit/AppStorage+Ext.swift:7:8: error: no such module 'SwiftUI'
5 | //
6 |
7 | import SwiftUI
| `- error: no such module 'SwiftUI'
8 |
9 | /// Extension for AppStorage to handle `Bool` types.
error: emit-module command failed with exit code 1 (use -v to see invocation)
[5/7] Emitting module DefaultsKit
/host/spi-builder-workspace/.build/checkouts/DefaultsKit/Sources/DefaultsKit/AppStorage+Ext.swift:7:8: error: no such module 'SwiftUI'
5 | //
6 |
7 | import SwiftUI
| `- error: no such module 'SwiftUI'
8 |
9 | /// Extension for AppStorage to handle `Bool` types.
[6/7] Compiling DefaultsKit DefaultsPersisted.swift
/host/spi-builder-workspace/.build/checkouts/DefaultsKit/Sources/DefaultsKit/AppStorage+Ext.swift:7:8: error: no such module 'SwiftUI'
5 | //
6 |
7 | import SwiftUI
| `- error: no such module 'SwiftUI'
8 |
9 | /// Extension for AppStorage to handle `Bool` types.
[7/7] Compiling DefaultsKit AppStorage+Ext.swift
/host/spi-builder-workspace/.build/checkouts/DefaultsKit/Sources/DefaultsKit/AppStorage+Ext.swift:7:8: error: no such module 'SwiftUI'
5 | //
6 |
7 | import SwiftUI
| `- error: no such module 'SwiftUI'
8 |
9 | /// Extension for AppStorage to handle `Bool` types.
BUILD FAILURE 6.1 android