The Swift Package Index logo.Swift Package Index

Build Information

Failed to build data-integrity-ios, reference 0.4.1-crypto3 (cea73c), with Swift 6.3 for Linux on 15 Jul 2026 01:59:47 UTC.

Build Command

bash -c docker run --pull=always --rm -v "checkouts-53886770-2":/host -w "$PWD" -e JAVA_HOME="/root/.sdkman/candidates/java/current" -e SPI_BUILD="1" -e SPI_PROCESSING="1" registry.gitlab.com/saguaro1/spi-images:basic-6.3-latest swift build --triple x86_64-unknown-linux-gnu 2>&1

Build Log

========================================
RunAll
========================================
Builder version: e8bafa5c5d5b3cc8a20258ddf060ad6c89f46bf9
Interrupt handler set up.
========================================
Checkout
========================================
Clone URL: https://github.com/jainhitesh9998/data-integrity-ios.git
Reference: 0.4.1-crypto3
Initialized empty Git repository in /host/spi-builder-workspace/.git/
hint: Using 'master' as the name for the initial branch. This default branch name
hint: is subject to change. To configure the initial branch name to use in all
hint: of your new repositories, which will suppress this warning, call:
hint:
hint: 	git config --global init.defaultBranch <name>
hint:
hint: Names commonly chosen instead of 'master' are 'main', 'trunk' and
hint: 'development'. The just-created branch can be renamed via this command:
hint:
hint: 	git branch -m <name>
From https://github.com/jainhitesh9998/data-integrity-ios
 * tag               0.4.1-crypto3 -> FETCH_HEAD
HEAD is now at cea73cc compat: vendor swift-jsonld + drop external rdf-canonize; allow swift-crypto 1.x-4.x
Cloned https://github.com/jainhitesh9998/data-integrity-ios.git
Revision (git rev-parse @):
cea73ccdd50ea8c4be062502c3d236dff0cb8ed1
SPI manifest file found: $PWD/.spi.yml
SUCCESS checkout https://github.com/jainhitesh9998/data-integrity-ios.git at 0.4.1-crypto3
========================================
Build
========================================
Selected platform:         linux
Swift version:             6.3
Building package at path:  $PWD
https://github.com/jainhitesh9998/data-integrity-ios.git
Running build ...
bash -c docker run --pull=always --rm -v "checkouts-53886770-2":/host -w "$PWD" -e JAVA_HOME="/root/.sdkman/candidates/java/current" -e SPI_BUILD="1" -e SPI_PROCESSING="1" registry.gitlab.com/saguaro1/spi-images:basic-6.3-latest swift build --triple x86_64-unknown-linux-gnu 2>&1
basic-6.3-latest: Pulling from saguaro1/spi-images
Digest: sha256:518d581a7f3cc0f988d8921e0dce92c3361f942cd4cc7d944cb46f8707e06c63
Status: Image is up to date for registry.gitlab.com/saguaro1/spi-images:basic-6.3-latest
Fetching https://github.com/apple/swift-crypto.git
[1/17780] Fetching swift-crypto
Fetched https://github.com/apple/swift-crypto.git from cache (1.56s)
Computing version for https://github.com/apple/swift-crypto.git
Computed https://github.com/apple/swift-crypto.git at 4.5.0 (2.73s)
Fetching https://github.com/apple/swift-asn1.git
[39/1914] Fetching swift-asn1
Fetched https://github.com/apple/swift-asn1.git from cache (0.89s)
Computing version for https://github.com/apple/swift-asn1.git
Computed https://github.com/apple/swift-asn1.git at 1.7.1 (1.23s)
Creating working copy for https://github.com/apple/swift-crypto.git
Working copy of https://github.com/apple/swift-crypto.git resolved at 4.5.0
Creating working copy for https://github.com/apple/swift-asn1.git
Working copy of https://github.com/apple/swift-asn1.git resolved at 1.7.1
Building for debugging...
[0/378] Write sources
[3/378] Copying contexts
[4/378] Write sources
[5/378] Compiling CXKCPShims shims.c
[6/378] Compiling KeccakSponge.c
[7/378] Compiling SimpleFIPS202.c
[8/378] Compiling KeccakHash.c
[9/378] Compiling fiat_p256_adx_sqr.S
[10/378] Compiling fiat_p256_adx_mul.S
[11/378] Compiling fiat_curve25519_adx_square.S
[12/378] Compiling fiat_curve25519_adx_mul.S
[13/378] Compiling CCryptoBoringSSLShims shims.c
[14/378] Compiling md5-x86_64-linux.S
[15/378] Compiling md5-x86_64-apple.S
[16/378] Compiling md5-586-linux.S
[17/378] Compiling md5-586-apple.S
[18/378] Compiling KeccakP-1600-opt64.c
[19/378] Compiling chacha20_poly1305_x86_64-apple.S
[20/378] Compiling chacha20_poly1305_x86_64-linux.S
[21/378] Compiling chacha20_poly1305_armv8-linux.S
[22/378] Compiling chacha20_poly1305_armv8-win.S
[23/378] Compiling chacha20_poly1305_armv8-apple.S
[24/378] Compiling a_i2d_fp.cc
[25/378] Compiling chacha-x86_64-apple.S
[26/378] Compiling err_data.cc
[27/378] Compiling chacha-x86_64-linux.S
[28/378] Compiling a_object.cc
[29/378] Compiling chacha-x86-linux.S
[30/378] Write swift-version-24593BA9C3E375BF.txt
[31/378] Compiling chacha-x86-apple.S
[32/378] Compiling chacha-armv8-apple.S
[33/378] Compiling chacha-armv8-win.S
[34/378] Compiling chacha-armv8-linux.S
[35/378] Compiling chacha-armv4-linux.S
[36/378] Compiling aes128gcmsiv-x86_64-apple.S
[37/378] Compiling x86_64-mont5-apple.S
[38/378] Compiling x86_64-mont5-linux.S
[39/378] Compiling aes128gcmsiv-x86_64-linux.S
[40/378] Compiling x86_64-mont-linux.S
[41/379] Compiling x86_64-mont-apple.S
[42/387] Compiling x86-mont-linux.S
[43/387] Compiling x86-mont-apple.S
[44/401] Compiling vpaes-x86_64-linux.S
[45/405] Compiling vpaes-x86-apple.S
[46/405] Compiling vpaes-x86_64-apple.S
[47/405] Compiling vpaes-x86-linux.S
[48/405] Compiling vpaes-armv8-apple.S
[48/405] Compiling vpaes-armv8-win.S
[48/405] Compiling vpaes-armv8-linux.S
[51/405] Compiling vpaes-armv7-linux.S
[52/405] Compiling sha512-armv8-linux.S
[53/405] Compiling sha512-armv8-win.S
[54/405] Compiling sha512-armv8-apple.S
[55/405] Compiling sha512-x86_64-linux.S
[56/405] Compiling a_mbstr.cc
[57/405] Compiling sha512-x86_64-apple.S
[58/405] Compiling sha512-armv4-linux.S
[59/405] Compiling sha512-586-apple.S
[60/405] Compiling sha512-586-linux.S
[61/405] Compiling sha256-x86_64-apple.S
[62/405] Compiling sha256-armv8-apple.S
[63/405] Compiling sha256-armv8-win.S
[64/405] Compiling sha256-armv8-linux.S
[65/405] Compiling sha256-x86_64-linux.S
[66/405] Compiling sha256-armv4-linux.S
[67/405] Compiling sha1-x86_64-linux.S
[68/405] Compiling sha256-586-linux.S
[69/405] Compiling a_int.cc
[70/405] Compiling sha256-586-apple.S
[71/405] Compiling sha1-armv8-win.S
[72/405] Compiling sha1-x86_64-apple.S
[73/405] Compiling sha1-armv8-linux.S
[74/405] Compiling sha1-armv4-large-linux.S
[75/405] Compiling sha1-armv8-apple.S
[76/405] Compiling sha1-586-apple.S
[77/405] Compiling sha1-586-linux.S
[78/405] Compiling rsaz-avx2-apple.S
[79/405] Compiling rdrand-x86_64-apple.S
[80/405] Compiling rsaz-avx2-linux.S
[81/405] Compiling p256_beeu-x86_64-asm-linux.S
[82/405] Compiling p256_beeu-armv8-asm-linux.S
[83/405] Compiling rdrand-x86_64-linux.S
[84/405] Compiling p256_beeu-armv8-asm-win.S
[85/405] Compiling p256_beeu-x86_64-asm-apple.S
[86/405] Compiling p256-x86_64-asm-apple.S
[87/405] Compiling p256_beeu-armv8-asm-apple.S
[88/405] Compiling p256-x86_64-asm-linux.S
[88/405] Compiling p256-armv8-asm-win.S
[89/405] Compiling p256-armv8-asm-linux.S
[91/405] Compiling p256-armv8-asm-apple.S
[92/405] Compiling ghashv8-armv8-linux.S
[93/405] Compiling ghash-x86_64-linux.S
[94/405] Compiling ghashv8-armv8-win.S
[94/405] Compiling ghash-x86_64-apple.S
[94/405] Compiling ghashv8-armv8-apple.S
[97/405] Compiling ghash-x86-linux.S
[98/405] Compiling ghashv8-armv7-linux.S
[99/405] Compiling ghash-x86-apple.S
[100/405] Compiling ghash-ssse3-x86_64-apple.S
[101/405] Compiling ghash-neon-armv8-win.S
[102/405] Compiling ghash-neon-armv8-apple.S
[103/405] Compiling ghash-ssse3-x86-apple.S
[104/405] Compiling ghash-ssse3-x86-linux.S
[105/405] Compiling ghash-neon-armv8-linux.S
[106/405] Compiling co-586-linux.S
[107/405] Compiling ghash-ssse3-x86_64-linux.S
[108/405] Compiling bn-armv8-linux.S
[109/405] Compiling bn-armv8-apple.S
[110/405] Compiling co-586-apple.S
[111/405] Compiling ghash-armv4-linux.S
[112/405] Compiling bn-armv8-win.S
[113/405] Compiling bn-586-apple.S
[113/405] Compiling bsaes-armv7-linux.S
[115/405] Compiling bn-586-linux.S
[116/405] Compiling armv8-mont-linux.S
[117/405] Compiling armv4-mont-linux.S
[118/405] Compiling armv8-mont-win.S
[119/405] Compiling aesv8-gcm-armv8-win.S
[120/405] Compiling armv8-mont-apple.S
[121/405] Compiling aesv8-gcm-armv8-apple.S
[122/405] Compiling aesv8-armv8-apple.S
[123/405] Compiling aesv8-gcm-armv8-linux.S
[124/405] Compiling aesv8-armv8-linux.S
[125/405] Compiling aesni-x86_64-linux.S
[126/405] Compiling aesv8-armv7-linux.S
[127/405] Compiling aesni-x86_64-apple.S
[128/405] Compiling aesni-gcm-x86_64-linux.S
[129/405] Compiling aesv8-armv8-win.S
[130/405] Compiling aesni-x86-linux.S
[131/405] Compiling aesni-gcm-x86_64-apple.S
[132/405] Compiling aesni-x86-apple.S
[133/405] Compiling aes-gcm-avx2-x86_64-apple.S
[134/405] Compiling aes-gcm-avx512-x86_64-apple.S
[135/405] Compiling aes-gcm-avx512-x86_64-linux.S
[136/405] Compiling aes-gcm-avx2-x86_64-linux.S
[137/405] Compiling xwing.cc
[138/405] Compiling x_x509.cc
[139/405] Compiling x_req.cc
[140/405] Compiling x_sig.cc
[141/405] Compiling x_pubkey.cc
[142/405] Compiling x_name.cc
[143/405] Compiling x_spki.cc
[144/405] Compiling x_x509a.cc
[145/405] Compiling x_exten.cc
[147/405] Emitting module JSONLD
[147/405] Compiling x_crl.cc
[148/408] Compiling x_attrib.cc
[149/408] Compiling x509rset.cc
[150/408] Compiling x_all.cc
[151/408] Compiling x_algor.cc
[152/408] Compiling x509spki.cc
[153/408] Compiling x509_txt.cc
[154/408] Compiling x509cset.cc
[155/408] Compiling x509_set.cc
[156/408] Compiling x509name.cc
[157/408] Compiling x509_vfy.cc
[158/408] Compiling x509_vpm.cc
[159/408] Compiling x509_v3.cc
[160/408] Compiling x509_trs.cc
[161/408] Compiling x509_req.cc
[162/408] Compiling x509_def.cc
[163/408] Compiling x509_lu.cc
[164/408] Compiling x509_d2.cc
[165/408] Compiling x509_obj.cc
[166/408] Compiling x509_cmp.cc
[167/408] Compiling x509_ext.cc
[168/408] Compiling v3_skey.cc
[169/408] Compiling x509_att.cc
[170/408] Compiling x509.cc
[171/408] Compiling v3_utl.cc
[172/408] Compiling v3_prn.cc
[173/408] Compiling v3_purp.cc
[174/408] Compiling v3_pmaps.cc
[175/408] Compiling v3_pcons.cc
[176/408] Compiling v3_ocsp.cc
[177/408] Compiling v3_ncons.cc
[178/408] Compiling v3_lib.cc
[179/408] Compiling v3_int.cc
[180/408] Compiling v3_info.cc
[181/408] Compiling v3_extku.cc
[182/408] Compiling v3_ia5.cc
[183/408] Compiling v3_genn.cc
[184/408] Compiling v3_cpols.cc
[185/408] Compiling v3_crld.cc
[186/408] Compiling v3_enum.cc
[187/408] Compiling v3_bcons.cc
[188/408] Compiling v3_alt.cc
[190/408] Compiling JSONLD JSONLD+ToFromRDF.swift
[191/408] Compiling JSONLD JSONLD.swift
[192/408] Compiling JSONLD JSONLDError.swift
[193/408] Compiling JSONLD Framing.swift
[194/408] Compiling JSONLD FromRDF.swift
[195/408] Compiling JSONLD IRIExpansion.swift
[196/408] Compiling JSONLD InverseContext.swift
[196/408] Compiling v3_bitst.cc
[197/408] Compiling t_x509a.cc
[198/408] Compiling v3_conf.cc
[200/408] Compiling JSONLD ActiveContext.swift
[201/408] Compiling JSONLD ContainerKind.swift
[202/408] Compiling JSONLD DocumentLoader.swift
[203/408] Compiling JSONLD ExpansionOptions.swift
[203/408] Compiling v3_akeya.cc
[205/408] Compiling JSONLD RDFDataset.swift
[206/408] Compiling JSONLD TermDefinition.swift
[207/408] Compiling JSONLD URLSessionDocumentLoader.swift
[208/408] Compiling JSONLD JSONLD+Compact.swift
[209/408] Compiling JSONLD JSONLD+Expand.swift
[210/408] Compiling JSONLD JSONLD+Flatten.swift
[211/408] Compiling JSONLD JSONLD+Frame.swift
[212/408] Compiling JSONLD Keyword.swift
[213/408] Compiling JSONLD ProcessingMode.swift
[214/408] Compiling JSONLD NQuads.swift
[215/408] Compiling JSONLD NodeMap.swift
[216/408] Compiling JSONLD RDFLiterals.swift
[217/408] Compiling JSONLD ToRDF.swift
[218/408] Compiling JSONLD JSON.swift
[218/408] Compiling t_x509.cc
[219/408] Compiling v3_akey.cc
[220/408] Compiling t_req.cc
[221/408] Compiling t_crl.cc
[222/408] Compiling i2d_pr.cc
[223/408] Compiling policy.cc
[224/408] Compiling rsa_pss.cc
[225/408] Compiling name_print.cc
[226/408] Compiling by_file.cc
[227/408] Compiling asn1_gen.cc
[228/408] Compiling algorithm.cc
[229/408] Compiling by_dir.cc
[230/408] Compiling a_sign.cc
[231/408] Compiling a_digest.cc
[232/408] Compiling thread_win.cc
[233/408] Compiling a_verify.cc
[234/408] Compiling thread_none.cc
[235/408] Compiling voprf.cc
[236/408] Compiling thread_pthread.cc
[237/408] Compiling thread.cc
[238/408] Compiling trust_token.cc
[239/408] Compiling pmbtoken.cc
[240/408] Compiling stack.cc
[241/408] Compiling siphash.cc
[242/408] Compiling sha512.cc
[243/408] Compiling sha256.cc
[244/408] Compiling rsa_extra.cc
[245/408] Compiling sha1.cc
[246/408] Compiling rc4.cc
[247/408] Compiling refcount.cc
[248/408] Compiling slhdsa.cc
[249/408] Compiling spake2plus.cc
[250/408] Compiling trusty.cc
[251/408] Compiling rsa_print.cc
[252/408] Compiling windows.cc
[253/408] Compiling rsa_crypt.cc
[254/408] Compiling urandom.cc
[255/408] Compiling rand.cc
[256/408] Compiling ios.cc
[257/408] Compiling getentropy.cc
[258/408] Compiling passive.cc
[259/408] Compiling poly1305_arm_asm.S
[260/408] Compiling deterministic.cc
[261/408] Compiling forkunsafe.cc
[262/408] Compiling poly1305_arm.cc
[263/408] Compiling fork_detect.cc
[264/408] Compiling rsa_asn1.cc
[265/408] Compiling poly1305.cc
[266/408] Compiling poly1305_vec.cc
[267/408] Compiling pool.cc
[268/408] Compiling pkcs7.cc
[269/408] Compiling pem_x509.cc
[270/408] Compiling pkcs8_x509.cc
[271/408] Compiling pem_xaux.cc
[272/408] Compiling p5_pbev2.cc
[273/408] Compiling pkcs7_x509.cc
[274/408] Compiling pkcs8.cc
[275/408] Compiling pem_pkey.cc
[276/408] Compiling pem_pk8.cc
[277/408] Compiling pem_oth.cc
[278/408] Compiling obj_xref.cc
[279/408] Compiling pem_all.cc
[280/408] Compiling pem_lib.cc
[281/408] Compiling pem_info.cc
[282/408] Compiling mlkem.cc
[283/408] Compiling mldsa.cc
[284/408] Compiling obj.cc
[285/408] Compiling mem.cc
[286/408] Compiling poly_rq_mul.S
[287/408] Compiling md5.cc
[288/408] Compiling fips_shared_support.cc
[289/408] Compiling lhash.cc
[290/408] Compiling md4.cc
[291/408] Compiling fuzzer_mode.cc
[292/408] Compiling kyber.cc
[293/408] Compiling ex_data.cc
[294/408] Compiling hrss.cc
[295/408] Compiling hpke.cc
[296/408] Compiling sign.cc
[297/408] Compiling scrypt.cc
[298/408] Compiling print.cc
[299/408] Compiling pbkdf.cc
[300/408] Compiling p_rsa_asn1.cc
[301/408] Compiling p_x25519_asn1.cc
[302/408] Compiling p_x25519.cc
[303/408] Compiling p_hkdf.cc
[304/408] Compiling p_ed25519_asn1.cc
[305/408] Compiling p_ec_asn1.cc
[306/408] Compiling p_rsa.cc
[307/408] Compiling p_ed25519.cc
[308/408] Compiling p_ec.cc
[309/408] Compiling p_dh_asn1.cc
[310/408] Compiling p_dh.cc
[311/408] Compiling engine.cc
[312/408] Compiling evp_ctx.cc
[313/408] Compiling p_dsa_asn1.cc
[314/408] Compiling err.cc
[315/408] Compiling evp_asn1.cc
[316/408] Compiling evp.cc
[317/408] Compiling ecdsa_p1363.cc
[318/408] Compiling hash_to_curve.cc
[319/408] Compiling ec_derive.cc
[320/408] Compiling ecdh.cc
[321/408] Compiling ecdsa_asn1.cc
[322/408] Compiling dsa.cc
[323/408] Compiling dsa_asn1.cc
[324/408] Compiling params.cc
[325/408] Compiling des.cc
[326/408] Compiling ec_asn1.cc
[327/408] Compiling dh_asn1.cc
[328/408] Compiling x25519-asm-arm.S
[329/408] Compiling digest_extra.cc
[330/408] Compiling cpu_intel.cc
[331/408] Compiling crypto.cc
[332/408] Compiling cpu_arm_linux.cc
[333/408] Compiling curve25519.cc
[334/408] Compiling cpu_arm_freebsd.cc
[335/408] Compiling spake25519.cc
[336/408] Compiling cpu_aarch64_openbsd.cc
[337/408] Compiling cpu_aarch64_sysreg.cc
[338/408] Compiling cpu_aarch64_win.cc
[339/408] Compiling cpu_aarch64_linux.cc
[340/408] Compiling cpu_aarch64_fuchsia.cc
[341/408] Compiling curve25519_64_adx.cc
[342/408] Compiling cpu_aarch64_apple.cc
[343/408] Compiling conf.cc
[344/408] Compiling get_cipher.cc
[345/408] Compiling e_null.cc
[346/408] Compiling tls_cbc.cc
[347/408] Compiling e_tls.cc
[348/408] Compiling e_rc4.cc
[349/408] Compiling e_des.cc
[350/408] Compiling e_rc2.cc
[351/408] Compiling derive_key.cc
[352/408] Compiling cms.cc
[353/408] Compiling e_aesctrhmac.cc
[354/408] Compiling e_chacha20poly1305.cc
[355/408] Compiling e_aesgcmsiv.cc
[356/408] Compiling e_aeseax.cc
[357/408] Compiling chacha.cc
[358/408] Compiling unicode.cc
[359/408] Compiling buf.cc
[360/408] Compiling ber.cc
[361/408] Compiling cbs.cc
[362/408] Compiling asn1_compat.cc
[363/408] Compiling sqrt.cc
[364/408] Compiling cbb.cc
[365/408] Compiling div.cc
[366/408] Compiling exponentiation.cc
[367/408] Compiling convert.cc
[368/408] Compiling printf.cc
[369/408] Compiling bn_asn1.cc
[370/408] Compiling pair.cc
[371/408] Compiling hexdump.cc
[372/408] Compiling file.cc
[373/408] Compiling blake2.cc
[374/408] Compiling fd.cc
[375/408] Compiling errno.cc
[376/408] Compiling bio.cc
[377/408] Compiling bio_mem.cc
[378/408] Compiling base64.cc
[379/408] Compiling tasn_fre.cc
[380/408] Compiling tasn_typ.cc
[381/408] Compiling tasn_new.cc
[382/408] Compiling tasn_utl.cc
[383/408] Compiling tasn_enc.cc
[384/408] Compiling posix_time.cc
[385/408] Compiling f_int.cc
[386/408] Compiling f_string.cc
[387/408] Compiling asn1_par.cc
[388/408] Compiling asn_pack.cc
[389/408] Compiling tasn_dec.cc
[390/408] Compiling a_time.cc
[391/408] Compiling a_utctm.cc
[392/408] Compiling a_octet.cc
[393/408] Compiling a_type.cc
[394/408] Compiling asn1_lib.cc
[395/408] Compiling a_strex.cc
[396/408] Compiling a_strnid.cc
[397/408] Compiling a_dup.cc
[398/408] Compiling a_d2i_fp.cc
[399/408] Compiling aes.cc
[400/408] Compiling a_gentm.cc
[401/408] Compiling a_bool.cc
[402/408] Compiling a_bitstr.cc
[403/408] Compiling bcm.cc
[405/416] Compiling CryptoBoringWrapper RandomBytes.swift
[406/416] Compiling CryptoBoringWrapper FiniteFieldArithmeticContext.swift
[407/416] Compiling CryptoBoringWrapper BoringSSLAEAD.swift
[408/416] Compiling CryptoBoringWrapper CryptoKitErrors_boring.swift
[409/416] Compiling CryptoBoringWrapper EllipticCurve.swift
[410/416] Emitting module CryptoBoringWrapper
[411/416] Compiling CryptoBoringWrapper ArbitraryPrecisionInteger.swift
[412/416] Compiling CryptoBoringWrapper EllipticCurvePoint.swift
[414/501] Compiling Crypto HKDF.swift
[415/501] Compiling Crypto AESWrap.swift
[416/501] Compiling Crypto AESWrap_boring.swift
[417/501] Compiling Crypto Ed25519_boring.swift
[418/501] Compiling Crypto NISTCurvesKeys_boring.swift
[419/501] Compiling Crypto X25519Keys_boring.swift
[420/501] Compiling Crypto Curve25519.swift
[421/501] Compiling Crypto Ed25519Keys.swift
[422/501] Compiling Crypto NISTCurvesKeys.swift
[423/501] Compiling Crypto X25519Keys.swift
[424/501] Compiling Crypto SymmetricKeys.swift
[425/501] Compiling Crypto HMAC.swift
[426/512] Compiling Crypto HPKE-LabeledExtract.swift
[427/512] Compiling Crypto HPKE-Utils.swift
[428/512] Compiling Crypto DHKEM.swift
[429/512] Compiling Crypto HPKE-KEM-Curve25519.swift
[430/512] Compiling Crypto HPKE-NIST-EC-KEMs.swift
[431/512] Compiling Crypto HPKE-KEM.swift
[432/512] Compiling Crypto HPKE-Errors.swift
[433/512] Compiling Crypto HPKE.swift
[434/512] Compiling Crypto HPKE-Context.swift
[435/512] Compiling Crypto HPKE-KeySchedule.swift
[436/512] Compiling Crypto HPKE-Modes.swift
[437/512] Compiling Crypto Insecure.swift
[438/512] Emitting module Crypto
[439/512] Compiling Crypto AES-GCM.swift
[440/512] Compiling Crypto AES-GCM_boring.swift
[441/512] Compiling Crypto ChaChaPoly_boring.swift
[442/512] Compiling Crypto ChaChaPoly.swift
[443/512] Compiling Crypto Cipher.swift
[444/512] Compiling Crypto Nonces.swift
[445/512] Compiling Crypto ASN1.swift
[446/512] Compiling Crypto ASN1Any.swift
[447/512] Compiling Crypto ASN1BitString.swift
[448/512] Compiling Crypto ASN1Boolean.swift
[449/512] Compiling Crypto ASN1Identifier.swift
[450/512] Compiling Crypto ASN1Integer.swift
[451/512] Compiling Crypto ASN1Null.swift
[452/512] Compiling Crypto ASN1OctetString.swift
[453/512] Compiling Crypto ASN1Strings.swift
[454/512] Compiling Crypto ArraySliceBigint.swift
[455/512] Compiling Crypto GeneralizedTime.swift
[456/512] Compiling Crypto ObjectIdentifier.swift
[457/512] Compiling Crypto ECDSASignature.swift
[458/512] Compiling Crypto PEMDocument.swift
[459/512] Compiling Crypto PKCS8PrivateKey.swift
[460/512] Compiling Crypto SEC1PrivateKey.swift
[461/512] Compiling Crypto SubjectPublicKeyInfo.swift
[462/512] Compiling Crypto CryptoError_boring.swift
[463/512] Compiling Crypto Signature.swift
[464/512] Compiling Crypto CryptoKitErrors_boring.swift
[465/512] Compiling Crypto Optional+withUnsafeBytes_boring.swift
[466/512] Compiling Crypto RNG_boring.swift
[467/512] Compiling Crypto SafeCompare_boring.swift
[468/512] Compiling Crypto Zeroization_boring.swift
[469/512] Compiling Crypto _CryptoModuleAnchor.swift
[470/512] Compiling Crypto PrettyBytes.swift
[471/512] Compiling Crypto SafeCompare.swift
[472/512] Compiling Crypto SecureBytes.swift
[473/512] Compiling Crypto Zeroization.swift
[474/512] Compiling Crypto MACFunctions.swift
[475/512] Compiling Crypto MessageAuthenticationCode.swift
[476/512] Compiling Crypto AES.swift
[477/512] Compiling Crypto ECDSASignature_boring.swift
[478/512] Compiling Crypto ECDSA_boring.swift
[479/512] Compiling Crypto EdDSA_boring.swift
[480/512] Compiling Crypto MLDSA_boring.swift
[481/512] Compiling Crypto MLDSA_wrapper.swift
[482/512] Compiling Crypto ECDSA.swift
[483/512] Compiling Crypto Ed25519.swift
[484/512] Compiling Crypto MLDSA.swift
[485/512] Compiling Crypto CryptoKitErrors.swift
[486/512] Compiling Crypto Digest_boring.swift
[487/512] Compiling Crypto Digest.swift
[488/512] Compiling Crypto Digests.swift
[489/512] Compiling Crypto HashFunctions.swift
[490/512] Compiling Crypto HashFunctions_SHA2.swift
[491/512] Compiling Crypto HashFunctions_SHA3.swift
[492/512] Compiling Crypto Digest_xkcp.swift
[493/512] Compiling Crypto HPKE-AEAD.swift
[494/512] Compiling Crypto HPKE-Ciphersuite.swift
[495/512] Compiling Crypto HPKE-KDF.swift
[496/512] Compiling Crypto HPKE-KexKeyDerivation.swift
[497/512] Compiling Crypto Insecure_HashFunctions.swift
[498/512] Compiling Crypto MLKEM_boring.swift
[499/512] Compiling Crypto MLKEM_wrapper.swift
[500/512] Compiling Crypto XWing_boring.swift
[501/512] Compiling Crypto KEM-Errors.swift
[502/512] Compiling Crypto KEM.swift
[503/512] Compiling Crypto MLKEM.swift
[504/512] Compiling Crypto XWing.swift
[505/512] Compiling Crypto ECDH_boring.swift
[506/512] Compiling Crypto DH.swift
[507/512] Compiling Crypto ECDH.swift
[508/512] Compiling Crypto ANSIx963.swift
[515/552] Compiling DataIntegrity HTTP.swift
/host/spi-builder-workspace/Sources/DataIntegrity/Util/HTTP.swift:8:27: error: cannot find 'URLRequest' in scope
 6 |     static func get(_ url: URL, accept: String) async throws -> Data {
 7 |         try await withCheckedThrowingContinuation { continuation in
 8 |             var request = URLRequest(url: url)
   |                           `- error: cannot find 'URLRequest' in scope
 9 |             request.setValue(accept, forHTTPHeaderField: "Accept")
10 |             let task = URLSession.shared.dataTask(with: request) { data, response, error in
[516/552] Compiling DataIntegrity CanonicalizeError.swift
/host/spi-builder-workspace/Sources/DataIntegrity/Util/HTTP.swift:8:27: error: cannot find 'URLRequest' in scope
 6 |     static func get(_ url: URL, accept: String) async throws -> Data {
 7 |         try await withCheckedThrowingContinuation { continuation in
 8 |             var request = URLRequest(url: url)
   |                           `- error: cannot find 'URLRequest' in scope
 9 |             request.setValue(accept, forHTTPHeaderField: "Accept")
10 |             let task = URLSession.shared.dataTask(with: request) { data, response, error in
[517/552] Compiling DataIntegrity Canonicalizer.swift
/host/spi-builder-workspace/Sources/DataIntegrity/Util/HTTP.swift:8:27: error: cannot find 'URLRequest' in scope
 6 |     static func get(_ url: URL, accept: String) async throws -> Data {
 7 |         try await withCheckedThrowingContinuation { continuation in
 8 |             var request = URLRequest(url: url)
   |                           `- error: cannot find 'URLRequest' in scope
 9 |             request.setValue(accept, forHTTPHeaderField: "Accept")
10 |             let task = URLSession.shared.dataTask(with: request) { data, response, error in
[518/552] Compiling DataIntegrity HashAlgorithm.swift
/host/spi-builder-workspace/Sources/DataIntegrity/Util/HTTP.swift:8:27: error: cannot find 'URLRequest' in scope
 6 |     static func get(_ url: URL, accept: String) async throws -> Data {
 7 |         try await withCheckedThrowingContinuation { continuation in
 8 |             var request = URLRequest(url: url)
   |                           `- error: cannot find 'URLRequest' in scope
 9 |             request.setValue(accept, forHTTPHeaderField: "Accept")
10 |             let task = URLSession.shared.dataTask(with: request) { data, response, error in
[519/552] Compiling DataIntegrity IdentifierIssuer.swift
/host/spi-builder-workspace/Sources/DataIntegrity/Util/HTTP.swift:8:27: error: cannot find 'URLRequest' in scope
 6 |     static func get(_ url: URL, accept: String) async throws -> Data {
 7 |         try await withCheckedThrowingContinuation { continuation in
 8 |             var request = URLRequest(url: url)
   |                           `- error: cannot find 'URLRequest' in scope
 9 |             request.setValue(accept, forHTTPHeaderField: "Accept")
10 |             let task = URLSession.shared.dataTask(with: request) { data, response, error in
[520/557] Emitting module DataIntegrity
[521/557] Compiling DataIntegrity CBORDecode.swift
/host/spi-builder-workspace/Sources/DataIntegrity/Suites/Sd/JSONPointer.swift:34:13: warning: variable 'chars' was never mutated; consider changing to 'let' constant
32 |     private static func unescape(_ path: String) throws -> String {
33 |         var out = ""
34 |         var chars = Array(path)
   |             `- warning: variable 'chars' was never mutated; consider changing to 'let' constant
35 |         var i = 0
36 |         while i < chars.count {
[522/557] Compiling DataIntegrity CanonicalCBOR.swift
/host/spi-builder-workspace/Sources/DataIntegrity/Suites/Sd/JSONPointer.swift:34:13: warning: variable 'chars' was never mutated; consider changing to 'let' constant
32 |     private static func unescape(_ path: String) throws -> String {
33 |         var out = ""
34 |         var chars = Array(path)
   |             `- warning: variable 'chars' was never mutated; consider changing to 'let' constant
35 |         var i = 0
36 |         while i < chars.count {
[523/557] Compiling DataIntegrity JSONLDSelect.swift
/host/spi-builder-workspace/Sources/DataIntegrity/Suites/Sd/JSONPointer.swift:34:13: warning: variable 'chars' was never mutated; consider changing to 'let' constant
32 |     private static func unescape(_ path: String) throws -> String {
33 |         var out = ""
34 |         var chars = Array(path)
   |             `- warning: variable 'chars' was never mutated; consider changing to 'let' constant
35 |         var i = 0
36 |         while i < chars.count {
[524/557] Compiling DataIntegrity JSONPointer.swift
/host/spi-builder-workspace/Sources/DataIntegrity/Suites/Sd/JSONPointer.swift:34:13: warning: variable 'chars' was never mutated; consider changing to 'let' constant
32 |     private static func unescape(_ path: String) throws -> String {
33 |         var out = ""
34 |         var chars = Array(path)
   |             `- warning: variable 'chars' was never mutated; consider changing to 'let' constant
35 |         var i = 0
36 |         while i < chars.count {
[525/557] Compiling DataIntegrity NQuadsRelabel.swift
/host/spi-builder-workspace/Sources/DataIntegrity/Suites/Sd/JSONPointer.swift:34:13: warning: variable 'chars' was never mutated; consider changing to 'let' constant
32 |     private static func unescape(_ path: String) throws -> String {
33 |         var out = ""
34 |         var chars = Array(path)
   |             `- warning: variable 'chars' was never mutated; consider changing to 'let' constant
35 |         var i = 0
36 |         while i < chars.count {
[526/557] Compiling DataIntegrity JSONParser.swift
/host/spi-builder-workspace/Sources/DataIntegrity/JSON/JSONValue.swift:54:16: error: cannot find 'CFGetTypeID' in scope
 52 |             self = .null
 53 |         case let n as NSNumber:
 54 |             if CFGetTypeID(n) == CFBooleanGetTypeID() {
    |                `- error: cannot find 'CFGetTypeID' in scope
 55 |                 self = .bool(n.boolValue)
 56 |             } else {
/host/spi-builder-workspace/Sources/DataIntegrity/JSON/JSONValue.swift:54:34: error: cannot find 'CFBooleanGetTypeID' in scope
 52 |             self = .null
 53 |         case let n as NSNumber:
 54 |             if CFGetTypeID(n) == CFBooleanGetTypeID() {
    |                                  `- error: cannot find 'CFBooleanGetTypeID' in scope
 55 |                 self = .bool(n.boolValue)
 56 |             } else {
/host/spi-builder-workspace/Sources/DataIntegrity/JSONLD/ContextDocumentLoader.swift:85:27: error: cannot find 'URLRequest' in scope
 83 |     private static func fetch(_ url: URL) async throws -> Data {
 84 |         try await withCheckedThrowingContinuation { continuation in
 85 |             var request = URLRequest(url: url)
    |                           `- error: cannot find 'URLRequest' in scope
 86 |             request.setValue("application/ld+json, application/json", forHTTPHeaderField: "Accept")
 87 |             let task = URLSession.shared.dataTask(with: request) { data, response, error in
[527/557] Compiling DataIntegrity JSONValue.swift
/host/spi-builder-workspace/Sources/DataIntegrity/JSON/JSONValue.swift:54:16: error: cannot find 'CFGetTypeID' in scope
 52 |             self = .null
 53 |         case let n as NSNumber:
 54 |             if CFGetTypeID(n) == CFBooleanGetTypeID() {
    |                `- error: cannot find 'CFGetTypeID' in scope
 55 |                 self = .bool(n.boolValue)
 56 |             } else {
/host/spi-builder-workspace/Sources/DataIntegrity/JSON/JSONValue.swift:54:34: error: cannot find 'CFBooleanGetTypeID' in scope
 52 |             self = .null
 53 |         case let n as NSNumber:
 54 |             if CFGetTypeID(n) == CFBooleanGetTypeID() {
    |                                  `- error: cannot find 'CFBooleanGetTypeID' in scope
 55 |                 self = .bool(n.boolValue)
 56 |             } else {
/host/spi-builder-workspace/Sources/DataIntegrity/JSONLD/ContextDocumentLoader.swift:85:27: error: cannot find 'URLRequest' in scope
 83 |     private static func fetch(_ url: URL) async throws -> Data {
 84 |         try await withCheckedThrowingContinuation { continuation in
 85 |             var request = URLRequest(url: url)
    |                           `- error: cannot find 'URLRequest' in scope
 86 |             request.setValue("application/ld+json, application/json", forHTTPHeaderField: "Accept")
 87 |             let task = URLSession.shared.dataTask(with: request) { data, response, error in
[528/557] Compiling DataIntegrity Canonicalization.swift
/host/spi-builder-workspace/Sources/DataIntegrity/JSON/JSONValue.swift:54:16: error: cannot find 'CFGetTypeID' in scope
 52 |             self = .null
 53 |         case let n as NSNumber:
 54 |             if CFGetTypeID(n) == CFBooleanGetTypeID() {
    |                `- error: cannot find 'CFGetTypeID' in scope
 55 |                 self = .bool(n.boolValue)
 56 |             } else {
/host/spi-builder-workspace/Sources/DataIntegrity/JSON/JSONValue.swift:54:34: error: cannot find 'CFBooleanGetTypeID' in scope
 52 |             self = .null
 53 |         case let n as NSNumber:
 54 |             if CFGetTypeID(n) == CFBooleanGetTypeID() {
    |                                  `- error: cannot find 'CFBooleanGetTypeID' in scope
 55 |                 self = .bool(n.boolValue)
 56 |             } else {
/host/spi-builder-workspace/Sources/DataIntegrity/JSONLD/ContextDocumentLoader.swift:85:27: error: cannot find 'URLRequest' in scope
 83 |     private static func fetch(_ url: URL) async throws -> Data {
 84 |         try await withCheckedThrowingContinuation { continuation in
 85 |             var request = URLRequest(url: url)
    |                           `- error: cannot find 'URLRequest' in scope
 86 |             request.setValue("application/ld+json, application/json", forHTTPHeaderField: "Accept")
 87 |             let task = URLSession.shared.dataTask(with: request) { data, response, error in
[529/557] Compiling DataIntegrity ContextDocumentLoader.swift
/host/spi-builder-workspace/Sources/DataIntegrity/JSON/JSONValue.swift:54:16: error: cannot find 'CFGetTypeID' in scope
 52 |             self = .null
 53 |         case let n as NSNumber:
 54 |             if CFGetTypeID(n) == CFBooleanGetTypeID() {
    |                `- error: cannot find 'CFGetTypeID' in scope
 55 |                 self = .bool(n.boolValue)
 56 |             } else {
/host/spi-builder-workspace/Sources/DataIntegrity/JSON/JSONValue.swift:54:34: error: cannot find 'CFBooleanGetTypeID' in scope
 52 |             self = .null
 53 |         case let n as NSNumber:
 54 |             if CFGetTypeID(n) == CFBooleanGetTypeID() {
    |                                  `- error: cannot find 'CFBooleanGetTypeID' in scope
 55 |                 self = .bool(n.boolValue)
 56 |             } else {
/host/spi-builder-workspace/Sources/DataIntegrity/JSONLD/ContextDocumentLoader.swift:85:27: error: cannot find 'URLRequest' in scope
 83 |     private static func fetch(_ url: URL) async throws -> Data {
 84 |         try await withCheckedThrowingContinuation { continuation in
 85 |             var request = URLRequest(url: url)
    |                           `- error: cannot find 'URLRequest' in scope
 86 |             request.setValue("application/ld+json, application/json", forHTTPHeaderField: "Accept")
 87 |             let task = URLSession.shared.dataTask(with: request) { data, response, error in
[530/557] Compiling DataIntegrity ContextProtection.swift
/host/spi-builder-workspace/Sources/DataIntegrity/JSON/JSONValue.swift:54:16: error: cannot find 'CFGetTypeID' in scope
 52 |             self = .null
 53 |         case let n as NSNumber:
 54 |             if CFGetTypeID(n) == CFBooleanGetTypeID() {
    |                `- error: cannot find 'CFGetTypeID' in scope
 55 |                 self = .bool(n.boolValue)
 56 |             } else {
/host/spi-builder-workspace/Sources/DataIntegrity/JSON/JSONValue.swift:54:34: error: cannot find 'CFBooleanGetTypeID' in scope
 52 |             self = .null
 53 |         case let n as NSNumber:
 54 |             if CFGetTypeID(n) == CFBooleanGetTypeID() {
    |                                  `- error: cannot find 'CFBooleanGetTypeID' in scope
 55 |                 self = .bool(n.boolValue)
 56 |             } else {
/host/spi-builder-workspace/Sources/DataIntegrity/JSONLD/ContextDocumentLoader.swift:85:27: error: cannot find 'URLRequest' in scope
 83 |     private static func fetch(_ url: URL) async throws -> Data {
 84 |         try await withCheckedThrowingContinuation { continuation in
 85 |             var request = URLRequest(url: url)
    |                           `- error: cannot find 'URLRequest' in scope
 86 |             request.setValue("application/ld+json, application/json", forHTTPHeaderField: "Accept")
 87 |             let task = URLSession.shared.dataTask(with: request) { data, response, error in
[531/557] Compiling DataIntegrity CredentialVerifier.swift
[532/557] Compiling DataIntegrity EcdsaSd2023.swift
[533/557] Compiling DataIntegrity JcsSuiteVerifier.swift
[534/557] Compiling DataIntegrity Proof.swift
[535/557] Compiling DataIntegrity RdfcSuiteVerifier.swift
[536/557] Compiling DataIntegrity SdDisclosure.swift
[537/557] Compiling DataIntegrity SdGroup.swift
[538/557] Compiling DataIntegrity SdPrimitives.swift
[539/557] Compiling DataIntegrity SdProofValue.swift
[540/557] Compiling DataIntegrity Skolemize.swift
[541/557] Compiling DataIntegrity KeyResolver.swift
[542/557] Compiling DataIntegrity VerificationKey.swift
[543/557] Compiling DataIntegrity VerificationResult.swift
[544/557] Compiling DataIntegrity DataIntegrityClient.swift
[545/557] Compiling DataIntegrity DataIntegrityError.swift
[546/557] Compiling DataIntegrity JCS.swift
[547/557] Compiling DataIntegrity NQuadsParser.swift
[548/557] Compiling DataIntegrity NQuadsWriter.swift
[549/557] Compiling DataIntegrity RDFCanonize.swift
[550/557] Compiling DataIntegrity RDFTypes.swift
[551/557] Compiling DataIntegrity resource_bundle_accessor.swift
[552/557] Compiling DataIntegrity BundledContexts.swift
[553/557] Compiling DataIntegrity Cryptosuites.swift
[554/557] Compiling DataIntegrity BigEndian.swift
[555/557] Compiling DataIntegrity DigestUtil.swift
[556/557] Compiling DataIntegrity ECPointDecompression.swift
[557/557] Compiling DataIntegrity Encoding.swift
BUILD FAILURE 6.3 linux