The Swift Package Index logo.Swift Package Index

Build Information

Failed to build gis-tools-shapefile, reference v1.0.2 (30be0a), with Swift 6.4 for Wasm on 26 Sep 2026 00:21:54 UTC.

Build Command

bash -c docker run --pull=always --rm -v "checkouts-54344847-1":/host -w "$PWD" -e JAVA_HOME="/root/.sdkman/candidates/java/current" -e SPI_BUILD="1" -e SPI_PROCESSING="1" registry.gitlab.com/saguaro1/spi-images:wasm-6.4-latest swift build --swift-sdk swift-6.4.x-DEVELOPMENT-SNAPSHOT-2026-09-04-a_wasm 2>&1

Build Log

========================================
RunAll
========================================
Builder version: 5.1.0
Interrupt handler set up.
========================================
Checkout
========================================
Clone URL: https://github.com/Outdooractive/gis-tools-shapefile.git
Reference: v1.0.2
Initialized empty Git repository in /host/spi-builder-workspace/.git/
hint: Using 'master' as the name for the initial branch. This default branch name
hint: is subject to change. To configure the initial branch name to use in all
hint: of your new repositories, which will suppress this warning, call:
hint:
hint: 	git config --global init.defaultBranch <name>
hint:
hint: Names commonly chosen instead of 'master' are 'main', 'trunk' and
hint: 'development'. The just-created branch can be renamed via this command:
hint:
hint: 	git branch -m <name>
From https://github.com/Outdooractive/gis-tools-shapefile
 * tag               v1.0.2     -> FETCH_HEAD
HEAD is now at 30be0a4 GitHub workflow updates
Cloned https://github.com/Outdooractive/gis-tools-shapefile.git
Revision (git rev-parse @):
30be0a443f5dcbd140be21f1196d3cad5da6a1e5
SPI manifest file found: $PWD/.spi.yml
SUCCESS checkout https://github.com/Outdooractive/gis-tools-shapefile.git at v1.0.2
========================================
Build
========================================
Selected platform:         wasm
Swift version:             6.4
Building package at path:  $PWD
https://github.com/Outdooractive/gis-tools-shapefile.git
Running build ...
bash -c docker run --pull=always --rm -v "checkouts-54344847-1":/host -w "$PWD" -e JAVA_HOME="/root/.sdkman/candidates/java/current" -e SPI_BUILD="1" -e SPI_PROCESSING="1" registry.gitlab.com/saguaro1/spi-images:wasm-6.4-latest swift build --swift-sdk swift-6.4.x-DEVELOPMENT-SNAPSHOT-2026-09-04-a_wasm 2>&1
wasm-6.4-latest: Pulling from saguaro1/spi-images
Digest: sha256:4328fdb43c680d205c1d6761b1e3267aa38277eefdda9ddfb17b6a0f1a77857a
Status: Image is up to date for registry.gitlab.com/saguaro1/spi-images:wasm-6.4-latest
Fetching https://github.com/Outdooractive/gis-tools.git
[1/7763] Fetching gis-tools
Fetched https://github.com/Outdooractive/gis-tools.git (0.75s)
Computing version for https://github.com/Outdooractive/gis-tools.git
Computed https://github.com/Outdooractive/gis-tools.git at 2.5.2 (0.94s)
Creating working copy for https://github.com/Outdooractive/gis-tools.git
Working copy of https://github.com/Outdooractive/gis-tools.git resolved at 2.5.2
Building for debugging...
[Constructing description]
[Planning deferred tasks]
[23 / 38] GISTools
[32 / 47] GISTools
[38 / 48] GISTools
[40 / 50] GISToolsShapefile
error: SwiftCompile normal wasm32 /host/spi-builder-workspace/Sources/GISToolsShapefile/ShapefileCoder.swift failed with a nonzero exit code. Command line:     cd /host
    builtin-SwiftPerFileCompile ShapefileCoder.swift
[48 / 51] GISToolsShapefile
/host/spi-builder-workspace/Sources/GISToolsShapefile/ShapefileCoder.swift:857:49: error: 'atomic' is unavailable: atomic writing is unavailable in WASI because temporary files are not supported
 855 |         let prjString = writePrj(projection)
 856 |
 857 |         try shpData.write(to: shpURL, options: .atomic)
     |                                                 `- error: 'atomic' is unavailable: atomic writing is unavailable in WASI because temporary files are not supported
 858 |         try shxData.write(to: shxURL, options: .atomic)
 859 |         try dbfData.write(to: dbfURL, options: .atomic)
FoundationEssentials.Data.WritingOptions.atomic:4:23: note: 'atomic' has been explicitly marked unavailable here
2 |   struct WritingOptions {
3 | @available(*, unavailable, message: "atomic writing is unavailable in WASI because temporary files are not supported")
4 |     public static let atomic: Data.WritingOptions  }
  |                       `- note: 'atomic' has been explicitly marked unavailable here
5 | }
6 |
/host/spi-builder-workspace/Sources/GISToolsShapefile/ShapefileCoder.swift:858:49: error: 'atomic' is unavailable: atomic writing is unavailable in WASI because temporary files are not supported
 856 |
 857 |         try shpData.write(to: shpURL, options: .atomic)
 858 |         try shxData.write(to: shxURL, options: .atomic)
     |                                                 `- error: 'atomic' is unavailable: atomic writing is unavailable in WASI because temporary files are not supported
 859 |         try dbfData.write(to: dbfURL, options: .atomic)
 860 |
FoundationEssentials.Data.WritingOptions.atomic:4:23: note: 'atomic' has been explicitly marked unavailable here
2 |   struct WritingOptions {
3 | @available(*, unavailable, message: "atomic writing is unavailable in WASI because temporary files are not supported")
4 |     public static let atomic: Data.WritingOptions  }
  |                       `- note: 'atomic' has been explicitly marked unavailable here
5 | }
6 |
/host/spi-builder-workspace/Sources/GISToolsShapefile/ShapefileCoder.swift:859:49: error: 'atomic' is unavailable: atomic writing is unavailable in WASI because temporary files are not supported
 857 |         try shpData.write(to: shpURL, options: .atomic)
 858 |         try shxData.write(to: shxURL, options: .atomic)
 859 |         try dbfData.write(to: dbfURL, options: .atomic)
     |                                                 `- error: 'atomic' is unavailable: atomic writing is unavailable in WASI because temporary files are not supported
 860 |
 861 |         if let prjString {
FoundationEssentials.Data.WritingOptions.atomic:4:23: note: 'atomic' has been explicitly marked unavailable here
2 |   struct WritingOptions {
3 | @available(*, unavailable, message: "atomic writing is unavailable in WASI because temporary files are not supported")
4 |     public static let atomic: Data.WritingOptions  }
  |                       `- note: 'atomic' has been explicitly marked unavailable here
5 | }
6 |
Failed frontend command:
/usr/bin/swift-frontend -frontend -c -primary-file /host/spi-builder-workspace/Sources/GISToolsShapefile/ShapefileCoder.swift -emit-dependencies-path /host/spi-builder-workspace/.build/out/Intermediates.noindex/gis-tools-shapefile.build/Debug-webassembly-wasm32/GISToolsShapefile-t.build/Objects-normal/wasm32/ShapefileCoder.d -emit-const-values-path /host/spi-builder-workspace/.build/out/Intermediates.noindex/gis-tools-shapefile.build/Debug-webassembly-wasm32/GISToolsShapefile-t.build/Objects-normal/wasm32/ShapefileCoder.swiftconstvalues -emit-reference-dependencies-path /host/spi-builder-workspace/.build/out/Intermediates.noindex/gis-tools-shapefile.build/Debug-webassembly-wasm32/GISToolsShapefile-t.build/Objects-normal/wasm32/ShapefileCoder.swiftdeps -serialize-diagnostics-path /host/spi-builder-workspace/.build/out/Intermediates.noindex/gis-tools-shapefile.build/Debug-webassembly-wasm32/GISToolsShapefile-t.build/Objects-normal/wasm32/ShapefileCoder.dia -target wasm32-unknown-wasip1 -disable-objc-interop -sdk /root/.swiftpm/swift-sdks/swift-6.4.x-DEVELOPMENT-SNAPSHOT-2026-09-04-a_wasm.artifactbundle/swift-6.4.x-DEVELOPMENT-SNAPSHOT-2026-09-04-a_wasm/wasm32-unknown-wasip1/WASI.sdk -sysroot /root/.swiftpm/swift-sdks/swift-6.4.x-DEVELOPMENT-SNAPSHOT-2026-09-04-a_wasm.artifactbundle/swift-6.4.x-DEVELOPMENT-SNAPSHOT-2026-09-04-a_wasm/wasm32-unknown-wasip1/WASI.sdk -I /host/spi-builder-workspace/.build/out/Products/Debug-webassembly-wasm32 -module-cache-path /host/spi-builder-workspace/.build/out/ModuleCache.noindex -color-diagnostics -Xcc -fcolor-diagnostics -enable-testing -g -debug-info-format\=dwarf -dwarf-version\=4 -swift-version 6 -Onone -D SWIFT_PACKAGE -D DEBUG -D SWIFT_MODULE_RESOURCE_BUNDLE_UNAVAILABLE -D Xcode -serialize-debugging-options -enable-experimental-feature DebugDescriptionMacro -empty-abi-descriptor -external-plugin-path /usr/lib/swift/host/plugins/testing\#/usr/bin/swift-plugin-server -validate-clang-modules-once -clang-build-session-file /host/spi-builder-workspace/.build/out/ModuleCache.noindex/Session.modulevalidation -Xcc -working-directory -Xcc /host -resource-dir /root/.swiftpm/swift-sdks/swift-6.4.x-DEVELOPMENT-SNAPSHOT-2026-09-04-a_wasm.artifactbundle/swift-6.4.x-DEVELOPMENT-SNAPSHOT-2026-09-04-a_wasm/wasm32-unknown-wasip1/swift.xctoolchain/usr/lib/swift_static -use-static-resource-dir -enable-anonymous-context-mangled-names -file-compilation-dir /host -Xcc -resource-dir -Xcc /root/.swiftpm/swift-sdks/swift-6.4.x-DEVELOPMENT-SNAPSHOT-2026-09-04-a_wasm.artifactbundle/swift-6.4.x-DEVELOPMENT-SNAPSHOT-2026-09-04-a_wasm/wasm32-unknown-wasip1/swift.xctoolchain/usr/lib/swift_static/clang -Xcc -D_LIBCPP_HARDENING_MODE\=_LIBCPP_HARDENING_MODE_DEBUG -Xcc -fmodules-prune-interval\=86400 -Xcc -fmodules-prune-after\=345600 -Xcc -I/host/spi-builder-workspace/.build/out/Products/Debug-webassembly-wasm32/include -Xcc -I/host/spi-builder-workspace/.build/out/Intermediates.noindex/gis-tools-shapefile.build/Debug-webassembly-wasm32/GISToolsShapefile-t.build/DerivedSources-normal/wasm32 -Xcc -I/host/spi-builder-workspace/.build/out/Intermediates.noindex/gis-tools-shapefile.build/Debug-webassembly-wasm32/GISToolsShapefile-t.build/DerivedSources/wasm32 -Xcc -I/host/spi-builder-workspace/.build/out/Intermediates.noindex/gis-tools-shapefile.build/Debug-webassembly-wasm32/GISToolsShapefile-t.build/DerivedSources -Xcc -DSWIFT_PACKAGE -Xcc -DDEBUG\=1 -no-auto-bridging-header-chaining -module-name GISToolsShapefile -package-name spi_builder_workspace -const-gather-protocols-file /host/spi-builder-workspace/.build/out/Intermediates.noindex/gis-tools-shapefile.build/Debug-webassembly-wasm32/GISToolsShapefile-t.build/Objects-normal/wasm32/GISToolsShapefile_const_extract_protocols.json -in-process-plugin-server-path /usr/lib/swift/host/libSwiftInProcPluginServer.so -plugin-path /usr/lib/swift/host/plugins -plugin-path /usr/local/lib/swift/host/plugins -parse-as-library -o /host/spi-builder-workspace/.build/out/Intermediates.noindex/gis-tools-shapefile.build/Debug-webassembly-wasm32/GISToolsShapefile-t.build/Objects-normal/wasm32/ShapefileCoder.o -index-unit-output-path /gis-tools-shapefile.build/Debug-webassembly-wasm32/GISToolsShapefile-t.build/Objects-normal/wasm32/ShapefileCoder.o -index-store-path /host/spi-builder-workspace/.build/out -index-system-modules
error: Build failed
BUILD FAILURE 6.4 wasm