The Swift Package Index logo.Swift Package Index

Build Information

Failed to build llbuild, reference 0.50800.0 (14d961), with Swift 6.4 for Android on 20 Sep 2026 02:13:23 UTC.

Build Command

bash -c docker run --pull=always --rm -v "checkouts-53886769-0":/host -w "$PWD" -e JAVA_HOME="/root/.sdkman/candidates/java/current" -e SPI_BUILD="1" -e SPI_PROCESSING="1" registry.gitlab.com/saguaro1/spi-images:android-6.4-latest swift build --swift-sdk aarch64-unknown-linux-android28 2>&1

Build Log

========================================
RunAll
========================================
Builder version: 5.1.0
Interrupt handler set up.
========================================
Checkout
========================================
Clone URL: https://github.com/SDGGiesbrecht/swift-llbuild.git
Reference: 0.50800.0
Initialized empty Git repository in /host/spi-builder-workspace/.git/
hint: Using 'master' as the name for the initial branch. This default branch name
hint: is subject to change. To configure the initial branch name to use in all
hint: of your new repositories, which will suppress this warning, call:
hint:
hint: 	git config --global init.defaultBranch <name>
hint:
hint: Names commonly chosen instead of 'master' are 'main', 'trunk' and
hint: 'development'. The just-created branch can be renamed via this command:
hint:
hint: 	git branch -m <name>
From https://github.com/SDGGiesbrecht/swift-llbuild
 * tag               0.50800.0  -> FETCH_HEAD
HEAD is now at 14d9618 Converted deployment targets to availability annotations.
Cloned https://github.com/SDGGiesbrecht/swift-llbuild.git
Revision (git rev-parse @):
14d9618f53db8ca57ed46ed7b4587155c2a03390
SUCCESS checkout https://github.com/SDGGiesbrecht/swift-llbuild.git at 0.50800.0
========================================
Build
========================================
Selected platform:         android
Swift version:             6.4
Building package at path:  $PWD
https://github.com/SDGGiesbrecht/swift-llbuild.git
Running build ...
bash -c docker run --pull=always --rm -v "checkouts-53886769-0":/host -w "$PWD" -e JAVA_HOME="/root/.sdkman/candidates/java/current" -e SPI_BUILD="1" -e SPI_PROCESSING="1" registry.gitlab.com/saguaro1/spi-images:android-6.4-latest swift build --swift-sdk aarch64-unknown-linux-android28 2>&1
android-6.4-latest: Pulling from saguaro1/spi-images
Digest: sha256:abadcff584c273feba50641b454858d377ba30b35ea7287a94f45ebd8afd0ea0
Status: Image is up to date for registry.gitlab.com/saguaro1/spi-images:android-6.4-latest
Building for debugging...
[Computing dependencies]
[Pre-planning 1 / 539]
[Constructing 22 / 1107]
[80 / 206] llvmSupport
[82 / 208] llvmSupport
[85 / 208] llvmSupport
[87 / 208] llvmSupport
[89 / 208] llvmSupport
In file included from /host/spi-builder-workspace/lib/llvm/Support/StringSaver.cpp:10:
In file included from /host/spi-builder-workspace/lib/llvm/Support/include/llvm/Support/StringSaver.h:13:
In file included from /host/spi-builder-workspace/lib/llvm/Support/include/llvm/ADT/DenseSet.h:17:
In file included from /host/spi-builder-workspace/lib/llvm/Support/include/llvm/ADT/DenseMap.h:17:
In file included from /host/spi-builder-workspace/lib/llvm/Support/include/llvm/ADT/DenseMapInfo.h:17:
In file included from /host/spi-builder-workspace/lib/llvm/Support/include/llvm/ADT/ArrayRef.h:13:
In file included from /host/spi-builder-workspace/lib/llvm/Support/include/llvm/ADT/Hashing.h:49:
In file included from /host/spi-builder-workspace/lib/llvm/Support/include/llvm/Support/Host.h:17:
In file included from /host/spi-builder-workspace/lib/llvm/Support/include/llvm/ADT/StringMap.h:17:
In file included from /host/spi-builder-workspace/lib/llvm/Support/include/llvm/ADT/StringRef.h:13:
In file included from /host/spi-builder-workspace/lib/llvm/Support/include/llvm/ADT/STLExtras.h:21:
/host/spi-builder-workspace/lib/llvm/Support/include/llvm/ADT/SmallVector.h:313:18: warning: first argument in call to 'memcpy' is a pointer to non-trivially copyable type 'std::pair<void *, unsigned long>' [-Wnontrivial-memcall]
  313 |     memcpy(this->end(), &Elt, sizeof(T));
      |                  ^
In file included from /host/spi-builder-workspace/lib/llvm/Support/StringSaver.cpp:10:
In file included from /host/spi-builder-workspace/lib/llvm/Support/include/llvm/Support/StringSaver.h:13:
In file included from /host/spi-builder-workspace/lib/llvm/Support/include/llvm/ADT/DenseSet.h:17:
In file included from /host/spi-builder-workspace/lib/llvm/Support/include/llvm/ADT/DenseMap.h:17:
In file included from /host/spi-builder-workspace/lib/llvm/Support/include/llvm/ADT/DenseMapInfo.h:17:
In file included from /host/spi-builder-workspace/lib/llvm/Support/include/llvm/ADT/ArrayRef.h:13:
In file included from /host/spi-builder-workspace/lib/llvm/Support/include/llvm/ADT/Hashing.h:49:
In file included from /host/spi-builder-workspace/lib/llvm/Support/include/llvm/Support/Host.h:17:
In file included from /host/spi-builder-workspace/lib/llvm/Support/include/llvm/ADT/StringMap.h:20:
/host/spi-builder-workspace/lib/llvm/Support/include/llvm/Support/Allocator.h:250:24: note: in instantiation of member function 'llvm::SmallVectorTemplateBase<std::pair<void *, unsigned long>, true>::push_back' requested here
  250 |       CustomSizedSlabs.push_back(std::make_pair(NewSlab, PaddedSize));
      |                        ^
/host/spi-builder-workspace/lib/llvm/Support/include/llvm/Support/Allocator.h:56:38: note: in instantiation of member function 'llvm::BumpPtrAllocatorImpl<>::Allocate' requested here
   56 |                           &DerivedT::Allocate),
      |                                      ^
/host/spi-builder-workspace/lib/llvm/Support/include/llvm/Support/Allocator.h:82:29: note: in instantiation of member function 'llvm::AllocatorBase<llvm::BumpPtrAllocatorImpl<>>::Allocate' requested here
   82 |     return static_cast<T *>(Allocate(Num * sizeof(T), alignof(T)));
      |                             ^
/host/spi-builder-workspace/lib/llvm/Support/StringSaver.cpp:15:19: note: in instantiation of function template specialization 'llvm::AllocatorBase<llvm::BumpPtrAllocatorImpl<>>::Allocate<char>' requested here
   15 |   char *P = Alloc.Allocate<char>(S.size() + 1);
      |                   ^
In file included from /host/spi-builder-workspace/lib/llvm/Support/StringSaver.cpp:10:
In file included from /host/spi-builder-workspace/lib/llvm/Support/include/llvm/Support/StringSaver.h:13:
In file included from /host/spi-builder-workspace/lib/llvm/Support/include/llvm/ADT/DenseSet.h:17:
In file included from /host/spi-builder-workspace/lib/llvm/Support/include/llvm/ADT/DenseMap.h:17:
In file included from /host/spi-builder-workspace/lib/llvm/Support/include/llvm/ADT/DenseMapInfo.h:17:
In file included from /host/spi-builder-workspace/lib/llvm/Support/include/llvm/ADT/ArrayRef.h:13:
In file included from /host/spi-builder-workspace/lib/llvm/Support/include/llvm/ADT/Hashing.h:49:
In file included from /host/spi-builder-workspace/lib/llvm/Support/include/llvm/Support/Host.h:17:
In file included from /host/spi-builder-workspace/lib/llvm/Support/include/llvm/ADT/StringMap.h:17:
In file included from /host/spi-builder-workspace/lib/llvm/Support/include/llvm/ADT/StringRef.h:13:
In file included from /host/spi-builder-workspace/lib/llvm/Support/include/llvm/ADT/STLExtras.h:21:
/host/spi-builder-workspace/lib/llvm/Support/include/llvm/ADT/SmallVector.h:313:18: note: explicitly cast the pointer to silence this warning
  313 |     memcpy(this->end(), &Elt, sizeof(T));
      |                  ^
      |            (void*)
1 warning generated.
[92 / 208] llvmSupport
In file included from /host/spi-builder-workspace/lib/llvm/Support/YAMLParser.cpp:14:
In file included from /host/spi-builder-workspace/lib/llvm/Support/include/llvm/Support/YAMLParser.h:41:
In file included from /host/spi-builder-workspace/lib/llvm/Support/include/llvm/ADT/StringRef.h:13:
In file included from /host/spi-builder-workspace/lib/llvm/Support/include/llvm/ADT/STLExtras.h:21:
/host/spi-builder-workspace/lib/llvm/Support/include/llvm/ADT/SmallVector.h:313:18: warning: first argument in call to 'memcpy' is a pointer to non-trivially copyable type 'std::pair<void *, unsigned long>' [-Wnontrivial-memcall]
  313 |     memcpy(this->end(), &Elt, sizeof(T));
      |                  ^
In file included from /host/spi-builder-workspace/lib/llvm/Support/YAMLParser.cpp:14:
In file included from /host/spi-builder-workspace/lib/llvm/Support/include/llvm/Support/YAMLParser.h:42:
/host/spi-builder-workspace/lib/llvm/Support/include/llvm/Support/Allocator.h:250:24: note: in instantiation of member function 'llvm::SmallVectorTemplateBase<std::pair<void *, unsigned long>, true>::push_back' requested here
  250 |       CustomSizedSlabs.push_back(std::make_pair(NewSlab, PaddedSize));
      |                        ^
In file included from /host/spi-builder-workspace/lib/llvm/Support/YAMLParser.cpp:14:
/host/spi-builder-workspace/lib/llvm/Support/include/llvm/Support/YAMLParser.h:138:18: note: in instantiation of member function 'llvm::BumpPtrAllocatorImpl<>::Allocate' requested here
  138 |     return Alloc.Allocate(Size, Alignment);
      |                  ^
In file included from /host/spi-builder-workspace/lib/llvm/Support/YAMLParser.cpp:14:
In file included from /host/spi-builder-workspace/lib/llvm/Support/include/llvm/Support/YAMLParser.h:41:
In file included from /host/spi-builder-workspace/lib/llvm/Support/include/llvm/ADT/StringRef.h:13:
In file included from /host/spi-builder-workspace/lib/llvm/Support/include/llvm/ADT/STLExtras.h:21:
/host/spi-builder-workspace/lib/llvm/Support/include/llvm/ADT/SmallVector.h:313:18: note: explicitly cast the pointer to silence this warning
  313 |     memcpy(this->end(), &Elt, sizeof(T));
      |                  ^
      |            (void*)
1 warning generated.
[101 / 208] llvmSupport
[102 / 208] llvmSupport
[103 / 208] llvmSupport
In file included from /host/spi-builder-workspace/lib/llvm/Support/SourceMgr.cpp:16:
In file included from /host/spi-builder-workspace/lib/llvm/Support/include/llvm/Support/SourceMgr.h:19:
In file included from /host/spi-builder-workspace/lib/llvm/Support/include/llvm/ADT/ArrayRef.h:13:
In file included from /host/spi-builder-workspace/lib/llvm/Support/include/llvm/ADT/Hashing.h:49:
In file included from /host/spi-builder-workspace/lib/llvm/Support/include/llvm/Support/Host.h:17:
In file included from /host/spi-builder-workspace/lib/llvm/Support/include/llvm/ADT/StringMap.h:17:
In file included from /host/spi-builder-workspace/lib/llvm/Support/include/llvm/ADT/StringRef.h:13:
In file included from /host/spi-builder-workspace/lib/llvm/Support/include/llvm/ADT/STLExtras.h:21:
/host/spi-builder-workspace/lib/llvm/Support/include/llvm/ADT/SmallVector.h:313:18: warning: first argument in call to 'memcpy' is a pointer to non-trivially copyable type 'std::pair<unsigned int, unsigned int>' [-Wnontrivial-memcall]
  313 |     memcpy(this->end(), &Elt, sizeof(T));
      |                  ^
/host/spi-builder-workspace/lib/llvm/Support/SourceMgr.cpp:218:17: note: in instantiation of member function 'llvm::SmallVectorTemplateBase<std::pair<unsigned int, unsigned int>, true>::push_back' requested here
  218 |       ColRanges.push_back(std::make_pair(R.Start.getPointer()-LineStart,
      |                 ^
In file included from /host/spi-builder-workspace/lib/llvm/Support/SourceMgr.cpp:16:
In file included from /host/spi-builder-workspace/lib/llvm/Support/include/llvm/Support/SourceMgr.h:19:
In file included from /host/spi-builder-workspace/lib/llvm/Support/include/llvm/ADT/ArrayRef.h:13:
In file included from /host/spi-builder-workspace/lib/llvm/Support/include/llvm/ADT/Hashing.h:49:
In file included from /host/spi-builder-workspace/lib/llvm/Support/include/llvm/Support/Host.h:17:
In file included from /host/spi-builder-workspace/lib/llvm/Support/include/llvm/ADT/StringMap.h:17:
In file included from /host/spi-builder-workspace/lib/llvm/Support/include/llvm/ADT/StringRef.h:13:
In file included from /host/spi-builder-workspace/lib/llvm/Support/include/llvm/ADT/STLExtras.h:21:
/host/spi-builder-workspace/lib/llvm/Support/include/llvm/ADT/SmallVector.h:313:18: note: explicitly cast the pointer to silence this warning
  313 |     memcpy(this->end(), &Elt, sizeof(T));
      |                  ^
      |            (void*)
1 warning generated.
[107 / 208] llvmSupport
[108 / 208] llvmSupport
[109 / 208] llvmSupport
[110 / 208] llvmSupport
[111 / 208] llvmSupport
[115 / 208] llvmSupport
[116 / 208] llvmSupport
[118 / 208] llvmSupport
[119 / 208] llvmSupport
In file included from /host/spi-builder-workspace/lib/llvm/Support/FoldingSet.cpp:15:
In file included from /host/spi-builder-workspace/lib/llvm/Support/include/llvm/ADT/FoldingSet.h:19:
/host/spi-builder-workspace/lib/llvm/Support/include/llvm/ADT/SmallVector.h:313:18: warning: first argument in call to 'memcpy' is a pointer to non-trivially copyable type 'std::pair<void *, unsigned long>' [-Wnontrivial-memcall]
  313 |     memcpy(this->end(), &Elt, sizeof(T));
      |                  ^
In file included from /host/spi-builder-workspace/lib/llvm/Support/FoldingSet.cpp:15:
In file included from /host/spi-builder-workspace/lib/llvm/Support/include/llvm/ADT/FoldingSet.h:21:
/host/spi-builder-workspace/lib/llvm/Support/include/llvm/Support/Allocator.h:250:24: note: in instantiation of member function 'llvm::SmallVectorTemplateBase<std::pair<void *, unsigned long>, true>::push_back' requested here
  250 |       CustomSizedSlabs.push_back(std::make_pair(NewSlab, PaddedSize));
      |                        ^
/host/spi-builder-workspace/lib/llvm/Support/include/llvm/Support/Allocator.h:56:38: note: in instantiation of member function 'llvm::BumpPtrAllocatorImpl<>::Allocate' requested here
   56 |                           &DerivedT::Allocate),
      |                                      ^
/host/spi-builder-workspace/lib/llvm/Support/include/llvm/Support/Allocator.h:82:29: note: in instantiation of member function 'llvm::AllocatorBase<llvm::BumpPtrAllocatorImpl<>>::Allocate' requested here
   82 |     return static_cast<T *>(Allocate(Num * sizeof(T), alignof(T)));
      |                             ^
/host/spi-builder-workspace/lib/llvm/Support/FoldingSet.cpp:177:29: note: in instantiation of function template specialization 'llvm::AllocatorBase<llvm::BumpPtrAllocatorImpl<>>::Allocate<unsigned int>' requested here
  177 |   unsigned *New = Allocator.Allocate<unsigned>(Bits.size());
      |                             ^
In file included from /host/spi-builder-workspace/lib/llvm/Support/FoldingSet.cpp:15:
In file included from /host/spi-builder-workspace/lib/llvm/Support/include/llvm/ADT/FoldingSet.h:19:
/host/spi-builder-workspace/lib/llvm/Support/include/llvm/ADT/SmallVector.h:313:18: note: explicitly cast the pointer to silence this warning
  313 |     memcpy(this->end(), &Elt, sizeof(T));
      |                  ^
      |            (void*)
1 warning generated.
[120 / 208] llvmSupport
[123 / 208] llvmSupport
[124 / 208] llvmSupport
[126 / 208] llvmSupport
[128 / 208] llvmSupport
[129 / 208] llvmSupport
[132 / 208] llbuildNinja
[134 / 208] llbuildNinja
[135 / 208] llbuildNinja
[135 / 208]
error: SwiftCompile normal aarch64 failed with a nonzero exit code. Command line:     cd /host

/host/spi-builder-workspace/products/llbuildSwift/BuildDBBindings.swift:19:8: error: Missing libc or equivalent
 17 | import Glibc
 18 | #else
 19 | #error("Missing libc or equivalent")
    |        `- error: Missing libc or equivalent
 20 | #endif
 21 |
/host/spi-builder-workspace/products/llbuildSwift/BuildKey.swift:19:8: error: Missing libc or equivalent
 17 | import Glibc
 18 | #else
 19 | #error("Missing libc or equivalent")
    |        `- error: Missing libc or equivalent
 20 | #endif
 21 |
/host/spi-builder-workspace/products/llbuildSwift/BuildSystemBindings.swift:19:8: error: Missing libc or equivalent
  17 | import Glibc
  18 | #else
  19 | #error("Missing libc or equivalent")
     |        `- error: Missing libc or equivalent
  20 | #endif
  21 |
/host/spi-builder-workspace/products/llbuildSwift/BuildValue.swift:19:8: error: Missing libc or equivalent
 17 | import Glibc
 18 | #else
 19 | #error("Missing libc or equivalent")
    |        `- error: Missing libc or equivalent
 20 | #endif
 21 |
/host/spi-builder-workspace/products/llbuildSwift/Internals.swift:19:8: error: Missing libc or equivalent
17 | import Glibc
18 | #else
19 | #error("Missing libc or equivalent")
   |        `- error: Missing libc or equivalent
20 | #endif
21 |
/host/spi-builder-workspace/products/llbuildSwift/BuildSystemBindings.swift:472:1: warning: extension declares a conformance of imported type 'CommandStatusKind' to imported protocol 'CustomStringConvertible'; this will not behave correctly if the owners of 'llbuild' introduce this conformance in the future
 470 | }
 471 |
 472 | extension CommandStatusKind: CustomStringConvertible {
     | |- warning: extension declares a conformance of imported type 'CommandStatusKind' to imported protocol 'CustomStringConvertible'; this will not behave correctly if the owners of 'llbuild' introduce this conformance in the future
     | `- note: add '@retroactive' to silence this warning
 473 |     public var description: String {
 474 |         switch self {
/host/spi-builder-workspace/products/llbuildSwift/BuildSystemBindings.swift:487:1: warning: extension declares a conformance of imported type 'BuildKeyKind' to imported protocol 'CustomStringConvertible'; this will not behave correctly if the owners of 'llbuild' introduce this conformance in the future
 485 | }
 486 |
 487 | extension BuildKeyKind: CustomStringConvertible {
     | |- warning: extension declares a conformance of imported type 'BuildKeyKind' to imported protocol 'CustomStringConvertible'; this will not behave correctly if the owners of 'llbuild' introduce this conformance in the future
     | `- note: add '@retroactive' to silence this warning
 488 |     public var description: String {
 489 |         switch self {
/host/spi-builder-workspace/products/llbuildSwift/BuildSystemBindings.swift:516:1: warning: extension declares a conformance of imported type 'DiagnosticKind' to imported protocol 'CustomStringConvertible'; this will not behave correctly if the owners of 'llbuild' introduce this conformance in the future
 514 | }
 515 |
 516 | extension DiagnosticKind: CustomStringConvertible {
     | |- warning: extension declares a conformance of imported type 'DiagnosticKind' to imported protocol 'CustomStringConvertible'; this will not behave correctly if the owners of 'llbuild' introduce this conformance in the future
     | `- note: add '@retroactive' to silence this warning
 517 |     public var description: String {
 518 |         switch self {
/host/spi-builder-workspace/products/llbuildSwift/BuildSystemBindings.swift:720:21: error: cannot find type 'stat' in scope
 718 | public protocol FileInfo {
 719 |     /// Creates a new `FileInfo` object.
 720 |     init(_ statBuf: stat)
     |                     `- error: cannot find type 'stat' in scope
 721 |
 722 |     var statBuf: stat { get }
/host/spi-builder-workspace/products/llbuildSwift/BuildSystemBindings.swift:722:18: error: cannot find type 'stat' in scope
 720 |     init(_ statBuf: stat)
 721 |
 722 |     var statBuf: stat { get }
     |                  `- error: cannot find type 'stat' in scope
 723 | }
 724 |
/host/spi-builder-workspace/products/llbuildSwift/BuildValue.swift:30:1: warning: extension declares a conformance of imported type 'BuildValueKind' to imported protocol 'CustomStringConvertible'; this will not behave correctly if the owners of 'llbuild' introduce this conformance in the future
 28 | #endif
 29 |
 30 | extension BuildValueKind: CustomStringConvertible {
    | |- warning: extension declares a conformance of imported type 'BuildValueKind' to imported protocol 'CustomStringConvertible'; this will not behave correctly if the owners of 'llbuild' introduce this conformance in the future
    | `- note: add '@retroactive' to silence this warning
 31 |     public var description: String {
 32 |         switch self {
/host/spi-builder-workspace/products/llbuildSwift/BuildValue.swift:57:1: warning: extension declares a conformance of imported type 'llb_build_value_file_info_t_' to imported protocol 'Equatable'; this will not behave correctly if the owners of 'llbuild' introduce this conformance in the future
 55 | }
 56 |
 57 | extension BuildValueFileInfo: Equatable {
    | |- warning: extension declares a conformance of imported type 'llb_build_value_file_info_t_' to imported protocol 'Equatable'; this will not behave correctly if the owners of 'llbuild' introduce this conformance in the future
    | `- note: add '@retroactive' to silence this warning
 58 |     public static func == (lhs: BuildValueFileInfo, rhs: BuildValueFileInfo) -> Bool {
 59 |         return lhs.device == rhs.device && lhs.inode == rhs.inode && lhs.mode == rhs.mode && lhs.size == rhs.size && lhs.modTime == rhs.modTime
/host/spi-builder-workspace/products/llbuildSwift/BuildValue.swift:63:1: warning: extension declares a conformance of imported type 'llb_build_value_file_info_t_' to imported protocol 'CustomStringConvertible'; this will not behave correctly if the owners of 'llbuild' introduce this conformance in the future
 61 | }
 62 |
 63 | extension BuildValueFileInfo: CustomStringConvertible {
    | |- warning: extension declares a conformance of imported type 'llb_build_value_file_info_t_' to imported protocol 'CustomStringConvertible'; this will not behave correctly if the owners of 'llbuild' introduce this conformance in the future
    | `- note: add '@retroactive' to silence this warning
 64 |     public var description: String {
 65 |         return "<FileInfo device=\(device) inode=\(inode) mode=\(mode) size=\(size) modTime=\(modTime)>"
/host/spi-builder-workspace/products/llbuildSwift/BuildValue.swift:69:1: warning: extension declares a conformance of imported type 'llb_build_value_file_timestamp_t_' to imported protocol 'Equatable'; this will not behave correctly if the owners of 'llbuild' introduce this conformance in the future
 67 | }
 68 |
 69 | extension BuildValueFileTimestamp: Equatable {
    | |- warning: extension declares a conformance of imported type 'llb_build_value_file_timestamp_t_' to imported protocol 'Equatable'; this will not behave correctly if the owners of 'llbuild' introduce this conformance in the future
    | `- note: add '@retroactive' to silence this warning
 70 |     public static func == (lhs: llb_build_value_file_timestamp_t_, rhs: BuildValueFileTimestamp) -> Bool {
 71 |         return lhs.seconds == rhs.seconds && lhs.nanoseconds == rhs.nanoseconds
/host/spi-builder-workspace/products/llbuildSwift/BuildValue.swift:75:1: warning: extension declares a conformance of imported type 'llb_build_value_file_timestamp_t_' to imported protocol 'Comparable'; this will not behave correctly if the owners of 'llbuild' introduce this conformance in the future
 73 | }
 74 |
 75 | extension BuildValueFileTimestamp: Comparable {
    | |- warning: extension declares a conformance of imported type 'llb_build_value_file_timestamp_t_' to imported protocol 'Comparable'; this will not behave correctly if the owners of 'llbuild' introduce this conformance in the future
    | `- note: add '@retroactive' to silence this warning
 76 |     public static func < (lhs: BuildValueFileTimestamp, rhs: BuildValueFileTimestamp) -> Bool {
 77 |         if lhs.seconds != rhs.seconds { return lhs.seconds < rhs.seconds }
/host/spi-builder-workspace/products/llbuildSwift/BuildValue.swift:82:1: warning: extension declares a conformance of imported type 'llb_build_value_file_timestamp_t_' to imported protocol 'CustomStringConvertible'; this will not behave correctly if the owners of 'llbuild' introduce this conformance in the future
 80 | }
 81 |
 82 | extension BuildValueFileTimestamp: CustomStringConvertible {
    | |- warning: extension declares a conformance of imported type 'llb_build_value_file_timestamp_t_' to imported protocol 'CustomStringConvertible'; this will not behave correctly if the owners of 'llbuild' introduce this conformance in the future
    | `- note: add '@retroactive' to silence this warning
 83 |     public var description: String {
 84 |         return "<FileTimestamp seconds=\(seconds) nanoseconds=\(nanoseconds)>"
Failed frontend command:
/root/.local/share/swiftly/toolchains/6.4.x-snapshot-2026-09-04/usr/bin/swift-frontend -frontend -emit-module -experimental-skip-non-inlinable-function-bodies-without-types /host/spi-builder-workspace/products/llbuildSwift/BuildDBBindings.swift /host/spi-builder-workspace/products/llbuildSwift/BuildKey.swift /host/spi-builder-workspace/products/llbuildSwift/BuildSystemBindings.swift /host/spi-builder-workspace/products/llbuildSwift/BuildValue.swift /host/spi-builder-workspace/products/llbuildSwift/CoreBindings.swift /host/spi-builder-workspace/products/llbuildSwift/Internals.swift /host/spi-builder-workspace/products/llbuildSwift/NinjaManifest.swift -target aarch64-unknown-linux-android28 -Xllvm -aarch64-use-tbi -disable-objc-interop -sdk /android-ndk/android-ndk-r27d/toolchains/llvm/prebuilt/linux-x86_64/sysroot -sysroot /android-ndk/android-ndk-r27d/toolchains/llvm/prebuilt/linux-x86_64/sysroot -I /host/spi-builder-workspace/.build/out/Products/Debug-android-aarch64 -module-cache-path /host/spi-builder-workspace/.build/out/ModuleCache.noindex -color-diagnostics -Xcc -fcolor-diagnostics -enable-testing -g -debug-info-format\=dwarf -dwarf-version\=4 -swift-version 5 -Onone -D SWIFT_PACKAGE -D DEBUG -D SWIFT_MODULE_RESOURCE_BUNDLE_UNAVAILABLE -D Xcode -serialize-debugging-options -enable-experimental-feature DebugDescriptionMacro -empty-abi-descriptor -external-plugin-path /root/.local/share/swiftly/toolchains/6.4.x-snapshot-2026-09-04/usr/lib/swift/host/plugins/testing\#/root/.local/share/swiftly/toolchains/6.4.x-snapshot-2026-09-04/usr/bin/swift-plugin-server -validate-clang-modules-once -clang-build-session-file /host/spi-builder-workspace/.build/out/ModuleCache.noindex/Session.modulevalidation -Xcc -working-directory -Xcc /host -resource-dir /root/.swiftpm/swift-sdks/swift-6.4.x-DEVELOPMENT-SNAPSHOT-2026-09-04-a_android.artifactbundle/swift-android/swift-resources/usr/lib/swift-aarch64 -enable-anonymous-context-mangled-names -file-compilation-dir /host -Xcc -resource-dir -Xcc /android-ndk/android-ndk-r27d/toolchains/llvm/prebuilt/linux-x86_64/lib/clang/18 -Xcc -fmodule-map-file\=/host/spi-builder-workspace/products/libllbuild/include/module.modulemap -Xcc -fmodule-map-file\=/host/spi-builder-workspace/.build/out/Intermediates.noindex/GeneratedModuleMaps-android-aarch64/llbuildNinja.modulemap -Xcc -fmodule-map-file\=/host/spi-builder-workspace/.build/out/Intermediates.noindex/GeneratedModuleMaps-android-aarch64/llbuildBuildSystem.modulemap -Xcc -fmodule-map-file\=/host/spi-builder-workspace/.build/out/Intermediates.noindex/GeneratedModuleMaps-android-aarch64/llbuildCore.modulemap -Xcc -fmodule-map-file\=/host/spi-builder-workspace/.build/out/Intermediates.noindex/GeneratedModuleMaps-android-aarch64/llbuildBasic.modulemap -Xcc -fmodule-map-file\=/host/spi-builder-workspace/.build/out/Intermediates.noindex/GeneratedModuleMaps-android-aarch64/llvmSupport.modulemap -Xcc -fmodule-map-file\=/host/spi-builder-workspace/.build/out/Intermediates.noindex/GeneratedModuleMaps-android-aarch64/llvmDemangle.modulemap -Xcc -fno-omit-frame-pointer -Xcc -D_LIBCPP_HARDENING_MODE\=_LIBCPP_HARDENING_MODE_DEBUG -Xcc -fmodules-prune-interval\=86400 -Xcc -fmodules-prune-after\=345600 -Xcc -I/host/spi-builder-workspace/products/libllbuild/include -Xcc -I/host/spi-builder-workspace/lib/Ninja/include -Xcc -I/host/spi-builder-workspace/lib/BuildSystem/include -Xcc -I/host/spi-builder-workspace/lib/Core/include -Xcc -I/host/spi-builder-workspace/lib/Basic/include -Xcc -I/host/spi-builder-workspace/lib/llvm/Support/include -Xcc -I/host/spi-builder-workspace/lib/llvm/Demangle/include -Xcc -I/host/spi-builder-workspace/.build/out/Products/Debug-android-aarch64/include -Xcc -I/host/spi-builder-workspace/.build/out/Intermediates.noindex/llbuild.build/Debug-android-aarch64/llbuildSwift-t.build/DerivedSources-normal/aarch64 -Xcc -I/host/spi-builder-workspace/.build/out/Intermediates.noindex/llbuild.build/Debug-android-aarch64/llbuildSwift-t.build/DerivedSources/aarch64 -Xcc -I/host/spi-builder-workspace/.build/out/Intermediates.noindex/llbuild.build/Debug-android-aarch64/llbuildSwift-t.build/DerivedSources -Xcc -DSWIFT_PACKAGE -Xcc -DDEBUG\=1 -no-auto-bridging-header-chaining -module-name llbuildSwift -const-gather-protocols-file /host/spi-builder-workspace/.build/out/Intermediates.noindex/llbuild.build/Debug-android-aarch64/llbuildSwift-t.build/Objects-normal/aarch64/llbuildSwift_const_extract_protocols.json -in-process-plugin-server-path /root/.local/share/swiftly/toolchains/6.4.x-snapshot-2026-09-04/usr/lib/swift/host/libSwiftInProcPluginServer.so -plugin-path /root/.local/share/swiftly/toolchains/6.4.x-snapshot-2026-09-04/usr/lib/swift/host/plugins -plugin-path /root/.local/share/swiftly/toolchains/6.4.x-snapshot-2026-09-04/usr/local/lib/swift/host/plugins -emit-module-doc-path /host/spi-builder-workspace/.build/out/Intermediates.noindex/llbuild.build/Debug-android-aarch64/llbuildSwift-t.build/Objects-normal/aarch64/Modules/llbuildSwift.swiftdoc -emit-module-source-info-path /host/spi-builder-workspace/.build/out/Intermediates.noindex/llbuild.build/Debug-android-aarch64/llbuildSwift-t.build/Objects-normal/aarch64/Modules/llbuildSwift.swiftsourceinfo -emit-objc-header-path /host/spi-builder-workspace/.build/out/Intermediates.noindex/llbuild.build/Debug-android-aarch64/llbuildSwift-t.build/Objects-normal/aarch64/llbuildSwift-Swift.h -serialize-diagnostics-path /host/spi-builder-workspace/.build/out/Intermediates.noindex/llbuild.build/Debug-android-aarch64/llbuildSwift-t.build/Objects-normal/aarch64/llbuildSwift-primary-emit-module.dia -emit-dependencies-path /host/spi-builder-workspace/.build/out/Intermediates.noindex/llbuild.build/Debug-android-aarch64/llbuildSwift-t.build/Objects-normal/aarch64/llbuildSwift-primary-emit-module.d -parse-as-library -o /host/spi-builder-workspace/.build/out/Intermediates.noindex/llbuild.build/Debug-android-aarch64/llbuildSwift-t.build/Objects-normal/aarch64/Modules/llbuildSwift.swiftmodule
[139 / 217] llbuildSwift
error: Build failed
BUILD FAILURE 6.4 android