Build Information
Failed to build GoogleCloudStorageInsightsV1, reference main (941eec), with Swift 6.2 for Android on 11 Oct 2026 15:43:07 UTC.
Build Command
bash -c docker run --pull=always --rm -v "checkouts-53886768-2":/host -w "$PWD" -e JAVA_HOME="/root/.sdkman/candidates/java/current" -e SPI_BUILD="1" -e SPI_PROCESSING="1" registry.gitlab.com/saguaro1/spi-images:android-6.2-latest swift build --swift-sdk aarch64-unknown-linux-android28 2>&1Build Log
========================================
RunAll
========================================
Builder version: 5.1.1
Interrupt handler set up.
========================================
Checkout
========================================
Clone URL: https://github.com/googleapis/swift-google-cloud-storageinsights-v1.git
Reference: main
Initialized empty Git repository in /host/spi-builder-workspace/.git/
hint: Using 'master' as the name for the initial branch. This default branch name
hint: is subject to change. To configure the initial branch name to use in all
hint: of your new repositories, which will suppress this warning, call:
hint:
hint: git config --global init.defaultBranch <name>
hint:
hint: Names commonly chosen instead of 'master' are 'main', 'trunk' and
hint: 'development'. The just-created branch can be renamed via this command:
hint:
hint: git branch -m <name>
From https://github.com/googleapis/swift-google-cloud-storageinsights-v1
* branch main -> FETCH_HEAD
* [new branch] main -> origin/main
HEAD is now at 941eec8 chore: release circa 2026-10-07 (#1382)
Cloned https://github.com/googleapis/swift-google-cloud-storageinsights-v1.git
Revision (git rev-parse @):
941eec8daed239bde39d38879004c16c0437ae50
SPI manifest file found: $PWD/.spi.yml
SUCCESS checkout https://github.com/googleapis/swift-google-cloud-storageinsights-v1.git at main
========================================
Build
========================================
Selected platform: android
Swift version: 6.2
Building package at path: $PWD
https://github.com/googleapis/swift-google-cloud-storageinsights-v1.git
Running build ...
bash -c docker run --pull=always --rm -v "checkouts-53886768-2":/host -w "$PWD" -e JAVA_HOME="/root/.sdkman/candidates/java/current" -e SPI_BUILD="1" -e SPI_PROCESSING="1" registry.gitlab.com/saguaro1/spi-images:android-6.2-latest swift build --swift-sdk aarch64-unknown-linux-android28 2>&1
android-6.2-latest: Pulling from saguaro1/spi-images
Digest: sha256:a839c9ce201f1dacc8eb056626ec7ab0a1c6d53d7b77c83feda395f4507c51be
Status: Image is up to date for registry.gitlab.com/saguaro1/spi-images:android-6.2-latest
Fetching https://github.com/googleapis/swift-google-rpc
Fetching https://github.com/googleapis/swift-google-longrunning
Fetching https://github.com/googleapis/swift-google-type
Fetching https://github.com/apple/swift-log
Fetching https://github.com/googleapis/swift-google-wkt
Fetching https://github.com/googleapis/swift-google-gax
[1/437] Fetching swift-google-type
[50/859] Fetching swift-google-type, swift-google-rpc
[335/1882] Fetching swift-google-type, swift-google-rpc, swift-google-wkt
[614/3630] Fetching swift-google-type, swift-google-rpc, swift-google-wkt, swift-google-gax
[750/11887] Fetching swift-google-type, swift-google-rpc, swift-google-wkt, swift-google-gax, swift-log
[751/12506] Fetching swift-google-type, swift-google-rpc, swift-google-wkt, swift-google-gax, swift-log, swift-google-longrunning
Fetched https://github.com/googleapis/swift-google-rpc from cache (0.43s)
Fetched https://github.com/googleapis/swift-google-type from cache (0.43s)
Fetching https://github.com/googleapis/swift-google-cloud-location
Fetching https://github.com/googleapis/swift-google-auth
[2929/11647] Fetching swift-google-wkt, swift-google-gax, swift-log, swift-google-longrunning
Fetched https://github.com/googleapis/swift-google-gax from cache (0.47s)
Fetched https://github.com/googleapis/swift-google-longrunning from cache (0.47s)
[2427/9280] Fetching swift-google-wkt, swift-log
Fetched https://github.com/googleapis/swift-google-wkt from cache (0.72s)
Fetched https://github.com/apple/swift-log from cache (0.72s)
[1/552] Fetching swift-google-cloud-location
[553/1575] Fetching swift-google-cloud-location, swift-google-auth
Fetched https://github.com/googleapis/swift-google-cloud-location from cache (0.42s)
Fetched https://github.com/googleapis/swift-google-auth from cache (0.42s)
Computing version for https://github.com/googleapis/swift-google-wkt
Computed https://github.com/googleapis/swift-google-wkt at 0.5.0 (1.00s)
Fetching https://github.com/swift-extras/swift-extras-base64
[1/954] Fetching swift-extras-base64
Fetched https://github.com/swift-extras/swift-extras-base64 from cache (0.41s)
Computing version for https://github.com/googleapis/swift-google-type
Computed https://github.com/googleapis/swift-google-type at 0.5.0 (0.58s)
Computing version for https://github.com/googleapis/swift-google-rpc
Computed https://github.com/googleapis/swift-google-rpc at 0.5.0 (0.16s)
Computing version for https://github.com/googleapis/swift-google-longrunning
Computed https://github.com/googleapis/swift-google-longrunning at 0.5.0 (0.16s)
Computing version for https://github.com/googleapis/swift-google-gax
Computed https://github.com/googleapis/swift-google-gax at 0.5.0 (0.17s)
Fetching https://github.com/swift-server/async-http-client.git
Fetching https://github.com/apple/swift-nio
[1/16464] Fetching async-http-client
[825/102838] Fetching async-http-client, swift-nio
Fetched https://github.com/swift-server/async-http-client.git from cache (3.28s)
Fetched https://github.com/apple/swift-nio from cache (3.31s)
Computing version for https://github.com/googleapis/swift-google-cloud-location
Computed https://github.com/googleapis/swift-google-cloud-location at 0.5.0 (3.47s)
Computing version for https://github.com/googleapis/swift-google-auth
Computed https://github.com/googleapis/swift-google-auth at 0.5.0 (0.16s)
Fetching https://github.com/vapor/jwt-kit.git
Fetching https://github.com/apple/swift-system.git
[1/7241] Fetching swift-system
[2101/17495] Fetching swift-system, jwt-kit
Fetched https://github.com/apple/swift-system.git from cache (0.96s)
Fetched https://github.com/vapor/jwt-kit.git from cache (0.96s)
Computing version for https://github.com/swift-extras/swift-extras-base64
Computed https://github.com/swift-extras/swift-extras-base64 at 1.2.0 (1.11s)
Computing version for https://github.com/swift-server/async-http-client.git
Computed https://github.com/swift-server/async-http-client.git at 1.36.2 (0.17s)
Fetching https://github.com/apple/swift-algorithms.git
Fetching https://github.com/apple/swift-service-context.git
Fetching https://github.com/apple/swift-nio-ssl.git
Fetching https://github.com/apple/swift-nio-http2.git
Fetching https://github.com/apple/swift-configuration.git
Fetching https://github.com/apple/swift-distributed-tracing.git
[1/1501] Fetching swift-service-context
[17/5429] Fetching swift-service-context, swift-configuration
[778/11980] Fetching swift-service-context, swift-configuration, swift-distributed-tracing
[1736/28851] Fetching swift-service-context, swift-configuration, swift-distributed-tracing, swift-nio-ssl
[1855/35015] Fetching swift-service-context, swift-configuration, swift-distributed-tracing, swift-nio-ssl, swift-algorithms
[14609/47309] Fetching swift-service-context, swift-configuration, swift-distributed-tracing, swift-nio-ssl, swift-algorithms, swift-nio-http2
Fetched https://github.com/apple/swift-algorithms.git from cache (0.53s)
Fetching https://github.com/apple/swift-nio-transport-services.git
[15789/41145] Fetching swift-service-context, swift-configuration, swift-distributed-tracing, swift-nio-ssl, swift-nio-http2
Fetched https://github.com/apple/swift-distributed-tracing.git from cache (0.54s)
Fetching https://github.com/apple/swift-nio-extras.git
[9361/34594] Fetching swift-service-context, swift-configuration, swift-nio-ssl, swift-nio-http2
[34595/37461] Fetching swift-service-context, swift-configuration, swift-nio-ssl, swift-nio-http2, swift-nio-transport-services
[34653/44164] Fetching swift-service-context, swift-configuration, swift-nio-ssl, swift-nio-http2, swift-nio-transport-services, swift-nio-extras
Fetched https://github.com/apple/swift-nio-extras.git from cache (0.55s)
[37089/37461] Fetching swift-service-context, swift-configuration, swift-nio-ssl, swift-nio-http2, swift-nio-transport-services
Fetching https://github.com/apple/swift-atomics.git
Fetched https://github.com/apple/swift-nio-transport-services.git from cache (0.59s)
Fetched https://github.com/apple/swift-service-context.git from cache (1.23s)
Fetched https://github.com/apple/swift-configuration.git from cache (1.23s)
Fetched https://github.com/apple/swift-nio-http2.git from cache (1.24s)
Fetched https://github.com/apple/swift-nio-ssl.git from cache (1.24s)
[1/1889] Fetching swift-atomics
Fetched https://github.com/apple/swift-atomics.git from cache (0.56s)
Computing version for https://github.com/apple/swift-service-context.git
Computed https://github.com/apple/swift-service-context.git at 1.3.0 (1.80s)
Computing version for https://github.com/apple/swift-algorithms.git
Computed https://github.com/apple/swift-algorithms.git at 1.2.1 (0.96s)
Fetching https://github.com/apple/swift-numerics.git
[1/6733] Fetching swift-numerics
Fetched https://github.com/apple/swift-numerics.git from cache (0.59s)
Computing version for https://github.com/apple/swift-log
Computed https://github.com/apple/swift-log at 1.16.1 (0.74s)
Computing version for https://github.com/apple/swift-distributed-tracing.git
Computed https://github.com/apple/swift-distributed-tracing.git at 1.5.0 (0.14s)
Computing version for https://github.com/apple/swift-atomics.git
Computed https://github.com/apple/swift-atomics.git at 1.3.1 (0.14s)
Computing version for https://github.com/apple/swift-numerics.git
Computed https://github.com/apple/swift-numerics.git at 1.1.1 (0.14s)
Computing version for https://github.com/apple/swift-nio
Computed https://github.com/apple/swift-nio at 2.104.0 (0.35s)
Fetching https://github.com/apple/swift-collections.git
[1/28703] Fetching swift-collections
Fetched https://github.com/apple/swift-collections.git from cache (1.24s)
Computing version for https://github.com/apple/swift-configuration.git
Computed https://github.com/apple/swift-configuration.git at 1.2.2 (2.04s)
Fetching https://github.com/swift-server/swift-service-lifecycle
[1/2867] Fetching swift-service-lifecycle
Fetched https://github.com/swift-server/swift-service-lifecycle from cache (0.48s)
Computing version for https://github.com/apple/swift-nio-transport-services.git
Computed https://github.com/apple/swift-nio-transport-services.git at 1.28.0 (0.64s)
Computing version for https://github.com/swift-server/swift-service-lifecycle
Computed https://github.com/swift-server/swift-service-lifecycle at 2.12.1 (0.15s)
Fetching https://github.com/apple/swift-async-algorithms.git
[1/6820] Fetching swift-async-algorithms
Fetched https://github.com/apple/swift-async-algorithms.git from cache (0.56s)
Computing version for https://github.com/apple/swift-async-algorithms.git
Computed https://github.com/apple/swift-async-algorithms.git at 1.1.7 (0.76s)
Computing version for https://github.com/apple/swift-collections.git
Computed https://github.com/apple/swift-collections.git at 1.7.2 (0.24s)
Computing version for https://github.com/apple/swift-nio-http2.git
Computed https://github.com/apple/swift-nio-http2.git at 1.46.0 (0.15s)
Computing version for https://github.com/vapor/jwt-kit.git
Computed https://github.com/vapor/jwt-kit.git at 5.7.1 (0.14s)
Fetching https://github.com/apple/swift-crypto.git
Fetching https://github.com/apple/swift-certificates.git
[1/18629] Fetching swift-crypto
[747/26242] Fetching swift-crypto, swift-certificates
Fetched https://github.com/apple/swift-certificates.git from cache (0.60s)
[2236/18629] Fetching swift-crypto
Fetched https://github.com/apple/swift-crypto.git from cache (1.22s)
Computing version for https://github.com/apple/swift-crypto.git
Computed https://github.com/apple/swift-crypto.git at 4.5.2 (1.83s)
Fetching https://github.com/apple/swift-asn1.git
[1/2009] Fetching swift-asn1
Fetched https://github.com/apple/swift-asn1.git from cache (1.51s)
Computing version for https://github.com/apple/swift-asn1.git
Computed https://github.com/apple/swift-asn1.git at 1.7.3 (1.72s)
Computing version for https://github.com/apple/swift-certificates.git
Computed https://github.com/apple/swift-certificates.git at 1.21.0 (0.21s)
Computing version for https://github.com/apple/swift-nio-ssl.git
Computed https://github.com/apple/swift-nio-ssl.git at 2.37.5 (0.23s)
Computing version for https://github.com/apple/swift-system.git
Computed https://github.com/apple/swift-system.git at 1.8.1 (0.24s)
Computing version for https://github.com/apple/swift-nio-extras.git
Computed https://github.com/apple/swift-nio-extras.git at 1.35.1 (0.27s)
Fetching https://github.com/apple/swift-http-structured-headers.git
Fetching https://github.com/apple/swift-http-types.git
[1/1253] Fetching swift-http-structured-headers
[14/3192] Fetching swift-http-structured-headers, swift-http-types
Fetched https://github.com/apple/swift-http-structured-headers.git from cache (0.41s)
Fetched https://github.com/apple/swift-http-types.git from cache (0.41s)
Computing version for https://github.com/apple/swift-http-structured-headers.git
Computed https://github.com/apple/swift-http-structured-headers.git at 1.7.0 (0.60s)
Computing version for https://github.com/apple/swift-http-types.git
Computed https://github.com/apple/swift-http-types.git at 1.8.0 (0.17s)
Creating working copy for https://github.com/apple/swift-asn1.git
Working copy of https://github.com/apple/swift-asn1.git resolved at 1.7.3
Creating working copy for https://github.com/googleapis/swift-google-longrunning
Working copy of https://github.com/googleapis/swift-google-longrunning resolved at 0.5.0
Creating working copy for https://github.com/apple/swift-certificates.git
Working copy of https://github.com/apple/swift-certificates.git resolved at 1.21.0
Creating working copy for https://github.com/apple/swift-log
Working copy of https://github.com/apple/swift-log resolved at 1.16.1
Creating working copy for https://github.com/apple/swift-nio-http2.git
Working copy of https://github.com/apple/swift-nio-http2.git resolved at 1.46.0
Creating working copy for https://github.com/apple/swift-crypto.git
Working copy of https://github.com/apple/swift-crypto.git resolved at 4.5.2
Creating working copy for https://github.com/swift-extras/swift-extras-base64
Working copy of https://github.com/swift-extras/swift-extras-base64 resolved at 1.2.0
Creating working copy for https://github.com/apple/swift-nio-ssl.git
Working copy of https://github.com/apple/swift-nio-ssl.git resolved at 2.37.5
Creating working copy for https://github.com/apple/swift-system.git
Working copy of https://github.com/apple/swift-system.git resolved at 1.8.1
Creating working copy for https://github.com/googleapis/swift-google-cloud-location
Working copy of https://github.com/googleapis/swift-google-cloud-location resolved at 0.5.0
Creating working copy for https://github.com/apple/swift-collections.git
Working copy of https://github.com/apple/swift-collections.git resolved at 1.7.2
Creating working copy for https://github.com/apple/swift-nio-extras.git
Working copy of https://github.com/apple/swift-nio-extras.git resolved at 1.35.1
Creating working copy for https://github.com/googleapis/swift-google-type
Working copy of https://github.com/googleapis/swift-google-type resolved at 0.5.0
Creating working copy for https://github.com/apple/swift-nio-transport-services.git
Working copy of https://github.com/apple/swift-nio-transport-services.git resolved at 1.28.0
Creating working copy for https://github.com/apple/swift-numerics.git
Working copy of https://github.com/apple/swift-numerics.git resolved at 1.1.1
Creating working copy for https://github.com/googleapis/swift-google-rpc
Working copy of https://github.com/googleapis/swift-google-rpc resolved at 0.5.0
Creating working copy for https://github.com/apple/swift-http-structured-headers.git
Working copy of https://github.com/apple/swift-http-structured-headers.git resolved at 1.7.0
Creating working copy for https://github.com/googleapis/swift-google-wkt
Working copy of https://github.com/googleapis/swift-google-wkt resolved at 0.5.0
Creating working copy for https://github.com/googleapis/swift-google-gax
Working copy of https://github.com/googleapis/swift-google-gax resolved at 0.5.0
Creating working copy for https://github.com/apple/swift-async-algorithms.git
Working copy of https://github.com/apple/swift-async-algorithms.git resolved at 1.1.7
Creating working copy for https://github.com/swift-server/async-http-client.git
Working copy of https://github.com/swift-server/async-http-client.git resolved at 1.36.2
Creating working copy for https://github.com/apple/swift-algorithms.git
Working copy of https://github.com/apple/swift-algorithms.git resolved at 1.2.1
Creating working copy for https://github.com/apple/swift-distributed-tracing.git
Working copy of https://github.com/apple/swift-distributed-tracing.git resolved at 1.5.0
Creating working copy for https://github.com/apple/swift-http-types.git
Working copy of https://github.com/apple/swift-http-types.git resolved at 1.8.0
Creating working copy for https://github.com/vapor/jwt-kit.git
Working copy of https://github.com/vapor/jwt-kit.git resolved at 5.7.1
Creating working copy for https://github.com/apple/swift-atomics.git
Working copy of https://github.com/apple/swift-atomics.git resolved at 1.3.1
Creating working copy for https://github.com/apple/swift-configuration.git
Working copy of https://github.com/apple/swift-configuration.git resolved at 1.2.2
Creating working copy for https://github.com/googleapis/swift-google-auth
Working copy of https://github.com/googleapis/swift-google-auth resolved at 0.5.0
Creating working copy for https://github.com/apple/swift-service-context.git
Working copy of https://github.com/apple/swift-service-context.git resolved at 1.3.0
Creating working copy for https://github.com/apple/swift-nio
Working copy of https://github.com/apple/swift-nio resolved at 2.104.0
Creating working copy for https://github.com/swift-server/swift-service-lifecycle
Working copy of https://github.com/swift-server/swift-service-lifecycle resolved at 2.12.1
Building for debugging...
[0/972] Write sources
[29/972] Compiling cpu_arm_linux.cc
[30/972] Compiling crypto.cc
[30/972] Compiling cpu_arm_freebsd.cc
[30/972] Write sources
[66/972] Compiling _NumericsShims _NumericsShims.c
[67/972] Write swift-version--11D90AFD9DD3AB2.txt
[68/972] Compiling cpu_intel.cc
[69/972] Compiling CXKCPShims shims.c
[70/972] Compiling _AtomicsShims.c
[71/972] Compiling cpu_aarch64_openbsd.cc
[72/972] Compiling cpu_aarch64_win.cc
[72/972] Compiling SimpleFIPS202.c
[74/972] Compiling KeccakSponge.c
[75/974] Compiling cpu_aarch64_sysreg.cc
[77/1050] Emitting module _NIOBase64
[78/1050] Emitting module InternalCollectionsUtilities
[79/1053] Compiling InternalCollectionsUtilities UnsafeMutablePointer+Extras.swift
[80/1053] Compiling InternalCollectionsUtilities UnsafeMutableRawBufferPointer+Extras.swift
[81/1053] Compiling InternalCollectionsUtilities UnsafePointer+Extras.swift
[82/1053] Compiling Logging LoggingSystem.swift
[83/1054] Compiling RealModule Float16+Real.swift
[84/1054] Compiling InternalCollectionsUtilities Iterable+CopyContents.swift
[85/1054] Compiling InternalCollectionsUtilities Iterable+Equality.swift
[86/1054] Compiling InternalCollectionsUtilities LifetimeOverride.swift
[87/1054] Compiling InternalCollectionsUtilities MutableRef.swift
[88/1054] Compiling InternalCollectionsUtilities UnsafeRawBufferPointer+Extras.swift
[89/1054] Compiling InternalCollectionsUtilities _SortedCollection.swift
[90/1054] Compiling InternalCollectionsUtilities _UniqueCollection.swift
[91/1054] Compiling InternalCollectionsUtilities FixedWidthInteger+roundUpToPowerOfTwo.swift
[92/1054] Compiling InternalCollectionsUtilities Integer rank.swift
[93/1054] Compiling InternalCollectionsUtilities UInt+first and last set bit.swift
[94/1054] Compiling InternalCollectionsUtilities UInt+reversed.swift
[95/1055] Compiling InternalCollectionsUtilities _UnsafeBitSet+_Word.swift
[96/1055] Compiling InternalCollectionsUtilities _UnsafeBitSet.swift
[97/1055] Compiling InternalCollectionsUtilities UnsafeBufferPointer+Extras.swift
[98/1055] Compiling InternalCollectionsUtilities UnsafeMutableBufferPointer+Extras.swift
[99/1055] Compiling Logging Logger+With.swift
[100/1055] Compiling InternalCollectionsUtilities BorrowingIteratorProtocol+Equality.swift
[101/1055] Compiling InternalCollectionsUtilities BorrowingIteratorProtocol+Extras.swift
[102/1055] Compiling InternalCollectionsUtilities Debugging.swift
[103/1055] Compiling InternalCollectionsUtilities Descriptions.swift
[104/1055] Compiling InternalCollectionsUtilities MutableSpan+Extras.swift
[105/1055] Compiling InternalCollectionsUtilities OutputSpan+Extras.swift
[106/1055] Compiling InternalCollectionsUtilities RandomAccessCollection+Offsets.swift
[107/1055] Compiling InternalCollectionsUtilities Span+Extras.swift
[108/1055] Compiling RealModule RealFunctions.swift
[109/1055] Compiling InternalCollectionsUtilities Strideable+LimitHelpers.swift
[110/1055] Compiling InternalCollectionsUtilities String+Padding.swift
[111/1055] Compiling InternalCollectionsUtilities TemporaryAllocation.swift
[112/1055] Compiling InternalCollectionsUtilities _UnsafeBitSet+Index.swift
[113/1056] Compiling _NIODataStructures _TinyArray.swift
[114/1056] Compiling _NIODataStructures PriorityQueue.swift
[115/1056] Emitting module _NIODataStructures
[118/1056] Compiling _NIOBase64 Base64.swift
[122/1057] Compiling Logging Logger+Attributes.swift
[123/1057] Compiling RealModule Real.swift
[124/1057] Compiling RealModule RelaxedArithmetic.swift
[127/1057] Emitting module RealModule
[128/1057] Compiling RealModule Float80+Real.swift
[132/1058] Emitting module ServiceContextModule
[133/1058] Compiling ServiceContextModule ServiceContext.swift
[134/1058] Compiling ServiceContextModule ServiceContextKey.swift
[137/1064] Compiling _NIODataStructures Heap.swift
[137/1065] Wrapping AST for _NIOBase64 for debugging
[139/1075] Wrapping AST for RealModule for debugging
[141/1075] Compiling _CertificateInternals _TinyArray.swift
[142/1075] Emitting module _CertificateInternals
[143/1075] Compiling SpanPreview OutputSpan+InputSpanHelpers.swift
[143/1075] Wrapping AST for _NIODataStructures for debugging
[145/1076] Compiling SpanPreview MutableSpan+InputSpanHelpers.swift
[146/1076] Emitting module SpanPreview
[147/1076] Compiling SpanPreview InputSpan.swift
[147/1077] Wrapping AST for ServiceContextModule for debugging
[149/1077] Wrapping AST for InternalCollectionsUtilities for debugging
[152/1077] Compiling Logging Logger.swift
[152/1077] Compiling KeccakHash.c
[154/1077] Compiling Instrumentation NoOpInstrument.swift
[154/1077] Compiling CNIOWindows shim.c
[155/1077] Compiling CSystem shims.c
[156/1077] Wrapping AST for _CertificateInternals for debugging
[160/1079] Compiling Instrumentation MultiplexInstrument.swift
[160/1079] Wrapping AST for SpanPreview for debugging
[161/1079] Compiling CNIOWindows WSAStartup.c
[162/1135] Compiling CNIOWASI CNIOWASI.c
[163/1158] Compiling CNIOPosix event_loop_id.c
[165/1158] Compiling SystemPackage FilePathComponentView.swift
[166/1158] Compiling SystemPackage FilePathComponents.swift
[167/1158] Compiling SystemPackage FilePathParsing.swift
[167/1158] Compiling CNIOOpenBSD shim.c
[168/1158] Compiling CNIOLinux shim.c
[169/1158] Compiling CNIOLinux liburing_shims.c
[170/1158] Compiling KeccakP-1600-opt64.c
[172/1158] Compiling SystemPackage FileHelpers.swift
[173/1158] Compiling SystemPackage FileOperations.swift
[174/1158] Compiling SystemPackage ErrnoWindows.swift
[175/1158] Compiling SystemPackage FileDescriptor.swift
[175/1158] Compiling CNIOLLHTTP c_nio_http.c
[177/1158] Compiling SystemPackage FilePathString.swift
[178/1158] Compiling SystemPackage FilePathSyntax.swift
[179/1158] Compiling SystemPackage Errno.swift
[180/1158] Compiling DequeModule UniqueDeque+Initializers.swift
[181/1158] Compiling DequeModule UniqueDeque+Insertions.swift
[182/1158] Compiling DequeModule UniqueDeque+Iterable.swift
[183/1158] Compiling DequeModule UniqueDeque+Prepend.swift
[184/1158] Compiling DequeModule UniqueDeque+Removals.swift
[184/1158] Compiling CNIOLLHTTP c_nio_api.c
[186/1158] Compiling SystemPackage RawIORequest.swift
[187/1158] Compiling SystemPackage RawBuffer.swift
[188/1158] Compiling SystemPackage Syscalls.swift
[189/1158] Compiling SystemPackage WindowsSyscallAdapters.swift
[190/1158] Compiling SystemPackage MachPort.swift
[191/1158] Compiling SystemPackage PlatformString.swift
[191/1163] Compiling CNIOFreeBSD shim.c
[192/1163] Compiling CNIOLLHTTP c_nio_llhttp.c
[193/1163] Compiling CNIOExtrasZlib zutil.c
[194/1163] Compiling CNIOExtrasZlib inftrees.c
[195/1163] Compiling CNIOExtrasZlib trees.c
[197/1163] Compiling SystemPackage Exports.swift
[198/1163] Compiling SystemPackage Mocking.swift
[199/1163] Compiling SystemPackage IOCompletion.swift
[200/1163] Compiling SystemPackage IORequest.swift
[201/1163] Compiling SystemPackage IORing+Util.swift
[202/1163] Compiling SystemPackage IORing.swift
[203/1163] Compiling SystemPackage FilePathTempPosix.swift
[204/1163] Compiling SystemPackage FilePathTempWindows.swift
[205/1163] Compiling SystemPackage FilePathWindows.swift
[206/1163] Compiling SystemPackage FilePermissions.swift
[207/1163] Compiling SystemPackage FileFlags.swift
[208/1163] Compiling SystemPackage FileMode.swift
[209/1163] Compiling SystemPackage FileType.swift
[210/1163] Compiling SystemPackage Identifiers.swift
[211/1163] Compiling SystemPackage Stat.swift
[212/1163] Compiling SystemPackage Backcompat.swift
[213/1163] Compiling SystemPackage CInterop.swift
[214/1163] Compiling SystemPackage Constants.swift
[214/1163] Compiling CNIOExtrasZlib inffast.c
[215/1163] Compiling CNIOExtrasZlib inflate.c
[216/1163] Compiling CNIOExtrasZlib crc32.c
[219/1163] Compiling CNIOExtrasZlib adler32.c
[220/1163] Compiling CNIOExtrasZlib deflate.c
[221/1163] Compiling CNIODarwin shim.c
[222/1163] Compiling fiat_p256_adx_sqr.S
[223/1163] Compiling fiat_p256_adx_mul.S
[224/1163] Compiling fiat_curve25519_adx_square.S
[225/1163] Compiling fiat_curve25519_adx_mul.S
[226/1163] Compiling CNIOBoringSSLShims shims.c
[228/1163] Emitting module SwiftASN1
[239/1163] Compiling SystemPackage FilePath.swift
[240/1163] Compiling SystemPackage FilePathTemp.swift
[243/1163] Emitting module SystemPackage
[251/1168] Emitting module Logging
[252/1168] Compiling Logging MetadataProvider.swift
[253/1168] Compiling Instrumentation Locks.swift
[264/1169] Compiling Instrumentation InstrumentationSystem.swift
[265/1169] Compiling Instrumentation Instrument.swift
[266/1169] Emitting module Instrumentation
[283/1179] Wrapping AST for SwiftASN1 for debugging
[284/1179] Wrapping AST for Logging for debugging
[286/1179] Compiling Tracing InstrumentationSystem+Tracing.swift
[286/1180] Wrapping AST for Instrumentation for debugging
[288/1180] Compiling Tracing TracingTime.swift
[289/1180] Compiling Tracing WithTracer.swift
[290/1180] Compiling Tracing TracerProtocol.swift
[291/1180] Emitting module Tracing
[292/1180] Compiling Tracing Tracer.swift
[293/1180] Compiling Tracing TracerProtocol+Legacy.swift
[305/1180] Compiling Tracing NoOpTracer.swift
[306/1180] Compiling Tracing SpanProtocol.swift
[307/1181] Wrapping AST for Tracing for debugging
[309/1181] Compiling SystemPackage SystemString.swift
[310/1181] Compiling SystemPackage Util+StringArray.swift
[311/1181] Compiling SystemPackage Util.swift
[312/1181] Compiling SystemPackage UtilConsumers.swift
[313/1181] Compiling SystemPackage WinSDK+Overlay.swift
[314/1182] Compiling tls_record.cc
[315/1182] Wrapping AST for SystemPackage for debugging
[316/1182] Compiling tls_method.cc
[317/1182] Compiling tls13_server.cc
[318/1182] Compiling tls13_enc.cc
[320/1182] Emitting module DequeModule
[321/1182] Compiling DequeModule UniqueDeque+Replacements.swift
[322/1182] Compiling DequeModule UniqueDeque.swift
[323/1182] Compiling DequeModule _DequeSlot.swift
[324/1182] Compiling DequeModule _UnsafeDequeHandle.swift
[325/1182] Compiling DequeModule _UnsafeDequeSegments.swift
[326/1183] Compiling tls13_client.cc
[327/1183] Compiling tls13_both.cc
[328/1183] Compiling t1_enc.cc
[329/1183] Wrapping AST for DequeModule for debugging
[330/1226] Compiling ssl_x509.cc
[332/1226] Compiling Configuration Deprecations.swift
[333/1226] Compiling Configuration ExpressibleByConfigInt.swift
[334/1226] Compiling Configuration ExpressibleByConfigString.swift
[335/1226] Compiling Configuration CLIKeyEncoder.swift
[336/1226] Compiling Configuration ConfigKeyEncoder.swift
[337/1226] Compiling Configuration DotSeparatorKeyDecoder.swift
[338/1231] Emitting module Configuration
[338/1231] Compiling ssl_transcript.cc
[339/1231] Compiling ssl_versions.cc
[340/1231] Compiling ssl_stat.cc
[341/1231] Compiling ssl_session.cc
[342/1231] Compiling ssl_privkey.cc
[344/1231] Emitting module ExtrasBase64
[344/1231] Compiling ssl_key_share.cc
[346/1231] Compiling ExtrasBase64 Base32+Span.swift
[347/1231] Compiling ExtrasBase64 Base32.swift
[348/1231] Compiling ExtrasBase64 Base64+Span.swift
[349/1231] Compiling ExtrasBase64 Base64.swift
[350/1232] Compiling ssl_lib.cc
[351/1232] Compiling ssl_file.cc
[352/1263] Wrapping AST for ExtrasBase64 for debugging
[353/1263] Compiling ssl_credential.cc
[354/1263] Compiling ssl_cipher.cc
[355/1263] Compiling ssl_cert.cc
[356/1263] Compiling ssl_buffer.cc
[358/1263] Compiling GoogleWKT WKTTimestamp.swift
[359/1263] Compiling GoogleWKT WKTUInt32Value.swift
[360/1263] Compiling GoogleWKT WKTUInt64Value.swift
[361/1263] Compiling GoogleWKT UnknownFields.swift
[362/1263] Compiling GoogleWKT WKTAny.swift
[363/1263] Compiling GoogleWKT WKTAnyError.swift
[364/1263] Compiling Configuration CombineLatestManyStorage.swift
[365/1263] Compiling Configuration AsyncSequences.swift
[366/1263] Compiling Configuration FoundationExtensions.swift
[367/1263] Compiling Configuration Span.swift
[368/1263] Compiling Configuration ConfigBytesFromStringDecoder.swift
[369/1263] Compiling Configuration MutableInMemoryProvider.swift
[370/1263] Compiling Configuration ConfigProvider+Operators.swift
[371/1263] Compiling Configuration KeyMappingProvider.swift
[372/1263] Compiling Configuration SecretsSpecifier.swift
[373/1263] Compiling Configuration AsyncCombineLatestManySequence.swift
[374/1263] Compiling Configuration CombineLatestManyStateMachine.swift
[375/1263] Compiling Configuration EnvironmentKeyEncoder.swift
[376/1263] Compiling Configuration EnvironmentVariablesProvider.swift
[377/1263] Compiling Configuration CommonProviderFileSystem.swift
[378/1263] Compiling Configuration DirectoryFilesProvider.swift
[379/1263] Compiling Configuration FileProvider.swift
[380/1263] Compiling Configuration FileProviderSnapshot.swift
[381/1263] Compiling GoogleWKT WKTBoolValue.swift
[382/1263] Compiling GoogleWKT WKTBytesValue.swift
[383/1263] Compiling GoogleWKT WKTField.swift
[384/1263] Compiling GoogleWKT WKTMethod.swift
[385/1263] Compiling GoogleWKT WKTMixin.swift
[386/1263] Compiling GoogleWKT WKTOption.swift
[386/1263] Compiling ssl_asn1.cc
[388/1263] Compiling GoogleWKT WKTFloatValue.swift
[389/1263] Compiling GoogleWKT WKTInt32Value.swift
[390/1263] Compiling GoogleWKT WKTInt64Value.swift
[391/1263] Compiling GoogleWKT WKTRecursive.swift
[391/1267] Compiling ssl_aead_ctx.cc
[396/1267] Compiling s3_lib.cc
[398/1267] Compiling GoogleWKT WKTStringValue.swift
[407/1267] Compiling GoogleWKT WKTValue.swift
[408/1267] Compiling GoogleWKT WKTApi.swift
[409/1267] Compiling GoogleWKT WKTEnum.swift
[410/1267] Compiling GoogleWKT WKTEnumValue.swift
[411/1267] Compiling GoogleWKT WKTDoubleValue.swift
[412/1267] Compiling GoogleWKT WKTDuration.swift
[413/1267] Compiling GoogleWKT WKTEmpty.swift
[414/1267] Compiling GoogleWKT WKTFieldMask.swift
[415/1267] Compiling GoogleWKT WKTSourceContext.swift
[416/1267] Compiling GoogleWKT WKTSyntax.swift
[417/1267] Compiling GoogleWKT WKTType.swift
[418/1267] Compiling GoogleWKT PackageVersion.swift
[418/1267] Compiling handshake_server.cc
[419/1267] Compiling s3_pkt.cc
[427/1267] Compiling GoogleWKT AnyPackable.swift
[428/1267] Compiling GoogleWKT DecodeToDefault.swift
[429/1267] Compiling GoogleWKT DiscoveryBase64.swift
[430/1267] Compiling GoogleWKT ProtoJSONDecoder.swift
[431/1267] Compiling GoogleWKT ProtoJSONEncoder.swift
[433/1268] Compiling s3_both.cc
[435/1268] Emitting module GoogleWKT
[440/1269] Wrapping AST for Configuration for debugging
[442/1269] Compiling handshake_client.cc
[443/1287] Compiling handoff.cc
[444/1287] Compiling handshake.cc
[445/1287] Wrapping AST for GoogleWKT for debugging
[447/1302] Compiling GoogleRpc LocalizedMessage.swift
[448/1302] Compiling GoogleRpc PackageVersion.swift
[449/1302] Compiling GoogleRpc ResourceInfo.swift
[450/1302] Compiling GoogleRpc PreconditionFailure.swift
[450/1306] Compiling extensions.cc
[452/1306] Compiling GoogleRpc QuotaFailure.swift
[453/1306] Compiling GoogleRpc RetryInfo.swift
[455/1306] Compiling GoogleRpc RequestInfo.swift
[455/1306] Compiling encrypted_client_hello.cc
[457/1306] Compiling GoogleRpc Status.swift
[458/1306] Compiling GoogleType PhoneNumber.swift
[458/1306] Compiling dtls_record.cc
[460/1306] Compiling GoogleRpc HttpRequest.swift
[461/1306] Compiling GoogleRpc HttpResponse.swift
[462/1306] Compiling GoogleRpc HttpHeader.swift
[463/1306] Compiling GoogleRpc DebugInfo.swift
[464/1306] Compiling GoogleRpc ErrorInfo.swift
[465/1306] Compiling GoogleRpc Help.swift
[470/1306] Compiling d1_srtp.cc
[470/1306] Compiling dtls_method.cc
[472/1306] Compiling md5-x86_64-linux.S
[474/1306] Compiling GoogleRpc BadRequest.swift
[475/1306] Compiling GoogleRpc Code.swift
[477/1306] Emitting module GoogleRpc
[483/1306] Emitting module GoogleType
[483/1306] Compiling md5-x86_64-apple.S
[484/1306] Compiling md5-586-linux.S
[485/1306] Compiling md5-586-apple.S
[488/1306] Compiling chacha20_poly1305_x86_64-linux.S
[489/1306] Compiling chacha20_poly1305_x86_64-apple.S
[492/1306] Compiling chacha20_poly1305_armv8-win.S
[494/1306] Compiling GoogleType TimeOfDay.swift
[495/1306] Compiling GoogleType TimeZone.swift
[497/1308] Compiling chacha20_poly1305_armv8-linux.S
[498/1308] Compiling chacha20_poly1305_armv8-apple.S
[499/1308] Wrapping AST for GoogleRpc for debugging
[500/1308] Wrapping AST for GoogleType for debugging
[501/1308] Compiling chacha-x86_64-linux.S
[502/1308] Compiling chacha-x86_64-apple.S
[503/1308] Compiling chacha-x86-apple.S
[504/1308] Compiling chacha-x86-linux.S
[505/1308] Compiling chacha-armv8-win.S
[506/1308] Compiling chacha-armv8-apple.S
[507/1308] Compiling chacha-armv4-linux.S
[508/1308] Compiling chacha-armv8-linux.S
[509/1308] Compiling aes128gcmsiv-x86_64-linux.S
[510/1308] Compiling x86_64-mont5-linux.S
[511/1308] Compiling x86_64-mont-linux.S
[512/1308] Compiling aes128gcmsiv-x86_64-apple.S
[513/1308] Compiling x86_64-mont5-apple.S
[514/1308] Compiling err_data.cc
[515/1308] Compiling x86-mont-apple.S
[516/1308] Compiling x86_64-mont-apple.S
[516/1308] Compiling vpaes-x86_64-linux.S
[518/1308] Compiling x86-mont-linux.S
[519/1308] Compiling vpaes-armv8-win.S
[520/1308] Compiling vpaes-x86_64-apple.S
[521/1308] Compiling vpaes-armv8-linux.S
[522/1308] Compiling vpaes-x86-linux.S
[523/1308] Compiling vpaes-x86-apple.S
[524/1308] Compiling vpaes-armv7-linux.S
[525/1308] Compiling vpaes-armv8-apple.S
[526/1308] Compiling sha512-x86_64-linux.S
[527/1308] Compiling sha512-x86_64-apple.S
[528/1308] Compiling sha512-armv8-linux.S
[529/1308] Compiling sha512-armv8-win.S
[530/1308] Compiling sha512-armv4-linux.S
[531/1308] Compiling sha512-armv8-apple.S
[532/1308] Compiling sha512-586-linux.S
[533/1308] Compiling d1_pkt.cc
[534/1308] Compiling sha512-586-apple.S
[535/1308] Compiling sha256-x86_64-linux.S
[536/1308] Compiling bio_ssl.cc
[537/1308] Compiling sha256-x86_64-apple.S
[538/1308] Compiling sha256-armv8-win.S
[539/1308] Compiling sha256-armv8-apple.S
[540/1308] Compiling sha256-armv4-linux.S
[541/1308] Compiling sha256-armv8-linux.S
[542/1308] Compiling sha256-586-apple.S
[543/1308] Compiling sha256-586-linux.S
[544/1308] Compiling sha1-x86_64-linux.S
[545/1308] Compiling sha1-armv8-win.S
[546/1308] Compiling sha1-x86_64-apple.S
[547/1308] Compiling sha1-armv8-apple.S
[548/1308] Compiling sha1-armv4-large-linux.S
[549/1308] Compiling sha1-armv8-linux.S
[550/1308] Compiling sha1-586-linux.S
[551/1308] Compiling rsaz-avx2-linux.S
[552/1308] Compiling sha1-586-apple.S
[553/1308] Compiling rsaz-avx2-apple.S
[554/1308] Compiling rdrand-x86_64-linux.S
[555/1308] Compiling p256_beeu-x86_64-asm-linux.S
[556/1308] Compiling rdrand-x86_64-apple.S
[557/1308] Compiling p256_beeu-armv8-asm-win.S
[558/1308] Compiling p256_beeu-armv8-asm-linux.S
[559/1308] Compiling d1_lib.cc
[560/1308] Compiling p256_beeu-x86_64-asm-apple.S
[560/1308] Compiling p256_beeu-armv8-asm-apple.S
[562/1308] Compiling p256-x86_64-asm-apple.S
[562/1308] Compiling p256-armv8-asm-win.S
[564/1308] Compiling p256-x86_64-asm-linux.S
[565/1308] Compiling p256-armv8-asm-apple.S
[566/1308] Compiling ghashv8-armv8-apple.S
[566/1308] Compiling ghashv8-armv8-win.S
[568/1308] Compiling p256-armv8-asm-linux.S
[569/1308] Compiling ghashv8-armv8-linux.S
[570/1308] Compiling ghashv8-armv7-linux.S
[571/1308] Compiling ghash-x86_64-linux.S
[572/1308] Compiling ghash-x86_64-apple.S
[573/1308] Compiling ghash-x86-linux.S
[574/1308] Compiling ghash-x86-apple.S
[575/1308] Compiling ghash-ssse3-x86_64-linux.S
[576/1308] Compiling ghash-ssse3-x86_64-apple.S
[577/1308] Compiling ghash-neon-armv8-win.S
[578/1308] Compiling ghash-ssse3-x86-linux.S
[579/1308] Compiling ghash-ssse3-x86-apple.S
[580/1308] Compiling ghash-neon-armv8-apple.S
[581/1308] Compiling ghash-armv4-linux.S
[582/1308] Compiling co-586-linux.S
[583/1308] Compiling ghash-neon-armv8-linux.S
[584/1308] Compiling co-586-apple.S
[585/1308] Compiling bsaes-armv7-linux.S
[586/1308] Compiling bn-armv8-linux.S
[587/1308] Compiling bn-armv8-win.S
[588/1308] Compiling bn-armv8-apple.S
[589/1308] Compiling bn-586-linux.S
[590/1308] Compiling armv8-mont-win.S
[591/1308] Compiling bn-586-apple.S
[592/1308] Compiling armv8-mont-apple.S
[593/1308] Compiling armv8-mont-linux.S
[594/1308] Compiling armv4-mont-linux.S
[595/1308] Compiling aesv8-gcm-armv8-win.S
[596/1308] Compiling aesv8-gcm-armv8-linux.S
[597/1308] Compiling aesv8-armv8-win.S
[598/1308] Compiling aesv8-gcm-armv8-apple.S
[599/1308] Compiling aesv8-armv8-linux.S
[600/1308] Compiling aesv8-armv8-apple.S
[601/1308] Compiling aesv8-armv7-linux.S
[602/1308] Compiling aesni-x86_64-apple.S
[603/1308] Compiling aesni-x86-linux.S
[604/1308] Compiling aesni-x86-apple.S
[605/1308] Compiling aesni-x86_64-linux.S
[606/1308] Compiling aes-gcm-avx2-x86_64-linux.S
[607/1308] Compiling aesni-gcm-x86_64-linux.S
[608/1308] Compiling aesni-gcm-x86_64-apple.S
[609/1308] Compiling aes-gcm-avx10-x86_64-linux.S
[610/1308] Compiling aes-gcm-avx2-x86_64-apple.S
[611/1308] Compiling aes-gcm-avx10-x86_64-apple.S
[612/1308] Compiling d1_both.cc
[613/1308] Compiling x_val.cc
[614/1308] Compiling x_x509a.cc
[615/1308] Compiling x_spki.cc
[615/1308] Compiling x_sig.cc
[617/1308] Compiling x_x509.cc
[618/1308] Compiling x_req.cc
[619/1308] Compiling x_pubkey.cc
[620/1308] Compiling x_name.cc
[621/1308] Compiling x_exten.cc
[622/1308] Compiling x509rset.cc
[623/1308] Compiling x_crl.cc
[624/1308] Compiling x_algor.cc
[625/1308] Compiling x_all.cc
[626/1308] Compiling x_attrib.cc
[627/1308] Compiling x509spki.cc
[628/1308] Compiling x509name.cc
[629/1308] Compiling x509cset.cc
[630/1308] Compiling x509_vpm.cc
[631/1308] Compiling x509_set.cc
[632/1308] Compiling x509_req.cc
[633/1308] Compiling x509_v3.cc
[634/1308] Compiling x509_txt.cc
[635/1308] Compiling x509_vfy.cc
[636/1308] Compiling x509_trs.cc
[637/1308] Compiling x509_obj.cc
[638/1308] Compiling x509_lu.cc
[639/1308] Compiling x509_def.cc
[640/1308] Compiling x509_d2.cc
[641/1308] Compiling x509_ext.cc
[642/1308] Compiling x509_att.cc
[643/1308] Compiling x509_cmp.cc
[644/1308] Compiling x509.cc
[645/1308] Compiling v3_utl.cc
[646/1308] Compiling v3_skey.cc
[647/1308] Compiling v3_prn.cc
[648/1308] Compiling v3_pmaps.cc
[649/1308] Compiling v3_purp.cc
[650/1308] Compiling v3_ocsp.cc
[651/1308] Compiling v3_pcons.cc
[652/1308] Compiling v3_ncons.cc
[653/1308] Compiling v3_lib.cc
[654/1308] Compiling v3_int.cc
[655/1308] Compiling v3_info.cc
[656/1308] Compiling v3_crld.cc
[657/1308] Compiling v3_extku.cc
[658/1308] Compiling v3_ia5.cc
[659/1308] Compiling v3_genn.cc
[660/1308] Compiling v3_enum.cc
[661/1308] Compiling v3_cpols.cc
[662/1308] Compiling v3_conf.cc
[663/1308] Compiling v3_bcons.cc
[664/1308] Compiling v3_bitst.cc
[665/1308] Compiling v3_alt.cc
[665/1308] Compiling v3_akeya.cc
[667/1308] Compiling v3_akey.cc
[668/1308] Compiling t_x509a.cc
[669/1308] Compiling t_req.cc
[670/1308] Compiling t_x509.cc
[671/1308] Compiling i2d_pr.cc
[672/1308] Compiling name_print.cc
[673/1308] Compiling t_crl.cc
[674/1308] Compiling rsa_pss.cc
[675/1308] Compiling policy.cc
[676/1308] Compiling by_file.cc
[677/1308] Compiling by_dir.cc
[678/1308] Compiling asn1_gen.cc
[679/1308] Compiling algorithm.cc
[680/1308] Compiling a_verify.cc
[681/1308] Compiling a_sign.cc
[682/1308] Compiling a_digest.cc
[683/1308] Compiling voprf.cc
[684/1308] Compiling thread_win.cc
[685/1308] Compiling trust_token.cc
[686/1308] Compiling thread_pthread.cc
[687/1308] Compiling thread_none.cc
[688/1308] Compiling pmbtoken.cc
[689/1308] Compiling thread.cc
[690/1308] Compiling stack.cc
[691/1308] Compiling siphash.cc
[692/1308] Compiling sha256.cc
[693/1308] Compiling sha512.cc
[694/1308] Compiling spake2plus.cc
[695/1308] Compiling sha1.cc
[696/1308] Compiling rsa_print.cc
[697/1308] Compiling rsa_extra.cc
[698/1308] Compiling slhdsa.cc
[699/1308] Compiling rsa_crypt.cc
[700/1308] Compiling rc4.cc
[700/1308] Compiling refcount.cc
[702/1308] Compiling windows.cc
[703/1308] Compiling trusty.cc
[704/1308] Compiling urandom.cc
[705/1308] Compiling rsa_asn1.cc
[706/1308] Compiling rand.cc
[707/1308] Compiling ios.cc
[708/1308] Compiling passive.cc
[709/1308] Compiling getentropy.cc
[710/1308] Compiling poly1305_arm_asm.S
[711/1308] Compiling forkunsafe.cc
[712/1308] Compiling deterministic.cc
[713/1308] Compiling poly1305_vec.cc
[714/1308] Compiling fork_detect.cc
[715/1308] Compiling pool.cc
[716/1308] Compiling poly1305_arm.cc
[717/1308] Compiling poly1305.cc
[718/1308] Compiling pkcs7.cc
[719/1308] Compiling pkcs8_x509.cc
[720/1308] Compiling pkcs8.cc
[721/1308] Compiling p5_pbev2.cc
[722/1308] Compiling pkcs7_x509.cc
[723/1308] Compiling pem_xaux.cc
[724/1308] Compiling pem_x509.cc
[725/1308] Compiling pem_pkey.cc
[726/1308] Compiling pem_pk8.cc
[727/1308] Compiling mlkem.cc
[728/1308] Compiling pem_oth.cc
[729/1308] Compiling pem_info.cc
[730/1308] Compiling pem_lib.cc
[731/1308] Compiling obj_xref.cc
[732/1308] Compiling pem_all.cc
[733/1308] Compiling obj.cc
[734/1308] Compiling poly_rq_mul.S
[735/1308] Compiling mldsa.cc
[736/1308] Compiling fips_shared_support.cc
[737/1308] Compiling md5.cc
[738/1308] Compiling mem.cc
[739/1308] Compiling md4.cc
[740/1308] Compiling lhash.cc
[741/1308] Compiling kyber.cc
[742/1308] Compiling ex_data.cc
[743/1308] Compiling sign.cc
[744/1308] Compiling hrss.cc
[745/1308] Compiling scrypt.cc
[746/1308] Compiling print.cc
[747/1308] Compiling hpke.cc
[748/1308] Compiling pbkdf.cc
[749/1308] Compiling p_x25519.cc
[750/1308] Compiling p_x25519_asn1.cc
[751/1308] Compiling p_rsa_asn1.cc
[752/1308] Compiling p_rsa.cc
[753/1308] Compiling p_hkdf.cc
[754/1308] Compiling p_ed25519_asn1.cc
[755/1308] Compiling p_ed25519.cc
[756/1308] Compiling p_ec_asn1.cc
[757/1308] Compiling p_ec.cc
[758/1308] Compiling p_dh_asn1.cc
[758/1308] Compiling p_dh.cc
[760/1308] Compiling evp_ctx.cc
[761/1308] Compiling p_dsa_asn1.cc
[762/1308] Compiling evp_asn1.cc
[763/1308] Compiling err.cc
[764/1308] Compiling evp.cc
[765/1308] Compiling engine.cc
[766/1308] Compiling ecdh.cc
[767/1308] Compiling ecdsa_asn1.cc
[768/1308] Compiling hash_to_curve.cc
[769/1308] Compiling ec_derive.cc
[770/1308] Compiling dsa.cc
[771/1308] Compiling dsa_asn1.cc
[772/1308] Compiling ec_asn1.cc
[773/1308] Compiling bcm.cc
[774/1308] Compiling params.cc
[775/1308] Compiling x25519-asm-arm.S
[776/1308] Compiling digest_extra.cc
[777/1308] Compiling des.cc
[778/1308] Compiling dh_asn1.cc
[779/1308] Compiling curve25519_64_adx.cc
[780/1308] Compiling cpu_aarch64_fuchsia.cc
[781/1308] Compiling cpu_aarch64_linux.cc
[782/1308] Compiling spake25519.cc
[783/1308] Compiling cpu_aarch64_apple.cc
[784/1308] Compiling curve25519.cc
[785/1308] Compiling conf.cc
[786/1308] Compiling tls_cbc.cc
[787/1308] Compiling get_cipher.cc
[788/1308] Compiling e_rc4.cc
[789/1308] Compiling e_rc2.cc
[790/1308] Compiling e_tls.cc
[791/1308] Compiling e_null.cc
[792/1308] Compiling e_des.cc
[793/1308] Compiling e_chacha20poly1305.cc
[794/1308] Compiling e_aesgcmsiv.cc
[795/1308] Compiling e_aesctrhmac.cc
[796/1308] Compiling derive_key.cc
[797/1308] Compiling chacha.cc
[798/1308] Compiling unicode.cc
[799/1308] Compiling cbs.cc
[800/1308] Compiling cbb.cc
[801/1308] Compiling buf.cc
[802/1308] Compiling ber.cc
[803/1308] Compiling asn1_compat.cc
[804/1308] Compiling bn_asn1.cc
[805/1308] Compiling blake2.cc
[806/1308] Compiling convert.cc
[807/1308] Compiling printf.cc
[808/1308] Compiling socket.cc
[809/1308] Compiling socket_helper.cc
[810/1308] Compiling pair.cc
[811/1308] Compiling hexdump.cc
[812/1308] Compiling file.cc
[813/1308] Compiling errno.cc
[814/1308] Compiling fd.cc
[815/1308] Compiling bio_mem.cc
[816/1308] Compiling connect.cc
[817/1308] Compiling base64.cc
[818/1308] Compiling bio.cc
[819/1308] Compiling tasn_fre.cc
[820/1308] Compiling tasn_typ.cc
[821/1308] Compiling tasn_utl.cc
[822/1308] Compiling posix_time.cc
[823/1308] Compiling tasn_enc.cc
[824/1308] Compiling f_string.cc
[825/1308] Compiling tasn_new.cc
[826/1308] Compiling tasn_dec.cc
[827/1308] Compiling f_int.cc
[828/1308] Compiling asn_pack.cc
[829/1308] Compiling asn1_par.cc
[830/1308] Compiling a_utctm.cc
[831/1308] Compiling asn1_lib.cc
[832/1308] Compiling a_type.cc
[833/1308] Compiling a_time.cc
[834/1308] Compiling a_octet.cc
[835/1308] Compiling a_strnid.cc
[836/1308] Compiling a_strex.cc
[837/1308] Compiling a_object.cc
[838/1308] Compiling a_i2d_fp.cc
[839/1308] Compiling a_dup.cc
[840/1308] Compiling a_mbstr.cc
[841/1308] Compiling a_int.cc
[842/1308] Compiling CGoogleGaxCRC32C CGoogleGaxCRC32C.c
[843/1308] Compiling a_d2i_fp.cc
[844/1308] Compiling a_gentm.cc
[845/1308] Compiling fiat_p256_adx_mul.S
[846/1308] Compiling fiat_curve25519_adx_square.S
[847/1308] Compiling fiat_p256_adx_sqr.S
[848/1308] Compiling fiat_curve25519_adx_mul.S
[849/1308] Compiling md5-x86_64-apple.S
[850/1308] Compiling md5-x86_64-linux.S
[851/1308] Compiling a_bitstr.cc
[852/1308] Compiling md5-586-linux.S
[853/1308] Compiling md5-586-apple.S
[854/1308] Compiling chacha20_poly1305_x86_64-linux.S
[855/1308] Compiling chacha20_poly1305_x86_64-apple.S
[856/1308] Compiling chacha20_poly1305_armv8-win.S
[857/1308] Compiling chacha-x86_64-linux.S
[858/1308] Compiling chacha20_poly1305_armv8-apple.S
[859/1308] Compiling chacha20_poly1305_armv8-linux.S
[860/1308] Compiling CCryptoBoringSSLShims shims.c
[861/1308] Compiling chacha-x86-linux.S
[862/1308] Compiling chacha-x86_64-apple.S
[863/1308] Compiling a_bool.cc
[864/1308] Compiling chacha-x86-apple.S
[865/1308] Compiling chacha-armv8-win.S
[866/1308] Compiling chacha-armv8-apple.S
[867/1308] Compiling chacha-armv4-linux.S
[868/1308] Compiling aes128gcmsiv-x86_64-linux.S
[869/1308] Compiling chacha-armv8-linux.S
[870/1308] Compiling aes128gcmsiv-x86_64-apple.S
[871/1308] Compiling x86_64-mont5-linux.S
[872/1308] Compiling x86_64-mont5-apple.S
[873/1308] Compiling x86_64-mont-apple.S
[874/1308] Compiling x86_64-mont-linux.S
[875/1308] Compiling x86-mont-linux.S
[876/1308] Compiling vpaes-x86_64-linux.S
[877/1308] Compiling x86-mont-apple.S
[878/1308] Compiling vpaes-x86-linux.S
[878/1308] Compiling vpaes-x86_64-apple.S
[880/1308] Compiling vpaes-x86-apple.S
[881/1308] Compiling vpaes-armv8-win.S
[882/1308] Compiling vpaes-armv8-linux.S
[883/1308] Compiling vpaes-armv8-apple.S
[883/1308] Compiling vpaes-armv7-linux.S
[885/1308] Compiling sha512-x86_64-linux.S
[886/1308] Compiling sha512-x86_64-apple.S
[887/1308] Compiling sha512-armv8-win.S
[888/1308] Compiling sha512-armv8-apple.S
[889/1308] Compiling err_data.cc
[890/1308] Compiling sha512-armv4-linux.S
[891/1308] Compiling sha512-armv8-linux.S
[892/1308] Compiling sha512-586-linux.S
[893/1308] Compiling sha512-586-apple.S
[894/1308] Compiling sha256-x86_64-linux.S
[895/1308] Compiling sha256-x86_64-apple.S
[896/1308] Compiling sha256-armv8-win.S
[897/1308] Compiling sha256-armv8-apple.S
[898/1308] Compiling sha256-armv8-linux.S
[899/1308] Compiling sha256-armv4-linux.S
[900/1308] Compiling sha256-586-linux.S
[901/1308] Compiling sha1-x86_64-linux.S
[902/1308] Compiling sha256-586-apple.S
[903/1308] Compiling sha1-x86_64-apple.S
[904/1308] Compiling sha1-armv8-win.S
[904/1308] Compiling sha1-armv8-apple.S
[906/1308] Compiling sha1-armv4-large-linux.S
[907/1308] Compiling sha1-armv8-linux.S
[908/1308] Compiling sha1-586-linux.S
[909/1308] Compiling sha1-586-apple.S
[910/1308] Compiling rsaz-avx2-apple.S
[911/1308] Compiling rsaz-avx2-linux.S
[912/1308] Compiling rdrand-x86_64-linux.S
[913/1308] Compiling rdrand-x86_64-apple.S
[914/1308] Compiling p256_beeu-x86_64-asm-apple.S
[915/1308] Compiling p256_beeu-x86_64-asm-linux.S
[916/1308] Compiling p256_beeu-armv8-asm-apple.S
[916/1308] Compiling p256_beeu-armv8-asm-linux.S
[918/1308] Compiling p256_beeu-armv8-asm-win.S
[919/1308] Compiling p256-x86_64-asm-linux.S
[920/1308] Compiling p256-x86_64-asm-apple.S
[921/1308] Compiling p256-armv8-asm-win.S
[922/1308] Compiling p256-armv8-asm-apple.S
[923/1308] Compiling ghashv8-armv8-win.S
[924/1308] Compiling p256-armv8-asm-linux.S
[925/1308] Compiling ghashv8-armv8-linux.S
[926/1308] Compiling ghashv8-armv8-apple.S
[927/1308] Compiling ghash-x86_64-linux.S
[928/1308] Compiling ghashv8-armv7-linux.S
[929/1308] Compiling ghash-x86-linux.S
[930/1308] Compiling ghash-x86_64-apple.S
[931/1308] Compiling ghash-x86-apple.S
[932/1308] Compiling ghash-ssse3-x86_64-linux.S
[933/1308] Compiling ghash-ssse3-x86_64-apple.S
[934/1308] Compiling ghash-ssse3-x86-linux.S
[935/1308] Compiling ghash-ssse3-x86-apple.S
[936/1308] Compiling ghash-neon-armv8-win.S
[937/1308] Compiling ghash-neon-armv8-linux.S
[938/1308] Compiling ghash-neon-armv8-apple.S
[939/1308] Compiling ghash-armv4-linux.S
[940/1308] Compiling co-586-apple.S
[941/1308] Compiling co-586-linux.S
[942/1308] Compiling bn-armv8-win.S
[943/1308] Compiling bsaes-armv7-linux.S
[944/1308] Compiling bn-armv8-linux.S
[945/1308] Compiling bn-armv8-apple.S
[946/1308] Compiling bn-586-linux.S
[947/1308] Compiling bn-586-apple.S
[948/1308] Compiling armv8-mont-win.S
[949/1308] Compiling armv8-mont-linux.S
[950/1308] Compiling armv4-mont-linux.S
[951/1308] Compiling armv8-mont-apple.S
[952/1308] Compiling aesv8-gcm-armv8-win.S
[953/1308] Compiling aesv8-gcm-armv8-apple.S
[954/1308] Compiling aesv8-armv8-win.S
[955/1308] Compiling aesv8-gcm-armv8-linux.S
[956/1308] Compiling aesv8-armv7-linux.S
[956/1308] Compiling aesv8-armv8-apple.S
[958/1308] Compiling aesv8-armv8-linux.S
[959/1308] Compiling aesni-x86_64-linux.S
[960/1308] Compiling aesni-x86-linux.S
[961/1308] Compiling aesni-x86_64-apple.S
[962/1308] Compiling aesni-x86-apple.S
[963/1308] Compiling aesni-gcm-x86_64-linux.S
[964/1308] Compiling aes-gcm-avx512-x86_64-linux.S
[965/1308] Compiling aes-gcm-avx512-x86_64-apple.S
[966/1308] Compiling aesni-gcm-x86_64-apple.S
[967/1308] Compiling aes-gcm-avx2-x86_64-linux.S
[968/1308] Compiling aes-gcm-avx2-x86_64-apple.S
[969/1308] Compiling xwing.cc
[970/1308] Compiling x_sig.cc
[971/1308] Compiling x_x509a.cc
[972/1308] Compiling x_req.cc
[973/1308] Compiling x_x509.cc
[974/1308] Compiling x_spki.cc
[975/1308] Compiling c-nioatomics.c
[976/1308] Compiling x_pubkey.cc
[977/1308] Compiling x_exten.cc
[978/1308] Compiling x_name.cc
[979/1308] Compiling x_crl.cc
[980/1308] Compiling x_attrib.cc
[981/1308] Compiling c-atomics.c
[982/1308] Compiling x_all.cc
[983/1315] Compiling x_algor.cc
[985/1315] Emitting module NIOConcurrencyHelpers
[985/1315] Compiling x509rset.cc
[987/1315] Compiling NIOConcurrencyHelpers NIOLock.swift
[988/1315] Compiling NIOConcurrencyHelpers NIOAtomic.swift
[988/1315] Compiling x509_vfy.cc
[990/1315] Compiling NIOConcurrencyHelpers lock.swift
[990/1315] Compiling x509spki.cc
[991/1315] Compiling x509cset.cc
[993/1315] Compiling NIOConcurrencyHelpers NIOLockedValueBox.swift
[994/1315] Compiling NIOConcurrencyHelpers NIOThreadPoolWorkAvailable.swift
[995/1315] Compiling NIOConcurrencyHelpers atomics.swift
[995/1316] Compiling x509name.cc
[997/1316] Compiling x509_vpm.cc
[998/1316] Compiling x509_v3.cc
[999/1316] Wrapping AST for NIOConcurrencyHelpers for debugging
[1000/1316] Compiling x509_txt.cc
[1001/1316] Compiling x509_trs.cc
[1002/1316] Compiling x509_set.cc
[1003/1316] Compiling x509_req.cc
[1004/1316] Compiling x509_obj.cc
[1005/1316] Compiling x509_ext.cc
[1006/1316] Compiling x509_lu.cc
[1007/1316] Compiling x509_def.cc
[1008/1316] Compiling x509_d2.cc
[1009/1316] Compiling x509_cmp.cc
[1010/1316] Compiling x509.cc
[1011/1316] Compiling x509_att.cc
[1012/1316] Compiling v3_utl.cc
[1013/1316] Compiling v3_skey.cc
[1014/1316] Compiling v3_purp.cc
[1015/1316] Compiling v3_prn.cc
[1016/1316] Compiling v3_pmaps.cc
[1017/1316] Compiling v3_pcons.cc
[1018/1316] Compiling v3_ocsp.cc
[1019/1316] Compiling v3_ncons.cc
[1020/1316] Compiling v3_int.cc
[1021/1316] Compiling v3_lib.cc
[1022/1316] Compiling v3_info.cc
[1023/1316] Compiling v3_ia5.cc
[1024/1316] Compiling v3_genn.cc
[1025/1316] Compiling v3_extku.cc
[1026/1316] Compiling v3_enum.cc
[1027/1316] Compiling v3_crld.cc
[1028/1316] Compiling v3_cpols.cc
[1029/1316] Compiling v3_bitst.cc
[1030/1316] Compiling v3_conf.cc
[1031/1316] Compiling v3_bcons.cc
[1032/1316] Compiling v3_akeya.cc
[1033/1316] Compiling v3_alt.cc
[1034/1316] Compiling v3_akey.cc
[1035/1316] Compiling t_x509a.cc
[1036/1316] Compiling t_x509.cc
[1037/1316] Compiling t_crl.cc
[1038/1316] Compiling t_req.cc
[1039/1316] Compiling i2d_pr.cc
[1040/1316] Compiling rsa_pss.cc
[1041/1316] Compiling name_print.cc
[1042/1316] Compiling policy.cc
[1043/1316] Compiling by_file.cc
[1044/1316] Compiling algorithm.cc
[1045/1316] Compiling by_dir.cc
[1046/1316] Compiling asn1_gen.cc
[1047/1316] Compiling a_verify.cc
[1048/1316] Compiling voprf.cc
[1049/1316] Compiling thread_win.cc
[1050/1316] Compiling a_sign.cc
[1051/1316] Compiling thread_pthread.cc
[1052/1316] Compiling a_digest.cc
[1053/1316] Compiling trust_token.cc
[1054/1316] Compiling thread_none.cc
[1055/1316] Compiling pmbtoken.cc
[1056/1316] Compiling thread.cc
[1057/1316] Compiling stack.cc
[1058/1316] Compiling siphash.cc
[1059/1316] Compiling sha512.cc
[1060/1316] Compiling slhdsa.cc
[1061/1316] Compiling sha256.cc
[1062/1316] Compiling spake2plus.cc
[1063/1316] Compiling sha1.cc
[1064/1316] Compiling rsa_print.cc
[1065/1316] Compiling rsa_extra.cc
[1066/1316] Compiling rsa_crypt.cc
[1067/1316] Compiling refcount.cc
[1068/1316] Compiling rc4.cc
[1069/1316] Compiling windows.cc
[1070/1316] Compiling urandom.cc
[1071/1316] Compiling trusty.cc
[1072/1316] Compiling rand.cc
[1073/1316] Compiling passive.cc
[1074/1316] Compiling rsa_asn1.cc
[1075/1316] Compiling poly1305_arm_asm.S
[1075/1316] Compiling ios.cc
[1077/1316] Compiling getentropy.cc
[1078/1316] Compiling forkunsafe.cc
[1079/1316] Compiling deterministic.cc
[1080/1316] Compiling fork_detect.cc
[1081/1316] Compiling poly1305_vec.cc
[1082/1316] Compiling poly1305_arm.cc
[1083/1316] Compiling poly1305.cc
[1084/1316] Compiling pool.cc
[1085/1316] Compiling pkcs8.cc
[1086/1316] Compiling pkcs8_x509.cc
[1087/1316] Compiling p5_pbev2.cc
[1088/1316] Compiling pkcs7_x509.cc
[1089/1316] Compiling pkcs7.cc
[1090/1316] Compiling pem_xaux.cc
[1091/1316] Compiling pem_x509.cc
[1092/1316] Compiling pem_pkey.cc
[1093/1316] Compiling mlkem.cc
[1094/1316] Compiling pem_oth.cc
[1095/1316] Compiling pem_pk8.cc
[1096/1316] Compiling pem_lib.cc
[1097/1316] Compiling pem_info.cc
[1098/1316] Compiling obj_xref.cc
[1099/1316] Compiling pem_all.cc
[1100/1316] Compiling obj.cc
[1101/1316] Compiling poly_rq_mul.S
[1102/1316] Compiling mldsa.cc
[1103/1316] Compiling mem.cc
[1104/1316] Compiling fips_shared_support.cc
[1105/1316] Compiling lhash.cc
[1106/1316] Compiling md5.cc
[1107/1316] Compiling md4.cc
[1108/1316] Compiling kyber.cc
[1109/1316] Compiling fuzzer_mode.cc
[1110/1316] Compiling hrss.cc
[1111/1316] Compiling ex_data.cc
[1112/1316] Compiling hpke.cc
[1113/1316] Compiling scrypt.cc
[1114/1316] Compiling pbkdf.cc
[1115/1316] Compiling print.cc
[1116/1316] Compiling sign.cc
[1117/1316] Compiling p_x25519_asn1.cc
[1118/1316] Compiling p_x25519.cc
[1119/1316] Compiling p_rsa_asn1.cc
[1120/1316] Compiling p_rsa.cc
[1121/1316] Compiling p_ed25519_asn1.cc
[1122/1316] Compiling p_ed25519.cc
[1123/1316] Compiling p_hkdf.cc
[1124/1316] Compiling p_ec_asn1.cc
[1125/1316] Compiling p_ec.cc
[1126/1316] Compiling p_dsa_asn1.cc
[1127/1316] Compiling p_dh.cc
[1128/1316] Compiling p_dh_asn1.cc
[1129/1316] Compiling evp_ctx.cc
[1130/1316] Compiling err.cc
[1131/1316] Compiling evp_asn1.cc
[1132/1316] Compiling engine.cc
[1133/1316] Compiling ecdsa_p1363.cc
[1134/1316] Compiling evp.cc
[1135/1316] Compiling ecdh.cc
[1136/1316] Compiling ecdsa_asn1.cc
[1137/1316] Compiling ec_derive.cc
[1138/1316] Compiling hash_to_curve.cc
[1139/1316] Compiling dsa_asn1.cc
[1140/1316] Compiling dsa.cc
[1141/1316] Compiling ec_asn1.cc
[1142/1316] Compiling digest_extra.cc
[1143/1316] Compiling x25519-asm-arm.S
[1144/1316] Compiling params.cc
[1145/1316] Compiling curve25519_64_adx.cc
[1146/1316] Compiling des.cc
[1147/1316] Compiling dh_asn1.cc
[1148/1316] Compiling spake25519.cc
[1149/1316] Compiling curve25519.cc
[1150/1316] Compiling crypto.cc
[1151/1316] Compiling cpu_intel.cc
[1152/1316] Compiling cpu_arm_freebsd.cc
[1153/1316] Compiling cpu_arm_linux.cc
[1154/1316] Compiling cpu_aarch64_win.cc
[1155/1316] Compiling cpu_aarch64_sysreg.cc
[1156/1316] Compiling cpu_aarch64_openbsd.cc
[1157/1316] Compiling cpu_aarch64_fuchsia.cc
[1157/1316] Compiling cpu_aarch64_linux.cc
[1159/1316] Compiling cpu_aarch64_apple.cc
[1160/1316] Compiling tls_cbc.cc
[1161/1316] Compiling conf.cc
[1162/1316] Compiling get_cipher.cc
[1163/1316] Compiling cms.cc
[1164/1316] Compiling e_rc4.cc
[1165/1316] Compiling e_null.cc
[1166/1316] Compiling e_tls.cc
[1167/1316] Compiling e_rc2.cc
[1168/1316] Compiling e_des.cc
[1169/1316] Compiling e_aesctrhmac.cc
[1170/1316] Compiling e_chacha20poly1305.cc
[1171/1316] Compiling derive_key.cc
[1172/1316] Compiling e_aesgcmsiv.cc
[1173/1316] Compiling e_aeseax.cc
[1174/1316] Compiling chacha.cc
[1175/1316] Compiling unicode.cc
[1176/1316] Compiling buf.cc
[1177/1316] Compiling sqrt.cc
[1178/1316] Compiling cbs.cc
[1179/1316] Compiling cbb.cc
[1180/1316] Compiling ber.cc
[1181/1316] Compiling asn1_compat.cc
[1182/1316] Compiling exponentiation.cc
[1183/1316] Compiling div.cc
[1184/1316] Compiling bn_asn1.cc
[1185/1316] Compiling blake2.cc
[1185/1316] Compiling printf.cc
[1187/1316] Compiling pair.cc
[1188/1316] Compiling convert.cc
[1189/1316] Compiling hexdump.cc
[1190/1316] Compiling file.cc
[1191/1316] Compiling errno.cc
[1192/1316] Compiling fd.cc
[1193/1316] Compiling bio_mem.cc
[1194/1316] Compiling base64.cc
[1195/1316] Compiling bio.cc
[1196/1316] Compiling tasn_typ.cc
[1197/1316] Compiling tasn_utl.cc
[1198/1316] Compiling tasn_fre.cc
[1199/1316] Compiling tasn_enc.cc
[1200/1316] Compiling posix_time.cc
[1201/1316] Compiling tasn_new.cc
[1202/1316] Compiling tasn_dec.cc
[1203/1316] Compiling f_string.cc
[1204/1316] Compiling f_int.cc
[1205/1316] Compiling asn_pack.cc
[1206/1316] Compiling asn1_par.cc
[1207/1316] Compiling asn1_lib.cc
[1208/1316] Compiling a_utctm.cc
[1209/1316] Compiling a_octet.cc
[1210/1316] Compiling a_time.cc
[1211/1316] Compiling a_type.cc
[1212/1316] Compiling bcm.cc
[1213/1316] Compiling a_strnid.cc
[1214/1316] Compiling a_strex.cc
[1215/1316] Compiling a_i2d_fp.cc
[1216/1316] Compiling a_mbstr.cc
[1217/1316] Compiling a_object.cc
[1218/1316] Compiling a_dup.cc
[1218/1316] Write sources
[1221/1316] Compiling CAsyncHTTPClient CAsyncHTTPClient.c
[1222/1316] Write sources
[1223/1316] Compiling a_d2i_fp.cc
[1224/1359] Compiling a_int.cc
[1225/1359] Compiling a_gentm.cc
[1226/1359] Compiling a_bool.cc
[1228/1359] Compiling Algorithms Grouped.swift
[1229/1359] Compiling Algorithms Indexed.swift
[1230/1361] Compiling Algorithms Keyed.swift
[1231/1361] Compiling Algorithms MinMax.swift
[1232/1361] Compiling Algorithms RandomSample.swift
[1233/1361] Compiling Algorithms Reductions.swift
[1233/1361] Compiling aes.cc
[1235/1361] Compiling Atomics IntegerOperations.swift
[1236/1361] Compiling Atomics Unmanaged extensions.swift
[1237/1361] Compiling Algorithms Intersperse.swift
[1238/1361] Compiling Algorithms Joined.swift
[1242/1364] Compiling Algorithms AdjacentPairs.swift
[1243/1364] Compiling Algorithms Chain.swift
[1244/1364] Compiling Algorithms Chunked.swift
[1245/1364] Compiling Algorithms EitherSequence.swift
[1246/1364] Compiling Algorithms FirstNonNil.swift
[1247/1364] Compiling Algorithms FlattenCollection.swift
[1247/1364] Compiling a_bitstr.cc
[1249/1372] Compiling Algorithms Compacted.swift
[1250/1372] Compiling Algorithms Cycle.swift
[1253/1372] Compiling Algorithms Trim.swift
[1254/1372] Compiling Algorithms Unique.swift
[1255/1372] Compiling Algorithms Windows.swift
[1256/1372] Compiling Algorithms Split.swift
[1257/1372] Compiling Algorithms Stride.swift
[1258/1372] Compiling Algorithms Suffix.swift
[1267/1372] Compiling Algorithms Permutations.swift
[1268/1372] Compiling Algorithms Product.swift
[1269/1372] Emitting module Atomics
[1273/1372] Compiling Algorithms Combinations.swift
[1274/1372] Compiling CryptoBoringWrapper FiniteFieldArithmeticContext.swift
[1275/1372] Emitting module CryptoBoringWrapper
[1276/1372] Compiling CryptoBoringWrapper BoringSSLAEAD.swift
[1277/1372] Compiling CryptoBoringWrapper CryptoKitErrors_boring.swift
[1278/1372] Compiling CryptoBoringWrapper EllipticCurve.swift
[1279/1372] Compiling CryptoBoringWrapper RandomBytes.swift
[1283/1373] Wrapping AST for Atomics for debugging
[1285/1437] Compiling CryptoBoringWrapper EllipticCurvePoint.swift
[1286/1437] Compiling CryptoBoringWrapper ArbitraryPrecisionInteger.swift
[1287/1438] Wrapping AST for CryptoBoringWrapper for debugging
[1289/1466] Emitting module Algorithms
[1290/1523] Wrapping AST for Algorithms for debugging
[1292/1523] Compiling Crypto Insecure_HashFunctions.swift
[1293/1523] Compiling Crypto MLKEM_boring.swift
[1294/1523] Compiling Crypto MLKEM_wrapper.swift
[1295/1523] Compiling Crypto XWing_boring.swift
[1296/1523] Compiling Crypto KEM-Errors.swift
[1297/1523] Compiling Crypto KEM.swift
[1298/1523] Compiling Crypto MLKEM.swift
[1299/1523] Compiling Crypto XWing.swift
[1300/1523] Compiling Crypto ECDH_boring.swift
[1301/1531] Compiling Crypto HPKE-LabeledExtract.swift
[1302/1531] Compiling Crypto HPKE-Utils.swift
[1303/1531] Compiling Crypto DHKEM.swift
[1304/1531] Compiling Crypto HPKE-KEM-Curve25519.swift
[1305/1531] Compiling Crypto HPKE-NIST-EC-KEMs.swift
[1306/1531] Compiling Crypto HPKE-KEM.swift
[1307/1531] Compiling Crypto HPKE-Errors.swift
[1308/1531] Compiling Crypto HPKE.swift
[1309/1531] Compiling Crypto HPKE-Context.swift
[1310/1531] Compiling Crypto HPKE-KeySchedule.swift
[1311/1531] Compiling Crypto HPKE-Modes.swift
[1312/1531] Compiling Crypto Insecure.swift
[1313/1542] Compiling Crypto ASN1Boolean.swift
[1314/1542] Compiling Crypto ASN1Identifier.swift
[1315/1542] Compiling Crypto ASN1Integer.swift
[1322/1542] Compiling Crypto HKDF.swift
[1323/1542] Compiling Crypto AESWrap.swift
[1324/1542] Compiling Crypto AESWrap_boring.swift
[1325/1542] Compiling Crypto Ed25519_boring.swift
[1326/1542] Compiling Crypto NISTCurvesKeys_boring.swift
[1327/1542] Compiling Crypto X25519Keys_boring.swift
[1328/1542] Compiling Crypto Curve25519.swift
[1329/1542] Compiling Crypto Ed25519Keys.swift
[1330/1542] Compiling Crypto NISTCurvesKeys.swift
[1331/1542] Compiling Crypto X25519Keys.swift
[1332/1542] Compiling Crypto SymmetricKeys.swift
[1333/1542] Compiling Crypto HMAC.swift
[1334/1542] Emitting module Crypto
[1335/1542] Compiling Crypto AES-GCM.swift
[1336/1542] Compiling Crypto AES-GCM_boring.swift
[1337/1542] Compiling Crypto ChaChaPoly_boring.swift
[1338/1542] Compiling Crypto ChaChaPoly.swift
[1339/1542] Compiling Crypto Cipher.swift
[1340/1542] Compiling Crypto Nonces.swift
[1341/1542] Compiling Crypto ASN1.swift
[1342/1542] Compiling Crypto ASN1Any.swift
[1343/1542] Compiling Crypto ASN1BitString.swift
[1347/1542] Compiling Crypto ArraySliceBigint.swift
[1348/1542] Compiling Crypto GeneralizedTime.swift
[1349/1542] Compiling Crypto ObjectIdentifier.swift
[1350/1542] Compiling Crypto ECDSASignature.swift
[1351/1542] Compiling Crypto PEMDocument.swift
[1352/1542] Compiling Crypto PKCS8PrivateKey.swift
[1353/1542] Compiling Crypto SEC1PrivateKey.swift
[1354/1542] Compiling Crypto SubjectPublicKeyInfo.swift
[1355/1542] Compiling Crypto CryptoError_boring.swift
[1365/1542] Compiling Crypto MACFunctions.swift
[1366/1542] Compiling Crypto MessageAuthenticationCode.swift
[1367/1542] Compiling Crypto AES.swift
[1368/1542] Compiling Crypto ECDSASignature_boring.swift
[1369/1542] Compiling Crypto ECDSA_boring.swift
[1370/1542] Compiling Crypto EdDSA_boring.swift
[1371/1542] Compiling Crypto MLDSA_boring.swift
[1372/1542] Compiling Crypto MLDSA_wrapper.swift
[1373/1542] Compiling Crypto ECDSA.swift
[1374/1542] Compiling Crypto Ed25519.swift
[1375/1542] Compiling Crypto MLDSA.swift
[1376/1542] Compiling Crypto ASN1Null.swift
[1377/1542] Compiling Crypto ASN1OctetString.swift
[1378/1542] Compiling Crypto ASN1Strings.swift
[1397/1542] Compiling Crypto DH.swift
[1398/1542] Compiling Crypto ECDH.swift
[1399/1542] Compiling Crypto ANSIx963.swift
[1400/1542] Compiling Crypto CryptoKitErrors.swift
[1401/1542] Compiling Crypto Digest_boring.swift
[1402/1542] Compiling Crypto Digest.swift
[1403/1542] Compiling NIOCore SingleStepByteToMessageDecoder.swift
[1404/1542] Compiling NIOCore SocketAddresses.swift
[1405/1542] Compiling NIOCore SocketOptionProvider.swift
[1406/1542] Compiling NIOCore SystemCallHelpers.swift
[1407/1542] Compiling NIOCore TimeAmount+Duration.swift
[1408/1542] Compiling NIOCore TypeAssistedChannelHandler.swift
[1409/1542] Compiling NIOCore UniversalBootstrapSupport.swift
[1410/1542] Compiling NIOCore Utilities.swift
[1411/1542] Compiling Crypto HPKE-KexKeyDerivation.swift
[1421/1542] Compiling Crypto Signature.swift
[1422/1542] Compiling Crypto CryptoKitErrors_boring.swift
[1423/1542] Compiling Crypto Optional+withUnsafeBytes_boring.swift
[1424/1542] Compiling Crypto RNG_boring.swift
[1425/1542] Compiling Crypto SafeCompare_boring.swift
[1426/1542] Compiling Crypto Zeroization_boring.swift
[1427/1542] Compiling Crypto _CryptoModuleAnchor.swift
[1428/1542] Compiling Crypto PrettyBytes.swift
[1429/1542] Compiling Crypto SafeCompare.swift
[1430/1542] Compiling Crypto SecureBytes.swift
[1431/1542] Compiling Crypto Zeroization.swift
[1432/1543] Wrapping AST for Crypto for debugging
[1442/1605] Compiling CryptoExtras Data+Extensions.swift
[1443/1605] Compiling CryptoExtras DigestType.swift
[1444/1605] Compiling CryptoExtras Error.swift
[1445/1605] Compiling CryptoExtras I2OSP.swift
[1446/1605] Compiling CryptoExtras IntegerEncoding.swift
[1447/1605] Compiling CryptoExtras PEMDocument.swift
[1448/1605] Compiling CryptoExtras PrettyBytes.swift
[1449/1605] Compiling CryptoExtras SubjectPublicKeyInfo.swift
[1450/1613] Compiling CryptoExtras PKCS8DERRepresentation.swift
[1451/1613] Compiling CryptoExtras PKCS8PrivateKey.swift
[1452/1613] Compiling CryptoExtras RFC8410AlgorithmIdentifier.swift
[1453/1613] Compiling CryptoExtras ECToolbox_boring.swift
[1454/1613] Compiling CryptoExtras ECToolbox.swift
[1455/1613] Compiling CryptoExtras HashToField.swift
[1456/1613] Compiling CryptoExtras KDF.swift
[1457/1613] Compiling CryptoExtras PBKDF2_boring.swift
[1458/1613] Compiling CryptoExtras PBKDF2_commoncrypto.swift
[1459/1613] Emitting module CryptoExtras
[1460/1613] Compiling CryptoExtras ARCServer.swift
[1461/1613] Compiling CryptoExtras ChaCha20CTR_boring.swift
[1462/1613] Compiling CryptoExtras ChaCha20CTR.swift
[1463/1613] Compiling CryptoExtras BoringSSLSHA512256Context.swift
[1464/1613] Compiling CryptoExtras BoringSSLSHA512256HashFunction.swift
[1465/1613] Compiling CryptoExtras SHA512256.swift
[1466/1613] Compiling CryptoExtras SHA512256Digest.swift
[1467/1613] Compiling CryptoExtras Curve25519+PEM.swift
[1468/1613] Compiling CryptoExtras ObjectIdentifier.swift
[1469/1613] Compiling CryptoExtras PBKDF2.swift
[1470/1613] Compiling CryptoExtras Scrypt_boring.swift
[1471/1613] Compiling CryptoExtras Scrypt.swift
[1472/1613] Compiling CryptoExtras OPRF.swift
[1473/1613] Compiling CryptoExtras OPRFClient.swift
[1474/1613] Compiling CryptoExtras OPRFServer.swift
[1475/1613] Compiling CryptoExtras VOPRF+API.swift
[1476/1613] Compiling CryptoExtras VOPRFClient.swift
[1477/1613] Compiling CryptoExtras VOPRFServer.swift
[1478/1613] Compiling CryptoExtras ThreadOps.swift
[1479/1613] Compiling CryptoExtras ThreadPosix.swift
[1480/1613] Compiling CryptoExtras ThreadSpecific.swift
[1481/1613] Compiling CryptoExtras ThreadWindows.swift
[1482/1613] Compiling CryptoExtras DLEQ.swift
[1483/1613] Compiling CryptoExtras Prover.swift
[1484/1613] Compiling CryptoExtras Verifier.swift
[1485/1613] Compiling CryptoExtras ZKPToolbox.swift
[1486/1613] Compiling CryptoExtras BoringSSLPassphraseCallbackManager.swift
[1487/1613] Compiling CryptoExtras RSA+BlindSigning.swift
[1488/1613] Compiling CryptoExtras RSA.swift
[1489/1613] Compiling CryptoExtras RSA_boring.swift
[1490/1613] Compiling CryptoExtras Reexport.swift
[1491/1613] Compiling CryptoExtras Zeroization_boring.swift
[1492/1613] Compiling CryptoExtras BoringSSLHelpers.swift
[1493/1613] Compiling CryptoExtras CryptoKitErrors_boring.swift
[1494/1613] Compiling CryptoExtras AES_CBC.swift
[1495/1613] Compiling CryptoExtras AES_CFB.swift
[1496/1613] Compiling CryptoExtras AES_CTR.swift
[1497/1613] Compiling CryptoExtras AES_GCM_SIV.swift
[1498/1613] Compiling CryptoExtras Block Function.swift
[1499/1613] Compiling CryptoExtras AES_CBC_boring.swift
[1500/1613] Compiling CryptoExtras AES_CFB_boring.swift
[1501/1613] Compiling CryptoExtras AES_CTR_boring.swift
[1502/1613] Compiling CryptoExtras AES_GCM_SIV_boring.swift
[1503/1613] Compiling CryptoExtras CMAC.swift
[1504/1613] Compiling CryptoExtras ARC+API.swift
[1505/1613] Compiling CryptoExtras ARC.swift
[1506/1613] Compiling CryptoExtras ARCCredential.swift
[1507/1613] Compiling CryptoExtras ARCEncoding.swift
[1508/1613] Compiling CryptoExtras ARCPrecredential.swift
[1509/1613] Compiling CryptoExtras ARCPresentation.swift
[1510/1613] Compiling CryptoExtras ARCRequest.swift
[1511/1613] Compiling CryptoExtras ARCResponse.swift
[1512/1614] Wrapping AST for CryptoExtras for debugging
[1514/1616] Emitting module _CryptoExtras
[1515/1616] Compiling _CryptoExtras Exports.swift
[1516/1617] Wrapping AST for _CryptoExtras for debugging
[1518/1712] Compiling X509 ExtensionRequest.swift
[1519/1712] Compiling X509 Certificate.swift
[1520/1712] Compiling X509 CertificatePrivateKey.swift
[1521/1712] Compiling X509 CertificatePublicKey.swift
[1522/1712] Compiling X509 CertificateSerialNumber.swift
[1523/1712] Compiling X509 CertificateVersion.swift
[1524/1712] Compiling X509 CMSAttribute.swift
[1525/1712] Compiling X509 CMSContentInfo.swift
[1526/1712] Compiling X509 CMSEncapsulatedContentInfo.swift
[1527/1712] Compiling X509 OneOfPolicies.swift
[1528/1712] Compiling X509 PolicyBuilder.swift
[1529/1712] Compiling X509 BasicConstraintsPolicy.swift
[1530/1712] Compiling X509 DNSNames.swift
[1531/1712] Compiling X509 ExpiryPolicy.swift
[1532/1712] Compiling X509 IPConstraints.swift
[1533/1712] Compiling X509 NameConstraintsPolicy.swift
[1534/1712] Compiling X509 RFC5280Policy.swift
[1535/1712] Compiling X509 URIConstraints.swift
[1536/1712] Emitting module NIOCore
[1537/1720] Wrapping AST for NIOCore for debugging
[1539/1770] Compiling NIOFoundationEssentialsCompat Codable+ByteBuffer.swift
[1540/1770] Compiling NIOPosix BaseStreamSocketChannel.swift
[1541/1770] Compiling NIOPosix Bootstrap.swift
[1542/1770] Compiling NIOPosix ControlMessage.swift
[1543/1770] Compiling NIOPosix DatagramVectorReadManager.swift
[1544/1770] Compiling NIOPosix Errors+Any.swift
[1545/1770] Compiling NIOPosix FileDescriptor.swift
[1546/1770] Compiling NIOPosix GetaddrinfoResolver.swift
[1547/1770] Compiling NIOPosix HappyEyeballs.swift
[1548/1770] Compiling NIOPosix IO.swift
[1549/1770] Compiling NIOPosix IntegerBitPacking.swift
[1550/1770] Compiling NIOPosix IntegerTypes.swift
[1551/1770] Compiling NIOPosix Linux.swift
[1552/1770] Compiling NIOPosix LinuxCPUSet.swift
[1553/1770] Compiling NIOPosix LinuxUring.swift
[1554/1783] Emitting module NIOFoundationEssentialsCompat
[1555/1783] Compiling NIOFoundationEssentialsCompat ByteBuffer-foundation.swift
[1556/1784] Wrapping AST for NIOFoundationEssentialsCompat for debugging
[1558/1784] Compiling NIOPosix PendingWritesManager.swift
[1559/1784] Compiling NIOPosix PipeChannel.swift
[1560/1784] Compiling NIOPosix PipePair.swift
[1561/1784] Compiling NIOPosix Pool.swift
[1562/1784] Compiling NIOPosix PosixSingletons+ConcurrencyTakeOver.swift
[1563/1784] Compiling NIOPosix PosixSingletons.swift
[1564/1784] Compiling NIOPosix RawSocketBootstrap.swift
[1565/1784] Compiling NIOPosix Resolver.swift
[1566/1784] Compiling NIOPosix Selectable.swift
[1567/1784] Compiling NIOPosix SelectableChannel.swift
[1568/1784] Compiling NIOPosix SelectableEventLoop.swift
[1569/1784] Compiling NIOPosix SelectorEpoll.swift
[1570/1784] Compiling NIOPosix SelectorGeneric.swift
[1580/1784] Compiling X509 VersionPolicy.swift
[1581/1784] Compiling X509 ServerIdentityPolicy.swift
[1582/1784] Compiling X509 TrustRootLoading.swift
[1583/1784] Compiling X509 UnverifiedChain.swift
[1584/1784] Compiling NIOPosix SelectorKqueue.swift
[1585/1784] Compiling NIOPosix SelectorUring.swift
[1586/1784] Compiling NIOPosix SelectorWSAPoll.swift
[1587/1784] Compiling NIOPosix ServerSocket.swift
[1588/1784] Compiling NIOPosix Socket.swift
[1589/1784] Compiling NIOPosix SocketChannel.swift
[1590/1784] Compiling NIOPosix SocketProtocols.swift
[1591/1784] Compiling NIOPosix StructuredConcurrencyHelpers.swift
[1592/1784] Compiling NIOPosix System.swift
[1598/1784] Compiling X509 OCSPExtensionID.swift
[1599/1784] Compiling X509 OCSPNonce.swift
[1600/1784] Compiling X509 OCSPPolicy.swift
[1601/1784] Compiling X509 OCSPRequest.swift
[1602/1784] Compiling X509 OCSPResponse.swift
[1603/1784] Compiling X509 OCSPResponseBytes.swift
[1604/1784] Compiling X509 OCSPResponseData.swift
[1605/1784] Compiling X509 OCSPResponseStatus.swift
[1606/1784] Compiling X509 OCSPSignature.swift
[1607/1784] Compiling X509 OCSPSingleRequest.swift
[1608/1784] Compiling X509 OCSPSingleResponse.swift
[1609/1784] Compiling X509 OCSPTBSRequest.swift
[1610/1784] Compiling X509 OCSPVersion.swift
[1611/1784] Compiling X509 DomainComponent.swift
[1612/1784] Compiling X509 EmailAddress.swift
[1613/1784] Compiling X509 LocalityName.swift
[1614/1784] Compiling X509 OrganizationName.swift
[1615/1784] Compiling X509 OrganizationalUnitName.swift
[1616/1784] Compiling X509 StateOrProvinceName.swift
[1617/1784] Compiling X509 StreetAddress.swift
[1618/1784] Compiling X509 Error.swift
[1619/1784] Compiling X509 AuthorityInformationAccess.swift
[1620/1784] Compiling X509 AuthorityKeyIdentifier.swift
[1621/1784] Compiling X509 BasicConstraints.swift
[1622/1784] Compiling X509 ExtendedKeyUsage.swift
[1623/1784] Compiling X509 ExtensionIdentifiers.swift
[1624/1784] Compiling X509 KeyUsage.swift
[1625/1784] Compiling NIOEmbedded AsyncTestingEventLoop.swift
[1626/1784] Emitting module NIOEmbedded
[1627/1784] Compiling NIOEmbedded Embedded.swift
[1628/1784] Compiling NIOEmbedded AsyncTestingChannel.swift
[1629/1785] Wrapping AST for NIOEmbedded for debugging
[1638/1792] Compiling NIOPosix BSDSocketAPICommon.swift
[1639/1792] Compiling NIOPosix BSDSocketAPIPosix.swift
[1640/1792] Compiling NIOPosix BSDSocketAPIWindows.swift
[1641/1792] Compiling NIOPosix BaseSocket.swift
[1642/1792] Compiling NIOPosix BaseSocketChannel+AccessibleTransport.swift
[1643/1792] Compiling NIOPosix BaseSocketChannel+SocketOptionProvider.swift
[1644/1792] Compiling NIOPosix BaseSocketChannel.swift
[1645/1792] Compiling NIOPosix MultiThreadedEventLoopGroup.swift
[1646/1792] Compiling NIOPosix NIOPosixSendableMetatype.swift
[1647/1792] Compiling NIOPosix NIORandomizedDNSResolver.swift
[1648/1792] Compiling NIOPosix NIOThreadPool.swift
[1649/1792] Compiling NIOPosix NonBlockingFileIO.swift
[1650/1792] Compiling NIOPosix PendingDatagramWritesManager.swift
[1665/1792] Compiling NIOPosix Thread.swift
[1666/1792] Compiling NIOPosix ThreadPosix.swift
[1667/1792] Compiling NIOPosix ThreadWindows.swift
[1668/1792] Compiling NIOPosix Utilities.swift
[1669/1792] Compiling NIOPosix VsockAddress.swift
[1670/1792] Compiling NIOPosix VsockChannelEvents.swift
[1671/1792] Compiling NIOPosix Windows.swift
[1672/1792] Emitting module X509
[1680/1792] Emitting module NIOPosix
[1681/1792] Compiling X509 ValidatedCertificateChain.swift
[1682/1792] Compiling X509 VerificationDiagnostic.swift
[1683/1792] Compiling X509 Verifier.swift
[1684/1792] Compiling X509 VerifierPolicy.swift
[1685/1792] Compiling X509 AlgorithmIdentifier.swift
[1686/1792] Compiling X509 ECDSASignature.swift
[1687/1792] Compiling X509 RSAPKCS1PublicKey.swift
[1688/1792] Compiling X509 SubjectPublicKeyInfo.swift
[1689/1792] Compiling X509 TBSCertificate.swift
[1690/1792] Compiling X509 Time.swift
[1691/1792] Compiling X509 TimeCalculations.swift
[1692/1792] Compiling X509 Validity.swift
[1693/1792] Compiling X509 X509SendableMetatype.swift
[1694/1793] Wrapping AST for X509 for debugging
[1717/1863] Wrapping AST for NIOPosix for debugging
[1719/1863] Compiling NIO Exports.swift
[1720/1863] Emitting module NIO
[1721/1864] Wrapping AST for NIO for debugging
[1723/1903] Emitting module NIOTLS
[1724/1903] Compiling NIOTLS TLSEvents.swift
[1725/1903] Compiling NIOFoundationCompat JSONSerialization+ByteBuffer.swift
[1726/1903] Compiling NIOFoundationCompat WaitSpinningRunLoop.swift
[1727/1903] Compiling NIOFoundationCompat Exports.swift
[1728/1903] Emitting module NIOFoundationCompat
[1729/1904] Compiling JWTKit AudienceClaim.swift
[1730/1904] Compiling JWTKit BoolClaim.swift
[1731/1904] Compiling JWTKit ExpirationClaim.swift
[1732/1904] Compiling JWTKit GoogleHostedDomainClaim.swift
[1733/1904] Compiling JWTKit IDClaim.swift
[1734/1904] Compiling JWTKit IssuedAtClaim.swift
[1735/1904] Compiling JWTKit IssuerClaim.swift
[1736/1904] Compiling JWTKit JWTClaim.swift
[1737/1904] Compiling JWTKit JWTMultiValueClaim.swift
[1738/1904] Compiling JWTKit JWTUnixEpochClaim.swift
[1739/1904] Compiling JWTKit ECDSASigningAlgorithm.swift
[1740/1904] Compiling JWTKit JWTKeyCollection+ECDSA.swift
[1741/1904] Compiling JWTKit P256+CurveType.swift
[1742/1904] Compiling JWTKit P384+CurveType.swift
[1743/1904] Compiling JWTKit P521+CurveType.swift
[1744/1904] Compiling JWTKit EdDSA.swift
[1745/1904] Compiling JWTKit EdDSACurve.swift
[1746/1904] Compiling JWTKit EdDSAError.swift
[1747/1904] Compiling JWTKit EdDSASigner.swift
[1748/1904] Compiling JWTKit JWTKeyCollection+EdDSA.swift
[1750/1913] Emitting module JWTKit
[1751/1913] Compiling JWTKit JWTSerializer.swift
[1752/1913] Compiling JWTKit JWTSigner.swift
[1753/1913] Compiling JWTKit JWTKeyCollection+MLDSA.swift
[1754/1913] Compiling JWTKit MLDSA.swift
[1755/1913] Compiling JWTKit MLDSA65+MLDSAKey.swift
[1756/1913] Compiling JWTKit MLDSA87+MLDSAKey.swift
[1757/1913] Compiling JWTKit MLDSAError.swift
[1758/1913] Compiling JWTKit MLDSAKey.swift
[1759/1913] Compiling JWTKit MLDSASigner.swift
[1760/1913] Compiling JWTKit MLDSAType.swift
[1761/1913] Compiling JWTKit JWTKeyCollection+UnsecuredNone.swift
[1762/1913] Compiling JWTKit UnsecuredNoneSigner.swift
[1763/1913] Compiling JWTKit JWTKeyCollection+RSA.swift
[1764/1913] Compiling JWTKit RSA.swift
[1765/1913] Compiling JWTKit RSAError.swift
[1766/1913] Compiling JWTKit RSASigner.swift
[1767/1913] Compiling JWTKit Base64URL.swift
[1768/1913] Compiling JWTKit CryptoSigner.swift
[1769/1913] Compiling JWTKit LocaleClaim.swift
[1770/1913] Compiling JWTKit NotBeforeClaim.swift
[1771/1913] Compiling JWTKit SubjectClaim.swift
[1772/1913] Compiling JWTKit TenantIDClaim.swift
[1773/1913] Compiling JWTKit ECDSA.swift
[1774/1913] Compiling JWTKit ECDSACurve.swift
[1775/1913] Compiling JWTKit ECDSACurveType.swift
[1776/1913] Compiling JWTKit ECDSAError.swift
[1777/1913] Compiling JWTKit ECDSAKeyTypes.swift
[1778/1913] Compiling JWTKit ECDSASigner.swift
[1779/1913] Compiling NIOTLS ApplicationProtocolNegotiationHandler.swift
[1780/1913] Compiling NIOHTTP1 HTTPHeaderValidator.swift
[1781/1913] Compiling NIOHTTP1 HTTPHeaders+Validation.swift
[1782/1913] Compiling NIOSOCKS SelectedAuthenticationMethod.swift
[1783/1913] Compiling NIOSOCKS ClientStateMachine.swift
[1783/1914] Wrapping AST for NIOFoundationCompat for debugging
[1785/1914] Emitting module NIOSOCKS
[1786/1914] Compiling NIOHTTP1 HTTPPipelineSetup.swift
[1787/1914] Compiling NIOHTTP1 HTTPServerPipelineHandler.swift
[1788/1914] Compiling NIOSOCKS SOCKSResponse.swift
[1793/1914] Compiling NIOSOCKS Errors.swift
[1794/1914] Compiling NIOSOCKS Helpers.swift
[1795/1914] Compiling NIOSOCKS Messages.swift
[1796/1914] Compiling NIOSOCKS SOCKSRequest.swift
[1797/1914] Compiling NIOHTTP1 HTTPDecoder.swift
[1798/1914] Compiling NIOSOCKS ServerStateMachine.swift
[1801/1916] Compiling NIOTLS ProtocolNegotiationHandlerStateMachine.swift
[1802/1916] Compiling NIOTLS SNIHandler.swift
[1803/1916] Compiling NIOTLS NIOTypedApplicationProtocolNegotiationHandler.swift
[1809/1918] Wrapping AST for NIOTLS for debugging
[1810/1918] Wrapping AST for NIOSOCKS for debugging
[1812/1918] Compiling NIOHTTP1 NIOTypedHTTPClientUpgradeHandler.swift
[1813/1918] Compiling NIOHTTP1 NIOTypedHTTPClientUpgraderStateMachine.swift
[1814/1947] Compiling NIOSSL SSLCallbacks.swift
[1815/1947] Compiling NIOSSL AndroidCABundle.swift
[1816/1948] Emitting module NIOHTTP1
[1817/1948] Compiling NIOSSL NIOSSLServerHandler.swift
[1818/1948] Compiling NIOSSL ObjectIdentifier.swift
[1819/1948] Compiling NIOSSL PosixPort.swift
[1820/1948] Compiling NIOSSL NIOSSLHandler.swift
[1821/1948] Compiling NIOSSL SSLCertificate.swift
[1822/1948] Compiling NIOSSL LinuxCABundle.swift
[1823/1948] Compiling NIOSSL NIOSSLClientHandler.swift
[1824/1948] Compiling NIOSSL NIOSSLHandler+Configuration.swift
[1827/1948] Compiling NIOSSL SSLCertificateExtensions.swift
[1828/1948] Compiling NIOSSL SSLCertificateName.swift
[1829/1948] Compiling NIOSSL SSLConnection.swift
[1830/1948] Compiling NIOSSL SSLContext.swift
[1833/1948] Compiling NIOSSL FreeBSDCABundle.swift
[1834/1948] Compiling NIOSSL IdentityVerification.swift
[1838/1949] Wrapping AST for NIOHTTP1 for debugging
[1840/1952] Compiling JWTKit CustomizedJSONCoders.swift
[1841/1952] Compiling JWTKit Utilities.swift
[1842/1952] Compiling JWTKit AppleIdentityToken.swift
[1843/1952] Compiling JWTKit FirebaseAuthIdentityToken.swift
[1844/1952] Compiling JWTKit GoogleIdentityToken.swift
[1845/1952] Compiling JWTKit MicrosoftIdentityToken.swift
[1846/1952] Compiling JWTKit EmptyPolicy.swift
[1847/1952] Compiling JWTKit ValidationTimePayload.swift
[1848/1952] Compiling JWTKit X5CVerifier.swift
[1849/1967] Wrapping AST for JWTKit for debugging
[1851/1967] Emitting module NIOHTTPCompression
[1852/1967] Emitting module NIOSSL
[1853/1971] Compiling NIOHTTPCompression HTTPDecompressor.swift
[1854/1971] Compiling NIOHPACK HuffmanTables.swift
[1855/1971] Compiling NIOHPACK IntegerCoding.swift
[1856/1972] Compiling NIOHPACK IndexedHeaderTable.swift
[1857/1972] Compiling NIOHPACK HuffmanCoding.swift
[1858/1972] Emitting module NIOHPACK
[1859/1972] Compiling NIOHPACK StaticHeaderTable.swift
[1860/1972] Compiling NIOHTTPCompression HTTPDecompression.swift
[1861/1972] Compiling NIOHTTPCompression HTTPRequestCompressor.swift
[1862/1972] Compiling NIOHTTPCompression HTTPResponseCompressor.swift
[1863/1972] Compiling NIOHTTPCompression HTTPCompression.swift
[1864/1973] Compiling NIOHPACK DynamicHeaderTable.swift
[1865/1973] Compiling NIOHPACK HPACKDecoder.swift
[1870/1973] Wrapping AST for NIOHTTPCompression for debugging
[1872/1973] Compiling NIOSSL SubjectAlternativeName.swift
[1873/1973] Compiling NIOSSL NIOSSLSecureBytes.swift
[1874/1973] Compiling NIOSSL RNG.swift
[1875/1973] Compiling NIOSSL SafeCompare.swift
[1876/1973] Compiling NIOHPACK HPACKEncoder.swift
[1877/1973] Compiling NIOHPACK HPACKErrors.swift
[1878/1973] Compiling NIOSSL SSLPrivateKey.swift
[1879/1973] Compiling NIOHPACK HPACKHeader.swift
[1880/1973] Compiling NIOSSL SSLPublicKey.swift
[1881/1973] Compiling NIOSSL SecurityFrameworkCertificateVerification.swift
[1882/1973] Compiling NIOSSL String+unsafeUninitializedCapacity.swift
[1883/1973] Compiling NIOHPACK HeaderTables.swift
[1886/1974] Compiling NIOSSL CustomPrivateKey.swift
[1897/1974] Wrapping AST for NIOHPACK for debugging
[1900/1974] Compiling NIOSSL SSLErrors.swift
[1901/1974] Compiling NIOSSL SSLInit.swift
[1902/1974] Compiling NIOSSL SSLPKCS12Bundle.swift
[1903/2037] Compiling NIOHTTP2 MaySendFrames.swift
[1904/2037] Compiling NIOHTTP2 SendingDataState.swift
[1905/2037] Compiling NIOHTTP2 SendingGoawayState.swift
[1906/2037] Compiling NIOHTTP2 SendingHeadersState.swift
[1907/2037] Compiling NIOHTTP2 SendingPushPromiseState.swift
[1908/2037] Compiling NIOHTTP2 SendingRstStreamState.swift
[1909/2037] Compiling NIOHTTP2 SendingWindowUpdateState.swift
[1910/2037] Compiling NIOHTTP2 HTTP2SettingsState.swift
[1911/2037] Compiling NIOHTTP2 HasExtendedConnectSettings.swift
[1912/2045] Compiling NIOHTTP2 HTTP2UserEvents.swift
[1913/2045] Compiling NIOHTTP2 InboundEventBuffer.swift
[1914/2045] Compiling NIOHTTP2 InboundWindowManager.swift
[1915/2045] Compiling NIOHTTP2 MultiplexerAbstractChannel.swift
[1916/2046] Wrapping AST for NIOSSL for debugging
[1918/2046] Emitting module NIOHTTP2
[1919/2046] Compiling NIOHTTP2 HTTP2StreamMultiplexer.swift
[1920/2046] Compiling NIOHTTP2 HTTP2ToHTTP1Codec.swift
[1925/2046] Compiling NIOHTTP2 NIOHTTP2FrameDelegate.swift
[1926/2046] Compiling NIOHTTP2 NIOHTTP2ServerConnectionManagementHandler+StateMachine.swift
[1927/2046] Compiling NIOHTTP2 DOSHeuristics.swift
[1928/2046] Compiling NIOHTTP2 Error+Any.swift
[1929/2046] Compiling NIOHTTP2 ConcurrentStreamBuffer.swift
[1930/2046] Compiling NIOHTTP2 ControlFrameBuffer.swift
[1931/2046] Compiling NIOHTTP2 OutboundFlowControlBuffer.swift
[1932/2046] Compiling NIOHTTP2 OutboundFrameBuffer.swift
[1933/2046] Compiling NIOHTTP2 GlitchesMonitor.swift
[1934/2046] Compiling NIOHTTP2 HPACKHeaders+Validation.swift
[1935/2046] Compiling NIOHTTP2 HTTP2ChannelHandler+InboundStreamMultiplexer.swift
[1936/2046] Compiling NIOHTTP2 HasFlowControlWindows.swift
[1937/2046] Compiling NIOHTTP2 HasLocalSettings.swift
[1938/2046] Compiling NIOHTTP2 HasRemoteSettings.swift
[1939/2046] Compiling NIOHTTP2 LocallyQuiescingState.swift
[1940/2046] Compiling NIOHTTP2 QuiescingState.swift
[1941/2046] Compiling NIOHTTP2 RemotelyQuiescingState.swift
[1942/2046] Compiling NIOHTTP2 SendAndReceiveGoawayState.swift
[1943/2046] Compiling NIOHTTP2 StateMachineResult.swift
[1944/2046] Compiling NIOHTTP2 ContentLengthVerifier.swift
[1945/2046] Compiling NIOHTTP2 NIOHTTP2ServerConnectionManagementHandler.swift
[1946/2046] Compiling NIOHTTP2 StreamChannelFlowController.swift
[1947/2046] Compiling NIOHTTP2 StreamChannelList.swift
[1948/2046] Compiling NIOHTTP2 StreamMap.swift
[1949/2046] Compiling NIOHTTP2 StreamStateMachine.swift
[1950/2046] Compiling NIOHTTP2 Timer.swift
[1951/2046] Compiling NIOHTTP2 UnsafeTransfer.swift
[1952/2046] Compiling NIOHTTP2 WatermarkedFlowController.swift
[1953/2046] Compiling NIOHTTP2 ConnectionStateMachine.swift
[1954/2046] Compiling NIOHTTP2 ConnectionStreamsState.swift
[1955/2046] Compiling NIOHTTP2 MayReceiveFrames.swift
[1956/2046] Compiling NIOHTTP2 ReceivingDataState.swift
[1957/2046] Compiling NIOHTTP2 ReceivingGoAwayState.swift
[1958/2046] Compiling NIOHTTP2 ReceivingHeadersState.swift
[1959/2046] Compiling NIOHTTP2 ReceivingPushPromiseState.swift
[1960/2046] Compiling NIOHTTP2 ReceivingRstStreamState.swift
[1961/2046] Compiling NIOHTTP2 ReceivingWindowUpdateState.swift
[1962/2046] Compiling NIOHTTP2 HTTP2ChannelHandler+InlineStreamMultiplexer.swift
[1963/2046] Compiling NIOHTTP2 HTTP2ChannelHandler.swift
[1964/2046] Compiling NIOHTTP2 HTTP2CommonInboundStreamMultiplexer.swift
[1965/2046] Compiling NIOHTTP2 HTTP2ConnectionStateChange.swift
[1966/2046] Compiling NIOHTTP2 HTTP2Error.swift
[1967/2046] Compiling NIOHTTP2 HTTP2ErrorCode.swift
[1968/2046] Compiling NIOHTTP2 HTTP2FlowControlWindow.swift
[1969/2046] Compiling NIOHTTP2 HTTP2Frame.swift
[1970/2046] Compiling NIOHTTP2 HTTP2FrameEncoder.swift
[1971/2046] Compiling NIOHTTP2 HTTP2FrameParser.swift
[1972/2046] Compiling NIOHTTP2 HTTP2PingData.swift
[1973/2046] Compiling NIOHTTP2 HTTP2PipelineHelpers.swift
[1974/2046] Compiling NIOHTTP2 HTTP2Settings.swift
[1975/2046] Compiling NIOHTTP2 HTTP2Stream.swift
[1976/2046] Compiling NIOHTTP2 HTTP2StreamChannel+OutboundStreamMultiplexer.swift
[1977/2046] Compiling NIOHTTP2 HTTP2StreamChannel.swift
[1978/2046] Compiling NIOHTTP2 HTTP2StreamDelegate.swift
[1979/2046] Compiling NIOHTTP2 HTTP2StreamID.swift
[1980/2047] Wrapping AST for NIOHTTP2 for debugging
[1982/2111] Compiling AsyncHTTPClient AnyAsyncSequence.swift
[1983/2111] Compiling AsyncHTTPClient AnyAsyncSequenceProucerDelete.swift
[1984/2111] Compiling AsyncHTTPClient AsyncLazySequence.swift
[1985/2111] Compiling AsyncHTTPClient HTTPClient+execute.swift
[1986/2111] Compiling AsyncHTTPClient HTTPClient+shutdown.swift
[1987/2111] Compiling AsyncHTTPClient HTTPClient+tracing.swift
[1988/2111] Compiling AsyncHTTPClient HTTPClientRequest+Prepared.swift
[1989/2111] Compiling AsyncHTTPClient HTTPClientRequest+auth.swift
[1990/2111] Compiling AsyncHTTPClient HTTPClientRequest.swift
[1991/2119] Emitting module AsyncHTTPClient
[1992/2119] Compiling AsyncHTTPClient HTTPClientResponse.swift
[1993/2119] Compiling AsyncHTTPClient SingleIteratorPrecondition.swift
[1994/2119] Compiling AsyncHTTPClient Transaction+StateMachine.swift
[1995/2119] Compiling AsyncHTTPClient Transaction.swift
[1996/2119] Compiling AsyncHTTPClient Base64.swift
[1997/2119] Compiling AsyncHTTPClient BasicAuth.swift
[1998/2119] Compiling AsyncHTTPClient BestEffortHashableTLSConfiguration.swift
[1999/2119] Compiling AsyncHTTPClient Configuration+BrowserLike.swift
[2000/2119] Compiling AsyncHTTPClient ConnectionPool.swift
[2001/2119] Compiling AsyncHTTPClient LRUCache.swift
[2002/2119] Compiling AsyncHTTPClient NIOLoopBound+Execute.swift
[2003/2119] Compiling AsyncHTTPClient NWErrorHandler.swift
[2004/2119] Compiling AsyncHTTPClient NWWaitingHandler.swift
[2005/2119] Compiling AsyncHTTPClient TLSConfiguration.swift
[2006/2119] Compiling AsyncHTTPClient RedirectState.swift
[2007/2119] Compiling AsyncHTTPClient RequestBag+StateMachine.swift
[2008/2119] Compiling AsyncHTTPClient RequestBag+Tracing.swift
[2009/2119] Compiling AsyncHTTPClient RequestBag.swift
[2010/2119] Compiling AsyncHTTPClient RequestValidation.swift
[2011/2119] Compiling AsyncHTTPClient SSLContextCache.swift
[2012/2119] Compiling AsyncHTTPClient Scheme.swift
[2013/2119] Compiling AsyncHTTPClient Singleton.swift
[2014/2119] Compiling AsyncHTTPClient StringConvertibleInstances.swift
[2015/2119] Compiling AsyncHTTPClient StructuredConcurrencyHelpers.swift
[2016/2119] Compiling AsyncHTTPClient TracingSupport.swift
[2017/2119] Compiling AsyncHTTPClient Utils.swift
[2018/2119] Compiling AsyncHTTPClient HTTPConnectionEvent.swift
[2019/2119] Compiling AsyncHTTPClient HTTPConnectionPool+Factory.swift
[2020/2119] Compiling AsyncHTTPClient HTTPConnectionPool+Manager.swift
[2021/2119] Compiling AsyncHTTPClient HTTPConnectionPool.swift
[2022/2119] Compiling AsyncHTTPClient HTTPExecutableRequest.swift
[2023/2119] Compiling AsyncHTTPClient HTTPRequestStateMachine+Demand.swift
[2024/2119] Compiling AsyncHTTPClient HTTPRequestStateMachine.swift
[2025/2119] Compiling AsyncHTTPClient RequestBodyLength.swift
[2026/2119] Compiling AsyncHTTPClient RequestFramingMetadata.swift
[2027/2119] Compiling AsyncHTTPClient RequestOptions.swift
[2028/2119] Compiling AsyncHTTPClient HTTPConnectionPool+Backoff.swift
[2029/2119] Compiling AsyncHTTPClient HTTPConnectionPool+HTTP1Connections.swift
[2030/2119] Compiling AsyncHTTPClient HTTPConnectionPool+HTTP1StateMachine.swift
[2031/2119] Compiling AsyncHTTPClient HTTPConnectionPool+HTTP2Connections.swift
[2032/2119] Compiling AsyncHTTPClient HTTPConnectionPool+HTTP2StateMachine.swift
[2033/2119] Compiling AsyncHTTPClient HTTPConnectionPool+RequestQueue.swift
[2034/2119] Compiling AsyncHTTPClient HTTPConnectionPool+StateMachine.swift
[2035/2119] Compiling AsyncHTTPClient ConnectionTarget.swift
[2036/2119] Compiling AsyncHTTPClient HTTP1ProxyConnectHandler.swift
[2037/2119] Compiling AsyncHTTPClient SOCKSEventsHandler.swift
[2038/2119] Compiling AsyncHTTPClient TLSEventsHandler.swift
[2039/2119] Compiling AsyncHTTPClient HTTP1ClientChannelHandler.swift
[2040/2119] Compiling AsyncHTTPClient HTTP1Connection.swift
[2041/2119] Compiling AsyncHTTPClient HTTP1ConnectionStateMachine.swift
[2042/2119] Compiling AsyncHTTPClient HTTP2ClientRequestHandler.swift
[2043/2119] Compiling AsyncHTTPClient HTTP2Connection.swift
[2044/2119] Compiling AsyncHTTPClient HTTP2IdleHandler.swift
[2045/2119] Compiling AsyncHTTPClient DeconstructedURL.swift
[2046/2119] Compiling AsyncHTTPClient FileDownloadDelegate.swift
[2047/2119] Compiling AsyncHTTPClient FoundationExtensions.swift
[2048/2119] Compiling AsyncHTTPClient HTTPClient+HTTPCookie.swift
[2049/2119] Compiling AsyncHTTPClient HTTPClient+Proxy.swift
[2050/2119] Compiling AsyncHTTPClient HTTPClient+StructuredConcurrency.swift
[2051/2119] Compiling AsyncHTTPClient HTTPClient.swift
[2052/2119] Compiling AsyncHTTPClient HTTPClientConfiguration+SwiftConfiguration.swift
[2053/2119] Compiling AsyncHTTPClient HTTPHandler.swift
[2054/2120] Wrapping AST for AsyncHTTPClient for debugging
[2056/2143] Emitting module GoogleAuth
[2057/2146] Compiling GoogleAuth ADC.swift
[2058/2146] Compiling GoogleAuth ADCPath.swift
[2059/2146] Compiling GoogleAuth ADCResolver.swift
[2060/2146] Compiling GoogleAuth AuthHeaders.swift
[2061/2146] Compiling GoogleAuth AnonymousCredentials.swift
[2062/2146] Compiling GoogleAuth ApiKeyCredentials.swift
[2063/2146] Compiling GoogleAuth ExternalAccountCredentials.swift
[2064/2146] Compiling GoogleAuth CredentialParserRegistry.swift
[2065/2146] Compiling GoogleAuth Credentials.swift
[2066/2146] Compiling GoogleAuth CredentialsError.swift
[2067/2146] Compiling GoogleAuth ServiceAccountCredentials.swift
[2068/2146] Compiling GoogleAuth ServiceAccountData.swift
[2069/2146] Compiling GoogleAuth ServiceAccountTokenProvider.swift
[2070/2146] Compiling GoogleAuth UserAccountData.swift
[2071/2146] Compiling GoogleAuth UserAccountTokenProvider.swift
[2072/2146] Compiling GoogleAuth UserCredentials.swift
[2073/2146] Compiling GoogleAuth SubjectTokenProvider.swift
[2074/2146] Compiling GoogleAuth MDSAccessTokenProvider.swift
[2075/2146] Compiling GoogleAuth MDSCredentials.swift
[2076/2146] Compiling GoogleAuth AuthHTTPClient.swift
[2077/2146] Compiling GoogleAuth AuthHTTPError.swift
[2078/2146] Compiling GoogleAuth RetryEngine.swift
[2079/2146] Compiling GoogleAuth STSHandler.swift
[2080/2146] Compiling GoogleAuth TokenCache.swift
[2081/2146] Compiling GoogleAuth PackageVersion.swift
[2082/2147] Wrapping AST for GoogleAuth for debugging
[2084/2205] Compiling GoogleGax Pagination.swift
/host/spi-builder-workspace/.build/checkouts/swift-google-gax/Sources/GoogleGax/Pagination.swift:44:22: error: cannot convert '@Sendable (String) async throws -> (response: ResponseType, items: [Item], nextToken: String)' to 'nonisolated(nonsending) @Sendable (String) async throws -> (response: ResponseType, items: [Item], nextToken: String)' because crossing of an isolation boundary requires parameter and result types to conform to 'Sendable' protocol
42 | ) where ResponseType: _PaginatedResponse<Item> {
43 | self.initialPageToken = initialPageToken ?? ""
44 | self.fetchPage = { token in
| |- error: cannot convert '@Sendable (String) async throws -> (response: ResponseType, items: [Item], nextToken: String)' to 'nonisolated(nonsending) @Sendable (String) async throws -> (response: ResponseType, items: [Item], nextToken: String)' because crossing of an isolation boundary requires parameter and result types to conform to 'Sendable' protocol
| `- note: type 'Item' does not conform to 'Sendable' protocol
45 | let response = try await listRpc(token)
46 | return (response, response._getPaginatedItems(), response._nextPageToken())
[2085/2205] Compiling GoogleGax PollingBackoffPolicy.swift
/host/spi-builder-workspace/.build/checkouts/swift-google-gax/Sources/GoogleGax/Pagination.swift:44:22: error: cannot convert '@Sendable (String) async throws -> (response: ResponseType, items: [Item], nextToken: String)' to 'nonisolated(nonsending) @Sendable (String) async throws -> (response: ResponseType, items: [Item], nextToken: String)' because crossing of an isolation boundary requires parameter and result types to conform to 'Sendable' protocol
42 | ) where ResponseType: _PaginatedResponse<Item> {
43 | self.initialPageToken = initialPageToken ?? ""
44 | self.fetchPage = { token in
| |- error: cannot convert '@Sendable (String) async throws -> (response: ResponseType, items: [Item], nextToken: String)' to 'nonisolated(nonsending) @Sendable (String) async throws -> (response: ResponseType, items: [Item], nextToken: String)' because crossing of an isolation boundary requires parameter and result types to conform to 'Sendable' protocol
| `- note: type 'Item' does not conform to 'Sendable' protocol
45 | let response = try await listRpc(token)
46 | return (response, response._getPaginatedItems(), response._nextPageToken())
[2086/2205] Compiling GoogleGax PollingErrorPolicy.swift
/host/spi-builder-workspace/.build/checkouts/swift-google-gax/Sources/GoogleGax/Pagination.swift:44:22: error: cannot convert '@Sendable (String) async throws -> (response: ResponseType, items: [Item], nextToken: String)' to 'nonisolated(nonsending) @Sendable (String) async throws -> (response: ResponseType, items: [Item], nextToken: String)' because crossing of an isolation boundary requires parameter and result types to conform to 'Sendable' protocol
42 | ) where ResponseType: _PaginatedResponse<Item> {
43 | self.initialPageToken = initialPageToken ?? ""
44 | self.fetchPage = { token in
| |- error: cannot convert '@Sendable (String) async throws -> (response: ResponseType, items: [Item], nextToken: String)' to 'nonisolated(nonsending) @Sendable (String) async throws -> (response: ResponseType, items: [Item], nextToken: String)' because crossing of an isolation boundary requires parameter and result types to conform to 'Sendable' protocol
| `- note: type 'Item' does not conform to 'Sendable' protocol
45 | let response = try await listRpc(token)
46 | return (response, response._getPaginatedItems(), response._nextPageToken())
[2087/2205] Compiling GoogleGax PollingResult.swift
/host/spi-builder-workspace/.build/checkouts/swift-google-gax/Sources/GoogleGax/Pagination.swift:44:22: error: cannot convert '@Sendable (String) async throws -> (response: ResponseType, items: [Item], nextToken: String)' to 'nonisolated(nonsending) @Sendable (String) async throws -> (response: ResponseType, items: [Item], nextToken: String)' because crossing of an isolation boundary requires parameter and result types to conform to 'Sendable' protocol
42 | ) where ResponseType: _PaginatedResponse<Item> {
43 | self.initialPageToken = initialPageToken ?? ""
44 | self.fetchPage = { token in
| |- error: cannot convert '@Sendable (String) async throws -> (response: ResponseType, items: [Item], nextToken: String)' to 'nonisolated(nonsending) @Sendable (String) async throws -> (response: ResponseType, items: [Item], nextToken: String)' because crossing of an isolation boundary requires parameter and result types to conform to 'Sendable' protocol
| `- note: type 'Item' does not conform to 'Sendable' protocol
45 | let response = try await listRpc(token)
46 | return (response, response._getPaginatedItems(), response._nextPageToken())
[2088/2205] Compiling GoogleGax PollingState.swift
/host/spi-builder-workspace/.build/checkouts/swift-google-gax/Sources/GoogleGax/Pagination.swift:44:22: error: cannot convert '@Sendable (String) async throws -> (response: ResponseType, items: [Item], nextToken: String)' to 'nonisolated(nonsending) @Sendable (String) async throws -> (response: ResponseType, items: [Item], nextToken: String)' because crossing of an isolation boundary requires parameter and result types to conform to 'Sendable' protocol
42 | ) where ResponseType: _PaginatedResponse<Item> {
43 | self.initialPageToken = initialPageToken ?? ""
44 | self.fetchPage = { token in
| |- error: cannot convert '@Sendable (String) async throws -> (response: ResponseType, items: [Item], nextToken: String)' to 'nonisolated(nonsending) @Sendable (String) async throws -> (response: ResponseType, items: [Item], nextToken: String)' because crossing of an isolation boundary requires parameter and result types to conform to 'Sendable' protocol
| `- note: type 'Item' does not conform to 'Sendable' protocol
45 | let response = try await listRpc(token)
46 | return (response, response._getPaginatedItems(), response._nextPageToken())
[2089/2205] Compiling GoogleGax ProtobufConversionError.swift
/host/spi-builder-workspace/.build/checkouts/swift-google-gax/Sources/GoogleGax/Pagination.swift:44:22: error: cannot convert '@Sendable (String) async throws -> (response: ResponseType, items: [Item], nextToken: String)' to 'nonisolated(nonsending) @Sendable (String) async throws -> (response: ResponseType, items: [Item], nextToken: String)' because crossing of an isolation boundary requires parameter and result types to conform to 'Sendable' protocol
42 | ) where ResponseType: _PaginatedResponse<Item> {
43 | self.initialPageToken = initialPageToken ?? ""
44 | self.fetchPage = { token in
| |- error: cannot convert '@Sendable (String) async throws -> (response: ResponseType, items: [Item], nextToken: String)' to 'nonisolated(nonsending) @Sendable (String) async throws -> (response: ResponseType, items: [Item], nextToken: String)' because crossing of an isolation boundary requires parameter and result types to conform to 'Sendable' protocol
| `- note: type 'Item' does not conform to 'Sendable' protocol
45 | let response = try await listRpc(token)
46 | return (response, response._getPaginatedItems(), response._nextPageToken())
[2090/2205] Compiling GoogleGax QueryParameter.swift
/host/spi-builder-workspace/.build/checkouts/swift-google-gax/Sources/GoogleGax/Pagination.swift:44:22: error: cannot convert '@Sendable (String) async throws -> (response: ResponseType, items: [Item], nextToken: String)' to 'nonisolated(nonsending) @Sendable (String) async throws -> (response: ResponseType, items: [Item], nextToken: String)' because crossing of an isolation boundary requires parameter and result types to conform to 'Sendable' protocol
42 | ) where ResponseType: _PaginatedResponse<Item> {
43 | self.initialPageToken = initialPageToken ?? ""
44 | self.fetchPage = { token in
| |- error: cannot convert '@Sendable (String) async throws -> (response: ResponseType, items: [Item], nextToken: String)' to 'nonisolated(nonsending) @Sendable (String) async throws -> (response: ResponseType, items: [Item], nextToken: String)' because crossing of an isolation boundary requires parameter and result types to conform to 'Sendable' protocol
| `- note: type 'Item' does not conform to 'Sendable' protocol
45 | let response = try await listRpc(token)
46 | return (response, response._getPaginatedItems(), response._nextPageToken())
[2091/2205] Compiling GoogleGax RequestError.swift
/host/spi-builder-workspace/.build/checkouts/swift-google-gax/Sources/GoogleGax/Pagination.swift:44:22: error: cannot convert '@Sendable (String) async throws -> (response: ResponseType, items: [Item], nextToken: String)' to 'nonisolated(nonsending) @Sendable (String) async throws -> (response: ResponseType, items: [Item], nextToken: String)' because crossing of an isolation boundary requires parameter and result types to conform to 'Sendable' protocol
42 | ) where ResponseType: _PaginatedResponse<Item> {
43 | self.initialPageToken = initialPageToken ?? ""
44 | self.fetchPage = { token in
| |- error: cannot convert '@Sendable (String) async throws -> (response: ResponseType, items: [Item], nextToken: String)' to 'nonisolated(nonsending) @Sendable (String) async throws -> (response: ResponseType, items: [Item], nextToken: String)' because crossing of an isolation boundary requires parameter and result types to conform to 'Sendable' protocol
| `- note: type 'Item' does not conform to 'Sendable' protocol
45 | let response = try await listRpc(token)
46 | return (response, response._getPaginatedItems(), response._nextPageToken())
[2092/2213] Emitting module GoogleGax
[2093/2213] Compiling GoogleGax RequestOptions.swift
[2094/2213] Compiling GoogleGax RetryLoop.swift
[2095/2213] Compiling GoogleGax RetryPolicy.swift
[2096/2213] Compiling GoogleGax RetryResult.swift
[2097/2213] Compiling GoogleGax RetryState.swift
[2098/2213] Compiling GoogleGax RetryThrottler.swift
[2099/2213] Compiling GoogleGax RetryThrottlerError.swift
[2100/2213] Compiling GoogleGax RoutingMatcher.swift
[2101/2213] Compiling GoogleGax ContinueOnIO.swift
[2102/2213] Compiling GoogleGax CredentialsProtocol.swift
[2103/2213] Compiling GoogleGax ErrorWrapper.swift
[2104/2213] Compiling GoogleGax ExponentialBackoff+BackoffPolicy.swift
[2105/2213] Compiling GoogleGax ExponentialBackoff+PollingBackoffPolicy.swift
[2106/2213] Compiling GoogleGax ExponentialBackoff.swift
[2107/2213] Compiling GoogleGax HTTPClient.swift
[2108/2213] Compiling GoogleGax HTTPClientHolder.swift
[2109/2213] Compiling GoogleGax BaseRetryPolicy.swift
[2110/2213] Compiling GoogleGax BindingError.swift
[2111/2213] Compiling GoogleGax CRC32C.swift
[2112/2213] Compiling GoogleGax CircuitBreaker.swift
[2113/2213] Compiling GoogleGax ClientError.swift
[2114/2213] Compiling GoogleGax ClientOptions.swift
[2115/2213] Compiling GoogleGax ContinueOnIO+PollingErrorPolicy.swift
[2116/2213] Compiling GoogleGax ContinueOnIO+RetryPolicy.swift
[2117/2213] Compiling GoogleGax AIP194+PollingErrorPolicy.swift
[2118/2213] Compiling GoogleGax AIP194+RetryPolicy.swift
[2119/2213] Compiling GoogleGax AIP194.swift
[2120/2213] Compiling GoogleGax AdaptiveThrottler.swift
[2121/2213] Compiling GoogleGax AlwaysPoll.swift
[2122/2213] Compiling GoogleGax AlwaysRetry.swift
[2123/2213] Compiling GoogleGax ApiClientHeader.swift
[2124/2213] Compiling GoogleGax BackoffPolicy.swift
[2125/2213] Compiling GoogleGax BasePollingErrorPolicy.swift
[2126/2213] Compiling GoogleGax HTTPClientProtocol.swift
[2127/2213] Compiling GoogleGax HTTPClientRequest.swift
[2128/2213] Compiling GoogleGax HTTPClientResponse.swift
[2129/2213] Compiling GoogleGax HTTPHeaders.swift
[2130/2213] Compiling GoogleGax HTTPResponseBody.swift
[2131/2213] Compiling GoogleGax HeaderNames.swift
[2132/2213] Compiling GoogleGax Host.swift
[2133/2213] Compiling GoogleGax InProgressResult.swift
[2134/2213] Compiling GoogleGax LimitedAttemptCount+PollingErrorPolicy.swift
[2135/2213] Compiling GoogleGax LimitedAttemptCount+RetryPolicy.swift
[2136/2213] Compiling GoogleGax LimitedAttemptCount.swift
[2137/2213] Compiling GoogleGax LimitedElapsedTime+PollingErrorPolicy.swift
[2138/2213] Compiling GoogleGax LimitedElapsedTime+RetryPolicy.swift
[2139/2213] Compiling GoogleGax LimitedElapsedTime.swift
[2140/2213] Compiling GoogleGax LongRunningOperations.swift
[2141/2213] Compiling GoogleGax NeverRetry.swift
[2142/2213] Compiling GoogleGax ServiceError.swift
[2143/2213] Compiling GoogleGax StatusDetail.swift
[2144/2213] Compiling GoogleGax StrictIdempotency.swift
[2145/2213] Compiling GoogleGax ThrottleResult.swift
[2146/2213] Compiling GoogleGax TooManyRequests+PollingErrorPolicy.swift
[2147/2213] Compiling GoogleGax TooManyRequests+RetryPolicy.swift
[2148/2213] Compiling GoogleGax TooManyRequests.swift
[2149/2213] Compiling GoogleGax PackageVersion.swift
BUILD FAILURE 6.2 android