The Swift Package Index logo.Swift Package Index

Build Information

Failed to build TriforkSwiftExtensions, reference master (dfd43f), with Swift 6.4 for visionOS using Xcode 27.0 on 18 Sep 2026 03:43:04 UTC.

Build Command

env DEVELOPER_DIR=/Applications/Xcode-27.0.0-Release.Candidate.app xcrun xcodebuild -IDEClonedSourcePackagesDirPathOverride=$PWD/.dependencies -skipMacroValidation -skipPackagePluginValidation -derivedDataPath $PWD/.derivedData build -scheme TriforkSwiftExtensions -destination generic/platform=xrOS

Build Log

========================================
RunAll
========================================
Builder version: 5.1.0
Interrupt handler set up.
========================================
Checkout
========================================
Clone URL: https://github.com/trifork/TriforkSwiftExtensions.git
Reference: master
Initialized empty Git repository in /Users/admin/builder/spi-builder-workspace/.git/
From https://github.com/trifork/TriforkSwiftExtensions
 * branch            master     -> FETCH_HEAD
 * [new branch]      master     -> origin/master
HEAD is now at dfd43f9 Merge pull request #84 from trifork/bugfix/isEmail
Cloned https://github.com/trifork/TriforkSwiftExtensions.git
Revision (git rev-parse @):
dfd43f9fcc8e9958e3f23e41019fd226873b260b
SUCCESS checkout https://github.com/trifork/TriforkSwiftExtensions.git at master
========================================
Build
========================================
Selected platform:         visionOS
Swift version:             6.4
Building package at path:  $PWD
https://github.com/trifork/TriforkSwiftExtensions.git
Command line invocation:
    /Applications/Xcode-27.0.0-Release.Candidate.app/Contents/Developer/usr/bin/xcodebuild -IDEClonedSourcePackagesDirPathOverride=/Users/admin/builder/spi-builder-workspace/.dependencies -resolvePackageDependencies
Resolve Package Graph
Resolve Package Graph
Resolved source packages:
  TriforkSwiftExtensions: /Users/admin/builder/spi-builder-workspace
resolved source packages: TriforkSwiftExtensions
2026-09-17 23:42:09.968 xcodebuild[529:3056] [MT] IDERunDestination: Supported platforms for the buildables in the current scheme is empty.
{
  "dependencies" : [
  ],
  "manifest_display_name" : "TriforkSwiftExtensions",
  "name" : "TriforkSwiftExtensions",
  "path" : "/Users/admin/builder/spi-builder-workspace",
  "platforms" : [
    {
      "name" : "ios",
      "version" : "9.0"
    }
  ],
  "products" : [
    {
      "name" : "TriforkSwiftExtensions",
      "targets" : [
        "TriforkSwiftExtensions"
      ],
      "type" : {
        "library" : [
          "automatic"
        ]
      }
    }
  ],
  "targets" : [
    {
      "c99name" : "TriforkSwiftExtensionsTests",
      "module_type" : "SwiftTarget",
      "name" : "TriforkSwiftExtensionsTests",
      "path" : "TriforkSwiftExtensions/TriforkSwiftExtensionsTests",
      "sources" : [
        "ArrayExtensionTests.swift",
        "BoolExtensionTests.swift",
        "CGFloatExtensionsTests.swift",
        "CGRectExtensionTests.swift",
        "CollectionExtensionTests.swift",
        "DataExtensionTests.swift",
        "DateExtensionTests.swift",
        "DoubleExtensionTests.swift",
        "EncodableExtensionTests.swift",
        "ErrorExtensionTests.swift",
        "FloatExtensionTests.swift",
        "FloatingPointExtensionTests.swift",
        "IntExtensionTests.swift",
        "NSMutableAttributedStringExtensionTests.swift",
        "NSObjectExtensionTests.swift",
        "OptionalExtensionTests.swift",
        "PublisherTests.swift",
        "ResultTests.swift",
        "ReusableTests.swift",
        "SequenceExtensionTests.swift",
        "StringExtensionTests.swift",
        "StringProtocolTests.swift",
        "TSELoggerTests.swift",
        "UIAlertControllerExtensionTests.swift",
        "UIApplicationExtensionTests.swift",
        "UIColorExtensionTests.swift",
        "UIDeviceExtensionTests.swift",
        "UIEdgeInsetsTests.swift",
        "UIScrollViewExtensionTests.swift",
        "UIStackViewExtensionTests.swift",
        "UITableViewExtensionTests.swift",
        "UITextViewExtensionTest.swift",
        "UIViewExtensionTests.swift",
        "URLExtensionTests.swift"
      ],
      "target_dependencies" : [
        "TriforkSwiftExtensions"
      ],
      "type" : "test"
    },
    {
      "c99name" : "TriforkSwiftExtensions",
      "module_type" : "SwiftTarget",
      "name" : "TriforkSwiftExtensions",
      "path" : "TriforkSwiftExtensions/TriforkSwiftExtensions",
      "product_memberships" : [
        "TriforkSwiftExtensions"
      ],
      "sources" : [
        "Array/ArrayExtension.swift",
        "Bool/BoolExtension.swift",
        "Bundle/BundleExtension.swift",
        "CGFloat/CGFloatExtensions.swift",
        "CGRect/CGRectExtension.swift",
        "Collection/CollectionExtension.swift",
        "Data/DataExtension.swift",
        "Date/DateExtension.swift",
        "Encodable/EncodableExtension.swift",
        "Error/ErrorExtension.swift",
        "FloatingPoint/FloatingPointExtensions.swift",
        "LAContext/LAContextExtension.swift",
        "NSAttributedString/NSMutableAttributedStringExtension.swift",
        "NSObject/NSObjectExtension.swift",
        "Numeric/NumericExtension.swift",
        "Optional/OptionalExtension.swift",
        "Publisher/PublisherExtensions.swift",
        "Result/ResultClosureExtension.swift",
        "Sequence/SequenceExtensions.swift",
        "String/StringExtension.swift",
        "String/StringFormatExtension.swift",
        "String/StringProtocolExtension.swift",
        "TriforkSwiftExtensionUtilities/TSELogger.swift",
        "UIAlertController/UIAlertControllerExtension.swift",
        "UIApplication/UIApplicationExtensions.swift",
        "UIColor/UIColorExtension.swift",
        "UIDevice/UIDeviceExtension.swift",
        "UIEdgeInsets/UIEdgeInsetsExtension.swift",
        "UILabel/UILabelExtensions.swift",
        "UIScrollView/UIScrollViewExtension.swift",
        "UIStackView/UIStackViewExtension.swift",
        "UITableView/UITableViewExtension.swift",
        "UITableViewCell/UITableViewCellExtension.swift",
        "UITableViewHeaderFooterView/UITableViewHeaderFooterViewExtension.swift",
        "UITextView/UITextViewExtensions.swift",
        "UIView/UIViewExtension.swift",
        "UIViewController/UIViewControllerExtension.swift",
        "URL/URLExtension.swift"
      ],
      "type" : "library"
    }
  ],
  "tools_version" : "5.0"
}
{
  "workspace" : {
    "name" : "TriforkSwiftExtensions",
    "schemes" : [
      "TriforkSwiftExtensions"
    ]
  }
}
2026-09-17 23:42:51.721 xcodebuild[647:4163] [MT] IDERunDestination: Supported platforms for the buildables in the current scheme is empty.
Running build ...
env DEVELOPER_DIR=/Applications/Xcode-27.0.0-Release.Candidate.app xcrun xcodebuild -IDEClonedSourcePackagesDirPathOverride=$PWD/.dependencies -skipMacroValidation -skipPackagePluginValidation -derivedDataPath $PWD/.derivedData build -scheme TriforkSwiftExtensions -destination generic/platform=xrOS
Command line invocation:
    /Applications/Xcode-27.0.0-Release.Candidate.app/Contents/Developer/usr/bin/xcodebuild -IDEClonedSourcePackagesDirPathOverride=/Users/admin/builder/spi-builder-workspace/.dependencies -skipMacroValidation -skipPackagePluginValidation -derivedDataPath /Users/admin/builder/spi-builder-workspace/.derivedData build -scheme TriforkSwiftExtensions -destination generic/platform=xrOS
Resolve Package Graph
Resolved source packages:
  TriforkSwiftExtensions: /Users/admin/builder/spi-builder-workspace
ComputePackagePrebuildTargetDependencyGraph
Prepare packages
CreateBuildRequest
SendProjectDescription
CreateBuildOperation
ComputeTargetDependencyGraph
note: Building targets in dependency order
note: Target dependency graph (2 targets)
    Target 'TriforkSwiftExtensions-product' in project 'TriforkSwiftExtensions'
        ➜ Explicit dependency on target 'TriforkSwiftExtensions' in project 'TriforkSwiftExtensions'
    Target 'TriforkSwiftExtensions' in project 'TriforkSwiftExtensions' (no dependencies)
GatherProvisioningInputs
CreateBuildDescription
ExecuteExternalTool /Applications/Xcode-27.0.0-Release.Candidate.app/Contents/Developer/Toolchains/XcodeDefault.xctoolchain/usr/bin/clang -v -E -dM -isysroot /Applications/Xcode-27.0.0-Release.Candidate.app/Contents/Developer/Platforms/XROS.platform/Developer/SDKs/XROS27.0.sdk -x c -c /dev/null
ExecuteExternalTool /Applications/Xcode-27.0.0-Release.Candidate.app/Contents/Developer/Toolchains/XcodeDefault.xctoolchain/usr/bin/swiftc --version
ExecuteExternalTool /Applications/Xcode-27.0.0-Release.Candidate.app/Contents/Developer/Toolchains/XcodeDefault.xctoolchain/usr/bin/ld -version_details
Build description signature: ec2dc0bd64e7cf0f3efb10e553879f3b
Build description path: /Users/admin/builder/spi-builder-workspace/.derivedData/Build/Intermediates.noindex/XCBuildData/ec2dc0bd64e7cf0f3efb10e553879f3b.xcbuilddata
CreateBuildDirectory /Users/admin/builder/spi-builder-workspace/.derivedData/SDKExplicitPrecompiledModules
    cd /Users/admin/builder/spi-builder-workspace/.swiftpm/xcode
    builtin-create-build-directory /Users/admin/builder/spi-builder-workspace/.derivedData/SDKExplicitPrecompiledModules
CreateBuildDirectory /Users/admin/builder/spi-builder-workspace/.derivedData/ModuleCache.noindex
    cd /Users/admin/builder/spi-builder-workspace/.swiftpm/xcode
    builtin-create-build-directory /Users/admin/builder/spi-builder-workspace/.derivedData/ModuleCache.noindex
CreateBuildDirectory /Users/admin/builder/spi-builder-workspace/.derivedData/CompilationCache.noindex
    cd /Users/admin/builder/spi-builder-workspace/.swiftpm/xcode
    builtin-create-build-directory /Users/admin/builder/spi-builder-workspace/.derivedData/CompilationCache.noindex
CreateBuildDirectory /Users/admin/builder/spi-builder-workspace/.derivedData/Build/Products
    cd /Users/admin/builder/spi-builder-workspace/.swiftpm/xcode
    builtin-create-build-directory /Users/admin/builder/spi-builder-workspace/.derivedData/Build/Products
CreateBuildDirectory /Users/admin/builder/spi-builder-workspace/.derivedData/Build/Intermediates.noindex
    cd /Users/admin/builder/spi-builder-workspace/.swiftpm/xcode
    builtin-create-build-directory /Users/admin/builder/spi-builder-workspace/.derivedData/Build/Intermediates.noindex
ClangStatCache /Applications/Xcode-27.0.0-Release.Candidate.app/Contents/Developer/Toolchains/XcodeDefault.xctoolchain/usr/bin/clang-stat-cache /Applications/Xcode-27.0.0-Release.Candidate.app/Contents/Developer/Platforms/XROS.platform/Developer/SDKs/XROS27.0.sdk /Users/admin/builder/spi-builder-workspace/.derivedData/SDKStatCaches.noindex/xros27.0-24M361-e829b21a6f8c9b70876ba0858053c044735bd543db762f57723cac368afd1ce4.sdkstatcache
    cd /Users/admin/builder/spi-builder-workspace/.swiftpm/xcode
    /Applications/Xcode-27.0.0-Release.Candidate.app/Contents/Developer/Toolchains/XcodeDefault.xctoolchain/usr/bin/clang-stat-cache /Applications/Xcode-27.0.0-Release.Candidate.app/Contents/Developer/Platforms/XROS.platform/Developer/SDKs/XROS27.0.sdk -o /Users/admin/builder/spi-builder-workspace/.derivedData/SDKStatCaches.noindex/xros27.0-24M361-e829b21a6f8c9b70876ba0858053c044735bd543db762f57723cac368afd1ce4.sdkstatcache
CreateBuildDirectory /Users/admin/builder/spi-builder-workspace/.derivedData/Build/Intermediates.noindex/SwiftExplicitPrecompiledModules
    cd /Users/admin/builder/spi-builder-workspace/.swiftpm/xcode
    builtin-create-build-directory /Users/admin/builder/spi-builder-workspace/.derivedData/Build/Intermediates.noindex/SwiftExplicitPrecompiledModules
CreateBuildDirectory /Users/admin/builder/spi-builder-workspace/.derivedData/Build/Intermediates.noindex/PrecompiledHeaders
    cd /Users/admin/builder/spi-builder-workspace/.swiftpm/xcode
    builtin-create-build-directory /Users/admin/builder/spi-builder-workspace/.derivedData/Build/Intermediates.noindex/PrecompiledHeaders
CreateBuildDirectory /Users/admin/builder/spi-builder-workspace/.derivedData/Build/Intermediates.noindex/ExplicitPrecompiledModules
    cd /Users/admin/builder/spi-builder-workspace/.swiftpm/xcode
    builtin-create-build-directory /Users/admin/builder/spi-builder-workspace/.derivedData/Build/Intermediates.noindex/ExplicitPrecompiledModules
CreateBuildDirectory /Users/admin/builder/spi-builder-workspace/.derivedData/Build/Products/Debug-xros
    cd /Users/admin/builder/spi-builder-workspace/.swiftpm/xcode
    builtin-create-build-directory /Users/admin/builder/spi-builder-workspace/.derivedData/Build/Products/Debug-xros
CreateBuildDirectory /Users/admin/builder/spi-builder-workspace/.derivedData/Build/Intermediates.noindex/EagerLinkingTBDs/Debug-xros
    cd /Users/admin/builder/spi-builder-workspace/.swiftpm/xcode
    builtin-create-build-directory /Users/admin/builder/spi-builder-workspace/.derivedData/Build/Intermediates.noindex/EagerLinkingTBDs/Debug-xros
CreateBuildDirectory /Users/admin/builder/spi-builder-workspace/.derivedData/Build/Products/Debug-xros/PackageFrameworks
    cd /Users/admin/builder/spi-builder-workspace/.swiftpm/xcode
    builtin-create-build-directory /Users/admin/builder/spi-builder-workspace/.derivedData/Build/Products/Debug-xros/PackageFrameworks
WriteAuxiliaryFile /Users/admin/builder/spi-builder-workspace/.derivedData/Build/Intermediates.noindex/TriforkSwiftExtensions.build/Debug-xros/TriforkSwiftExtensions-t.build/TriforkSwiftExtensions.DependencyStaticMetadataFileList (in target 'TriforkSwiftExtensions' from project 'TriforkSwiftExtensions')
    cd /Users/admin/builder/spi-builder-workspace
    write-file /Users/admin/builder/spi-builder-workspace/.derivedData/Build/Intermediates.noindex/TriforkSwiftExtensions.build/Debug-xros/TriforkSwiftExtensions-t.build/TriforkSwiftExtensions.DependencyStaticMetadataFileList
WriteAuxiliaryFile /Users/admin/builder/spi-builder-workspace/.derivedData/Build/Intermediates.noindex/TriforkSwiftExtensions.build/Debug-xros/TriforkSwiftExtensions-t.build/TriforkSwiftExtensions.DependencyMetadataFileList (in target 'TriforkSwiftExtensions' from project 'TriforkSwiftExtensions')
    cd /Users/admin/builder/spi-builder-workspace
    write-file /Users/admin/builder/spi-builder-workspace/.derivedData/Build/Intermediates.noindex/TriforkSwiftExtensions.build/Debug-xros/TriforkSwiftExtensions-t.build/TriforkSwiftExtensions.DependencyMetadataFileList
WriteAuxiliaryFile /Users/admin/builder/spi-builder-workspace/.derivedData/Build/Intermediates.noindex/TriforkSwiftExtensions.build/Debug-xros/TriforkSwiftExtensions-t.build/TriforkSwiftExtensions.modulemap (in target 'TriforkSwiftExtensions' from project 'TriforkSwiftExtensions')
    cd /Users/admin/builder/spi-builder-workspace
    write-file /Users/admin/builder/spi-builder-workspace/.derivedData/Build/Intermediates.noindex/TriforkSwiftExtensions.build/Debug-xros/TriforkSwiftExtensions-t.build/TriforkSwiftExtensions.modulemap
WriteAuxiliaryFile /Users/admin/builder/spi-builder-workspace/.derivedData/Build/Intermediates.noindex/TriforkSwiftExtensions.build/Debug-xros/TriforkSwiftExtensions-t.build/Objects-normal/arm64/TriforkSwiftExtensions.SwiftFileList (in target 'TriforkSwiftExtensions' from project 'TriforkSwiftExtensions')
    cd /Users/admin/builder/spi-builder-workspace
    write-file /Users/admin/builder/spi-builder-workspace/.derivedData/Build/Intermediates.noindex/TriforkSwiftExtensions.build/Debug-xros/TriforkSwiftExtensions-t.build/Objects-normal/arm64/TriforkSwiftExtensions.SwiftFileList
WriteAuxiliaryFile /Users/admin/builder/spi-builder-workspace/.derivedData/Build/Intermediates.noindex/TriforkSwiftExtensions.build/Debug-xros/TriforkSwiftExtensions-t.build/Objects-normal/arm64/TriforkSwiftExtensions-OutputFileMap.json (in target 'TriforkSwiftExtensions' from project 'TriforkSwiftExtensions')
    cd /Users/admin/builder/spi-builder-workspace
    write-file /Users/admin/builder/spi-builder-workspace/.derivedData/Build/Intermediates.noindex/TriforkSwiftExtensions.build/Debug-xros/TriforkSwiftExtensions-t.build/Objects-normal/arm64/TriforkSwiftExtensions-OutputFileMap.json
WriteAuxiliaryFile /Users/admin/builder/spi-builder-workspace/.derivedData/Build/Intermediates.noindex/TriforkSwiftExtensions.build/Debug-xros/TriforkSwiftExtensions-t.build/Objects-normal/arm64/TriforkSwiftExtensions.SwiftConstValuesFileList (in target 'TriforkSwiftExtensions' from project 'TriforkSwiftExtensions')
    cd /Users/admin/builder/spi-builder-workspace
    write-file /Users/admin/builder/spi-builder-workspace/.derivedData/Build/Intermediates.noindex/TriforkSwiftExtensions.build/Debug-xros/TriforkSwiftExtensions-t.build/Objects-normal/arm64/TriforkSwiftExtensions.SwiftConstValuesFileList
WriteAuxiliaryFile /Users/admin/builder/spi-builder-workspace/.derivedData/Build/Intermediates.noindex/TriforkSwiftExtensions.build/Debug-xros/TriforkSwiftExtensions-t.build/Objects-normal/arm64/TriforkSwiftExtensions_const_extract_protocols.json (in target 'TriforkSwiftExtensions' from project 'TriforkSwiftExtensions')
    cd /Users/admin/builder/spi-builder-workspace
    write-file /Users/admin/builder/spi-builder-workspace/.derivedData/Build/Intermediates.noindex/TriforkSwiftExtensions.build/Debug-xros/TriforkSwiftExtensions-t.build/Objects-normal/arm64/TriforkSwiftExtensions_const_extract_protocols.json
WriteAuxiliaryFile /Users/admin/builder/spi-builder-workspace/.derivedData/Build/Intermediates.noindex/TriforkSwiftExtensions.build/Debug-xros/TriforkSwiftExtensions-t.build/Objects-normal/arm64/TriforkSwiftExtensions.LinkFileList (in target 'TriforkSwiftExtensions' from project 'TriforkSwiftExtensions')
    cd /Users/admin/builder/spi-builder-workspace
    write-file /Users/admin/builder/spi-builder-workspace/.derivedData/Build/Intermediates.noindex/TriforkSwiftExtensions.build/Debug-xros/TriforkSwiftExtensions-t.build/Objects-normal/arm64/TriforkSwiftExtensions.LinkFileList
Copy /Users/admin/builder/spi-builder-workspace/.derivedData/Build/Intermediates.noindex/GeneratedModuleMaps-xros/TriforkSwiftExtensions.modulemap /Users/admin/builder/spi-builder-workspace/.derivedData/Build/Intermediates.noindex/TriforkSwiftExtensions.build/Debug-xros/TriforkSwiftExtensions-t.build/TriforkSwiftExtensions.modulemap (in target 'TriforkSwiftExtensions' from project 'TriforkSwiftExtensions')
    cd /Users/admin/builder/spi-builder-workspace
    builtin-copy -exclude .DS_Store -exclude CVS -exclude .svn -exclude .git -exclude .hg -resolve-src-symlinks /Users/admin/builder/spi-builder-workspace/.derivedData/Build/Intermediates.noindex/TriforkSwiftExtensions.build/Debug-xros/TriforkSwiftExtensions-t.build/TriforkSwiftExtensions.modulemap /Users/admin/builder/spi-builder-workspace/.derivedData/Build/Intermediates.noindex/GeneratedModuleMaps-xros
SwiftDriver TriforkSwiftExtensions normal arm64 com.apple.xcode.tools.swift.compiler (in target 'TriforkSwiftExtensions' from project 'TriforkSwiftExtensions')
    cd /Users/admin/builder/spi-builder-workspace/.swiftpm/xcode
    builtin-SwiftDriver -- /Applications/Xcode-27.0.0-Release.Candidate.app/Contents/Developer/Toolchains/XcodeDefault.xctoolchain/usr/bin/swiftc -parse-as-library -module-name TriforkSwiftExtensions -Onone @/Users/admin/builder/spi-builder-workspace/.derivedData/Build/Intermediates.noindex/TriforkSwiftExtensions.build/Debug-xros/TriforkSwiftExtensions-t.build/Objects-normal/arm64/TriforkSwiftExtensions.SwiftFileList -DSWIFT_PACKAGE -DDEBUG -DSWIFT_MODULE_RESOURCE_BUNDLE_UNAVAILABLE -DXcode -plugin-path /Applications/Xcode-27.0.0-Release.Candidate.app/Contents/Developer/Toolchains/XcodeDefault.xctoolchain/usr/lib/swift/host/plugins/testing -enable-experimental-feature DebugDescriptionMacro -sdk /Applications/Xcode-27.0.0-Release.Candidate.app/Contents/Developer/Platforms/XROS.platform/Developer/SDKs/XROS27.0.sdk -target arm64-apple-xros1.0 -g -module-cache-path /Users/admin/builder/spi-builder-workspace/.derivedData/ModuleCache.noindex -Xfrontend -serialize-debugging-options -profile-coverage-mapping -profile-generate -enable-testing -index-store-path /Users/admin/builder/spi-builder-workspace/.derivedData/Index.noindex/DataStore -Xcc -D_LIBCPP_HARDENING_MODE\=_LIBCPP_HARDENING_MODE_DEBUG -swift-version 5 -I /Users/admin/builder/spi-builder-workspace/.derivedData/Build/Products/Debug-xros -Isystem /Applications/Xcode-27.0.0-Release.Candidate.app/Contents/Developer/Platforms/XROS.platform/Developer/usr/lib -F /Users/admin/builder/spi-builder-workspace/.derivedData/Build/Products/Debug-xros -F /Applications/Xcode-27.0.0-Release.Candidate.app/Contents/Developer/Platforms/XROS.platform/Developer/Library/Frameworks -F /Applications/Xcode-27.0.0-Release.Candidate.app/Contents/Developer/Platforms/XROS.platform/Developer/SDKs/XROS27.0.sdk/Developer/Library/Frameworks -c -j10 -enable-batch-mode -incremental -Xcc -ivfsstatcache -Xcc /Users/admin/builder/spi-builder-workspace/.derivedData/SDKStatCaches.noindex/xros27.0-24M361-e829b21a6f8c9b70876ba0858053c044735bd543db762f57723cac368afd1ce4.sdkstatcache -output-file-map /Users/admin/builder/spi-builder-workspace/.derivedData/Build/Intermediates.noindex/TriforkSwiftExtensions.build/Debug-xros/TriforkSwiftExtensions-t.build/Objects-normal/arm64/TriforkSwiftExtensions-OutputFileMap.json -save-temps -no-color-diagnostics -explicit-module-build -module-cache-path /Users/admin/builder/spi-builder-workspace/.derivedData/Build/Intermediates.noindex/SwiftExplicitPrecompiledModules -clang-scanner-module-cache-path /Users/admin/builder/spi-builder-workspace/.derivedData/ModuleCache.noindex -sdk-module-cache-path /Users/admin/builder/spi-builder-workspace/.derivedData/SDKExplicitPrecompiledModules -emit-dependencies -emit-module -emit-module-path /Users/admin/builder/spi-builder-workspace/.derivedData/Build/Intermediates.noindex/TriforkSwiftExtensions.build/Debug-xros/TriforkSwiftExtensions-t.build/Objects-normal/arm64/TriforkSwiftExtensions.swiftmodule -serialize-diagnostics -dependency-scan-serialize-diagnostics-path /Users/admin/builder/spi-builder-workspace/.derivedData/Build/Intermediates.noindex/TriforkSwiftExtensions.build/Debug-xros/TriforkSwiftExtensions-t.build/Objects-normal/arm64/TriforkSwiftExtensions-dependency-scan.dia -validate-clang-modules-once -clang-build-session-file /Users/admin/builder/spi-builder-workspace/.derivedData/ModuleCache.noindex/Session.modulevalidation -Xcc -fmodules-prune-interval\=86400 -Xcc -fmodules-prune-after\=345600 -emit-const-values -const-gather-protocols-list /Users/admin/builder/spi-builder-workspace/.derivedData/Build/Intermediates.noindex/TriforkSwiftExtensions.build/Debug-xros/TriforkSwiftExtensions-t.build/Objects-normal/arm64/TriforkSwiftExtensions_const_extract_protocols.json -Xcc -I/Users/admin/builder/spi-builder-workspace/.derivedData/Build/Products/Debug-xros/include -Xcc -I/Users/admin/builder/spi-builder-workspace/.derivedData/Build/Intermediates.noindex/TriforkSwiftExtensions.build/Debug-xros/TriforkSwiftExtensions-t.build/DerivedSources-normal/arm64 -Xcc -I/Users/admin/builder/spi-builder-workspace/.derivedData/Build/Intermediates.noindex/TriforkSwiftExtensions.build/Debug-xros/TriforkSwiftExtensions-t.build/DerivedSources/arm64 -Xcc -I/Users/admin/builder/spi-builder-workspace/.derivedData/Build/Intermediates.noindex/TriforkSwiftExtensions.build/Debug-xros/TriforkSwiftExtensions-t.build/DerivedSources -Xcc -DSWIFT_PACKAGE -Xcc -DDEBUG\=1 -emit-objc-header -emit-objc-header-path /Users/admin/builder/spi-builder-workspace/.derivedData/Build/Intermediates.noindex/TriforkSwiftExtensions.build/Debug-xros/TriforkSwiftExtensions-t.build/Objects-normal/arm64/TriforkSwiftExtensions-Swift.h -working-directory /Users/admin/builder/spi-builder-workspace/.swiftpm/xcode -experimental-emit-module-separately -disable-cmo
SwiftExplicitDependencyGeneratePcm arm64 /Users/admin/builder/spi-builder-workspace/.derivedData/SDKExplicitPrecompiledModules/_Builtin_stdarg-CDA349K2K4US766844K8E0PVA.pcm
SwiftExplicitDependencyGeneratePcm arm64 /Users/admin/builder/spi-builder-workspace/.derivedData/SDKExplicitPrecompiledModules/_AvailabilityInternal-1Q8IQP6M38UWSGZ95UCEY2M44.pcm
SwiftExplicitDependencyGeneratePcm arm64 /Users/admin/builder/spi-builder-workspace/.derivedData/SDKExplicitPrecompiledModules/ptrauth-1WBA714DZSVUL5JQDJ08CLKZ.pcm
SwiftExplicitDependencyGeneratePcm arm64 /Users/admin/builder/spi-builder-workspace/.derivedData/SDKExplicitPrecompiledModules/_SwiftConcurrencyShims-C8XHKSHX96D5YYALNM4W70Z0O.pcm
SwiftExplicitDependencyGeneratePcm arm64 /Users/admin/builder/spi-builder-workspace/.derivedData/SDKExplicitPrecompiledModules/ptrcheck-BXA97MNLI4BB0HF5I8MJE403D.pcm
SwiftExplicitDependencyGeneratePcm arm64 /Users/admin/builder/spi-builder-workspace/.derivedData/SDKExplicitPrecompiledModules/_Builtin_stdbool-5BU2ADS7JXQMYENKQHW9X8XOU.pcm
SwiftExplicitDependencyGeneratePcm arm64 /Users/admin/builder/spi-builder-workspace/.derivedData/SDKExplicitPrecompiledModules/SwiftShims-CI4H5RO9IYFFWQ2COB512Q2S9.pcm
SwiftExplicitDependencyGeneratePcm arm64 /Users/admin/builder/spi-builder-workspace/.derivedData/SDKExplicitPrecompiledModules/DeveloperToolsSupport-46GOQP8J1QTHLYQSJW81T8UZ3.pcm
SwiftExplicitDependencyGeneratePcm arm64 /Users/admin/builder/spi-builder-workspace/.derivedData/SDKExplicitPrecompiledModules/_Builtin_float-6WKHNW5S40U2QGHXXGETUDIRA.pcm
SwiftExplicitDependencyGeneratePcm arm64 /Users/admin/builder/spi-builder-workspace/.derivedData/SDKExplicitPrecompiledModules/_Builtin_stddef-5NQ9Z1GV07GBSRQGAQCGXGVRI.pcm
SwiftExplicitDependencyGeneratePcm arm64 /Users/admin/builder/spi-builder-workspace/.derivedData/SDKExplicitPrecompiledModules/_DarwinFoundation1-5RGRVV2TZ6WC4WZW5IXF8NQ04.pcm
SwiftExplicitDependencyGeneratePcm arm64 /Users/admin/builder/spi-builder-workspace/.derivedData/SDKExplicitPrecompiledModules/_Builtin_limits-425JDMN5HPM3D0UEI8LEHP6NM.pcm
SwiftExplicitDependencyGeneratePcm arm64 /Users/admin/builder/spi-builder-workspace/.derivedData/SDKExplicitPrecompiledModules/_DarwinFoundation2-ENTECK156YEWITZRRBTOCE4KR.pcm
SwiftExplicitDependencyGeneratePcm arm64 /Users/admin/builder/spi-builder-workspace/.derivedData/SDKExplicitPrecompiledModules/_Builtin_tgmath-BPYSMHWI520EQRL2HW519ZY7Z.pcm
SwiftExplicitDependencyGeneratePcm arm64 /Users/admin/builder/spi-builder-workspace/.derivedData/SDKExplicitPrecompiledModules/_Builtin_stdint-8OR6T47OOYJA90ZBO3N1USDE.pcm
SwiftExplicitDependencyGeneratePcm arm64 /Users/admin/builder/spi-builder-workspace/.derivedData/SDKExplicitPrecompiledModules/string_h-2GT67HHHHK5CF1V1S31LH0PU2.pcm
SwiftExplicitDependencyGeneratePcm arm64 /Users/admin/builder/spi-builder-workspace/.derivedData/SDKExplicitPrecompiledModules/sys_types-AYM0BHR77VKMWZCO2T0XGV2HF.pcm
SwiftExplicitDependencyGeneratePcm arm64 /Users/admin/builder/spi-builder-workspace/.derivedData/SDKExplicitPrecompiledModules/_Builtin_intrinsics-BC5IJI3YI34RQ61ZNVDRDZ6RN.pcm
SwiftExplicitDependencyGeneratePcm arm64 /Users/admin/builder/spi-builder-workspace/.derivedData/SDKExplicitPrecompiledModules/_Builtin_stdatomic-1VUZPM79PNCAHXVBERD53WRSF.pcm
SwiftExplicitDependencyGeneratePcm arm64 /Users/admin/builder/spi-builder-workspace/.derivedData/SDKExplicitPrecompiledModules/_DarwinFoundation3-9ZHN6JKBS40BBA81RQMV8H0IC.pcm
SwiftExplicitDependencyGeneratePcm arm64 /Users/admin/builder/spi-builder-workspace/.derivedData/SDKExplicitPrecompiledModules/_Builtin_inttypes-11B64KJD36B3YOHBR1BBXBJY8.pcm
SwiftExplicitDependencyGeneratePcm arm64 /Users/admin/builder/spi-builder-workspace/.derivedData/SDKExplicitPrecompiledModules/Darwin-60P5LVNQO3ESRRM5DCJ05PFNK.pcm
SwiftExplicitDependencyGeneratePcm arm64 /Users/admin/builder/spi-builder-workspace/.derivedData/SDKExplicitPrecompiledModules/simd-9XXAB17Y6E4BBPQADD61NZ23.pcm
SwiftExplicitDependencyGeneratePcm arm64 /Users/admin/builder/spi-builder-workspace/.derivedData/SDKExplicitPrecompiledModules/MachO-3XTHY7HWV6RF3KXKYQVHUBUXK.pcm
SwiftExplicitDependencyGeneratePcm arm64 /Users/admin/builder/spi-builder-workspace/.derivedData/SDKExplicitPrecompiledModules/ObjectiveC-26TIBFYCEJZVP216ZZAU1X8KN.pcm
SwiftExplicitDependencyGeneratePcm arm64 /Users/admin/builder/spi-builder-workspace/.derivedData/SDKExplicitPrecompiledModules/os_object-692CJ8BG6RE5H04487EJJOVXW.pcm
SwiftExplicitDependencyGeneratePcm arm64 /Users/admin/builder/spi-builder-workspace/.derivedData/SDKExplicitPrecompiledModules/os_workgroup-4U1VXMWIZD80E7PRUQF2G7P9X.pcm
SwiftExplicitDependencyGeneratePcm arm64 /Users/admin/builder/spi-builder-workspace/.derivedData/SDKExplicitPrecompiledModules/Spatial-5E0I2846LO3ZE24CSVR2O57TI.pcm
SwiftExplicitDependencyGeneratePcm arm64 /Users/admin/builder/spi-builder-workspace/.derivedData/SDKExplicitPrecompiledModules/Dispatch-CLT3466HKC22GCKAWSCNG0H7T.pcm
SwiftExplicitDependencyGeneratePcm arm64 /Users/admin/builder/spi-builder-workspace/.derivedData/SDKExplicitPrecompiledModules/XPC-EP5EU7FNGP4VOA3EDM18P1KHO.pcm
SwiftExplicitDependencyGeneratePcm arm64 /Users/admin/builder/spi-builder-workspace/.derivedData/SDKExplicitPrecompiledModules/CoreFoundation-AVLTZVCXBU2TO75JCN4AGU8XJ.pcm
SwiftExplicitDependencyGeneratePcm arm64 /Users/admin/builder/spi-builder-workspace/.derivedData/SDKExplicitPrecompiledModules/os-1004XEJ3IXOOAU0KL58SM3D0K.pcm
SwiftExplicitDependencyGeneratePcm arm64 /Users/admin/builder/spi-builder-workspace/.derivedData/SDKExplicitPrecompiledModules/CFNetwork-5MI70N1VLDQSWTX4COWLMSIRO.pcm
SwiftExplicitDependencyGeneratePcm arm64 /Users/admin/builder/spi-builder-workspace/.derivedData/SDKExplicitPrecompiledModules/CoreGraphics-BFUJ177R223UT2ZI327ZTZY91.pcm
SwiftExplicitDependencyGeneratePcm arm64 /Users/admin/builder/spi-builder-workspace/.derivedData/SDKExplicitPrecompiledModules/Security-8TH2M8WJIQMET4SADWX0N8372.pcm
SwiftExplicitDependencyGeneratePcm arm64 /Users/admin/builder/spi-builder-workspace/.derivedData/SDKExplicitPrecompiledModules/Foundation-8GON1KVEKRN3NOQI8RETBRWJP.pcm
SwiftExplicitDependencyGeneratePcm arm64 /Users/admin/builder/spi-builder-workspace/.derivedData/SDKExplicitPrecompiledModules/ImageIO-5CC6COR9KJYI1UBL7CSHLU2OG.pcm
SwiftExplicitDependencyGeneratePcm arm64 /Users/admin/builder/spi-builder-workspace/.derivedData/SDKExplicitPrecompiledModules/CoreText-6F9TY5TEPCCZ1K2KYM4GMEGHD.pcm
SwiftExplicitDependencyGeneratePcm arm64 /Users/admin/builder/spi-builder-workspace/.derivedData/SDKExplicitPrecompiledModules/DataDetection-BANTQ3WXXGKZJYC0LLB3MD9K0.pcm
SwiftExplicitDependencyGeneratePcm arm64 /Users/admin/builder/spi-builder-workspace/.derivedData/SDKExplicitPrecompiledModules/UniformTypeIdentifiers-E5KMWDZEKS4QW9RO1KBRDEXV6.pcm
SwiftExplicitDependencyGeneratePcm arm64 /Users/admin/builder/spi-builder-workspace/.derivedData/SDKExplicitPrecompiledModules/UserNotifications-8IIV1V1FPNAPA4LY1Y23LOM2N.pcm
SwiftExplicitDependencyGeneratePcm arm64 /Users/admin/builder/spi-builder-workspace/.derivedData/SDKExplicitPrecompiledModules/Symbols-8G2XC01RPQ5HYIZE6JNUT864I.pcm
SwiftExplicitDependencyGeneratePcm arm64 /Users/admin/builder/spi-builder-workspace/.derivedData/SDKExplicitPrecompiledModules/UIUtilities-AOVGLUWEAN6CG2UZFNESGSP6C.pcm
SwiftExplicitDependencyGeneratePcm arm64 /Users/admin/builder/spi-builder-workspace/.derivedData/SDKExplicitPrecompiledModules/FileProvider-C9I28SI56F2SEVH1BCWTKGODO.pcm
SwiftExplicitDependencyGeneratePcm arm64 /Users/admin/builder/spi-builder-workspace/.derivedData/SDKExplicitPrecompiledModules/LocalAuthentication-9MSPUJ85OBXBTOD7NJCT1GZ0O.pcm
SwiftExplicitDependencyGeneratePcm arm64 /Users/admin/builder/spi-builder-workspace/.derivedData/SDKExplicitPrecompiledModules/_LocationEssentials-8GQGFVARUE99D8VJX3TINY0VP.pcm
SwiftExplicitDependencyGeneratePcm arm64 /Users/admin/builder/spi-builder-workspace/.derivedData/SDKExplicitPrecompiledModules/OSLog-BNGT87TS0GMBFF7TY70HHB69.pcm
SwiftExplicitDependencyGeneratePcm arm64 /Users/admin/builder/spi-builder-workspace/.derivedData/SDKExplicitPrecompiledModules/CoreTransferable-8TBYAKHCX6UC8QQSS7BD8GQK5.pcm
SwiftExplicitDependencyGeneratePcm arm64 /Users/admin/builder/spi-builder-workspace/.derivedData/SDKExplicitPrecompiledModules/Accessibility-1DR4J4YDVDGAYQTZ0FKZ1PU09.pcm
SwiftExplicitDependencyGeneratePcm arm64 /Users/admin/builder/spi-builder-workspace/.derivedData/SDKExplicitPrecompiledModules/IOSurface-5FE9U89GVFF9A7X7AGO2R8ENI.pcm
SwiftExplicitDependencyGeneratePcm arm64 /Users/admin/builder/spi-builder-workspace/.derivedData/SDKExplicitPrecompiledModules/CoreLocation-1SN37095DAPVJ068LLP9TBDQX.pcm
SwiftExplicitDependencyGeneratePcm arm64 /Users/admin/builder/spi-builder-workspace/.derivedData/SDKExplicitPrecompiledModules/Metal-EKNUM9P3PRIBHZK1ZBD6BA2T7.pcm
SwiftExplicitDependencyGeneratePcm arm64 /Users/admin/builder/spi-builder-workspace/.derivedData/SDKExplicitPrecompiledModules/OpenGLES-56BKSYXNVAP91BYZRWAKQZKGI.pcm
SwiftExplicitDependencyGeneratePcm arm64 /Users/admin/builder/spi-builder-workspace/.derivedData/SDKExplicitPrecompiledModules/CoreMotion-10LV922UPGE28QX2SOIO7ALIZ.pcm
SwiftExplicitDependencyGeneratePcm arm64 /Users/admin/builder/spi-builder-workspace/.derivedData/SDKExplicitPrecompiledModules/CoreVideo-E12HJSJSLO0YKWYBES11UKJ02.pcm
SwiftExplicitDependencyGeneratePcm arm64 /Users/admin/builder/spi-builder-workspace/.derivedData/SDKExplicitPrecompiledModules/CoreImage-8WF1P230U10QM666EQMNV7OF1.pcm
SwiftExplicitDependencyGeneratePcm arm64 /Users/admin/builder/spi-builder-workspace/.derivedData/SDKExplicitPrecompiledModules/QuartzCore-12T8WVKUNCL1N7VXH87MM4YOB.pcm
SwiftExplicitDependencyGeneratePcm arm64 /Users/admin/builder/spi-builder-workspace/.derivedData/SDKExplicitPrecompiledModules/SwiftUICore-6OBBMA39VFD4CB6SG2PE41FAP.pcm
SwiftExplicitDependencyGeneratePcm arm64 /Users/admin/builder/spi-builder-workspace/.derivedData/SDKExplicitPrecompiledModules/UIKit-2D2PMAAE45TMO6S28UCGCO5BR.pcm
SwiftCompile normal arm64 Compiling\ UITableViewCellExtension.swift,\ UITableViewHeaderFooterViewExtension.swift,\ UITextViewExtensions.swift /Users/admin/builder/spi-builder-workspace/TriforkSwiftExtensions/TriforkSwiftExtensions/UITableViewCell/UITableViewCellExtension.swift /Users/admin/builder/spi-builder-workspace/TriforkSwiftExtensions/TriforkSwiftExtensions/UITableViewHeaderFooterView/UITableViewHeaderFooterViewExtension.swift /Users/admin/builder/spi-builder-workspace/TriforkSwiftExtensions/TriforkSwiftExtensions/UITextView/UITextViewExtensions.swift (in target 'TriforkSwiftExtensions' from project 'TriforkSwiftExtensions')
SwiftCompile normal arm64 /Users/admin/builder/spi-builder-workspace/TriforkSwiftExtensions/TriforkSwiftExtensions/UITableViewCell/UITableViewCellExtension.swift (in target 'TriforkSwiftExtensions' from project 'TriforkSwiftExtensions')
    cd /Users/admin/builder/spi-builder-workspace/.swiftpm/xcode
    builtin-SwiftPerFileCompile UITableViewCellExtension.swift
SwiftCompile normal arm64 /Users/admin/builder/spi-builder-workspace/TriforkSwiftExtensions/TriforkSwiftExtensions/UITableViewHeaderFooterView/UITableViewHeaderFooterViewExtension.swift (in target 'TriforkSwiftExtensions' from project 'TriforkSwiftExtensions')
    cd /Users/admin/builder/spi-builder-workspace/.swiftpm/xcode
    builtin-SwiftPerFileCompile UITableViewHeaderFooterViewExtension.swift
SwiftCompile normal arm64 /Users/admin/builder/spi-builder-workspace/TriforkSwiftExtensions/TriforkSwiftExtensions/UITextView/UITextViewExtensions.swift (in target 'TriforkSwiftExtensions' from project 'TriforkSwiftExtensions')
    cd /Users/admin/builder/spi-builder-workspace/.swiftpm/xcode
    builtin-SwiftPerFileCompile UITextViewExtensions.swift
SwiftEmitModule normal arm64 Emitting\ module\ for\ TriforkSwiftExtensions (in target 'TriforkSwiftExtensions' from project 'TriforkSwiftExtensions')
/Users/admin/builder/spi-builder-workspace/TriforkSwiftExtensions/TriforkSwiftExtensions/UIApplication/UIApplicationExtensions.swift:80:88: error: 'keyWindow' is unavailable in visionOS
78 |     /// 2. Checks for selected UITabBarController's selectedViewController
79 |     /// 3. Check for presented view controllers.
80 |     static func topViewController(controller: UIViewController? = UIApplication.shared.keyWindow?.rootViewController) -> UIViewController? {
   |                                                                                        `- error: 'keyWindow' is unavailable in visionOS
81 |         if let navigationController = controller as? UINavigationController {
82 |             return topViewController(controller: navigationController.visibleViewController)
/Applications/Xcode-27.0.0-Release.Candidate.app/Contents/Developer/Platforms/XROS.platform/Developer/SDKs/XROS27.0.sdk/System/Library/Frameworks/UIKit.framework/Headers/UIApplication.h:108:51: note: 'keyWindow' has been explicitly marked unavailable here
106 | - (void)sendEvent:(UIEvent *)event;
107 |
108 | @property(nullable, nonatomic,readonly) UIWindow *keyWindow API_DEPRECATED("Should not be used for applications that support multiple scenes as it returns a key window across all connected scenes", ios(2.0, 13.0)) API_UNAVAILABLE(visionos, watchos);
    |                                                   `- note: 'keyWindow' has been explicitly marked unavailable here
109 | @property(nonatomic,readonly) NSArray<__kindof UIWindow *>  *windows API_DEPRECATED("Use UIWindowScene.windows on a relevant window scene instead", ios(2.0, 15.0), visionos(1.0, 1.0)) API_UNAVAILABLE(watchos);
110 |
Failed frontend command:
/Applications/Xcode-27.0.0-Release.Candidate.app/Contents/Developer/Toolchains/XcodeDefault.xctoolchain/usr/bin/swift-frontend -frontend -emit-module -experimental-skip-non-inlinable-function-bodies-without-types /Users/admin/builder/spi-builder-workspace/TriforkSwiftExtensions/TriforkSwiftExtensions/Array/ArrayExtension.swift /Users/admin/builder/spi-builder-workspace/TriforkSwiftExtensions/TriforkSwiftExtensions/Bool/BoolExtension.swift /Users/admin/builder/spi-builder-workspace/TriforkSwiftExtensions/TriforkSwiftExtensions/Bundle/BundleExtension.swift /Users/admin/builder/spi-builder-workspace/TriforkSwiftExtensions/TriforkSwiftExtensions/CGFloat/CGFloatExtensions.swift /Users/admin/builder/spi-builder-workspace/TriforkSwiftExtensions/TriforkSwiftExtensions/CGRect/CGRectExtension.swift /Users/admin/builder/spi-builder-workspace/TriforkSwiftExtensions/TriforkSwiftExtensions/Collection/CollectionExtension.swift /Users/admin/builder/spi-builder-workspace/TriforkSwiftExtensions/TriforkSwiftExtensions/Data/DataExtension.swift /Users/admin/builder/spi-builder-workspace/TriforkSwiftExtensions/TriforkSwiftExtensions/Date/DateExtension.swift /Users/admin/builder/spi-builder-workspace/TriforkSwiftExtensions/TriforkSwiftExtensions/Encodable/EncodableExtension.swift /Users/admin/builder/spi-builder-workspace/TriforkSwiftExtensions/TriforkSwiftExtensions/Error/ErrorExtension.swift /Users/admin/builder/spi-builder-workspace/TriforkSwiftExtensions/TriforkSwiftExtensions/FloatingPoint/FloatingPointExtensions.swift /Users/admin/builder/spi-builder-workspace/TriforkSwiftExtensions/TriforkSwiftExtensions/LAContext/LAContextExtension.swift /Users/admin/builder/spi-builder-workspace/TriforkSwiftExtensions/TriforkSwiftExtensions/NSAttributedString/NSMutableAttributedStringExtension.swift /Users/admin/builder/spi-builder-workspace/TriforkSwiftExtensions/TriforkSwiftExtensions/NSObject/NSObjectExtension.swift /Users/admin/builder/spi-builder-workspace/TriforkSwiftExtensions/TriforkSwiftExtensions/Numeric/NumericExtension.swift /Users/admin/builder/spi-builder-workspace/TriforkSwiftExtensions/TriforkSwiftExtensions/Optional/OptionalExtension.swift /Users/admin/builder/spi-builder-workspace/TriforkSwiftExtensions/TriforkSwiftExtensions/Publisher/PublisherExtensions.swift /Users/admin/builder/spi-builder-workspace/TriforkSwiftExtensions/TriforkSwiftExtensions/Result/ResultClosureExtension.swift /Users/admin/builder/spi-builder-workspace/TriforkSwiftExtensions/TriforkSwiftExtensions/Sequence/SequenceExtensions.swift /Users/admin/builder/spi-builder-workspace/TriforkSwiftExtensions/TriforkSwiftExtensions/String/StringExtension.swift /Users/admin/builder/spi-builder-workspace/TriforkSwiftExtensions/TriforkSwiftExtensions/String/StringFormatExtension.swift /Users/admin/builder/spi-builder-workspace/TriforkSwiftExtensions/TriforkSwiftExtensions/String/StringProtocolExtension.swift /Users/admin/builder/spi-builder-workspace/TriforkSwiftExtensions/TriforkSwiftExtensions/TriforkSwiftExtensionUtilities/TSELogger.swift /Users/admin/builder/spi-builder-workspace/TriforkSwiftExtensions/TriforkSwiftExtensions/UIAlertController/UIAlertControllerExtension.swift /Users/admin/builder/spi-builder-workspace/TriforkSwiftExtensions/TriforkSwiftExtensions/UIApplication/UIApplicationExtensions.swift /Users/admin/builder/spi-builder-workspace/TriforkSwiftExtensions/TriforkSwiftExtensions/UIColor/UIColorExtension.swift /Users/admin/builder/spi-builder-workspace/TriforkSwiftExtensions/TriforkSwiftExtensions/UIDevice/UIDeviceExtension.swift /Users/admin/builder/spi-builder-workspace/TriforkSwiftExtensions/TriforkSwiftExtensions/UIEdgeInsets/UIEdgeInsetsExtension.swift /Users/admin/builder/spi-builder-workspace/TriforkSwiftExtensions/TriforkSwiftExtensions/UILabel/UILabelExtensions.swift /Users/admin/builder/spi-builder-workspace/TriforkSwiftExtensions/TriforkSwiftExtensions/UIScrollView/UIScrollViewExtension.swift /Users/admin/builder/spi-builder-workspace/TriforkSwiftExtensions/TriforkSwiftExtensions/UIStackView/UIStackViewExtension.swift /Users/admin/builder/spi-builder-workspace/TriforkSwiftExtensions/TriforkSwiftExtensions/UITableView/UITableViewExtension.swift /Users/admin/builder/spi-builder-workspace/TriforkSwiftExtensions/TriforkSwiftExtensions/UITableViewCell/UITableViewCellExtension.swift /Users/admin/builder/spi-builder-workspace/TriforkSwiftExtensions/TriforkSwiftExtensions/UITableViewHeaderFooterView/UITableViewHeaderFooterViewExtension.swift /Users/admin/builder/spi-builder-workspace/TriforkSwiftExtensions/TriforkSwiftExtensions/UITextView/UITextViewExtensions.swift /Users/admin/builder/spi-builder-workspace/TriforkSwiftExtensions/TriforkSwiftExtensions/UIView/UIViewExtension.swift /Users/admin/builder/spi-builder-workspace/TriforkSwiftExtensions/TriforkSwiftExtensions/UIViewController/UIViewControllerExtension.swift /Users/admin/builder/spi-builder-workspace/TriforkSwiftExtensions/TriforkSwiftExtensions/URL/URLExtension.swift -target arm64-apple-xros1.0 -module-can-import-version Combine 3023 0 -disable-cross-import-overlay-search -load-resolved-plugin /Applications/Xcode-27.0.0-Release.Candidate.app/Contents/Developer/Platforms/XROS.platform/Developer/usr/lib/swift/host/plugins/libFoundationMacros.dylib\#/Applications/Xcode-27.0.0-Release.Candidate.app/Contents/Developer/Platforms/XROS.platform/Developer/usr/bin/swift-plugin-server\#FoundationMacros -load-resolved-plugin /Applications/Xcode-27.0.0-Release.Candidate.app/Contents/Developer/Platforms/XROS.platform/Developer/usr/lib/swift/host/plugins/libObservationMacros.dylib\#/Applications/Xcode-27.0.0-Release.Candidate.app/Contents/Developer/Platforms/XROS.platform/Developer/usr/bin/swift-plugin-server\#ObservationMacros -load-resolved-plugin /Applications/Xcode-27.0.0-Release.Candidate.app/Contents/Developer/Platforms/XROS.platform/Developer/usr/lib/swift/host/plugins/libPreviewsMacros.dylib\#/Applications/Xcode-27.0.0-Release.Candidate.app/Contents/Developer/Platforms/XROS.platform/Developer/usr/bin/swift-plugin-server\#PreviewsMacros -load-resolved-plugin /Applications/Xcode-27.0.0-Release.Candidate.app/Contents/Developer/Platforms/XROS.platform/Developer/usr/lib/swift/host/plugins/libSwiftMacros.dylib\#/Applications/Xcode-27.0.0-Release.Candidate.app/Contents/Developer/Platforms/XROS.platform/Developer/usr/bin/swift-plugin-server\#SwiftMacros -load-resolved-plugin /Applications/Xcode-27.0.0-Release.Candidate.app/Contents/Developer/Platforms/XROS.platform/Developer/usr/lib/swift/host/plugins/libSwiftUIMacros.dylib\#/Applications/Xcode-27.0.0-Release.Candidate.app/Contents/Developer/Platforms/XROS.platform/Developer/usr/bin/swift-plugin-server\#SwiftUIMacros -disable-implicit-swift-modules -Xcc -fno-implicit-modules -Xcc -fno-implicit-module-maps -explicit-swift-module-map-file /Users/admin/builder/spi-builder-workspace/.derivedData/Build/Intermediates.noindex/TriforkSwiftExtensions.build/Debug-xros/TriforkSwiftExtensions-t.build/Objects-normal/arm64/TriforkSwiftExtensions-dependencies-1.json -Xllvm -aarch64-use-tbi -enable-objc-interop -stack-check -sdk /Applications/Xcode-27.0.0-Release.Candidate.app/Contents/Developer/Platforms/XROS.platform/Developer/SDKs/XROS27.0.sdk -I /Users/admin/builder/spi-builder-workspace/.derivedData/Build/Products/Debug-xros -Isystem /Applications/Xcode-27.0.0-Release.Candidate.app/Contents/Developer/Platforms/XROS.platform/Developer/usr/lib -F /Users/admin/builder/spi-builder-workspace/.derivedData/Build/Products/Debug-xros -F /Applications/Xcode-27.0.0-Release.Candidate.app/Contents/Developer/Platforms/XROS.platform/Developer/Library/Frameworks -F /Applications/Xcode-27.0.0-Release.Candidate.app/Contents/Developer/Platforms/XROS.platform/Developer/SDKs/XROS27.0.sdk/Developer/Library/Frameworks -module-cache-path /Users/admin/builder/spi-builder-workspace/.derivedData/Build/Intermediates.noindex/SwiftExplicitPrecompiledModules -no-color-diagnostics -Xcc -fno-color-diagnostics -enable-testing -g -debug-info-format\=dwarf -dwarf-version\=4 -profile-generate -profile-coverage-mapping -swift-version 5 -Onone -D SWIFT_PACKAGE -D DEBUG -D SWIFT_MODULE_RESOURCE_BUNDLE_UNAVAILABLE -D Xcode -serialize-debugging-options -enable-experimental-feature DebugDescriptionMacro -empty-abi-descriptor -validate-clang-modules-once -clang-build-session-file /Users/admin/builder/spi-builder-workspace/.derivedData/ModuleCache.noindex/Session.modulevalidation -Xcc -working-directory -Xcc /Users/admin/builder/spi-builder-workspace/.swiftpm/xcode -enable-anonymous-context-mangled-names -file-compilation-dir /Users/admin/builder/spi-builder-workspace/.swiftpm/xcode -Xcc -D_LIBCPP_HARDENING_MODE\=_LIBCPP_HARDENING_MODE_DEBUG -Xcc -ivfsstatcache -Xcc /Users/admin/builder/spi-builder-workspace/.derivedData/SDKStatCaches.noindex/xros27.0-24M361-e829b21a6f8c9b70876ba0858053c044735bd543db762f57723cac368afd1ce4.sdkstatcache -Xcc -fmodules-prune-interval\=86400 -Xcc -fmodules-prune-after\=345600 -Xcc -I/Users/admin/builder/spi-builder-workspace/.derivedData/Build/Products/Debug-xros/include -Xcc -I/Users/admin/builder/spi-builder-workspace/.derivedData/Build/Intermediates.noindex/TriforkSwiftExtensions.build/Debug-xros/TriforkSwiftExtensions-t.build/DerivedSources-normal/arm64 -Xcc -I/Users/admin/builder/spi-builder-workspace/.derivedData/Build/Intermediates.noindex/TriforkSwiftExtensions.build/Debug-xros/TriforkSwiftExtensions-t.build/DerivedSources/arm64 -Xcc -I/Users/admin/builder/spi-builder-workspace/.derivedData/Build/Intermediates.noindex/TriforkSwiftExtensions.build/Debug-xros/TriforkSwiftExtensions-t.build/DerivedSources -Xcc -DSWIFT_PACKAGE -Xcc -DDEBUG\=1 -no-auto-bridging-header-chaining -module-name TriforkSwiftExtensions -const-gather-protocols-file /Users/admin/builder/spi-builder-workspace/.derivedData/Build/Intermediates.noindex/TriforkSwiftExtensions.build/Debug-xros/TriforkSwiftExtensions-t.build/Objects-normal/arm64/TriforkSwiftExtensions_const_extract_protocols.json -disable-clang-spi -clang-target arm64-apple-xros27.0 -target-sdk-version 27.0 -target-sdk-name xros27.0 -in-process-plugin-server-path /Applications/Xcode-27.0.0-Release.Candidate.app/Contents/Developer/Toolchains/XcodeDefault.xctoolchain/usr/lib/swift/host/libSwiftInProcPluginServer.dylib -emit-module-doc-path /Users/admin/builder/spi-builder-workspace/.derivedData/Build/Intermediates.noindex/TriforkSwiftExtensions.build/Debug-xros/TriforkSwiftExtensions-t.build/Objects-normal/arm64/TriforkSwiftExtensions.swiftdoc -emit-module-source-info-path /Users/admin/builder/spi-builder-workspace/.derivedData/Build/Intermediates.noindex/TriforkSwiftExtensions.build/Debug-xros/TriforkSwiftExtensions-t.build/Objects-normal/arm64/TriforkSwiftExtensions.swiftsourceinfo -emit-objc-header-path /Users/admin/builder/spi-builder-workspace/.derivedData/Build/Intermediates.noindex/TriforkSwiftExtensions.build/Debug-xros/TriforkSwiftExtensions-t.build/Objects-normal/arm64/TriforkSwiftExtensions-Swift.h -serialize-diagnostics-path /Users/admin/builder/spi-builder-workspace/.derivedData/Build/Intermediates.noindex/TriforkSwiftExtensions.build/Debug-xros/TriforkSwiftExtensions-t.build/Objects-normal/arm64/TriforkSwiftExtensions-primary-emit-module.dia -emit-dependencies-path /Users/admin/builder/spi-builder-workspace/.derivedData/Build/Intermediates.noindex/TriforkSwiftExtensions.build/Debug-xros/TriforkSwiftExtensions-t.build/Objects-normal/arm64/TriforkSwiftExtensions-primary-emit-module.d -parse-as-library -o /Users/admin/builder/spi-builder-workspace/.derivedData/Build/Intermediates.noindex/TriforkSwiftExtensions.build/Debug-xros/TriforkSwiftExtensions-t.build/Objects-normal/arm64/TriforkSwiftExtensions.swiftmodule -emit-abi-descriptor-path /Users/admin/builder/spi-builder-workspace/.derivedData/Build/Intermediates.noindex/TriforkSwiftExtensions.build/Debug-xros/TriforkSwiftExtensions-t.build/Objects-normal/arm64/TriforkSwiftExtensions.abi.json
SwiftCompile normal arm64 (in target 'TriforkSwiftExtensions' from project 'TriforkSwiftExtensions')
    cd /Users/admin/builder/spi-builder-workspace/.swiftpm/xcode

SwiftCompile normal arm64 Compiling\ UIViewExtension.swift,\ UIViewControllerExtension.swift,\ URLExtension.swift /Users/admin/builder/spi-builder-workspace/TriforkSwiftExtensions/TriforkSwiftExtensions/UIView/UIViewExtension.swift /Users/admin/builder/spi-builder-workspace/TriforkSwiftExtensions/TriforkSwiftExtensions/UIViewController/UIViewControllerExtension.swift /Users/admin/builder/spi-builder-workspace/TriforkSwiftExtensions/TriforkSwiftExtensions/URL/URLExtension.swift (in target 'TriforkSwiftExtensions' from project 'TriforkSwiftExtensions')
SwiftCompile normal arm64 /Users/admin/builder/spi-builder-workspace/TriforkSwiftExtensions/TriforkSwiftExtensions/UIView/UIViewExtension.swift (in target 'TriforkSwiftExtensions' from project 'TriforkSwiftExtensions')
    cd /Users/admin/builder/spi-builder-workspace/.swiftpm/xcode
    builtin-SwiftPerFileCompile UIViewExtension.swift
SwiftCompile normal arm64 /Users/admin/builder/spi-builder-workspace/TriforkSwiftExtensions/TriforkSwiftExtensions/UIViewController/UIViewControllerExtension.swift (in target 'TriforkSwiftExtensions' from project 'TriforkSwiftExtensions')
    cd /Users/admin/builder/spi-builder-workspace/.swiftpm/xcode
    builtin-SwiftPerFileCompile UIViewControllerExtension.swift
SwiftCompile normal arm64 /Users/admin/builder/spi-builder-workspace/TriforkSwiftExtensions/TriforkSwiftExtensions/URL/URLExtension.swift (in target 'TriforkSwiftExtensions' from project 'TriforkSwiftExtensions')
    cd /Users/admin/builder/spi-builder-workspace/.swiftpm/xcode
    builtin-SwiftPerFileCompile URLExtension.swift
SwiftCompile normal arm64 Compiling\ UILabelExtensions.swift,\ UIScrollViewExtension.swift,\ UIStackViewExtension.swift,\ UITableViewExtension.swift /Users/admin/builder/spi-builder-workspace/TriforkSwiftExtensions/TriforkSwiftExtensions/UILabel/UILabelExtensions.swift /Users/admin/builder/spi-builder-workspace/TriforkSwiftExtensions/TriforkSwiftExtensions/UIScrollView/UIScrollViewExtension.swift /Users/admin/builder/spi-builder-workspace/TriforkSwiftExtensions/TriforkSwiftExtensions/UIStackView/UIStackViewExtension.swift /Users/admin/builder/spi-builder-workspace/TriforkSwiftExtensions/TriforkSwiftExtensions/UITableView/UITableViewExtension.swift (in target 'TriforkSwiftExtensions' from project 'TriforkSwiftExtensions')
SwiftCompile normal arm64 /Users/admin/builder/spi-builder-workspace/TriforkSwiftExtensions/TriforkSwiftExtensions/UILabel/UILabelExtensions.swift (in target 'TriforkSwiftExtensions' from project 'TriforkSwiftExtensions')
    cd /Users/admin/builder/spi-builder-workspace/.swiftpm/xcode
    builtin-SwiftPerFileCompile UILabelExtensions.swift
SwiftCompile normal arm64 /Users/admin/builder/spi-builder-workspace/TriforkSwiftExtensions/TriforkSwiftExtensions/UIScrollView/UIScrollViewExtension.swift (in target 'TriforkSwiftExtensions' from project 'TriforkSwiftExtensions')
    cd /Users/admin/builder/spi-builder-workspace/.swiftpm/xcode
    builtin-SwiftPerFileCompile UIScrollViewExtension.swift
SwiftCompile normal arm64 /Users/admin/builder/spi-builder-workspace/TriforkSwiftExtensions/TriforkSwiftExtensions/UIStackView/UIStackViewExtension.swift (in target 'TriforkSwiftExtensions' from project 'TriforkSwiftExtensions')
    cd /Users/admin/builder/spi-builder-workspace/.swiftpm/xcode
    builtin-SwiftPerFileCompile UIStackViewExtension.swift
SwiftCompile normal arm64 /Users/admin/builder/spi-builder-workspace/TriforkSwiftExtensions/TriforkSwiftExtensions/UITableView/UITableViewExtension.swift (in target 'TriforkSwiftExtensions' from project 'TriforkSwiftExtensions')
    cd /Users/admin/builder/spi-builder-workspace/.swiftpm/xcode
    builtin-SwiftPerFileCompile UITableViewExtension.swift
SwiftCompile normal arm64 Compiling\ PublisherExtensions.swift,\ ResultClosureExtension.swift,\ SequenceExtensions.swift,\ StringExtension.swift /Users/admin/builder/spi-builder-workspace/TriforkSwiftExtensions/TriforkSwiftExtensions/Publisher/PublisherExtensions.swift /Users/admin/builder/spi-builder-workspace/TriforkSwiftExtensions/TriforkSwiftExtensions/Result/ResultClosureExtension.swift /Users/admin/builder/spi-builder-workspace/TriforkSwiftExtensions/TriforkSwiftExtensions/Sequence/SequenceExtensions.swift /Users/admin/builder/spi-builder-workspace/TriforkSwiftExtensions/TriforkSwiftExtensions/String/StringExtension.swift (in target 'TriforkSwiftExtensions' from project 'TriforkSwiftExtensions')
SwiftCompile normal arm64 /Users/admin/builder/spi-builder-workspace/TriforkSwiftExtensions/TriforkSwiftExtensions/Publisher/PublisherExtensions.swift (in target 'TriforkSwiftExtensions' from project 'TriforkSwiftExtensions')
    cd /Users/admin/builder/spi-builder-workspace/.swiftpm/xcode
    builtin-SwiftPerFileCompile PublisherExtensions.swift
SwiftCompile normal arm64 /Users/admin/builder/spi-builder-workspace/TriforkSwiftExtensions/TriforkSwiftExtensions/Result/ResultClosureExtension.swift (in target 'TriforkSwiftExtensions' from project 'TriforkSwiftExtensions')
    cd /Users/admin/builder/spi-builder-workspace/.swiftpm/xcode
    builtin-SwiftPerFileCompile ResultClosureExtension.swift
SwiftCompile normal arm64 /Users/admin/builder/spi-builder-workspace/TriforkSwiftExtensions/TriforkSwiftExtensions/Sequence/SequenceExtensions.swift (in target 'TriforkSwiftExtensions' from project 'TriforkSwiftExtensions')
    cd /Users/admin/builder/spi-builder-workspace/.swiftpm/xcode
    builtin-SwiftPerFileCompile SequenceExtensions.swift
SwiftCompile normal arm64 /Users/admin/builder/spi-builder-workspace/TriforkSwiftExtensions/TriforkSwiftExtensions/String/StringExtension.swift (in target 'TriforkSwiftExtensions' from project 'TriforkSwiftExtensions')
    cd /Users/admin/builder/spi-builder-workspace/.swiftpm/xcode
    builtin-SwiftPerFileCompile StringExtension.swift
SwiftCompile normal arm64 Compiling\ NSMutableAttributedStringExtension.swift,\ NSObjectExtension.swift,\ NumericExtension.swift,\ OptionalExtension.swift /Users/admin/builder/spi-builder-workspace/TriforkSwiftExtensions/TriforkSwiftExtensions/NSAttributedString/NSMutableAttributedStringExtension.swift /Users/admin/builder/spi-builder-workspace/TriforkSwiftExtensions/TriforkSwiftExtensions/NSObject/NSObjectExtension.swift /Users/admin/builder/spi-builder-workspace/TriforkSwiftExtensions/TriforkSwiftExtensions/Numeric/NumericExtension.swift /Users/admin/builder/spi-builder-workspace/TriforkSwiftExtensions/TriforkSwiftExtensions/Optional/OptionalExtension.swift (in target 'TriforkSwiftExtensions' from project 'TriforkSwiftExtensions')
SwiftCompile normal arm64 /Users/admin/builder/spi-builder-workspace/TriforkSwiftExtensions/TriforkSwiftExtensions/NSAttributedString/NSMutableAttributedStringExtension.swift (in target 'TriforkSwiftExtensions' from project 'TriforkSwiftExtensions')
    cd /Users/admin/builder/spi-builder-workspace/.swiftpm/xcode
    builtin-SwiftPerFileCompile NSMutableAttributedStringExtension.swift
SwiftCompile normal arm64 /Users/admin/builder/spi-builder-workspace/TriforkSwiftExtensions/TriforkSwiftExtensions/NSObject/NSObjectExtension.swift (in target 'TriforkSwiftExtensions' from project 'TriforkSwiftExtensions')
    cd /Users/admin/builder/spi-builder-workspace/.swiftpm/xcode
    builtin-SwiftPerFileCompile NSObjectExtension.swift
SwiftCompile normal arm64 /Users/admin/builder/spi-builder-workspace/TriforkSwiftExtensions/TriforkSwiftExtensions/Numeric/NumericExtension.swift (in target 'TriforkSwiftExtensions' from project 'TriforkSwiftExtensions')
    cd /Users/admin/builder/spi-builder-workspace/.swiftpm/xcode
    builtin-SwiftPerFileCompile NumericExtension.swift
SwiftCompile normal arm64 /Users/admin/builder/spi-builder-workspace/TriforkSwiftExtensions/TriforkSwiftExtensions/Optional/OptionalExtension.swift (in target 'TriforkSwiftExtensions' from project 'TriforkSwiftExtensions')
    cd /Users/admin/builder/spi-builder-workspace/.swiftpm/xcode
    builtin-SwiftPerFileCompile OptionalExtension.swift
SwiftCompile normal arm64 Compiling\ EncodableExtension.swift,\ ErrorExtension.swift,\ FloatingPointExtensions.swift,\ LAContextExtension.swift /Users/admin/builder/spi-builder-workspace/TriforkSwiftExtensions/TriforkSwiftExtensions/Encodable/EncodableExtension.swift /Users/admin/builder/spi-builder-workspace/TriforkSwiftExtensions/TriforkSwiftExtensions/Error/ErrorExtension.swift /Users/admin/builder/spi-builder-workspace/TriforkSwiftExtensions/TriforkSwiftExtensions/FloatingPoint/FloatingPointExtensions.swift /Users/admin/builder/spi-builder-workspace/TriforkSwiftExtensions/TriforkSwiftExtensions/LAContext/LAContextExtension.swift (in target 'TriforkSwiftExtensions' from project 'TriforkSwiftExtensions')
SwiftCompile normal arm64 /Users/admin/builder/spi-builder-workspace/TriforkSwiftExtensions/TriforkSwiftExtensions/Encodable/EncodableExtension.swift (in target 'TriforkSwiftExtensions' from project 'TriforkSwiftExtensions')
    cd /Users/admin/builder/spi-builder-workspace/.swiftpm/xcode
    builtin-SwiftPerFileCompile EncodableExtension.swift
SwiftCompile normal arm64 /Users/admin/builder/spi-builder-workspace/TriforkSwiftExtensions/TriforkSwiftExtensions/Error/ErrorExtension.swift (in target 'TriforkSwiftExtensions' from project 'TriforkSwiftExtensions')
    cd /Users/admin/builder/spi-builder-workspace/.swiftpm/xcode
    builtin-SwiftPerFileCompile ErrorExtension.swift
SwiftCompile normal arm64 /Users/admin/builder/spi-builder-workspace/TriforkSwiftExtensions/TriforkSwiftExtensions/FloatingPoint/FloatingPointExtensions.swift (in target 'TriforkSwiftExtensions' from project 'TriforkSwiftExtensions')
    cd /Users/admin/builder/spi-builder-workspace/.swiftpm/xcode
    builtin-SwiftPerFileCompile FloatingPointExtensions.swift
SwiftCompile normal arm64 /Users/admin/builder/spi-builder-workspace/TriforkSwiftExtensions/TriforkSwiftExtensions/LAContext/LAContextExtension.swift (in target 'TriforkSwiftExtensions' from project 'TriforkSwiftExtensions')
    cd /Users/admin/builder/spi-builder-workspace/.swiftpm/xcode
    builtin-SwiftPerFileCompile LAContextExtension.swift
SwiftCompile normal arm64 Compiling\ ArrayExtension.swift,\ BoolExtension.swift,\ BundleExtension.swift,\ CGFloatExtensions.swift /Users/admin/builder/spi-builder-workspace/TriforkSwiftExtensions/TriforkSwiftExtensions/Array/ArrayExtension.swift /Users/admin/builder/spi-builder-workspace/TriforkSwiftExtensions/TriforkSwiftExtensions/Bool/BoolExtension.swift /Users/admin/builder/spi-builder-workspace/TriforkSwiftExtensions/TriforkSwiftExtensions/Bundle/BundleExtension.swift /Users/admin/builder/spi-builder-workspace/TriforkSwiftExtensions/TriforkSwiftExtensions/CGFloat/CGFloatExtensions.swift (in target 'TriforkSwiftExtensions' from project 'TriforkSwiftExtensions')
SwiftCompile normal arm64 /Users/admin/builder/spi-builder-workspace/TriforkSwiftExtensions/TriforkSwiftExtensions/Array/ArrayExtension.swift (in target 'TriforkSwiftExtensions' from project 'TriforkSwiftExtensions')
    cd /Users/admin/builder/spi-builder-workspace/.swiftpm/xcode
    builtin-SwiftPerFileCompile ArrayExtension.swift
SwiftCompile normal arm64 /Users/admin/builder/spi-builder-workspace/TriforkSwiftExtensions/TriforkSwiftExtensions/Bool/BoolExtension.swift (in target 'TriforkSwiftExtensions' from project 'TriforkSwiftExtensions')
    cd /Users/admin/builder/spi-builder-workspace/.swiftpm/xcode
    builtin-SwiftPerFileCompile BoolExtension.swift
SwiftCompile normal arm64 /Users/admin/builder/spi-builder-workspace/TriforkSwiftExtensions/TriforkSwiftExtensions/Bundle/BundleExtension.swift (in target 'TriforkSwiftExtensions' from project 'TriforkSwiftExtensions')
    cd /Users/admin/builder/spi-builder-workspace/.swiftpm/xcode
    builtin-SwiftPerFileCompile BundleExtension.swift
SwiftCompile normal arm64 /Users/admin/builder/spi-builder-workspace/TriforkSwiftExtensions/TriforkSwiftExtensions/CGFloat/CGFloatExtensions.swift (in target 'TriforkSwiftExtensions' from project 'TriforkSwiftExtensions')
    cd /Users/admin/builder/spi-builder-workspace/.swiftpm/xcode
    builtin-SwiftPerFileCompile CGFloatExtensions.swift
SwiftCompile normal arm64 Compiling\ CGRectExtension.swift,\ CollectionExtension.swift,\ DataExtension.swift,\ DateExtension.swift /Users/admin/builder/spi-builder-workspace/TriforkSwiftExtensions/TriforkSwiftExtensions/CGRect/CGRectExtension.swift /Users/admin/builder/spi-builder-workspace/TriforkSwiftExtensions/TriforkSwiftExtensions/Collection/CollectionExtension.swift /Users/admin/builder/spi-builder-workspace/TriforkSwiftExtensions/TriforkSwiftExtensions/Data/DataExtension.swift /Users/admin/builder/spi-builder-workspace/TriforkSwiftExtensions/TriforkSwiftExtensions/Date/DateExtension.swift (in target 'TriforkSwiftExtensions' from project 'TriforkSwiftExtensions')
SwiftCompile normal arm64 /Users/admin/builder/spi-builder-workspace/TriforkSwiftExtensions/TriforkSwiftExtensions/CGRect/CGRectExtension.swift (in target 'TriforkSwiftExtensions' from project 'TriforkSwiftExtensions')
    cd /Users/admin/builder/spi-builder-workspace/.swiftpm/xcode
    builtin-SwiftPerFileCompile CGRectExtension.swift
SwiftCompile normal arm64 /Users/admin/builder/spi-builder-workspace/TriforkSwiftExtensions/TriforkSwiftExtensions/Collection/CollectionExtension.swift (in target 'TriforkSwiftExtensions' from project 'TriforkSwiftExtensions')
    cd /Users/admin/builder/spi-builder-workspace/.swiftpm/xcode
    builtin-SwiftPerFileCompile CollectionExtension.swift
SwiftCompile normal arm64 /Users/admin/builder/spi-builder-workspace/TriforkSwiftExtensions/TriforkSwiftExtensions/Data/DataExtension.swift (in target 'TriforkSwiftExtensions' from project 'TriforkSwiftExtensions')
    cd /Users/admin/builder/spi-builder-workspace/.swiftpm/xcode
    builtin-SwiftPerFileCompile DataExtension.swift
SwiftCompile normal arm64 /Users/admin/builder/spi-builder-workspace/TriforkSwiftExtensions/TriforkSwiftExtensions/Date/DateExtension.swift (in target 'TriforkSwiftExtensions' from project 'TriforkSwiftExtensions')
    cd /Users/admin/builder/spi-builder-workspace/.swiftpm/xcode
    builtin-SwiftPerFileCompile DateExtension.swift
SwiftCompile normal arm64 Compiling\ UIApplicationExtensions.swift,\ UIColorExtension.swift,\ UIDeviceExtension.swift,\ UIEdgeInsetsExtension.swift /Users/admin/builder/spi-builder-workspace/TriforkSwiftExtensions/TriforkSwiftExtensions/UIApplication/UIApplicationExtensions.swift /Users/admin/builder/spi-builder-workspace/TriforkSwiftExtensions/TriforkSwiftExtensions/UIColor/UIColorExtension.swift /Users/admin/builder/spi-builder-workspace/TriforkSwiftExtensions/TriforkSwiftExtensions/UIDevice/UIDeviceExtension.swift /Users/admin/builder/spi-builder-workspace/TriforkSwiftExtensions/TriforkSwiftExtensions/UIEdgeInsets/UIEdgeInsetsExtension.swift (in target 'TriforkSwiftExtensions' from project 'TriforkSwiftExtensions')
/Users/admin/builder/spi-builder-workspace/TriforkSwiftExtensions/TriforkSwiftExtensions/UIApplication/UIApplicationExtensions.swift:80:88: error: 'keyWindow' is unavailable in visionOS
78 |     /// 2. Checks for selected UITabBarController's selectedViewController
79 |     /// 3. Check for presented view controllers.
80 |     static func topViewController(controller: UIViewController? = UIApplication.shared.keyWindow?.rootViewController) -> UIViewController? {
   |                                                                                        `- error: 'keyWindow' is unavailable in visionOS
81 |         if let navigationController = controller as? UINavigationController {
82 |             return topViewController(controller: navigationController.visibleViewController)
/Applications/Xcode-27.0.0-Release.Candidate.app/Contents/Developer/Platforms/XROS.platform/Developer/SDKs/XROS27.0.sdk/System/Library/Frameworks/UIKit.framework/Headers/UIApplication.h:108:51: note: 'keyWindow' has been explicitly marked unavailable here
106 | - (void)sendEvent:(UIEvent *)event;
107 |
108 | @property(nullable, nonatomic,readonly) UIWindow *keyWindow API_DEPRECATED("Should not be used for applications that support multiple scenes as it returns a key window across all connected scenes", ios(2.0, 13.0)) API_UNAVAILABLE(visionos, watchos);
    |                                                   `- note: 'keyWindow' has been explicitly marked unavailable here
109 | @property(nonatomic,readonly) NSArray<__kindof UIWindow *>  *windows API_DEPRECATED("Use UIWindowScene.windows on a relevant window scene instead", ios(2.0, 15.0), visionos(1.0, 1.0)) API_UNAVAILABLE(watchos);
110 |
SwiftCompile normal arm64 /Users/admin/builder/spi-builder-workspace/TriforkSwiftExtensions/TriforkSwiftExtensions/UIApplication/UIApplicationExtensions.swift (in target 'TriforkSwiftExtensions' from project 'TriforkSwiftExtensions')
    cd /Users/admin/builder/spi-builder-workspace/.swiftpm/xcode
    builtin-SwiftPerFileCompile UIApplicationExtensions.swift
SwiftCompile normal arm64 /Users/admin/builder/spi-builder-workspace/TriforkSwiftExtensions/TriforkSwiftExtensions/UIColor/UIColorExtension.swift (in target 'TriforkSwiftExtensions' from project 'TriforkSwiftExtensions')
    cd /Users/admin/builder/spi-builder-workspace/.swiftpm/xcode
    builtin-SwiftPerFileCompile UIColorExtension.swift
SwiftCompile normal arm64 /Users/admin/builder/spi-builder-workspace/TriforkSwiftExtensions/TriforkSwiftExtensions/UIDevice/UIDeviceExtension.swift (in target 'TriforkSwiftExtensions' from project 'TriforkSwiftExtensions')
    cd /Users/admin/builder/spi-builder-workspace/.swiftpm/xcode
    builtin-SwiftPerFileCompile UIDeviceExtension.swift
SwiftCompile normal arm64 /Users/admin/builder/spi-builder-workspace/TriforkSwiftExtensions/TriforkSwiftExtensions/UIEdgeInsets/UIEdgeInsetsExtension.swift (in target 'TriforkSwiftExtensions' from project 'TriforkSwiftExtensions')
    cd /Users/admin/builder/spi-builder-workspace/.swiftpm/xcode
    builtin-SwiftPerFileCompile UIEdgeInsetsExtension.swift
SwiftCompile normal arm64 Compiling\ StringFormatExtension.swift,\ StringProtocolExtension.swift,\ TSELogger.swift,\ UIAlertControllerExtension.swift /Users/admin/builder/spi-builder-workspace/TriforkSwiftExtensions/TriforkSwiftExtensions/String/StringFormatExtension.swift /Users/admin/builder/spi-builder-workspace/TriforkSwiftExtensions/TriforkSwiftExtensions/String/StringProtocolExtension.swift /Users/admin/builder/spi-builder-workspace/TriforkSwiftExtensions/TriforkSwiftExtensions/TriforkSwiftExtensionUtilities/TSELogger.swift /Users/admin/builder/spi-builder-workspace/TriforkSwiftExtensions/TriforkSwiftExtensions/UIAlertController/UIAlertControllerExtension.swift (in target 'TriforkSwiftExtensions' from project 'TriforkSwiftExtensions')
SwiftCompile normal arm64 /Users/admin/builder/spi-builder-workspace/TriforkSwiftExtensions/TriforkSwiftExtensions/String/StringFormatExtension.swift (in target 'TriforkSwiftExtensions' from project 'TriforkSwiftExtensions')
    cd /Users/admin/builder/spi-builder-workspace/.swiftpm/xcode
    builtin-SwiftPerFileCompile StringFormatExtension.swift
SwiftCompile normal arm64 /Users/admin/builder/spi-builder-workspace/TriforkSwiftExtensions/TriforkSwiftExtensions/String/StringProtocolExtension.swift (in target 'TriforkSwiftExtensions' from project 'TriforkSwiftExtensions')
    cd /Users/admin/builder/spi-builder-workspace/.swiftpm/xcode
    builtin-SwiftPerFileCompile StringProtocolExtension.swift
SwiftCompile normal arm64 /Users/admin/builder/spi-builder-workspace/TriforkSwiftExtensions/TriforkSwiftExtensions/TriforkSwiftExtensionUtilities/TSELogger.swift (in target 'TriforkSwiftExtensions' from project 'TriforkSwiftExtensions')
    cd /Users/admin/builder/spi-builder-workspace/.swiftpm/xcode
    builtin-SwiftPerFileCompile TSELogger.swift
SwiftCompile normal arm64 /Users/admin/builder/spi-builder-workspace/TriforkSwiftExtensions/TriforkSwiftExtensions/UIAlertController/UIAlertControllerExtension.swift (in target 'TriforkSwiftExtensions' from project 'TriforkSwiftExtensions')
    cd /Users/admin/builder/spi-builder-workspace/.swiftpm/xcode
    builtin-SwiftPerFileCompile UIAlertControllerExtension.swift
PruneExplicitPrecompiledModules /Users/admin/builder/spi-builder-workspace/.derivedData/Build/Intermediates.noindex/ExplicitPrecompiledModules
PruneExplicitPrecompiledModules /Users/admin/builder/spi-builder-workspace/.derivedData/Build/Intermediates.noindex/SwiftExplicitPrecompiledModules
PruneExplicitPrecompiledModules /Users/admin/builder/spi-builder-workspace/.derivedData/SDKExplicitPrecompiledModules
2026-09-17 23:42:53.275 xcodebuild[648:4204] [MT] IDERunDestination: Supported platforms for the buildables in the current scheme is empty.
** BUILD FAILED **
The following build commands failed:
	SwiftEmitModule normal arm64 Emitting\ module\ for\ TriforkSwiftExtensions (in target 'TriforkSwiftExtensions' from project 'TriforkSwiftExtensions')
	SwiftCompile normal arm64 (in target 'TriforkSwiftExtensions' from project 'TriforkSwiftExtensions')
	Building workspace TriforkSwiftExtensions with scheme TriforkSwiftExtensions
(3 failures)
Command line invocation:
    /Applications/Xcode-27.0.0-Release.Candidate.app/Contents/Developer/usr/bin/xcodebuild -IDEClonedSourcePackagesDirPathOverride=/Users/admin/builder/spi-builder-workspace/.dependencies -resolvePackageDependencies
Resolve Package Graph
Resolved source packages:
  TriforkSwiftExtensions: /Users/admin/builder/spi-builder-workspace
resolved source packages: TriforkSwiftExtensions
2026-09-17 23:43:00.709 xcodebuild[741:4614] [MT] IDERunDestination: Supported platforms for the buildables in the current scheme is empty.
{
  "dependencies" : [
  ],
  "manifest_display_name" : "TriforkSwiftExtensions",
  "name" : "TriforkSwiftExtensions",
  "path" : "/Users/admin/builder/spi-builder-workspace",
  "platforms" : [
    {
      "name" : "ios",
      "version" : "9.0"
    }
  ],
  "products" : [
    {
      "name" : "TriforkSwiftExtensions",
      "targets" : [
        "TriforkSwiftExtensions"
      ],
      "type" : {
        "library" : [
          "automatic"
        ]
      }
    }
  ],
  "targets" : [
    {
      "c99name" : "TriforkSwiftExtensionsTests",
      "module_type" : "SwiftTarget",
      "name" : "TriforkSwiftExtensionsTests",
      "path" : "TriforkSwiftExtensions/TriforkSwiftExtensionsTests",
      "sources" : [
        "ArrayExtensionTests.swift",
        "BoolExtensionTests.swift",
        "CGFloatExtensionsTests.swift",
        "CGRectExtensionTests.swift",
        "CollectionExtensionTests.swift",
        "DataExtensionTests.swift",
        "DateExtensionTests.swift",
        "DoubleExtensionTests.swift",
        "EncodableExtensionTests.swift",
        "ErrorExtensionTests.swift",
        "FloatExtensionTests.swift",
        "FloatingPointExtensionTests.swift",
        "IntExtensionTests.swift",
        "NSMutableAttributedStringExtensionTests.swift",
        "NSObjectExtensionTests.swift",
        "OptionalExtensionTests.swift",
        "PublisherTests.swift",
        "ResultTests.swift",
        "ReusableTests.swift",
        "SequenceExtensionTests.swift",
        "StringExtensionTests.swift",
        "StringProtocolTests.swift",
        "TSELoggerTests.swift",
        "UIAlertControllerExtensionTests.swift",
        "UIApplicationExtensionTests.swift",
        "UIColorExtensionTests.swift",
        "UIDeviceExtensionTests.swift",
        "UIEdgeInsetsTests.swift",
        "UIScrollViewExtensionTests.swift",
        "UIStackViewExtensionTests.swift",
        "UITableViewExtensionTests.swift",
        "UITextViewExtensionTest.swift",
        "UIViewExtensionTests.swift",
        "URLExtensionTests.swift"
      ],
      "target_dependencies" : [
        "TriforkSwiftExtensions"
      ],
      "type" : "test"
    },
    {
      "c99name" : "TriforkSwiftExtensions",
      "module_type" : "SwiftTarget",
      "name" : "TriforkSwiftExtensions",
      "path" : "TriforkSwiftExtensions/TriforkSwiftExtensions",
      "product_memberships" : [
        "TriforkSwiftExtensions"
      ],
      "sources" : [
        "Array/ArrayExtension.swift",
        "Bool/BoolExtension.swift",
        "Bundle/BundleExtension.swift",
        "CGFloat/CGFloatExtensions.swift",
        "CGRect/CGRectExtension.swift",
        "Collection/CollectionExtension.swift",
        "Data/DataExtension.swift",
        "Date/DateExtension.swift",
        "Encodable/EncodableExtension.swift",
        "Error/ErrorExtension.swift",
        "FloatingPoint/FloatingPointExtensions.swift",
        "LAContext/LAContextExtension.swift",
        "NSAttributedString/NSMutableAttributedStringExtension.swift",
        "NSObject/NSObjectExtension.swift",
        "Numeric/NumericExtension.swift",
        "Optional/OptionalExtension.swift",
        "Publisher/PublisherExtensions.swift",
        "Result/ResultClosureExtension.swift",
        "Sequence/SequenceExtensions.swift",
        "String/StringExtension.swift",
        "String/StringFormatExtension.swift",
        "String/StringProtocolExtension.swift",
        "TriforkSwiftExtensionUtilities/TSELogger.swift",
        "UIAlertController/UIAlertControllerExtension.swift",
        "UIApplication/UIApplicationExtensions.swift",
        "UIColor/UIColorExtension.swift",
        "UIDevice/UIDeviceExtension.swift",
        "UIEdgeInsets/UIEdgeInsetsExtension.swift",
        "UILabel/UILabelExtensions.swift",
        "UIScrollView/UIScrollViewExtension.swift",
        "UIStackView/UIStackViewExtension.swift",
        "UITableView/UITableViewExtension.swift",
        "UITableViewCell/UITableViewCellExtension.swift",
        "UITableViewHeaderFooterView/UITableViewHeaderFooterViewExtension.swift",
        "UITextView/UITextViewExtensions.swift",
        "UIView/UIViewExtension.swift",
        "UIViewController/UIViewControllerExtension.swift",
        "URL/URLExtension.swift"
      ],
      "type" : "library"
    }
  ],
  "tools_version" : "5.0"
}
{
  "workspace" : {
    "name" : "TriforkSwiftExtensions",
    "schemes" : [
      "TriforkSwiftExtensions"
    ]
  }
}
2026-09-17 23:43:01.989 xcodebuild[749:4685] [MT] IDERunDestination: Supported platforms for the buildables in the current scheme is empty.
Running build ...
env DEVELOPER_DIR=/Applications/Xcode-27.0.0-Release.Candidate.app xcrun xcodebuild -IDEClonedSourcePackagesDirPathOverride=$PWD/.dependencies -skipMacroValidation -skipPackagePluginValidation -derivedDataPath $PWD/.derivedData build -scheme TriforkSwiftExtensions -destination generic/platform=xrOS
Command line invocation:
    /Applications/Xcode-27.0.0-Release.Candidate.app/Contents/Developer/usr/bin/xcodebuild -IDEClonedSourcePackagesDirPathOverride=/Users/admin/builder/spi-builder-workspace/.dependencies -skipMacroValidation -skipPackagePluginValidation -derivedDataPath /Users/admin/builder/spi-builder-workspace/.derivedData build -scheme TriforkSwiftExtensions -destination generic/platform=xrOS
Resolve Package Graph
Resolved source packages:
  TriforkSwiftExtensions: /Users/admin/builder/spi-builder-workspace
ComputePackagePrebuildTargetDependencyGraph
Prepare packages
CreateBuildRequest
SendProjectDescription
CreateBuildOperation
ComputeTargetDependencyGraph
note: Building targets in dependency order
note: Target dependency graph (2 targets)
    Target 'TriforkSwiftExtensions-product' in project 'TriforkSwiftExtensions'
        ➜ Explicit dependency on target 'TriforkSwiftExtensions' in project 'TriforkSwiftExtensions'
    Target 'TriforkSwiftExtensions' in project 'TriforkSwiftExtensions' (no dependencies)
GatherProvisioningInputs
CreateBuildDescription
ClangStatCache /Applications/Xcode-27.0.0-Release.Candidate.app/Contents/Developer/Toolchains/XcodeDefault.xctoolchain/usr/bin/clang-stat-cache /Applications/Xcode-27.0.0-Release.Candidate.app/Contents/Developer/Platforms/XROS.platform/Developer/SDKs/XROS27.0.sdk /Users/admin/builder/spi-builder-workspace/.derivedData/SDKStatCaches.noindex/xros27.0-24M361-e829b21a6f8c9b70876ba0858053c044735bd543db762f57723cac368afd1ce4.sdkstatcache
    cd /Users/admin/builder/spi-builder-workspace/.swiftpm/xcode
    /Applications/Xcode-27.0.0-Release.Candidate.app/Contents/Developer/Toolchains/XcodeDefault.xctoolchain/usr/bin/clang-stat-cache /Applications/Xcode-27.0.0-Release.Candidate.app/Contents/Developer/Platforms/XROS.platform/Developer/SDKs/XROS27.0.sdk -o /Users/admin/builder/spi-builder-workspace/.derivedData/SDKStatCaches.noindex/xros27.0-24M361-e829b21a6f8c9b70876ba0858053c044735bd543db762f57723cac368afd1ce4.sdkstatcache
SwiftDriver TriforkSwiftExtensions normal arm64 com.apple.xcode.tools.swift.compiler (in target 'TriforkSwiftExtensions' from project 'TriforkSwiftExtensions')
    cd /Users/admin/builder/spi-builder-workspace/.swiftpm/xcode
    builtin-SwiftDriver -- /Applications/Xcode-27.0.0-Release.Candidate.app/Contents/Developer/Toolchains/XcodeDefault.xctoolchain/usr/bin/swiftc -parse-as-library -module-name TriforkSwiftExtensions -Onone @/Users/admin/builder/spi-builder-workspace/.derivedData/Build/Intermediates.noindex/TriforkSwiftExtensions.build/Debug-xros/TriforkSwiftExtensions-t.build/Objects-normal/arm64/TriforkSwiftExtensions.SwiftFileList -DSWIFT_PACKAGE -DDEBUG -DSWIFT_MODULE_RESOURCE_BUNDLE_UNAVAILABLE -DXcode -plugin-path /Applications/Xcode-27.0.0-Release.Candidate.app/Contents/Developer/Toolchains/XcodeDefault.xctoolchain/usr/lib/swift/host/plugins/testing -enable-experimental-feature DebugDescriptionMacro -sdk /Applications/Xcode-27.0.0-Release.Candidate.app/Contents/Developer/Platforms/XROS.platform/Developer/SDKs/XROS27.0.sdk -target arm64-apple-xros1.0 -g -module-cache-path /Users/admin/builder/spi-builder-workspace/.derivedData/ModuleCache.noindex -Xfrontend -serialize-debugging-options -profile-coverage-mapping -profile-generate -enable-testing -index-store-path /Users/admin/builder/spi-builder-workspace/.derivedData/Index.noindex/DataStore -Xcc -D_LIBCPP_HARDENING_MODE\=_LIBCPP_HARDENING_MODE_DEBUG -swift-version 5 -I /Users/admin/builder/spi-builder-workspace/.derivedData/Build/Products/Debug-xros -Isystem /Applications/Xcode-27.0.0-Release.Candidate.app/Contents/Developer/Platforms/XROS.platform/Developer/usr/lib -F /Users/admin/builder/spi-builder-workspace/.derivedData/Build/Products/Debug-xros -F /Applications/Xcode-27.0.0-Release.Candidate.app/Contents/Developer/Platforms/XROS.platform/Developer/Library/Frameworks -F /Applications/Xcode-27.0.0-Release.Candidate.app/Contents/Developer/Platforms/XROS.platform/Developer/SDKs/XROS27.0.sdk/Developer/Library/Frameworks -c -j10 -enable-batch-mode -incremental -Xcc -ivfsstatcache -Xcc /Users/admin/builder/spi-builder-workspace/.derivedData/SDKStatCaches.noindex/xros27.0-24M361-e829b21a6f8c9b70876ba0858053c044735bd543db762f57723cac368afd1ce4.sdkstatcache -output-file-map /Users/admin/builder/spi-builder-workspace/.derivedData/Build/Intermediates.noindex/TriforkSwiftExtensions.build/Debug-xros/TriforkSwiftExtensions-t.build/Objects-normal/arm64/TriforkSwiftExtensions-OutputFileMap.json -save-temps -no-color-diagnostics -explicit-module-build -module-cache-path /Users/admin/builder/spi-builder-workspace/.derivedData/Build/Intermediates.noindex/SwiftExplicitPrecompiledModules -clang-scanner-module-cache-path /Users/admin/builder/spi-builder-workspace/.derivedData/ModuleCache.noindex -sdk-module-cache-path /Users/admin/builder/spi-builder-workspace/.derivedData/SDKExplicitPrecompiledModules -emit-dependencies -emit-module -emit-module-path /Users/admin/builder/spi-builder-workspace/.derivedData/Build/Intermediates.noindex/TriforkSwiftExtensions.build/Debug-xros/TriforkSwiftExtensions-t.build/Objects-normal/arm64/TriforkSwiftExtensions.swiftmodule -serialize-diagnostics -dependency-scan-serialize-diagnostics-path /Users/admin/builder/spi-builder-workspace/.derivedData/Build/Intermediates.noindex/TriforkSwiftExtensions.build/Debug-xros/TriforkSwiftExtensions-t.build/Objects-normal/arm64/TriforkSwiftExtensions-dependency-scan.dia -validate-clang-modules-once -clang-build-session-file /Users/admin/builder/spi-builder-workspace/.derivedData/ModuleCache.noindex/Session.modulevalidation -Xcc -fmodules-prune-interval\=86400 -Xcc -fmodules-prune-after\=345600 -emit-const-values -const-gather-protocols-list /Users/admin/builder/spi-builder-workspace/.derivedData/Build/Intermediates.noindex/TriforkSwiftExtensions.build/Debug-xros/TriforkSwiftExtensions-t.build/Objects-normal/arm64/TriforkSwiftExtensions_const_extract_protocols.json -Xcc -I/Users/admin/builder/spi-builder-workspace/.derivedData/Build/Products/Debug-xros/include -Xcc -I/Users/admin/builder/spi-builder-workspace/.derivedData/Build/Intermediates.noindex/TriforkSwiftExtensions.build/Debug-xros/TriforkSwiftExtensions-t.build/DerivedSources-normal/arm64 -Xcc -I/Users/admin/builder/spi-builder-workspace/.derivedData/Build/Intermediates.noindex/TriforkSwiftExtensions.build/Debug-xros/TriforkSwiftExtensions-t.build/DerivedSources/arm64 -Xcc -I/Users/admin/builder/spi-builder-workspace/.derivedData/Build/Intermediates.noindex/TriforkSwiftExtensions.build/Debug-xros/TriforkSwiftExtensions-t.build/DerivedSources -Xcc -DSWIFT_PACKAGE -Xcc -DDEBUG\=1 -emit-objc-header -emit-objc-header-path /Users/admin/builder/spi-builder-workspace/.derivedData/Build/Intermediates.noindex/TriforkSwiftExtensions.build/Debug-xros/TriforkSwiftExtensions-t.build/Objects-normal/arm64/TriforkSwiftExtensions-Swift.h -working-directory /Users/admin/builder/spi-builder-workspace/.swiftpm/xcode -experimental-emit-module-separately -disable-cmo
SwiftCompile normal arm64 Compiling\ ArrayExtension.swift,\ BoolExtension.swift,\ BundleExtension.swift,\ CGFloatExtensions.swift /Users/admin/builder/spi-builder-workspace/TriforkSwiftExtensions/TriforkSwiftExtensions/Array/ArrayExtension.swift /Users/admin/builder/spi-builder-workspace/TriforkSwiftExtensions/TriforkSwiftExtensions/Bool/BoolExtension.swift /Users/admin/builder/spi-builder-workspace/TriforkSwiftExtensions/TriforkSwiftExtensions/Bundle/BundleExtension.swift /Users/admin/builder/spi-builder-workspace/TriforkSwiftExtensions/TriforkSwiftExtensions/CGFloat/CGFloatExtensions.swift (in target 'TriforkSwiftExtensions' from project 'TriforkSwiftExtensions')
SwiftCompile normal arm64 /Users/admin/builder/spi-builder-workspace/TriforkSwiftExtensions/TriforkSwiftExtensions/Array/ArrayExtension.swift (in target 'TriforkSwiftExtensions' from project 'TriforkSwiftExtensions')
    cd /Users/admin/builder/spi-builder-workspace/.swiftpm/xcode
    builtin-SwiftPerFileCompile ArrayExtension.swift
SwiftCompile normal arm64 /Users/admin/builder/spi-builder-workspace/TriforkSwiftExtensions/TriforkSwiftExtensions/Bool/BoolExtension.swift (in target 'TriforkSwiftExtensions' from project 'TriforkSwiftExtensions')
    cd /Users/admin/builder/spi-builder-workspace/.swiftpm/xcode
    builtin-SwiftPerFileCompile BoolExtension.swift
SwiftCompile normal arm64 /Users/admin/builder/spi-builder-workspace/TriforkSwiftExtensions/TriforkSwiftExtensions/Bundle/BundleExtension.swift (in target 'TriforkSwiftExtensions' from project 'TriforkSwiftExtensions')
    cd /Users/admin/builder/spi-builder-workspace/.swiftpm/xcode
    builtin-SwiftPerFileCompile BundleExtension.swift
SwiftCompile normal arm64 /Users/admin/builder/spi-builder-workspace/TriforkSwiftExtensions/TriforkSwiftExtensions/CGFloat/CGFloatExtensions.swift (in target 'TriforkSwiftExtensions' from project 'TriforkSwiftExtensions')
    cd /Users/admin/builder/spi-builder-workspace/.swiftpm/xcode
    builtin-SwiftPerFileCompile CGFloatExtensions.swift
SwiftCompile normal arm64 Compiling\ EncodableExtension.swift,\ ErrorExtension.swift,\ FloatingPointExtensions.swift,\ LAContextExtension.swift /Users/admin/builder/spi-builder-workspace/TriforkSwiftExtensions/TriforkSwiftExtensions/Encodable/EncodableExtension.swift /Users/admin/builder/spi-builder-workspace/TriforkSwiftExtensions/TriforkSwiftExtensions/Error/ErrorExtension.swift /Users/admin/builder/spi-builder-workspace/TriforkSwiftExtensions/TriforkSwiftExtensions/FloatingPoint/FloatingPointExtensions.swift /Users/admin/builder/spi-builder-workspace/TriforkSwiftExtensions/TriforkSwiftExtensions/LAContext/LAContextExtension.swift (in target 'TriforkSwiftExtensions' from project 'TriforkSwiftExtensions')
SwiftCompile normal arm64 /Users/admin/builder/spi-builder-workspace/TriforkSwiftExtensions/TriforkSwiftExtensions/Encodable/EncodableExtension.swift (in target 'TriforkSwiftExtensions' from project 'TriforkSwiftExtensions')
    cd /Users/admin/builder/spi-builder-workspace/.swiftpm/xcode
    builtin-SwiftPerFileCompile EncodableExtension.swift
SwiftCompile normal arm64 /Users/admin/builder/spi-builder-workspace/TriforkSwiftExtensions/TriforkSwiftExtensions/Error/ErrorExtension.swift (in target 'TriforkSwiftExtensions' from project 'TriforkSwiftExtensions')
    cd /Users/admin/builder/spi-builder-workspace/.swiftpm/xcode
    builtin-SwiftPerFileCompile ErrorExtension.swift
SwiftCompile normal arm64 /Users/admin/builder/spi-builder-workspace/TriforkSwiftExtensions/TriforkSwiftExtensions/FloatingPoint/FloatingPointExtensions.swift (in target 'TriforkSwiftExtensions' from project 'TriforkSwiftExtensions')
    cd /Users/admin/builder/spi-builder-workspace/.swiftpm/xcode
    builtin-SwiftPerFileCompile FloatingPointExtensions.swift
SwiftCompile normal arm64 /Users/admin/builder/spi-builder-workspace/TriforkSwiftExtensions/TriforkSwiftExtensions/LAContext/LAContextExtension.swift (in target 'TriforkSwiftExtensions' from project 'TriforkSwiftExtensions')
    cd /Users/admin/builder/spi-builder-workspace/.swiftpm/xcode
    builtin-SwiftPerFileCompile LAContextExtension.swift
SwiftCompile normal arm64 Compiling\ PublisherExtensions.swift,\ ResultClosureExtension.swift,\ SequenceExtensions.swift,\ StringExtension.swift /Users/admin/builder/spi-builder-workspace/TriforkSwiftExtensions/TriforkSwiftExtensions/Publisher/PublisherExtensions.swift /Users/admin/builder/spi-builder-workspace/TriforkSwiftExtensions/TriforkSwiftExtensions/Result/ResultClosureExtension.swift /Users/admin/builder/spi-builder-workspace/TriforkSwiftExtensions/TriforkSwiftExtensions/Sequence/SequenceExtensions.swift /Users/admin/builder/spi-builder-workspace/TriforkSwiftExtensions/TriforkSwiftExtensions/String/StringExtension.swift (in target 'TriforkSwiftExtensions' from project 'TriforkSwiftExtensions')
SwiftCompile normal arm64 /Users/admin/builder/spi-builder-workspace/TriforkSwiftExtensions/TriforkSwiftExtensions/Publisher/PublisherExtensions.swift (in target 'TriforkSwiftExtensions' from project 'TriforkSwiftExtensions')
    cd /Users/admin/builder/spi-builder-workspace/.swiftpm/xcode
    builtin-SwiftPerFileCompile PublisherExtensions.swift
SwiftCompile normal arm64 /Users/admin/builder/spi-builder-workspace/TriforkSwiftExtensions/TriforkSwiftExtensions/Result/ResultClosureExtension.swift (in target 'TriforkSwiftExtensions' from project 'TriforkSwiftExtensions')
    cd /Users/admin/builder/spi-builder-workspace/.swiftpm/xcode
    builtin-SwiftPerFileCompile ResultClosureExtension.swift
SwiftCompile normal arm64 /Users/admin/builder/spi-builder-workspace/TriforkSwiftExtensions/TriforkSwiftExtensions/Sequence/SequenceExtensions.swift (in target 'TriforkSwiftExtensions' from project 'TriforkSwiftExtensions')
    cd /Users/admin/builder/spi-builder-workspace/.swiftpm/xcode
    builtin-SwiftPerFileCompile SequenceExtensions.swift
SwiftCompile normal arm64 /Users/admin/builder/spi-builder-workspace/TriforkSwiftExtensions/TriforkSwiftExtensions/String/StringExtension.swift (in target 'TriforkSwiftExtensions' from project 'TriforkSwiftExtensions')
    cd /Users/admin/builder/spi-builder-workspace/.swiftpm/xcode
    builtin-SwiftPerFileCompile StringExtension.swift
SwiftCompile normal arm64 Compiling\ NSMutableAttributedStringExtension.swift,\ NSObjectExtension.swift,\ NumericExtension.swift,\ OptionalExtension.swift /Users/admin/builder/spi-builder-workspace/TriforkSwiftExtensions/TriforkSwiftExtensions/NSAttributedString/NSMutableAttributedStringExtension.swift /Users/admin/builder/spi-builder-workspace/TriforkSwiftExtensions/TriforkSwiftExtensions/NSObject/NSObjectExtension.swift /Users/admin/builder/spi-builder-workspace/TriforkSwiftExtensions/TriforkSwiftExtensions/Numeric/NumericExtension.swift /Users/admin/builder/spi-builder-workspace/TriforkSwiftExtensions/TriforkSwiftExtensions/Optional/OptionalExtension.swift (in target 'TriforkSwiftExtensions' from project 'TriforkSwiftExtensions')
SwiftCompile normal arm64 /Users/admin/builder/spi-builder-workspace/TriforkSwiftExtensions/TriforkSwiftExtensions/NSAttributedString/NSMutableAttributedStringExtension.swift (in target 'TriforkSwiftExtensions' from project 'TriforkSwiftExtensions')
    cd /Users/admin/builder/spi-builder-workspace/.swiftpm/xcode
    builtin-SwiftPerFileCompile NSMutableAttributedStringExtension.swift
SwiftCompile normal arm64 /Users/admin/builder/spi-builder-workspace/TriforkSwiftExtensions/TriforkSwiftExtensions/NSObject/NSObjectExtension.swift (in target 'TriforkSwiftExtensions' from project 'TriforkSwiftExtensions')
    cd /Users/admin/builder/spi-builder-workspace/.swiftpm/xcode
    builtin-SwiftPerFileCompile NSObjectExtension.swift
SwiftCompile normal arm64 /Users/admin/builder/spi-builder-workspace/TriforkSwiftExtensions/TriforkSwiftExtensions/Numeric/NumericExtension.swift (in target 'TriforkSwiftExtensions' from project 'TriforkSwiftExtensions')
    cd /Users/admin/builder/spi-builder-workspace/.swiftpm/xcode
    builtin-SwiftPerFileCompile NumericExtension.swift
SwiftCompile normal arm64 /Users/admin/builder/spi-builder-workspace/TriforkSwiftExtensions/TriforkSwiftExtensions/Optional/OptionalExtension.swift (in target 'TriforkSwiftExtensions' from project 'TriforkSwiftExtensions')
    cd /Users/admin/builder/spi-builder-workspace/.swiftpm/xcode
    builtin-SwiftPerFileCompile OptionalExtension.swift
SwiftCompile normal arm64 Compiling\ StringFormatExtension.swift,\ StringProtocolExtension.swift,\ TSELogger.swift,\ UIAlertControllerExtension.swift /Users/admin/builder/spi-builder-workspace/TriforkSwiftExtensions/TriforkSwiftExtensions/String/StringFormatExtension.swift /Users/admin/builder/spi-builder-workspace/TriforkSwiftExtensions/TriforkSwiftExtensions/String/StringProtocolExtension.swift /Users/admin/builder/spi-builder-workspace/TriforkSwiftExtensions/TriforkSwiftExtensions/TriforkSwiftExtensionUtilities/TSELogger.swift /Users/admin/builder/spi-builder-workspace/TriforkSwiftExtensions/TriforkSwiftExtensions/UIAlertController/UIAlertControllerExtension.swift (in target 'TriforkSwiftExtensions' from project 'TriforkSwiftExtensions')
SwiftCompile normal arm64 /Users/admin/builder/spi-builder-workspace/TriforkSwiftExtensions/TriforkSwiftExtensions/String/StringFormatExtension.swift (in target 'TriforkSwiftExtensions' from project 'TriforkSwiftExtensions')
    cd /Users/admin/builder/spi-builder-workspace/.swiftpm/xcode
    builtin-SwiftPerFileCompile StringFormatExtension.swift
SwiftCompile normal arm64 /Users/admin/builder/spi-builder-workspace/TriforkSwiftExtensions/TriforkSwiftExtensions/String/StringProtocolExtension.swift (in target 'TriforkSwiftExtensions' from project 'TriforkSwiftExtensions')
    cd /Users/admin/builder/spi-builder-workspace/.swiftpm/xcode
    builtin-SwiftPerFileCompile StringProtocolExtension.swift
SwiftCompile normal arm64 /Users/admin/builder/spi-builder-workspace/TriforkSwiftExtensions/TriforkSwiftExtensions/TriforkSwiftExtensionUtilities/TSELogger.swift (in target 'TriforkSwiftExtensions' from project 'TriforkSwiftExtensions')
    cd /Users/admin/builder/spi-builder-workspace/.swiftpm/xcode
    builtin-SwiftPerFileCompile TSELogger.swift
SwiftCompile normal arm64 /Users/admin/builder/spi-builder-workspace/TriforkSwiftExtensions/TriforkSwiftExtensions/UIAlertController/UIAlertControllerExtension.swift (in target 'TriforkSwiftExtensions' from project 'TriforkSwiftExtensions')
    cd /Users/admin/builder/spi-builder-workspace/.swiftpm/xcode
    builtin-SwiftPerFileCompile UIAlertControllerExtension.swift
SwiftCompile normal arm64 Compiling\ CGRectExtension.swift,\ CollectionExtension.swift,\ DataExtension.swift,\ DateExtension.swift /Users/admin/builder/spi-builder-workspace/TriforkSwiftExtensions/TriforkSwiftExtensions/CGRect/CGRectExtension.swift /Users/admin/builder/spi-builder-workspace/TriforkSwiftExtensions/TriforkSwiftExtensions/Collection/CollectionExtension.swift /Users/admin/builder/spi-builder-workspace/TriforkSwiftExtensions/TriforkSwiftExtensions/Data/DataExtension.swift /Users/admin/builder/spi-builder-workspace/TriforkSwiftExtensions/TriforkSwiftExtensions/Date/DateExtension.swift (in target 'TriforkSwiftExtensions' from project 'TriforkSwiftExtensions')
SwiftCompile normal arm64 /Users/admin/builder/spi-builder-workspace/TriforkSwiftExtensions/TriforkSwiftExtensions/CGRect/CGRectExtension.swift (in target 'TriforkSwiftExtensions' from project 'TriforkSwiftExtensions')
    cd /Users/admin/builder/spi-builder-workspace/.swiftpm/xcode
    builtin-SwiftPerFileCompile CGRectExtension.swift
SwiftCompile normal arm64 /Users/admin/builder/spi-builder-workspace/TriforkSwiftExtensions/TriforkSwiftExtensions/Collection/CollectionExtension.swift (in target 'TriforkSwiftExtensions' from project 'TriforkSwiftExtensions')
    cd /Users/admin/builder/spi-builder-workspace/.swiftpm/xcode
    builtin-SwiftPerFileCompile CollectionExtension.swift
SwiftCompile normal arm64 /Users/admin/builder/spi-builder-workspace/TriforkSwiftExtensions/TriforkSwiftExtensions/Data/DataExtension.swift (in target 'TriforkSwiftExtensions' from project 'TriforkSwiftExtensions')
    cd /Users/admin/builder/spi-builder-workspace/.swiftpm/xcode
    builtin-SwiftPerFileCompile DataExtension.swift
SwiftCompile normal arm64 /Users/admin/builder/spi-builder-workspace/TriforkSwiftExtensions/TriforkSwiftExtensions/Date/DateExtension.swift (in target 'TriforkSwiftExtensions' from project 'TriforkSwiftExtensions')
    cd /Users/admin/builder/spi-builder-workspace/.swiftpm/xcode
    builtin-SwiftPerFileCompile DateExtension.swift
SwiftCompile normal arm64 Compiling\ UIApplicationExtensions.swift,\ UIColorExtension.swift,\ UIDeviceExtension.swift,\ UIEdgeInsetsExtension.swift /Users/admin/builder/spi-builder-workspace/TriforkSwiftExtensions/TriforkSwiftExtensions/UIApplication/UIApplicationExtensions.swift /Users/admin/builder/spi-builder-workspace/TriforkSwiftExtensions/TriforkSwiftExtensions/UIColor/UIColorExtension.swift /Users/admin/builder/spi-builder-workspace/TriforkSwiftExtensions/TriforkSwiftExtensions/UIDevice/UIDeviceExtension.swift /Users/admin/builder/spi-builder-workspace/TriforkSwiftExtensions/TriforkSwiftExtensions/UIEdgeInsets/UIEdgeInsetsExtension.swift (in target 'TriforkSwiftExtensions' from project 'TriforkSwiftExtensions')
/Users/admin/builder/spi-builder-workspace/TriforkSwiftExtensions/TriforkSwiftExtensions/UIApplication/UIApplicationExtensions.swift:80:88: error: 'keyWindow' is unavailable in visionOS
78 |     /// 2. Checks for selected UITabBarController's selectedViewController
79 |     /// 3. Check for presented view controllers.
80 |     static func topViewController(controller: UIViewController? = UIApplication.shared.keyWindow?.rootViewController) -> UIViewController? {
   |                                                                                        `- error: 'keyWindow' is unavailable in visionOS
81 |         if let navigationController = controller as? UINavigationController {
82 |             return topViewController(controller: navigationController.visibleViewController)
/Applications/Xcode-27.0.0-Release.Candidate.app/Contents/Developer/Platforms/XROS.platform/Developer/SDKs/XROS27.0.sdk/System/Library/Frameworks/UIKit.framework/Headers/UIApplication.h:108:51: note: 'keyWindow' has been explicitly marked unavailable here
106 | - (void)sendEvent:(UIEvent *)event;
107 |
108 | @property(nullable, nonatomic,readonly) UIWindow *keyWindow API_DEPRECATED("Should not be used for applications that support multiple scenes as it returns a key window across all connected scenes", ios(2.0, 13.0)) API_UNAVAILABLE(visionos, watchos);
    |                                                   `- note: 'keyWindow' has been explicitly marked unavailable here
109 | @property(nonatomic,readonly) NSArray<__kindof UIWindow *>  *windows API_DEPRECATED("Use UIWindowScene.windows on a relevant window scene instead", ios(2.0, 15.0), visionos(1.0, 1.0)) API_UNAVAILABLE(watchos);
110 |
SwiftCompile normal arm64 /Users/admin/builder/spi-builder-workspace/TriforkSwiftExtensions/TriforkSwiftExtensions/UIApplication/UIApplicationExtensions.swift (in target 'TriforkSwiftExtensions' from project 'TriforkSwiftExtensions')
    cd /Users/admin/builder/spi-builder-workspace/.swiftpm/xcode
    builtin-SwiftPerFileCompile UIApplicationExtensions.swift
SwiftCompile normal arm64 /Users/admin/builder/spi-builder-workspace/TriforkSwiftExtensions/TriforkSwiftExtensions/UIColor/UIColorExtension.swift (in target 'TriforkSwiftExtensions' from project 'TriforkSwiftExtensions')
    cd /Users/admin/builder/spi-builder-workspace/.swiftpm/xcode
    builtin-SwiftPerFileCompile UIColorExtension.swift
SwiftCompile normal arm64 /Users/admin/builder/spi-builder-workspace/TriforkSwiftExtensions/TriforkSwiftExtensions/UIDevice/UIDeviceExtension.swift (in target 'TriforkSwiftExtensions' from project 'TriforkSwiftExtensions')
    cd /Users/admin/builder/spi-builder-workspace/.swiftpm/xcode
    builtin-SwiftPerFileCompile UIDeviceExtension.swift
SwiftCompile normal arm64 /Users/admin/builder/spi-builder-workspace/TriforkSwiftExtensions/TriforkSwiftExtensions/UIEdgeInsets/UIEdgeInsetsExtension.swift (in target 'TriforkSwiftExtensions' from project 'TriforkSwiftExtensions')
    cd /Users/admin/builder/spi-builder-workspace/.swiftpm/xcode
    builtin-SwiftPerFileCompile UIEdgeInsetsExtension.swift
SwiftCompile normal arm64 Compiling\ UITableViewCellExtension.swift,\ UITableViewHeaderFooterViewExtension.swift,\ UITextViewExtensions.swift /Users/admin/builder/spi-builder-workspace/TriforkSwiftExtensions/TriforkSwiftExtensions/UITableViewCell/UITableViewCellExtension.swift /Users/admin/builder/spi-builder-workspace/TriforkSwiftExtensions/TriforkSwiftExtensions/UITableViewHeaderFooterView/UITableViewHeaderFooterViewExtension.swift /Users/admin/builder/spi-builder-workspace/TriforkSwiftExtensions/TriforkSwiftExtensions/UITextView/UITextViewExtensions.swift (in target 'TriforkSwiftExtensions' from project 'TriforkSwiftExtensions')
SwiftCompile normal arm64 /Users/admin/builder/spi-builder-workspace/TriforkSwiftExtensions/TriforkSwiftExtensions/UITableViewCell/UITableViewCellExtension.swift (in target 'TriforkSwiftExtensions' from project 'TriforkSwiftExtensions')
    cd /Users/admin/builder/spi-builder-workspace/.swiftpm/xcode
    builtin-SwiftPerFileCompile UITableViewCellExtension.swift
SwiftCompile normal arm64 /Users/admin/builder/spi-builder-workspace/TriforkSwiftExtensions/TriforkSwiftExtensions/UITableViewHeaderFooterView/UITableViewHeaderFooterViewExtension.swift (in target 'TriforkSwiftExtensions' from project 'TriforkSwiftExtensions')
    cd /Users/admin/builder/spi-builder-workspace/.swiftpm/xcode
    builtin-SwiftPerFileCompile UITableViewHeaderFooterViewExtension.swift
SwiftCompile normal arm64 /Users/admin/builder/spi-builder-workspace/TriforkSwiftExtensions/TriforkSwiftExtensions/UITextView/UITextViewExtensions.swift (in target 'TriforkSwiftExtensions' from project 'TriforkSwiftExtensions')
    cd /Users/admin/builder/spi-builder-workspace/.swiftpm/xcode
    builtin-SwiftPerFileCompile UITextViewExtensions.swift
SwiftEmitModule normal arm64 Emitting\ module\ for\ TriforkSwiftExtensions (in target 'TriforkSwiftExtensions' from project 'TriforkSwiftExtensions')
/Users/admin/builder/spi-builder-workspace/TriforkSwiftExtensions/TriforkSwiftExtensions/UIApplication/UIApplicationExtensions.swift:80:88: error: 'keyWindow' is unavailable in visionOS
78 |     /// 2. Checks for selected UITabBarController's selectedViewController
79 |     /// 3. Check for presented view controllers.
80 |     static func topViewController(controller: UIViewController? = UIApplication.shared.keyWindow?.rootViewController) -> UIViewController? {
   |                                                                                        `- error: 'keyWindow' is unavailable in visionOS
81 |         if let navigationController = controller as? UINavigationController {
82 |             return topViewController(controller: navigationController.visibleViewController)
/Applications/Xcode-27.0.0-Release.Candidate.app/Contents/Developer/Platforms/XROS.platform/Developer/SDKs/XROS27.0.sdk/System/Library/Frameworks/UIKit.framework/Headers/UIApplication.h:108:51: note: 'keyWindow' has been explicitly marked unavailable here
106 | - (void)sendEvent:(UIEvent *)event;
107 |
108 | @property(nullable, nonatomic,readonly) UIWindow *keyWindow API_DEPRECATED("Should not be used for applications that support multiple scenes as it returns a key window across all connected scenes", ios(2.0, 13.0)) API_UNAVAILABLE(visionos, watchos);
    |                                                   `- note: 'keyWindow' has been explicitly marked unavailable here
109 | @property(nonatomic,readonly) NSArray<__kindof UIWindow *>  *windows API_DEPRECATED("Use UIWindowScene.windows on a relevant window scene instead", ios(2.0, 15.0), visionos(1.0, 1.0)) API_UNAVAILABLE(watchos);
110 |
Failed frontend command:
/Applications/Xcode-27.0.0-Release.Candidate.app/Contents/Developer/Toolchains/XcodeDefault.xctoolchain/usr/bin/swift-frontend -frontend -emit-module -experimental-skip-non-inlinable-function-bodies-without-types /Users/admin/builder/spi-builder-workspace/TriforkSwiftExtensions/TriforkSwiftExtensions/Array/ArrayExtension.swift /Users/admin/builder/spi-builder-workspace/TriforkSwiftExtensions/TriforkSwiftExtensions/Bool/BoolExtension.swift /Users/admin/builder/spi-builder-workspace/TriforkSwiftExtensions/TriforkSwiftExtensions/Bundle/BundleExtension.swift /Users/admin/builder/spi-builder-workspace/TriforkSwiftExtensions/TriforkSwiftExtensions/CGFloat/CGFloatExtensions.swift /Users/admin/builder/spi-builder-workspace/TriforkSwiftExtensions/TriforkSwiftExtensions/CGRect/CGRectExtension.swift /Users/admin/builder/spi-builder-workspace/TriforkSwiftExtensions/TriforkSwiftExtensions/Collection/CollectionExtension.swift /Users/admin/builder/spi-builder-workspace/TriforkSwiftExtensions/TriforkSwiftExtensions/Data/DataExtension.swift /Users/admin/builder/spi-builder-workspace/TriforkSwiftExtensions/TriforkSwiftExtensions/Date/DateExtension.swift /Users/admin/builder/spi-builder-workspace/TriforkSwiftExtensions/TriforkSwiftExtensions/Encodable/EncodableExtension.swift /Users/admin/builder/spi-builder-workspace/TriforkSwiftExtensions/TriforkSwiftExtensions/Error/ErrorExtension.swift /Users/admin/builder/spi-builder-workspace/TriforkSwiftExtensions/TriforkSwiftExtensions/FloatingPoint/FloatingPointExtensions.swift /Users/admin/builder/spi-builder-workspace/TriforkSwiftExtensions/TriforkSwiftExtensions/LAContext/LAContextExtension.swift /Users/admin/builder/spi-builder-workspace/TriforkSwiftExtensions/TriforkSwiftExtensions/NSAttributedString/NSMutableAttributedStringExtension.swift /Users/admin/builder/spi-builder-workspace/TriforkSwiftExtensions/TriforkSwiftExtensions/NSObject/NSObjectExtension.swift /Users/admin/builder/spi-builder-workspace/TriforkSwiftExtensions/TriforkSwiftExtensions/Numeric/NumericExtension.swift /Users/admin/builder/spi-builder-workspace/TriforkSwiftExtensions/TriforkSwiftExtensions/Optional/OptionalExtension.swift /Users/admin/builder/spi-builder-workspace/TriforkSwiftExtensions/TriforkSwiftExtensions/Publisher/PublisherExtensions.swift /Users/admin/builder/spi-builder-workspace/TriforkSwiftExtensions/TriforkSwiftExtensions/Result/ResultClosureExtension.swift /Users/admin/builder/spi-builder-workspace/TriforkSwiftExtensions/TriforkSwiftExtensions/Sequence/SequenceExtensions.swift /Users/admin/builder/spi-builder-workspace/TriforkSwiftExtensions/TriforkSwiftExtensions/String/StringExtension.swift /Users/admin/builder/spi-builder-workspace/TriforkSwiftExtensions/TriforkSwiftExtensions/String/StringFormatExtension.swift /Users/admin/builder/spi-builder-workspace/TriforkSwiftExtensions/TriforkSwiftExtensions/String/StringProtocolExtension.swift /Users/admin/builder/spi-builder-workspace/TriforkSwiftExtensions/TriforkSwiftExtensions/TriforkSwiftExtensionUtilities/TSELogger.swift /Users/admin/builder/spi-builder-workspace/TriforkSwiftExtensions/TriforkSwiftExtensions/UIAlertController/UIAlertControllerExtension.swift /Users/admin/builder/spi-builder-workspace/TriforkSwiftExtensions/TriforkSwiftExtensions/UIApplication/UIApplicationExtensions.swift /Users/admin/builder/spi-builder-workspace/TriforkSwiftExtensions/TriforkSwiftExtensions/UIColor/UIColorExtension.swift /Users/admin/builder/spi-builder-workspace/TriforkSwiftExtensions/TriforkSwiftExtensions/UIDevice/UIDeviceExtension.swift /Users/admin/builder/spi-builder-workspace/TriforkSwiftExtensions/TriforkSwiftExtensions/UIEdgeInsets/UIEdgeInsetsExtension.swift /Users/admin/builder/spi-builder-workspace/TriforkSwiftExtensions/TriforkSwiftExtensions/UILabel/UILabelExtensions.swift /Users/admin/builder/spi-builder-workspace/TriforkSwiftExtensions/TriforkSwiftExtensions/UIScrollView/UIScrollViewExtension.swift /Users/admin/builder/spi-builder-workspace/TriforkSwiftExtensions/TriforkSwiftExtensions/UIStackView/UIStackViewExtension.swift /Users/admin/builder/spi-builder-workspace/TriforkSwiftExtensions/TriforkSwiftExtensions/UITableView/UITableViewExtension.swift /Users/admin/builder/spi-builder-workspace/TriforkSwiftExtensions/TriforkSwiftExtensions/UITableViewCell/UITableViewCellExtension.swift /Users/admin/builder/spi-builder-workspace/TriforkSwiftExtensions/TriforkSwiftExtensions/UITableViewHeaderFooterView/UITableViewHeaderFooterViewExtension.swift /Users/admin/builder/spi-builder-workspace/TriforkSwiftExtensions/TriforkSwiftExtensions/UITextView/UITextViewExtensions.swift /Users/admin/builder/spi-builder-workspace/TriforkSwiftExtensions/TriforkSwiftExtensions/UIView/UIViewExtension.swift /Users/admin/builder/spi-builder-workspace/TriforkSwiftExtensions/TriforkSwiftExtensions/UIViewController/UIViewControllerExtension.swift /Users/admin/builder/spi-builder-workspace/TriforkSwiftExtensions/TriforkSwiftExtensions/URL/URLExtension.swift -target arm64-apple-xros1.0 -module-can-import-version Combine 3023 0 -disable-cross-import-overlay-search -load-resolved-plugin /Applications/Xcode-27.0.0-Release.Candidate.app/Contents/Developer/Platforms/XROS.platform/Developer/usr/lib/swift/host/plugins/libFoundationMacros.dylib\#/Applications/Xcode-27.0.0-Release.Candidate.app/Contents/Developer/Platforms/XROS.platform/Developer/usr/bin/swift-plugin-server\#FoundationMacros -load-resolved-plugin /Applications/Xcode-27.0.0-Release.Candidate.app/Contents/Developer/Platforms/XROS.platform/Developer/usr/lib/swift/host/plugins/libObservationMacros.dylib\#/Applications/Xcode-27.0.0-Release.Candidate.app/Contents/Developer/Platforms/XROS.platform/Developer/usr/bin/swift-plugin-server\#ObservationMacros -load-resolved-plugin /Applications/Xcode-27.0.0-Release.Candidate.app/Contents/Developer/Platforms/XROS.platform/Developer/usr/lib/swift/host/plugins/libPreviewsMacros.dylib\#/Applications/Xcode-27.0.0-Release.Candidate.app/Contents/Developer/Platforms/XROS.platform/Developer/usr/bin/swift-plugin-server\#PreviewsMacros -load-resolved-plugin /Applications/Xcode-27.0.0-Release.Candidate.app/Contents/Developer/Platforms/XROS.platform/Developer/usr/lib/swift/host/plugins/libSwiftMacros.dylib\#/Applications/Xcode-27.0.0-Release.Candidate.app/Contents/Developer/Platforms/XROS.platform/Developer/usr/bin/swift-plugin-server\#SwiftMacros -load-resolved-plugin /Applications/Xcode-27.0.0-Release.Candidate.app/Contents/Developer/Platforms/XROS.platform/Developer/usr/lib/swift/host/plugins/libSwiftUIMacros.dylib\#/Applications/Xcode-27.0.0-Release.Candidate.app/Contents/Developer/Platforms/XROS.platform/Developer/usr/bin/swift-plugin-server\#SwiftUIMacros -disable-implicit-swift-modules -Xcc -fno-implicit-modules -Xcc -fno-implicit-module-maps -explicit-swift-module-map-file /Users/admin/builder/spi-builder-workspace/.derivedData/Build/Intermediates.noindex/TriforkSwiftExtensions.build/Debug-xros/TriforkSwiftExtensions-t.build/Objects-normal/arm64/TriforkSwiftExtensions-dependencies-1.json -Xllvm -aarch64-use-tbi -enable-objc-interop -stack-check -sdk /Applications/Xcode-27.0.0-Release.Candidate.app/Contents/Developer/Platforms/XROS.platform/Developer/SDKs/XROS27.0.sdk -I /Users/admin/builder/spi-builder-workspace/.derivedData/Build/Products/Debug-xros -Isystem /Applications/Xcode-27.0.0-Release.Candidate.app/Contents/Developer/Platforms/XROS.platform/Developer/usr/lib -F /Users/admin/builder/spi-builder-workspace/.derivedData/Build/Products/Debug-xros -F /Applications/Xcode-27.0.0-Release.Candidate.app/Contents/Developer/Platforms/XROS.platform/Developer/Library/Frameworks -F /Applications/Xcode-27.0.0-Release.Candidate.app/Contents/Developer/Platforms/XROS.platform/Developer/SDKs/XROS27.0.sdk/Developer/Library/Frameworks -module-cache-path /Users/admin/builder/spi-builder-workspace/.derivedData/Build/Intermediates.noindex/SwiftExplicitPrecompiledModules -no-color-diagnostics -Xcc -fno-color-diagnostics -enable-testing -g -debug-info-format\=dwarf -dwarf-version\=4 -profile-generate -profile-coverage-mapping -swift-version 5 -Onone -D SWIFT_PACKAGE -D DEBUG -D SWIFT_MODULE_RESOURCE_BUNDLE_UNAVAILABLE -D Xcode -serialize-debugging-options -enable-experimental-feature DebugDescriptionMacro -empty-abi-descriptor -validate-clang-modules-once -clang-build-session-file /Users/admin/builder/spi-builder-workspace/.derivedData/ModuleCache.noindex/Session.modulevalidation -Xcc -working-directory -Xcc /Users/admin/builder/spi-builder-workspace/.swiftpm/xcode -enable-anonymous-context-mangled-names -file-compilation-dir /Users/admin/builder/spi-builder-workspace/.swiftpm/xcode -Xcc -D_LIBCPP_HARDENING_MODE\=_LIBCPP_HARDENING_MODE_DEBUG -Xcc -ivfsstatcache -Xcc /Users/admin/builder/spi-builder-workspace/.derivedData/SDKStatCaches.noindex/xros27.0-24M361-e829b21a6f8c9b70876ba0858053c044735bd543db762f57723cac368afd1ce4.sdkstatcache -Xcc -fmodules-prune-interval\=86400 -Xcc -fmodules-prune-after\=345600 -Xcc -I/Users/admin/builder/spi-builder-workspace/.derivedData/Build/Products/Debug-xros/include -Xcc -I/Users/admin/builder/spi-builder-workspace/.derivedData/Build/Intermediates.noindex/TriforkSwiftExtensions.build/Debug-xros/TriforkSwiftExtensions-t.build/DerivedSources-normal/arm64 -Xcc -I/Users/admin/builder/spi-builder-workspace/.derivedData/Build/Intermediates.noindex/TriforkSwiftExtensions.build/Debug-xros/TriforkSwiftExtensions-t.build/DerivedSources/arm64 -Xcc -I/Users/admin/builder/spi-builder-workspace/.derivedData/Build/Intermediates.noindex/TriforkSwiftExtensions.build/Debug-xros/TriforkSwiftExtensions-t.build/DerivedSources -Xcc -DSWIFT_PACKAGE -Xcc -DDEBUG\=1 -no-auto-bridging-header-chaining -module-name TriforkSwiftExtensions -const-gather-protocols-file /Users/admin/builder/spi-builder-workspace/.derivedData/Build/Intermediates.noindex/TriforkSwiftExtensions.build/Debug-xros/TriforkSwiftExtensions-t.build/Objects-normal/arm64/TriforkSwiftExtensions_const_extract_protocols.json -disable-clang-spi -clang-target arm64-apple-xros27.0 -target-sdk-version 27.0 -target-sdk-name xros27.0 -in-process-plugin-server-path /Applications/Xcode-27.0.0-Release.Candidate.app/Contents/Developer/Toolchains/XcodeDefault.xctoolchain/usr/lib/swift/host/libSwiftInProcPluginServer.dylib -emit-module-doc-path /Users/admin/builder/spi-builder-workspace/.derivedData/Build/Intermediates.noindex/TriforkSwiftExtensions.build/Debug-xros/TriforkSwiftExtensions-t.build/Objects-normal/arm64/TriforkSwiftExtensions.swiftdoc -emit-module-source-info-path /Users/admin/builder/spi-builder-workspace/.derivedData/Build/Intermediates.noindex/TriforkSwiftExtensions.build/Debug-xros/TriforkSwiftExtensions-t.build/Objects-normal/arm64/TriforkSwiftExtensions.swiftsourceinfo -emit-objc-header-path /Users/admin/builder/spi-builder-workspace/.derivedData/Build/Intermediates.noindex/TriforkSwiftExtensions.build/Debug-xros/TriforkSwiftExtensions-t.build/Objects-normal/arm64/TriforkSwiftExtensions-Swift.h -serialize-diagnostics-path /Users/admin/builder/spi-builder-workspace/.derivedData/Build/Intermediates.noindex/TriforkSwiftExtensions.build/Debug-xros/TriforkSwiftExtensions-t.build/Objects-normal/arm64/TriforkSwiftExtensions-primary-emit-module.dia -emit-dependencies-path /Users/admin/builder/spi-builder-workspace/.derivedData/Build/Intermediates.noindex/TriforkSwiftExtensions.build/Debug-xros/TriforkSwiftExtensions-t.build/Objects-normal/arm64/TriforkSwiftExtensions-primary-emit-module.d -parse-as-library -o /Users/admin/builder/spi-builder-workspace/.derivedData/Build/Intermediates.noindex/TriforkSwiftExtensions.build/Debug-xros/TriforkSwiftExtensions-t.build/Objects-normal/arm64/TriforkSwiftExtensions.swiftmodule -emit-abi-descriptor-path /Users/admin/builder/spi-builder-workspace/.derivedData/Build/Intermediates.noindex/TriforkSwiftExtensions.build/Debug-xros/TriforkSwiftExtensions-t.build/Objects-normal/arm64/TriforkSwiftExtensions.abi.json
SwiftCompile normal arm64 (in target 'TriforkSwiftExtensions' from project 'TriforkSwiftExtensions')
    cd /Users/admin/builder/spi-builder-workspace/.swiftpm/xcode

SwiftCompile normal arm64 Compiling\ UIViewExtension.swift,\ UIViewControllerExtension.swift,\ URLExtension.swift /Users/admin/builder/spi-builder-workspace/TriforkSwiftExtensions/TriforkSwiftExtensions/UIView/UIViewExtension.swift /Users/admin/builder/spi-builder-workspace/TriforkSwiftExtensions/TriforkSwiftExtensions/UIViewController/UIViewControllerExtension.swift /Users/admin/builder/spi-builder-workspace/TriforkSwiftExtensions/TriforkSwiftExtensions/URL/URLExtension.swift (in target 'TriforkSwiftExtensions' from project 'TriforkSwiftExtensions')
SwiftCompile normal arm64 /Users/admin/builder/spi-builder-workspace/TriforkSwiftExtensions/TriforkSwiftExtensions/UIView/UIViewExtension.swift (in target 'TriforkSwiftExtensions' from project 'TriforkSwiftExtensions')
    cd /Users/admin/builder/spi-builder-workspace/.swiftpm/xcode
    builtin-SwiftPerFileCompile UIViewExtension.swift
SwiftCompile normal arm64 /Users/admin/builder/spi-builder-workspace/TriforkSwiftExtensions/TriforkSwiftExtensions/UIViewController/UIViewControllerExtension.swift (in target 'TriforkSwiftExtensions' from project 'TriforkSwiftExtensions')
    cd /Users/admin/builder/spi-builder-workspace/.swiftpm/xcode
    builtin-SwiftPerFileCompile UIViewControllerExtension.swift
SwiftCompile normal arm64 /Users/admin/builder/spi-builder-workspace/TriforkSwiftExtensions/TriforkSwiftExtensions/URL/URLExtension.swift (in target 'TriforkSwiftExtensions' from project 'TriforkSwiftExtensions')
    cd /Users/admin/builder/spi-builder-workspace/.swiftpm/xcode
    builtin-SwiftPerFileCompile URLExtension.swift
SwiftCompile normal arm64 Compiling\ UILabelExtensions.swift,\ UIScrollViewExtension.swift,\ UIStackViewExtension.swift,\ UITableViewExtension.swift /Users/admin/builder/spi-builder-workspace/TriforkSwiftExtensions/TriforkSwiftExtensions/UILabel/UILabelExtensions.swift /Users/admin/builder/spi-builder-workspace/TriforkSwiftExtensions/TriforkSwiftExtensions/UIScrollView/UIScrollViewExtension.swift /Users/admin/builder/spi-builder-workspace/TriforkSwiftExtensions/TriforkSwiftExtensions/UIStackView/UIStackViewExtension.swift /Users/admin/builder/spi-builder-workspace/TriforkSwiftExtensions/TriforkSwiftExtensions/UITableView/UITableViewExtension.swift (in target 'TriforkSwiftExtensions' from project 'TriforkSwiftExtensions')
SwiftCompile normal arm64 /Users/admin/builder/spi-builder-workspace/TriforkSwiftExtensions/TriforkSwiftExtensions/UILabel/UILabelExtensions.swift (in target 'TriforkSwiftExtensions' from project 'TriforkSwiftExtensions')
    cd /Users/admin/builder/spi-builder-workspace/.swiftpm/xcode
    builtin-SwiftPerFileCompile UILabelExtensions.swift
SwiftCompile normal arm64 /Users/admin/builder/spi-builder-workspace/TriforkSwiftExtensions/TriforkSwiftExtensions/UIScrollView/UIScrollViewExtension.swift (in target 'TriforkSwiftExtensions' from project 'TriforkSwiftExtensions')
    cd /Users/admin/builder/spi-builder-workspace/.swiftpm/xcode
    builtin-SwiftPerFileCompile UIScrollViewExtension.swift
SwiftCompile normal arm64 /Users/admin/builder/spi-builder-workspace/TriforkSwiftExtensions/TriforkSwiftExtensions/UIStackView/UIStackViewExtension.swift (in target 'TriforkSwiftExtensions' from project 'TriforkSwiftExtensions')
    cd /Users/admin/builder/spi-builder-workspace/.swiftpm/xcode
    builtin-SwiftPerFileCompile UIStackViewExtension.swift
SwiftCompile normal arm64 /Users/admin/builder/spi-builder-workspace/TriforkSwiftExtensions/TriforkSwiftExtensions/UITableView/UITableViewExtension.swift (in target 'TriforkSwiftExtensions' from project 'TriforkSwiftExtensions')
    cd /Users/admin/builder/spi-builder-workspace/.swiftpm/xcode
    builtin-SwiftPerFileCompile UITableViewExtension.swift
PruneExplicitPrecompiledModules /Users/admin/builder/spi-builder-workspace/.derivedData/Build/Intermediates.noindex/SwiftExplicitPrecompiledModules
PruneExplicitPrecompiledModules /Users/admin/builder/spi-builder-workspace/.derivedData/SDKExplicitPrecompiledModules
PruneExplicitPrecompiledModules /Users/admin/builder/spi-builder-workspace/.derivedData/Build/Intermediates.noindex/ExplicitPrecompiledModules
2026-09-17 23:43:02.941 xcodebuild[750:4713] [MT] IDERunDestination: Supported platforms for the buildables in the current scheme is empty.
** BUILD FAILED **
The following build commands failed:
	SwiftEmitModule normal arm64 Emitting\ module\ for\ TriforkSwiftExtensions (in target 'TriforkSwiftExtensions' from project 'TriforkSwiftExtensions')
	SwiftCompile normal arm64 (in target 'TriforkSwiftExtensions' from project 'TriforkSwiftExtensions')
	Building workspace TriforkSwiftExtensions with scheme TriforkSwiftExtensions
(3 failures)
BUILD FAILURE 6.4 visionOS