Build Information
Failed to build Engine, reference 0.3.3 (3b5638), with Swift 6.2 for Linux on 22 Jul 2026 04:24:07 UTC.
Build Command
bash -c docker run --pull=always --rm -v "checkouts-54344849-3":/host -w "$PWD" -e JAVA_HOME="/root/.sdkman/candidates/java/current" -e SPI_BUILD="1" -e SPI_PROCESSING="1" registry.gitlab.com/saguaro1/spi-images:basic-6.2-latest swift build --triple x86_64-unknown-linux-gnu 2>&1Build Log
========================================
RunAll
========================================
Builder version: 333316120c8b89ed7d21f1b34865290794301d91
Interrupt handler set up.
========================================
Checkout
========================================
Clone URL: https://github.com/blackjacx/engine.git
Reference: 0.3.3
Initialized empty Git repository in /host/spi-builder-workspace/.git/
hint: Using 'master' as the name for the initial branch. This default branch name
hint: is subject to change. To configure the initial branch name to use in all
hint: of your new repositories, which will suppress this warning, call:
hint:
hint: git config --global init.defaultBranch <name>
hint:
hint: Names commonly chosen instead of 'master' are 'main', 'trunk' and
hint: 'development'. The just-created branch can be renamed via this command:
hint:
hint: git branch -m <name>
From https://github.com/blackjacx/engine
* tag 0.3.3 -> FETCH_HEAD
HEAD is now at 3b56381 Merge branch 'release/0.3.3'
Cloned https://github.com/blackjacx/engine.git
Revision (git rev-parse @):
3b56381a0821d2d9995957e437e4823e362af1f4
SPI manifest file found: $PWD/.spi.yml
SUCCESS checkout https://github.com/blackjacx/engine.git at 0.3.3
========================================
Build
========================================
Selected platform: linux
Swift version: 6.2
Building package at path: $PWD
https://github.com/blackjacx/engine.git
Running build ...
bash -c docker run --pull=always --rm -v "checkouts-54344849-3":/host -w "$PWD" -e JAVA_HOME="/root/.sdkman/candidates/java/current" -e SPI_BUILD="1" -e SPI_PROCESSING="1" registry.gitlab.com/saguaro1/spi-images:basic-6.2-latest swift build --triple x86_64-unknown-linux-gnu 2>&1
basic-6.2-latest: Pulling from saguaro1/spi-images
Digest: sha256:146297aca0eb7f3e338453cbf4c0aa72424647d7d0d3f35fda2f7ef7698dd3aa
Status: Image is up to date for registry.gitlab.com/saguaro1/spi-images:basic-6.2-latest
Fetching https://github.com/kishikawakatsumi/KeychainAccess
[1/4388] Fetching keychainaccess
Fetched https://github.com/kishikawakatsumi/KeychainAccess from cache (0.54s)
Computing version for https://github.com/kishikawakatsumi/KeychainAccess
Computed https://github.com/kishikawakatsumi/KeychainAccess at 4.2.2 (1.41s)
Creating working copy for https://github.com/kishikawakatsumi/KeychainAccess
Working copy of https://github.com/kishikawakatsumi/KeychainAccess resolved at 4.2.2
Building for debugging...
[0/3] Write sources
[2/3] Write swift-version-24593BA9C3E375BF.txt
error: emit-module command failed with exit code 1 (use -v to see invocation)
[4/5] Emitting module KeychainAccess
/host/spi-builder-workspace/.build/checkouts/KeychainAccess/Lib/KeychainAccess/Keychain.swift:27:8: error: no such module 'Security'
25 |
26 | import Foundation
27 | import Security
| `- error: no such module 'Security'
28 | #if os(iOS) || os(OSX)
29 | import LocalAuthentication
[5/5] Compiling KeychainAccess Keychain.swift
/host/spi-builder-workspace/.build/checkouts/KeychainAccess/Lib/KeychainAccess/Keychain.swift:27:8: error: no such module 'Security'
25 |
26 | import Foundation
27 | import Security
| `- error: no such module 'Security'
28 | #if os(iOS) || os(OSX)
29 | import LocalAuthentication
BUILD FAILURE 6.2 linux