Build Information
Failed to build OCCTSwiftScripts, reference v1.7.0 (b9a92c), with Swift 6.2 for iOS using Xcode 26.3 on 2 Oct 2026 22:45:04 UTC.
Build Command
env DEVELOPER_DIR=/Applications/Xcode-26.3.0.app xcrun xcodebuild -IDEClonedSourcePackagesDirPathOverride=$PWD/.dependencies -skipMacroValidation -skipPackagePluginValidation -derivedDataPath $PWD/.derivedData build -scheme OCCTSwiftScripts-Package -destination generic/platform=iOSBuild Log
SwiftCompile normal arm64 /Users/admin/builder/spi-builder-workspace/.dependencies/checkouts/Nodal/Sources/Nodal/Node/Node+Hierarchy.swift (in target 'Nodal' from project 'Nodal')
cd /Users/admin/builder/spi-builder-workspace/.swiftpm/xcode
SwiftCompile normal arm64 /Users/admin/builder/spi-builder-workspace/.dependencies/checkouts/Nodal/Sources/Nodal/Node/Node+MoveCopy.swift (in target 'Nodal' from project 'Nodal')
cd /Users/admin/builder/spi-builder-workspace/.swiftpm/xcode
SwiftCompile normal arm64 /Users/admin/builder/spi-builder-workspace/.dependencies/checkouts/Nodal/Sources/Nodal/Node/Node+Names.swift (in target 'Nodal' from project 'Nodal')
cd /Users/admin/builder/spi-builder-workspace/.swiftpm/xcode
SwiftCompile normal arm64 /Users/admin/builder/spi-builder-workspace/.dependencies/checkouts/Nodal/Sources/Nodal/Node/Node+Namespaces.swift (in target 'Nodal' from project 'Nodal')
cd /Users/admin/builder/spi-builder-workspace/.swiftpm/xcode
SwiftCompile normal arm64 Compiling\ Node+XMLElementCodable.swift,\ XMLElementCodable.swift,\ Foundation+XMLValueCodable.swift,\ Node+XMLValueCodable.swift,\ Node+XMLValueCodableArray.swift /Users/admin/builder/spi-builder-workspace/.dependencies/checkouts/Nodal/Sources/Nodal/Codable/Element/Node+XMLElementCodable.swift /Users/admin/builder/spi-builder-workspace/.dependencies/checkouts/Nodal/Sources/Nodal/Codable/Element/XMLElementCodable.swift /Users/admin/builder/spi-builder-workspace/.dependencies/checkouts/Nodal/Sources/Nodal/Codable/Value/Foundation+XMLValueCodable.swift /Users/admin/builder/spi-builder-workspace/.dependencies/checkouts/Nodal/Sources/Nodal/Codable/Value/Node+XMLValueCodable.swift /Users/admin/builder/spi-builder-workspace/.dependencies/checkouts/Nodal/Sources/Nodal/Codable/Value/Node+XMLValueCodableArray.swift (in target 'Nodal' from project 'Nodal')
SwiftCompile normal arm64 /Users/admin/builder/spi-builder-workspace/.dependencies/checkouts/Nodal/Sources/Nodal/Codable/Element/Node+XMLElementCodable.swift (in target 'Nodal' from project 'Nodal')
cd /Users/admin/builder/spi-builder-workspace/.swiftpm/xcode
SwiftCompile normal arm64 /Users/admin/builder/spi-builder-workspace/.dependencies/checkouts/Nodal/Sources/Nodal/Codable/Element/XMLElementCodable.swift (in target 'Nodal' from project 'Nodal')
cd /Users/admin/builder/spi-builder-workspace/.swiftpm/xcode
SwiftCompile normal arm64 /Users/admin/builder/spi-builder-workspace/.dependencies/checkouts/Nodal/Sources/Nodal/Codable/Value/Foundation+XMLValueCodable.swift (in target 'Nodal' from project 'Nodal')
cd /Users/admin/builder/spi-builder-workspace/.swiftpm/xcode
SwiftCompile normal arm64 /Users/admin/builder/spi-builder-workspace/.dependencies/checkouts/Nodal/Sources/Nodal/Codable/Value/Node+XMLValueCodable.swift (in target 'Nodal' from project 'Nodal')
cd /Users/admin/builder/spi-builder-workspace/.swiftpm/xcode
SwiftCompile normal arm64 /Users/admin/builder/spi-builder-workspace/.dependencies/checkouts/Nodal/Sources/Nodal/Codable/Value/Node+XMLValueCodableArray.swift (in target 'Nodal' from project 'Nodal')
cd /Users/admin/builder/spi-builder-workspace/.swiftpm/xcode
Ld /Users/admin/builder/spi-builder-workspace/.derivedData/Build/Products/Debug-iphoneos/pugixml.o normal (in target 'pugixml' from project 'Nodal')
cd /Users/admin/builder/spi-builder-workspace/.dependencies/checkouts/Nodal
/Applications/Xcode-26.3.0.app/Contents/Developer/Toolchains/XcodeDefault.xctoolchain/usr/bin/clang++ -Xlinker -reproducible -target arm64-apple-ios13.0 -r -isysroot /Applications/Xcode-26.3.0.app/Contents/Developer/Platforms/iPhoneOS.platform/Developer/SDKs/iPhoneOS26.2.sdk -O0 -w -L/Users/admin/builder/spi-builder-workspace/.derivedData/Build/Intermediates.noindex/EagerLinkingTBDs/Debug-iphoneos -L/Users/admin/builder/spi-builder-workspace/.derivedData/Build/Products/Debug-iphoneos -L/Applications/Xcode-26.3.0.app/Contents/Developer/Platforms/iPhoneOS.platform/Developer/usr/lib -F/Users/admin/builder/spi-builder-workspace/.derivedData/Build/Intermediates.noindex/EagerLinkingTBDs/Debug-iphoneos -F/Users/admin/builder/spi-builder-workspace/.derivedData/Build/Products/Debug-iphoneos -iframework /Applications/Xcode-26.3.0.app/Contents/Developer/Platforms/iPhoneOS.platform/Developer/Library/Frameworks -iframework /Applications/Xcode-26.3.0.app/Contents/Developer/Platforms/iPhoneOS.platform/Developer/SDKs/iPhoneOS26.2.sdk/Developer/Library/Frameworks -filelist /Users/admin/builder/spi-builder-workspace/.derivedData/Build/Intermediates.noindex/Nodal.build/Debug-iphoneos/pugixml.build/Objects-normal/arm64/pugixml.LinkFileList -nostdlib -Xlinker -object_path_lto -Xlinker /Users/admin/builder/spi-builder-workspace/.derivedData/Build/Intermediates.noindex/Nodal.build/Debug-iphoneos/pugixml.build/Objects-normal/arm64/pugixml_lto.o -rdynamic -Xlinker -no_deduplicate -Xlinker -debug_variant -Xlinker -dependency_info -Xlinker /Users/admin/builder/spi-builder-workspace/.derivedData/Build/Intermediates.noindex/Nodal.build/Debug-iphoneos/pugixml.build/Objects-normal/arm64/pugixml_dependency_info.dat -o /Users/admin/builder/spi-builder-workspace/.derivedData/Build/Products/Debug-iphoneos/pugixml.o
SwiftDriverJobDiscovery normal arm64 Emitting module for Nodal (in target 'Nodal' from project 'Nodal')
Ld /Users/admin/builder/spi-builder-workspace/.derivedData/Build/Products/Debug-iphoneos/OCCTMeshOptimizer.o normal (in target 'OCCTMeshOptimizer' from project 'OCCTSwiftMesh')
cd /Users/admin/builder/spi-builder-workspace/.dependencies/checkouts/OCCTSwiftMesh
/Applications/Xcode-26.3.0.app/Contents/Developer/Toolchains/XcodeDefault.xctoolchain/usr/bin/clang++ -Xlinker -reproducible -target arm64-apple-ios15.0 -r -isysroot /Applications/Xcode-26.3.0.app/Contents/Developer/Platforms/iPhoneOS.platform/Developer/SDKs/iPhoneOS26.2.sdk -O0 -w -L/Users/admin/builder/spi-builder-workspace/.derivedData/Build/Intermediates.noindex/EagerLinkingTBDs/Debug-iphoneos -L/Users/admin/builder/spi-builder-workspace/.derivedData/Build/Products/Debug-iphoneos -L/Applications/Xcode-26.3.0.app/Contents/Developer/Platforms/iPhoneOS.platform/Developer/usr/lib -F/Users/admin/builder/spi-builder-workspace/.derivedData/Build/Intermediates.noindex/EagerLinkingTBDs/Debug-iphoneos -F/Users/admin/builder/spi-builder-workspace/.derivedData/Build/Products/Debug-iphoneos -iframework /Applications/Xcode-26.3.0.app/Contents/Developer/Platforms/iPhoneOS.platform/Developer/Library/Frameworks -iframework /Applications/Xcode-26.3.0.app/Contents/Developer/Platforms/iPhoneOS.platform/Developer/SDKs/iPhoneOS26.2.sdk/Developer/Library/Frameworks -filelist /Users/admin/builder/spi-builder-workspace/.derivedData/Build/Intermediates.noindex/OCCTSwiftMesh.build/Debug-iphoneos/OCCTMeshOptimizer.build/Objects-normal/arm64/OCCTMeshOptimizer.LinkFileList -nostdlib -Xlinker -object_path_lto -Xlinker /Users/admin/builder/spi-builder-workspace/.derivedData/Build/Intermediates.noindex/OCCTSwiftMesh.build/Debug-iphoneos/OCCTMeshOptimizer.build/Objects-normal/arm64/OCCTMeshOptimizer_lto.o -rdynamic -Xlinker -no_deduplicate -Xlinker -debug_variant -Xlinker -dependency_info -Xlinker /Users/admin/builder/spi-builder-workspace/.derivedData/Build/Intermediates.noindex/OCCTSwiftMesh.build/Debug-iphoneos/OCCTMeshOptimizer.build/Objects-normal/arm64/OCCTMeshOptimizer_dependency_info.dat -o /Users/admin/builder/spi-builder-workspace/.derivedData/Build/Products/Debug-iphoneos/OCCTMeshOptimizer.o
SwiftDriver\ Compilation\ Requirements Nodal normal arm64 com.apple.xcode.tools.swift.compiler (in target 'Nodal' from project 'Nodal')
cd /Users/admin/builder/spi-builder-workspace/.swiftpm/xcode
builtin-Swift-Compilation-Requirements -- /Applications/Xcode-26.3.0.app/Contents/Developer/Toolchains/XcodeDefault.xctoolchain/usr/bin/swiftc -module-name Nodal -Onone -enforce-exclusivity\=checked @/Users/admin/builder/spi-builder-workspace/.derivedData/Build/Intermediates.noindex/Nodal.build/Debug-iphoneos/Nodal.build/Objects-normal/arm64/Nodal.SwiftFileList -DSWIFT_PACKAGE -DDEBUG -DSWIFT_MODULE_RESOURCE_BUNDLE_UNAVAILABLE -Xcc -fmodule-map-file\=/Users/admin/builder/spi-builder-workspace/.derivedData/Build/Intermediates.noindex/GeneratedModuleMaps-iphoneos/Bridge.modulemap -Xcc -fmodule-map-file\=/Users/admin/builder/spi-builder-workspace/.derivedData/Build/Intermediates.noindex/GeneratedModuleMaps-iphoneos/pugixml.modulemap -DXcode -cxx-interoperability-mode\=default -Xcc -std\=c++17 -plugin-path /Applications/Xcode-26.3.0.app/Contents/Developer/Toolchains/XcodeDefault.xctoolchain/usr/lib/swift/host/plugins/testing -enable-experimental-feature DebugDescriptionMacro -sdk /Applications/Xcode-26.3.0.app/Contents/Developer/Platforms/iPhoneOS.platform/Developer/SDKs/iPhoneOS26.2.sdk -target arm64-apple-ios13.0 -g -module-cache-path /Users/admin/builder/spi-builder-workspace/.derivedData/ModuleCache.noindex -Xfrontend -serialize-debugging-options -profile-coverage-mapping -profile-generate -enable-testing -suppress-warnings -index-store-path /Users/admin/builder/spi-builder-workspace/.derivedData/Index.noindex/DataStore -Xcc -D_LIBCPP_HARDENING_MODE\=_LIBCPP_HARDENING_MODE_DEBUG -swift-version 6 -I /Users/admin/builder/spi-builder-workspace/.derivedData/Build/Products/Debug-iphoneos -Isystem /Applications/Xcode-26.3.0.app/Contents/Developer/Platforms/iPhoneOS.platform/Developer/usr/lib -F /Users/admin/builder/spi-builder-workspace/.derivedData/Build/Products/Debug-iphoneos/PackageFrameworks -F /Users/admin/builder/spi-builder-workspace/.derivedData/Build/Products/Debug-iphoneos/PackageFrameworks -F /Users/admin/builder/spi-builder-workspace/.derivedData/Build/Products/Debug-iphoneos -F /Applications/Xcode-26.3.0.app/Contents/Developer/Platforms/iPhoneOS.platform/Developer/Library/Frameworks -F /Applications/Xcode-26.3.0.app/Contents/Developer/Platforms/iPhoneOS.platform/Developer/SDKs/iPhoneOS26.2.sdk/Developer/Library/Frameworks -c -j10 -enable-batch-mode -incremental -Xcc -ivfsstatcache -Xcc /Users/admin/builder/spi-builder-workspace/.derivedData/SDKStatCaches.noindex/iphoneos26.2-23C57-dc75598d0054f22ec865fa860f139d7288450c32e1b53ef065a99acc3d9992c6.sdkstatcache -output-file-map /Users/admin/builder/spi-builder-workspace/.derivedData/Build/Intermediates.noindex/Nodal.build/Debug-iphoneos/Nodal.build/Objects-normal/arm64/Nodal-OutputFileMap.json -use-frontend-parseable-output -save-temps -no-color-diagnostics -serialize-diagnostics -emit-dependencies -emit-module -emit-module-path /Users/admin/builder/spi-builder-workspace/.derivedData/Build/Intermediates.noindex/Nodal.build/Debug-iphoneos/Nodal.build/Objects-normal/arm64/Nodal.swiftmodule -user-module-version 1.0.2 -validate-clang-modules-once -clang-build-session-file /Users/admin/builder/spi-builder-workspace/.derivedData/ModuleCache.noindex/Session.modulevalidation -package-name nodal -Xcc -I/Users/admin/builder/spi-builder-workspace/.derivedData/Build/Intermediates.noindex/Nodal.build/Debug-iphoneos/Nodal.build/swift-overrides.hmap -emit-const-values -Xfrontend -const-gather-protocols-file -Xfrontend /Users/admin/builder/spi-builder-workspace/.derivedData/Build/Intermediates.noindex/Nodal.build/Debug-iphoneos/Nodal.build/Objects-normal/arm64/Nodal_const_extract_protocols.json -Xcc -I/Users/admin/builder/spi-builder-workspace/.dependencies/checkouts/Nodal/Sources/bridge -Xcc -I/Users/admin/builder/spi-builder-workspace/.dependencies/checkouts/Nodal/Sources/pugixml/src -Xcc -I/Users/admin/builder/spi-builder-workspace/.derivedData/Build/Products/Debug-iphoneos/include -Xcc -I/Users/admin/builder/spi-builder-workspace/.derivedData/Build/Intermediates.noindex/Nodal.build/Debug-iphoneos/Nodal.build/DerivedSources-normal/arm64 -Xcc -I/Users/admin/builder/spi-builder-workspace/.derivedData/Build/Intermediates.noindex/Nodal.build/Debug-iphoneos/Nodal.build/DerivedSources/arm64 -Xcc -I/Users/admin/builder/spi-builder-workspace/.derivedData/Build/Intermediates.noindex/Nodal.build/Debug-iphoneos/Nodal.build/DerivedSources -Xcc -DSWIFT_PACKAGE -Xcc -DDEBUG\=1 -emit-objc-header -emit-objc-header-path /Users/admin/builder/spi-builder-workspace/.derivedData/Build/Intermediates.noindex/Nodal.build/Debug-iphoneos/Nodal.build/Objects-normal/arm64/Nodal-Swift.h -working-directory /Users/admin/builder/spi-builder-workspace/.swiftpm/xcode -experimental-emit-module-separately -disable-cmo
SwiftExplicitDependencyGeneratePcm arm64 /Users/admin/builder/spi-builder-workspace/.derivedData/ModuleCache.noindex/Spatial-7C5L06MIESOXWOI85JG6TRKF2.pcm
SwiftMergeGeneratedHeaders /Users/admin/builder/spi-builder-workspace/.derivedData/Build/Intermediates.noindex/GeneratedModuleMaps-iphoneos/Nodal-Swift.h /Users/admin/builder/spi-builder-workspace/.derivedData/Build/Intermediates.noindex/Nodal.build/Debug-iphoneos/Nodal.build/Objects-normal/arm64/Nodal-Swift.h (in target 'Nodal' from project 'Nodal')
cd /Users/admin/builder/spi-builder-workspace/.dependencies/checkouts/Nodal
builtin-swiftHeaderTool -arch arm64 /Users/admin/builder/spi-builder-workspace/.derivedData/Build/Intermediates.noindex/Nodal.build/Debug-iphoneos/Nodal.build/Objects-normal/arm64/Nodal-Swift.h -o /Users/admin/builder/spi-builder-workspace/.derivedData/Build/Intermediates.noindex/GeneratedModuleMaps-iphoneos/Nodal-Swift.h
Copy /Users/admin/builder/spi-builder-workspace/.derivedData/Build/Products/Debug-iphoneos/Nodal.swiftmodule/arm64-apple-ios.swiftmodule /Users/admin/builder/spi-builder-workspace/.derivedData/Build/Intermediates.noindex/Nodal.build/Debug-iphoneos/Nodal.build/Objects-normal/arm64/Nodal.swiftmodule (in target 'Nodal' from project 'Nodal')
cd /Users/admin/builder/spi-builder-workspace/.dependencies/checkouts/Nodal
builtin-copy -exclude .DS_Store -exclude CVS -exclude .svn -exclude .git -exclude .hg -resolve-src-symlinks -rename /Users/admin/builder/spi-builder-workspace/.derivedData/Build/Intermediates.noindex/Nodal.build/Debug-iphoneos/Nodal.build/Objects-normal/arm64/Nodal.swiftmodule /Users/admin/builder/spi-builder-workspace/.derivedData/Build/Products/Debug-iphoneos/Nodal.swiftmodule/arm64-apple-ios.swiftmodule
Copy /Users/admin/builder/spi-builder-workspace/.derivedData/Build/Products/Debug-iphoneos/Nodal.swiftmodule/arm64-apple-ios.swiftdoc /Users/admin/builder/spi-builder-workspace/.derivedData/Build/Intermediates.noindex/Nodal.build/Debug-iphoneos/Nodal.build/Objects-normal/arm64/Nodal.swiftdoc (in target 'Nodal' from project 'Nodal')
cd /Users/admin/builder/spi-builder-workspace/.dependencies/checkouts/Nodal
builtin-copy -exclude .DS_Store -exclude CVS -exclude .svn -exclude .git -exclude .hg -resolve-src-symlinks -rename /Users/admin/builder/spi-builder-workspace/.derivedData/Build/Intermediates.noindex/Nodal.build/Debug-iphoneos/Nodal.build/Objects-normal/arm64/Nodal.swiftdoc /Users/admin/builder/spi-builder-workspace/.derivedData/Build/Products/Debug-iphoneos/Nodal.swiftmodule/arm64-apple-ios.swiftdoc
Copy /Users/admin/builder/spi-builder-workspace/.derivedData/Build/Products/Debug-iphoneos/Nodal.swiftmodule/arm64-apple-ios.abi.json /Users/admin/builder/spi-builder-workspace/.derivedData/Build/Intermediates.noindex/Nodal.build/Debug-iphoneos/Nodal.build/Objects-normal/arm64/Nodal.abi.json (in target 'Nodal' from project 'Nodal')
cd /Users/admin/builder/spi-builder-workspace/.dependencies/checkouts/Nodal
builtin-copy -exclude .DS_Store -exclude CVS -exclude .svn -exclude .git -exclude .hg -resolve-src-symlinks -rename /Users/admin/builder/spi-builder-workspace/.derivedData/Build/Intermediates.noindex/Nodal.build/Debug-iphoneos/Nodal.build/Objects-normal/arm64/Nodal.abi.json /Users/admin/builder/spi-builder-workspace/.derivedData/Build/Products/Debug-iphoneos/Nodal.swiftmodule/arm64-apple-ios.abi.json
Copy /Users/admin/builder/spi-builder-workspace/.derivedData/Build/Products/Debug-iphoneos/Nodal.swiftmodule/Project/arm64-apple-ios.swiftsourceinfo /Users/admin/builder/spi-builder-workspace/.derivedData/Build/Intermediates.noindex/Nodal.build/Debug-iphoneos/Nodal.build/Objects-normal/arm64/Nodal.swiftsourceinfo (in target 'Nodal' from project 'Nodal')
cd /Users/admin/builder/spi-builder-workspace/.dependencies/checkouts/Nodal
builtin-copy -exclude .DS_Store -exclude CVS -exclude .svn -exclude .git -exclude .hg -resolve-src-symlinks -rename /Users/admin/builder/spi-builder-workspace/.derivedData/Build/Intermediates.noindex/Nodal.build/Debug-iphoneos/Nodal.build/Objects-normal/arm64/Nodal.swiftsourceinfo /Users/admin/builder/spi-builder-workspace/.derivedData/Build/Products/Debug-iphoneos/Nodal.swiftmodule/Project/arm64-apple-ios.swiftsourceinfo
SwiftExplicitDependencyGeneratePcm arm64 /Users/admin/builder/spi-builder-workspace/.derivedData/ModuleCache.noindex/os_workgroup-6TLQ7DY2VPNOK5TA1NPEO87UI.pcm
SwiftExplicitDependencyGeneratePcm arm64 /Users/admin/builder/spi-builder-workspace/.derivedData/ModuleCache.noindex/Dispatch-63RPNLU89YFQROP9YX3SN7BE2.pcm
SwiftExplicitDependencyGeneratePcm arm64 /Users/admin/builder/spi-builder-workspace/.derivedData/ModuleCache.noindex/Dispatch-APK2BRQ4TTEEDJR609RMELBEJ.pcm
SwiftExplicitDependencyGeneratePcm arm64 /Users/admin/builder/spi-builder-workspace/.derivedData/ModuleCache.noindex/CoreFoundation-5K9QMVNR9DDJTCQVTA8AXU20M.pcm
SwiftExplicitDependencyGeneratePcm arm64 /Users/admin/builder/spi-builder-workspace/.derivedData/ModuleCache.noindex/XPC-3FFGPP8B35K5XRENT1SZSODUO.pcm
SwiftExplicitDependencyGeneratePcm arm64 /Users/admin/builder/spi-builder-workspace/.derivedData/ModuleCache.noindex/Security-2E4OTG94SRFWX8Z13ZLNN42K2.pcm
SwiftExplicitDependencyGeneratePcm arm64 /Users/admin/builder/spi-builder-workspace/.derivedData/ModuleCache.noindex/os-BDR8B894GLAWD88XNR3R4IYER.pcm
SwiftExplicitDependencyGeneratePcm arm64 /Users/admin/builder/spi-builder-workspace/.derivedData/ModuleCache.noindex/dnssd-5TJANOZ3AASYTCQHNN3NWIIN6.pcm
SwiftExplicitDependencyGeneratePcm arm64 /Users/admin/builder/spi-builder-workspace/.derivedData/ModuleCache.noindex/CFNetwork-ER67VEN2FOAE2D2E7D4MPD0GX.pcm
SwiftExplicitDependencyGeneratePcm arm64 /Users/admin/builder/spi-builder-workspace/.derivedData/ModuleCache.noindex/XPC-OFWZKA3UD5Y08XN4A2JOD12X.pcm
SwiftExplicitDependencyGeneratePcm arm64 /Users/admin/builder/spi-builder-workspace/.derivedData/ModuleCache.noindex/CoreFoundation-3O2ETEOBXXZ141MKTG3KMXM5G.pcm
SwiftExplicitDependencyGeneratePcm arm64 /Users/admin/builder/spi-builder-workspace/.derivedData/ModuleCache.noindex/os-7UA1Q8JZPBPIQSKAUQ292RM3F.pcm
SwiftExplicitDependencyGeneratePcm arm64 /Users/admin/builder/spi-builder-workspace/.derivedData/ModuleCache.noindex/CoreAudioTypes-2B2470FMKAYY71F0YNM410C2H.pcm
SwiftExplicitDependencyGeneratePcm arm64 /Users/admin/builder/spi-builder-workspace/.derivedData/ModuleCache.noindex/CoreServices-4S6TMU3LUN6TED3G66D530UID.pcm
SwiftExplicitDependencyGeneratePcm arm64 /Users/admin/builder/spi-builder-workspace/.derivedData/ModuleCache.noindex/CoreAudio-4LHCWRD0EL91UIL5G2WEDTC63.pcm
SwiftExplicitDependencyGeneratePcm arm64 /Users/admin/builder/spi-builder-workspace/.derivedData/ModuleCache.noindex/CoreGraphics-16O4DM3ZB55G4R9UYLIQ2I4S4.pcm
SwiftExplicitDependencyGeneratePcm arm64 /Users/admin/builder/spi-builder-workspace/.derivedData/ModuleCache.noindex/Security-8DNIGAKC79XEOB5MH2VNIVUWC.pcm
SwiftExplicitDependencyGeneratePcm arm64 /Users/admin/builder/spi-builder-workspace/.derivedData/ModuleCache.noindex/ImageIO-DKK7GKN4HDA11M07MGMRCGUI6.pcm
SwiftExplicitDependencyGeneratePcm arm64 /Users/admin/builder/spi-builder-workspace/.derivedData/ModuleCache.noindex/CoreText-E3MWC7583NJP8CQB38XUJLWLT.pcm
SwiftExplicitDependencyGeneratePcm arm64 /Users/admin/builder/spi-builder-workspace/.derivedData/ModuleCache.noindex/Foundation-A7N0XN7W47YS70CE3AZF283OK.pcm
SwiftExplicitDependencyGeneratePcm arm64 /Users/admin/builder/spi-builder-workspace/.derivedData/ModuleCache.noindex/CoreGraphics-EA7X7UK3IZ7JJ27RADPWYHKXK.pcm
SwiftEmitModule normal arm64 Emitting\ module\ for\ Zip (in target 'Zip' from project 'zip')
EmitSwiftModule normal arm64 (in target 'Zip' from project 'zip')
cd /Users/admin/builder/spi-builder-workspace/.swiftpm/xcode
SwiftEmitModule normal arm64 Emitting\ module\ for\ OCCTRunner (in target 'OCCTRunner' from project 'OCCTSwiftScripts')
Failed frontend command:
/Applications/Xcode-26.3.0.app/Contents/Developer/Toolchains/XcodeDefault.xctoolchain/usr/bin/swift-frontend -frontend -emit-module -experimental-skip-non-inlinable-function-bodies-without-types /Users/admin/builder/spi-builder-workspace/Sources/OCCTRunner/main.swift -target arm64-apple-ios18.0 -load-resolved-plugin /Applications/Xcode-26.3.0.app/Contents/Developer/Platforms/iPhoneOS.platform/Developer/usr/lib/swift/host/plugins/libFoundationMacros.dylib\#/Applications/Xcode-26.3.0.app/Contents/Developer/Platforms/iPhoneOS.platform/Developer/usr/bin/swift-plugin-server\#FoundationMacros -load-resolved-plugin /Applications/Xcode-26.3.0.app/Contents/Developer/Platforms/iPhoneOS.platform/Developer/usr/lib/swift/host/plugins/libObservationMacros.dylib\#/Applications/Xcode-26.3.0.app/Contents/Developer/Platforms/iPhoneOS.platform/Developer/usr/bin/swift-plugin-server\#ObservationMacros -load-resolved-plugin /Applications/Xcode-26.3.0.app/Contents/Developer/Platforms/iPhoneOS.platform/Developer/usr/lib/swift/host/plugins/libSwiftMacros.dylib\#/Applications/Xcode-26.3.0.app/Contents/Developer/Platforms/iPhoneOS.platform/Developer/usr/bin/swift-plugin-server\#SwiftMacros -disable-implicit-swift-modules -Xcc -fno-implicit-modules -Xcc -fno-implicit-module-maps -explicit-swift-module-map-file /Users/admin/builder/spi-builder-workspace/.derivedData/Build/Intermediates.noindex/OCCTSwiftScripts.build/Debug-iphoneos/OCCTRunner.build/Objects-normal/arm64/OCCTRunner-dependencies-1.json -Xllvm -aarch64-use-tbi -enable-objc-interop -stack-check -sdk /Applications/Xcode-26.3.0.app/Contents/Developer/Platforms/iPhoneOS.platform/Developer/SDKs/iPhoneOS26.2.sdk -I /Users/admin/builder/spi-builder-workspace/.derivedData/Build/Products/Debug-iphoneos -Isystem /Applications/Xcode-26.3.0.app/Contents/Developer/Platforms/iPhoneOS.platform/Developer/usr/lib -F /Users/admin/builder/spi-builder-workspace/.derivedData/Build/Products/Debug-iphoneos -F /Applications/Xcode-26.3.0.app/Contents/Developer/Platforms/iPhoneOS.platform/Developer/Library/Frameworks -F /Applications/Xcode-26.3.0.app/Contents/Developer/Platforms/iPhoneOS.platform/Developer/SDKs/iPhoneOS26.2.sdk/Developer/Library/Frameworks -no-color-diagnostics -Xcc -fno-color-diagnostics -enable-testing -g -debug-info-format\=dwarf -dwarf-version\=5 -module-cache-path /Users/admin/builder/spi-builder-workspace/.derivedData/Build/Intermediates.noindex/SwiftExplicitPrecompiledModules -profile-generate -profile-coverage-mapping -swift-version 6 -enforce-exclusivity\=checked -Onone -D SWIFT_PACKAGE -D DEBUG -D Xcode -serialize-debugging-options -const-gather-protocols-file /Users/admin/builder/spi-builder-workspace/.derivedData/Build/Intermediates.noindex/OCCTSwiftScripts.build/Debug-iphoneos/OCCTRunner.build/Objects-normal/arm64/OCCTRunner_const_extract_protocols.json -enable-experimental-feature DebugDescriptionMacro -empty-abi-descriptor -validate-clang-modules-once -clang-build-session-file /Users/admin/builder/spi-builder-workspace/.derivedData/ModuleCache.noindex/Session.modulevalidation -Xcc -working-directory -Xcc /Users/admin/builder/spi-builder-workspace/.swiftpm/xcode -enable-anonymous-context-mangled-names -file-compilation-dir /Users/admin/builder/spi-builder-workspace/.swiftpm/xcode -Xcc -D_LIBCPP_HARDENING_MODE\=_LIBCPP_HARDENING_MODE_DEBUG -Xcc -ivfsstatcache -Xcc /Users/admin/builder/spi-builder-workspace/.derivedData/SDKStatCaches.noindex/iphoneos26.2-23C57-dc75598d0054f22ec865fa860f139d7288450c32e1b53ef065a99acc3d9992c6.sdkstatcache -Xcc -I/Users/admin/builder/spi-builder-workspace/.derivedData/Build/Products/Debug-iphoneos/include -Xcc -I/Users/admin/builder/spi-builder-workspace/.derivedData/Build/Intermediates.noindex/OCCTSwiftScripts.build/Debug-iphoneos/OCCTRunner.build/DerivedSources-normal/arm64 -Xcc -I/Users/admin/builder/spi-builder-workspace/.derivedData/Build/Intermediates.noindex/OCCTSwiftScripts.build/Debug-iphoneos/OCCTRunner.build/DerivedSources/arm64 -Xcc -I/Users/admin/builder/spi-builder-workspace/.derivedData/Build/Intermediates.noindex/OCCTSwiftScripts.build/Debug-iphoneos/OCCTRunner.build/DerivedSources -Xcc -DSWIFT_PACKAGE -Xcc -DDEBUG\=1 -no-auto-bridging-header-chaining -module-name OCCTRunner -package-name spi_builder_workspace -frontend-parseable-output -disable-clang-spi -target-sdk-version 26.2 -target-sdk-name iphoneos26.2 -clang-target arm64-apple-ios26.2 -in-process-plugin-server-path /Applications/Xcode-26.3.0.app/Contents/Developer/Toolchains/XcodeDefault.xctoolchain/usr/lib/swift/host/libSwiftInProcPluginServer.dylib -emit-module-doc-path /Users/admin/builder/spi-builder-workspace/.derivedData/Build/Intermediates.noindex/OCCTSwiftScripts.build/Debug-iphoneos/OCCTRunner.build/Objects-normal/arm64/OCCTRunner.swiftdoc -emit-module-source-info-path /Users/admin/builder/spi-builder-workspace/.derivedData/Build/Intermediates.noindex/OCCTSwiftScripts.build/Debug-iphoneos/OCCTRunner.build/Objects-normal/arm64/OCCTRunner.swiftsourceinfo -serialize-diagnostics-path /Users/admin/builder/spi-builder-workspace/.derivedData/Build/Intermediates.noindex/OCCTSwiftScripts.build/Debug-iphoneos/OCCTRunner.build/Objects-normal/arm64/OCCTRunner-primary-emit-module.dia -emit-dependencies-path /Users/admin/builder/spi-builder-workspace/.derivedData/Build/Intermediates.noindex/OCCTSwiftScripts.build/Debug-iphoneos/OCCTRunner.build/Objects-normal/arm64/OCCTRunner-primary-emit-module.d -o /Users/admin/builder/spi-builder-workspace/.derivedData/Build/Intermediates.noindex/OCCTSwiftScripts.build/Debug-iphoneos/OCCTRunner.build/Objects-normal/arm64/OCCTRunner.swiftmodule -emit-abi-descriptor-path /Users/admin/builder/spi-builder-workspace/.derivedData/Build/Intermediates.noindex/OCCTSwiftScripts.build/Debug-iphoneos/OCCTRunner.build/Objects-normal/arm64/OCCTRunner.abi.json
SwiftCompile normal arm64 /Users/admin/builder/spi-builder-workspace/Sources/OCCTRunner/main.swift (in target 'OCCTRunner' from project 'OCCTSwiftScripts')
cd /Users/admin/builder/spi-builder-workspace/.swiftpm/xcode
/Users/admin/builder/spi-builder-workspace/Sources/OCCTRunner/main.swift:112:36: error: 'homeDirectoryForCurrentUser' is unavailable in iOS
let home = FileManager.default.homeDirectoryForCurrentUser
^~~~~~~~~~~~~~~~~~~~~~~~~~~
/Applications/Xcode-26.3.0.app/Contents/Developer/Platforms/iPhoneOS.platform/Developer/SDKs/iPhoneOS26.2.sdk/System/Library/Frameworks/Foundation.framework/Headers/NSFileManager.h:461:35: note: 'homeDirectoryForCurrentUser' has been explicitly marked unavailable here
@property (readonly, copy) NSURL *homeDirectoryForCurrentUser API_AVAILABLE(macosx(10.12)) API_UNAVAILABLE(ios, watchos, tvos);
^
SwiftDriverJobDiscovery normal arm64 Emitting module for Zip (in target 'Zip' from project 'zip')
SwiftDriver\ Compilation\ Requirements Zip normal arm64 com.apple.xcode.tools.swift.compiler (in target 'Zip' from project 'zip')
cd /Users/admin/builder/spi-builder-workspace/.swiftpm/xcode
builtin-Swift-Compilation-Requirements -- /Applications/Xcode-26.3.0.app/Contents/Developer/Toolchains/XcodeDefault.xctoolchain/usr/bin/swiftc -module-name Zip -Onone -enforce-exclusivity\=checked @/Users/admin/builder/spi-builder-workspace/.derivedData/Build/Intermediates.noindex/zip.build/Debug-iphoneos/Zip.build/Objects-normal/arm64/Zip.SwiftFileList -DSWIFT_PACKAGE -DDEBUG -DSWIFT_MODULE_RESOURCE_BUNDLE_UNAVAILABLE -Xcc -fmodule-map-file\=/Users/admin/builder/spi-builder-workspace/.derivedData/Build/Intermediates.noindex/GeneratedModuleMaps-iphoneos/Miniz.modulemap -DXcode -plugin-path /Applications/Xcode-26.3.0.app/Contents/Developer/Toolchains/XcodeDefault.xctoolchain/usr/lib/swift/host/plugins/testing -enable-experimental-feature DebugDescriptionMacro -sdk /Applications/Xcode-26.3.0.app/Contents/Developer/Platforms/iPhoneOS.platform/Developer/SDKs/iPhoneOS26.2.sdk -target arm64-apple-ios12.0 -g -module-cache-path /Users/admin/builder/spi-builder-workspace/.derivedData/ModuleCache.noindex -Xfrontend -serialize-debugging-options -profile-coverage-mapping -profile-generate -enable-testing -suppress-warnings -index-store-path /Users/admin/builder/spi-builder-workspace/.derivedData/Index.noindex/DataStore -Xcc -D_LIBCPP_HARDENING_MODE\=_LIBCPP_HARDENING_MODE_DEBUG -swift-version 6 -I /Users/admin/builder/spi-builder-workspace/.derivedData/Build/Products/Debug-iphoneos -Isystem /Applications/Xcode-26.3.0.app/Contents/Developer/Platforms/iPhoneOS.platform/Developer/usr/lib -F /Users/admin/builder/spi-builder-workspace/.derivedData/Build/Products/Debug-iphoneos/PackageFrameworks -F /Users/admin/builder/spi-builder-workspace/.derivedData/Build/Products/Debug-iphoneos -F /Applications/Xcode-26.3.0.app/Contents/Developer/Platforms/iPhoneOS.platform/Developer/Library/Frameworks -F /Applications/Xcode-26.3.0.app/Contents/Developer/Platforms/iPhoneOS.platform/Developer/SDKs/iPhoneOS26.2.sdk/Developer/Library/Frameworks -c -j10 -enable-batch-mode -incremental -Xcc -ivfsstatcache -Xcc /Users/admin/builder/spi-builder-workspace/.derivedData/SDKStatCaches.noindex/iphoneos26.2-23C57-dc75598d0054f22ec865fa860f139d7288450c32e1b53ef065a99acc3d9992c6.sdkstatcache -output-file-map /Users/admin/builder/spi-builder-workspace/.derivedData/Build/Intermediates.noindex/zip.build/Debug-iphoneos/Zip.build/Objects-normal/arm64/Zip-OutputFileMap.json -use-frontend-parseable-output -save-temps -no-color-diagnostics -explicit-module-build -module-cache-path /Users/admin/builder/spi-builder-workspace/.derivedData/Build/Intermediates.noindex/SwiftExplicitPrecompiledModules -clang-scanner-module-cache-path /Users/admin/builder/spi-builder-workspace/.derivedData/ModuleCache.noindex -sdk-module-cache-path /Users/admin/builder/spi-builder-workspace/.derivedData/ModuleCache.noindex -serialize-diagnostics -emit-dependencies -emit-module -emit-module-path /Users/admin/builder/spi-builder-workspace/.derivedData/Build/Intermediates.noindex/zip.build/Debug-iphoneos/Zip.build/Objects-normal/arm64/Zip.swiftmodule -user-module-version 2.1.2 -validate-clang-modules-once -clang-build-session-file /Users/admin/builder/spi-builder-workspace/.derivedData/ModuleCache.noindex/Session.modulevalidation -package-name zip -Xcc -I/Users/admin/builder/spi-builder-workspace/.derivedData/Build/Intermediates.noindex/zip.build/Debug-iphoneos/Zip.build/swift-overrides.hmap -emit-const-values -Xfrontend -const-gather-protocols-file -Xfrontend /Users/admin/builder/spi-builder-workspace/.derivedData/Build/Intermediates.noindex/zip.build/Debug-iphoneos/Zip.build/Objects-normal/arm64/Zip_const_extract_protocols.json -Xcc -I/Users/admin/builder/spi-builder-workspace/.dependencies/checkouts/Zip/Sources/miniz -Xcc -I/Users/admin/builder/spi-builder-workspace/.derivedData/Build/Products/Debug-iphoneos/include -Xcc -I/Users/admin/builder/spi-builder-workspace/.derivedData/Build/Intermediates.noindex/zip.build/Debug-iphoneos/Zip.build/DerivedSources-normal/arm64 -Xcc -I/Users/admin/builder/spi-builder-workspace/.derivedData/Build/Intermediates.noindex/zip.build/Debug-iphoneos/Zip.build/DerivedSources/arm64 -Xcc -I/Users/admin/builder/spi-builder-workspace/.derivedData/Build/Intermediates.noindex/zip.build/Debug-iphoneos/Zip.build/DerivedSources -Xcc -DSWIFT_PACKAGE -Xcc -DDEBUG\=1 -emit-objc-header -emit-objc-header-path /Users/admin/builder/spi-builder-workspace/.derivedData/Build/Intermediates.noindex/zip.build/Debug-iphoneos/Zip.build/Objects-normal/arm64/Zip-Swift.h -working-directory /Users/admin/builder/spi-builder-workspace/.swiftpm/xcode -experimental-emit-module-separately -disable-cmo
2026-10-02 18:44:22.549 xcodebuild[1958:8499] [MT] IDERunDestination: Supported platforms for the buildables in the current scheme is empty.
** BUILD FAILED **
The following build commands failed:
SwiftEmitModule normal arm64 Emitting\ module\ for\ OCCTRunner (in target 'OCCTRunner' from project 'OCCTSwiftScripts')
SwiftCompile normal arm64 /Users/admin/builder/spi-builder-workspace/Sources/OCCTRunner/main.swift (in target 'OCCTRunner' from project 'OCCTSwiftScripts')
Building workspace spi-builder-workspace with scheme OCCTSwiftScripts-Package
(3 failures)
Command line invocation:
/Applications/Xcode-26.3.0.app/Contents/Developer/usr/bin/xcodebuild -IDEClonedSourcePackagesDirPathOverride=/Users/admin/builder/spi-builder-workspace/.dependencies -resolvePackageDependencies
Resolve Package Graph
Updating from https://github.com/SecondMouseAU/OCCTSwiftViewport.git
Updating from https://github.com/tomasf/Zip.git
Updating from https://github.com/SecondMouseAU/SwiftJWW.git
Updating from https://github.com/SecondMouseAU/OCCTSwiftInteraction.git
Updating from https://github.com/SecondMouseAU/SwiftPMX.git
Updating from https://github.com/SecondMouseAU/OCCTSwiftMesh.git
Updating from https://github.com/SecondMouseAU/OCCTSwift.git
Updating from https://github.com/tomasf/ThreeMF.git
Updating from https://github.com/SecondMouseAU/SwiftDXF.git
Updating from https://github.com/tomasf/Nodal.git
Updating from https://github.com/schwa/SwiftGLTF.git
Updating from https://github.com/SecondMouseAU/OCCTSwiftIO.git
Updating from https://github.com/SecondMouseAU/SwiftX.git
Conflicting identity for occtswift: dependency '/users/admin/builder/spi-builder-workspace/.dependencies/checkouts/occtswift' and dependency 'github.com/secondmouseau/occtswift' both point to the same package identity 'occtswift'. The dependencies are introduced through the following chains: (A) /users/admin/builder/spi-builder-workspace->github.com/secondmouseau/occtswiftmesh->/users/admin/builder/spi-builder-workspace/.dependencies/checkouts/occtswift (B) /users/admin/builder/spi-builder-workspace->github.com/secondmouseau/occtswift. If there are multiple chains that lead to the same dependency, only the first chain is shown here. To see all chains use debug output option. To resolve the conflict, coordinate with the maintainer of the package that introduces the conflicting dependency. This will be escalated to an error in future versions of SwiftPM.
Resolved source packages:
ThreeMF: https://github.com/tomasf/ThreeMF.git @ 0.3.2
OCCTSwiftIO: https://github.com/SecondMouseAU/OCCTSwiftIO.git @ 1.8.0
OCCTSwiftMesh: https://github.com/SecondMouseAU/OCCTSwiftMesh.git @ 1.7.5
OCCTSwiftScripts: /Users/admin/builder/spi-builder-workspace
SwiftPMX: https://github.com/SecondMouseAU/SwiftPMX.git @ 1.1.1
SwiftJWW: https://github.com/SecondMouseAU/SwiftJWW.git @ 1.2.2
Nodal: https://github.com/tomasf/Nodal.git @ 1.0.2
zip: https://github.com/tomasf/Zip.git @ 2.1.2
OCCTSwiftInteraction: https://github.com/SecondMouseAU/OCCTSwiftInteraction.git @ 2.0.0
SwiftGLTF: https://github.com/schwa/SwiftGLTF.git @ 1.0.2
OCCTSwift: https://github.com/SecondMouseAU/OCCTSwift.git @ 3.0.0
OCCTSwiftViewport: https://github.com/SecondMouseAU/OCCTSwiftViewport.git @ 1.2.1
SwiftX: https://github.com/SecondMouseAU/SwiftX.git @ 1.0.1
SwiftDXF: https://github.com/SecondMouseAU/SwiftDXF.git @ 0.2.1
resolved source packages: ThreeMF, OCCTSwiftIO, OCCTSwiftMesh, OCCTSwiftScripts, SwiftPMX, SwiftJWW, Nodal, zip, OCCTSwiftInteraction, SwiftGLTF, OCCTSwift, OCCTSwiftViewport, SwiftX, SwiftDXF
2026-10-02 18:44:48.542 xcodebuild[2727:11671] [MT] IDERunDestination: Supported platforms for the buildables in the current scheme is empty.
{
"dependencies" : [
{
"identity" : "occtswift",
"requirement" : {
"range" : [
{
"lower_bound" : "3.0.0",
"upper_bound" : "4.0.0"
}
]
},
"type" : "sourceControl",
"url" : "https://github.com/SecondMouseAU/OCCTSwift.git"
},
{
"identity" : "occtswiftviewport",
"requirement" : {
"range" : [
{
"lower_bound" : "1.2.0",
"upper_bound" : "2.0.0"
}
]
},
"type" : "sourceControl",
"url" : "https://github.com/SecondMouseAU/OCCTSwiftViewport.git"
},
{
"identity" : "occtswiftinteraction",
"requirement" : {
"range" : [
{
"lower_bound" : "2.0.0",
"upper_bound" : "3.0.0"
}
]
},
"type" : "sourceControl",
"url" : "https://github.com/SecondMouseAU/OCCTSwiftInteraction.git"
},
{
"identity" : "occtswiftmesh",
"requirement" : {
"range" : [
{
"lower_bound" : "1.0.0",
"upper_bound" : "2.0.0"
}
]
},
"type" : "sourceControl",
"url" : "https://github.com/SecondMouseAU/OCCTSwiftMesh.git"
},
{
"identity" : "occtswiftio",
"requirement" : {
"range" : [
{
"lower_bound" : "1.8.0",
"upper_bound" : "2.0.0"
}
]
},
"type" : "sourceControl",
"url" : "https://github.com/SecondMouseAU/OCCTSwiftIO.git"
}
],
"manifest_display_name" : "OCCTSwiftScripts",
"name" : "OCCTSwiftScripts",
"path" : "/Users/admin/builder/spi-builder-workspace",
"platforms" : [
{
"name" : "macos",
"version" : "15.0"
},
{
"name" : "ios",
"version" : "18.0"
}
],
"products" : [
{
"name" : "ScriptHarness",
"targets" : [
"ScriptHarness"
],
"type" : {
"library" : [
"automatic"
]
}
},
{
"name" : "DrawingComposer",
"targets" : [
"DrawingComposer"
],
"type" : {
"library" : [
"automatic"
]
}
},
{
"name" : "occtkit",
"targets" : [
"occtkit"
],
"type" : {
"executable" : null
}
},
{
"name" : "Script",
"targets" : [
"Script"
],
"type" : {
"executable" : null
}
},
{
"name" : "OCCTRunner",
"targets" : [
"OCCTRunner"
],
"type" : {
"executable" : null
}
},
{
"name" : "GraphValidate",
"targets" : [
"GraphValidate"
],
"type" : {
"executable" : null
}
},
{
"name" : "GraphQuery",
"targets" : [
"GraphQuery"
],
"type" : {
"executable" : null
}
},
{
"name" : "GraphML",
"targets" : [
"GraphML"
],
"type" : {
"executable" : null
}
},
{
"name" : "GraphDedup",
"targets" : [
"GraphDedup"
],
"type" : {
"executable" : null
}
},
{
"name" : "GraphCompact",
"targets" : [
"GraphCompact"
],
"type" : {
"executable" : null
}
},
{
"name" : "FeatureRecognize",
"targets" : [
"FeatureRecognize"
],
"type" : {
"executable" : null
}
}
],
"targets" : [
{
"c99name" : "occtkit",
"module_type" : "SwiftTarget",
"name" : "occtkit",
"path" : "Sources/occtkit",
"product_dependencies" : [
"OCCTSwift",
"OCCTSwiftViewport",
"OCCTSwiftTools",
"OCCTSwiftAIS",
"OCCTSwiftMesh",
"OCCTSwiftIO"
],
"product_memberships" : [
"occtkit"
],
"sources" : [
"Commands/AnalyzeClearance.swift",
"Commands/Boolean.swift",
"Commands/CheckThickness.swift",
"Commands/ComposeSheetMetal.swift",
"Commands/DXFExport.swift",
"Commands/DrawingExport.swift",
"Commands/FeatureRecognize.swift",
"Commands/GraphCompact.swift",
"Commands/GraphDedup.swift",
"Commands/GraphML.swift",
"Commands/GraphQuery.swift",
"Commands/GraphSelect.swift",
"Commands/GraphValidate.swift",
"Commands/Heal.swift",
"Commands/Import.swift",
"Commands/InspectAssembly.swift",
"Commands/LoadBrep.swift",
"Commands/MeasureDeviation.swift",
"Commands/MeasureDistance.swift",
"Commands/Mesh.swift",
"Commands/Metrics.swift",
"Commands/Pattern.swift",
"Commands/QueryTopology.swift",
"Commands/Reconstruct.swift",
"Commands/RenderPreview.swift",
"Commands/Run.swift",
"Commands/SetMetadata.swift",
"Commands/SimplifyMesh.swift",
"Commands/Transform.swift",
"Subcommand.swift",
"main.swift"
],
"target_dependencies" : [
"ScriptHarness",
"DrawingComposer"
],
"type" : "executable"
},
{
"c99name" : "ScriptHarness",
"module_type" : "SwiftTarget",
"name" : "ScriptHarness",
"path" : "Sources/ScriptHarness",
"product_dependencies" : [
"OCCTSwift"
],
"product_memberships" : [
"ScriptHarness",
"occtkit",
"Script",
"GraphValidate",
"GraphQuery",
"GraphML",
"GraphDedup",
"GraphCompact",
"FeatureRecognize"
],
"sources" : [
"BREPGraphJSONExporter.swift",
"BREPGraphSQLiteExporter.swift",
"GraphIO.swift",
"Manifest.swift",
"ScriptContext.swift"
],
"type" : "library"
},
{
"c99name" : "Script",
"module_type" : "SwiftTarget",
"name" : "Script",
"path" : "Sources/Script",
"product_dependencies" : [
"OCCTSwift"
],
"product_memberships" : [
"Script"
],
"sources" : [
"main.swift"
],
"target_dependencies" : [
"ScriptHarness"
],
"type" : "executable"
},
{
"c99name" : "OcctkitCommandTests",
"module_type" : "SwiftTarget",
"name" : "OcctkitCommandTests",
"path" : "Tests/OcctkitCommandTests",
"product_dependencies" : [
"OCCTSwift"
],
"sources" : [
"AAGFaceIndexTests.swift",
"OptionalBoundsTests.swift",
"RunBuildPipeDrainTests.swift"
],
"target_dependencies" : [
"occtkit",
"ScriptHarness"
],
"type" : "test"
},
{
"c99name" : "OCCTRunner",
"module_type" : "SwiftTarget",
"name" : "OCCTRunner",
"path" : "Sources/OCCTRunner",
"product_memberships" : [
"OCCTRunner"
],
"sources" : [
"main.swift"
],
"type" : "executable"
},
{
"c99name" : "GraphValidate",
"module_type" : "SwiftTarget",
"name" : "GraphValidate",
"path" : "Sources/GraphValidate",
"product_dependencies" : [
"OCCTSwift"
],
"product_memberships" : [
"GraphValidate"
],
"sources" : [
"main.swift"
],
"target_dependencies" : [
"ScriptHarness"
],
"type" : "executable"
},
{
"c99name" : "GraphQuery",
"module_type" : "SwiftTarget",
"name" : "GraphQuery",
"path" : "Sources/GraphQuery",
"product_memberships" : [
"GraphQuery"
],
"sources" : [
"main.swift"
],
"target_dependencies" : [
"ScriptHarness"
],
"type" : "executable"
},
{
"c99name" : "GraphML",
"module_type" : "SwiftTarget",
"name" : "GraphML",
"path" : "Sources/GraphML",
"product_dependencies" : [
"OCCTSwift",
"OCCTSwiftIO"
],
"product_memberships" : [
"GraphML"
],
"sources" : [
"main.swift"
],
"target_dependencies" : [
"ScriptHarness"
],
"type" : "executable"
},
{
"c99name" : "GraphDedup",
"module_type" : "SwiftTarget",
"name" : "GraphDedup",
"path" : "Sources/GraphDedup",
"product_dependencies" : [
"OCCTSwift"
],
"product_memberships" : [
"GraphDedup"
],
"sources" : [
"main.swift"
],
"target_dependencies" : [
"ScriptHarness"
],
"type" : "executable"
},
{
"c99name" : "GraphCompact",
"module_type" : "SwiftTarget",
"name" : "GraphCompact",
"path" : "Sources/GraphCompact",
"product_dependencies" : [
"OCCTSwift"
],
"product_memberships" : [
"GraphCompact"
],
"sources" : [
"main.swift"
],
"target_dependencies" : [
"ScriptHarness"
],
"type" : "executable"
},
{
"c99name" : "FeatureRecognize",
"module_type" : "SwiftTarget",
"name" : "FeatureRecognize",
"path" : "Sources/FeatureRecognize",
"product_dependencies" : [
"OCCTSwift"
],
"product_memberships" : [
"FeatureRecognize"
],
"sources" : [
"main.swift"
],
"target_dependencies" : [
"ScriptHarness"
],
"type" : "executable"
},
{
"c99name" : "DrawingComposerTests",
"module_type" : "SwiftTarget",
"name" : "DrawingComposerTests",
"path" : "Tests/DrawingComposerTests",
"product_dependencies" : [
"OCCTSwift"
],
"sources" : [
"AssemblyComposerTests.swift"
],
"target_dependencies" : [
"DrawingComposer"
],
"type" : "test"
},
{
"c99name" : "DrawingComposer",
"module_type" : "SwiftTarget",
"name" : "DrawingComposer",
"path" : "Sources/DrawingComposer",
"product_dependencies" : [
"OCCTSwift"
],
"product_memberships" : [
"DrawingComposer",
"occtkit"
],
"sources" : [
"AssemblyComposer.swift",
"Composer.swift",
"MultiViewLayout.swift",
"Spec.swift"
],
"type" : "library"
}
],
"tools_version" : "6.0"
}
{
"workspace" : {
"name" : "spi-builder-workspace",
"schemes" : [
"DrawingComposer",
"FeatureRecognize",
"GraphCompact",
"GraphDedup",
"GraphML",
"GraphQuery",
"GraphValidate",
"occtkit",
"OCCTRunner",
"OCCTSwiftScripts-Package",
"Script",
"ScriptHarness",
"ThreeMF"
]
}
}
2026-10-02 18:44:52.388 xcodebuild[2969:12410] [MT] IDERunDestination: Supported platforms for the buildables in the current scheme is empty.
Running build ...
env DEVELOPER_DIR=/Applications/Xcode-26.3.0.app xcrun xcodebuild -IDEClonedSourcePackagesDirPathOverride=$PWD/.dependencies -skipMacroValidation -skipPackagePluginValidation -derivedDataPath $PWD/.derivedData build -scheme OCCTSwiftScripts-Package -destination generic/platform=iOS
Command line invocation:
/Applications/Xcode-26.3.0.app/Contents/Developer/usr/bin/xcodebuild -IDEClonedSourcePackagesDirPathOverride=/Users/admin/builder/spi-builder-workspace/.dependencies -skipMacroValidation -skipPackagePluginValidation -derivedDataPath /Users/admin/builder/spi-builder-workspace/.derivedData build -scheme OCCTSwiftScripts-Package -destination generic/platform=iOS
Resolve Package Graph
Updating from https://github.com/SecondMouseAU/OCCTSwiftViewport.git
Updating from https://github.com/SecondMouseAU/OCCTSwiftMesh.git
Updating from https://github.com/SecondMouseAU/SwiftJWW.git
Updating from https://github.com/SecondMouseAU/OCCTSwift.git
Updating from https://github.com/SecondMouseAU/OCCTSwiftIO.git
Updating from https://github.com/schwa/SwiftGLTF.git
Updating from https://github.com/SecondMouseAU/SwiftPMX.git
Updating from https://github.com/SecondMouseAU/SwiftX.git
Updating from https://github.com/SecondMouseAU/SwiftDXF.git
Updating from https://github.com/tomasf/Nodal.git
Updating from https://github.com/SecondMouseAU/OCCTSwiftInteraction.git
Updating from https://github.com/tomasf/Zip.git
Updating from https://github.com/tomasf/ThreeMF.git
Conflicting identity for occtswift: dependency '/users/admin/builder/spi-builder-workspace/.dependencies/checkouts/occtswift' and dependency 'github.com/secondmouseau/occtswift' both point to the same package identity 'occtswift'. The dependencies are introduced through the following chains: (A) /users/admin/builder/spi-builder-workspace->github.com/secondmouseau/occtswiftmesh->/users/admin/builder/spi-builder-workspace/.dependencies/checkouts/occtswift (B) /users/admin/builder/spi-builder-workspace->github.com/secondmouseau/occtswift. If there are multiple chains that lead to the same dependency, only the first chain is shown here. To see all chains use debug output option. To resolve the conflict, coordinate with the maintainer of the package that introduces the conflicting dependency. This will be escalated to an error in future versions of SwiftPM.
Resolved source packages:
SwiftDXF: https://github.com/SecondMouseAU/SwiftDXF.git @ 0.2.1
OCCTSwiftViewport: https://github.com/SecondMouseAU/OCCTSwiftViewport.git @ 1.2.1
OCCTSwiftMesh: https://github.com/SecondMouseAU/OCCTSwiftMesh.git @ 1.7.5
OCCTSwiftIO: https://github.com/SecondMouseAU/OCCTSwiftIO.git @ 1.8.0
SwiftGLTF: https://github.com/schwa/SwiftGLTF.git @ 1.0.2
OCCTSwift: https://github.com/SecondMouseAU/OCCTSwift.git @ 3.0.0
OCCTSwiftScripts: /Users/admin/builder/spi-builder-workspace
SwiftJWW: https://github.com/SecondMouseAU/SwiftJWW.git @ 1.2.2
ThreeMF: https://github.com/tomasf/ThreeMF.git @ 0.3.2
Nodal: https://github.com/tomasf/Nodal.git @ 1.0.2
OCCTSwiftInteraction: https://github.com/SecondMouseAU/OCCTSwiftInteraction.git @ 2.0.0
SwiftX: https://github.com/SecondMouseAU/SwiftX.git @ 1.0.1
SwiftPMX: https://github.com/SecondMouseAU/SwiftPMX.git @ 1.1.1
zip: https://github.com/tomasf/Zip.git @ 2.1.2
ComputePackagePrebuildTargetDependencyGraph
Prepare packages
CreateBuildRequest
SendProjectDescription
CreateBuildOperation
ComputeTargetDependencyGraph
note: Building targets in dependency order
note: Target dependency graph (48 targets)
Target 'occtkit' in project 'OCCTSwiftScripts'
➜ Explicit dependency on target 'ScriptHarness' in project 'OCCTSwiftScripts'
➜ Explicit dependency on target 'DrawingComposer' in project 'OCCTSwiftScripts'
➜ Explicit dependency on target 'OCCTSwift' in project 'OCCTSwift'
➜ Explicit dependency on target 'OCCTSwiftViewport' in project 'OCCTSwiftViewport'
➜ Explicit dependency on target 'OCCTSwiftTools' in project 'OCCTSwiftInteraction'
➜ Explicit dependency on target 'OCCTSwiftAIS' in project 'OCCTSwiftInteraction'
➜ Explicit dependency on target 'OCCTSwiftMesh' in project 'OCCTSwiftMesh'
➜ Explicit dependency on target 'OCCTSwiftIO' in project 'OCCTSwiftIO'
Target 'OCCTSwiftMesh' in project 'OCCTSwiftMesh'
➜ Explicit dependency on target 'OCCTSwiftMesh' in project 'OCCTSwiftMesh'
➜ Explicit dependency on target 'OCCTMeshOptimizer' in project 'OCCTSwiftMesh'
➜ Explicit dependency on target 'OCCTSwift' in project 'OCCTSwift'
Target 'OCCTSwiftMesh' in project 'OCCTSwiftMesh'
➜ Explicit dependency on target 'OCCTMeshOptimizer' in project 'OCCTSwiftMesh'
➜ Explicit dependency on target 'OCCTSwift' in project 'OCCTSwift'
Target 'OCCTMeshOptimizer' in project 'OCCTSwiftMesh' (no dependencies)
Target 'OCCTSwiftAIS' in project 'OCCTSwiftInteraction'
➜ Explicit dependency on target 'OCCTSwiftAIS' in project 'OCCTSwiftInteraction'
➜ Explicit dependency on target 'OCCTSwiftTools' in project 'OCCTSwiftInteraction'
➜ Explicit dependency on target 'OCCTSwift' in project 'OCCTSwift'
➜ Explicit dependency on target 'OCCTSwiftViewport' in project 'OCCTSwiftViewport'
➜ Explicit dependency on target 'OCCTSwiftIO' in project 'OCCTSwiftIO'
Target 'OCCTSwiftAIS' in project 'OCCTSwiftInteraction'
➜ Explicit dependency on target 'OCCTSwiftTools' in project 'OCCTSwiftInteraction'
➜ Explicit dependency on target 'OCCTSwift' in project 'OCCTSwift'
➜ Explicit dependency on target 'OCCTSwiftViewport' in project 'OCCTSwiftViewport'
➜ Explicit dependency on target 'OCCTSwiftIO' in project 'OCCTSwiftIO'
Target 'OCCTSwiftTools' in project 'OCCTSwiftInteraction'
➜ Explicit dependency on target 'OCCTSwiftTools' in project 'OCCTSwiftInteraction'
➜ Explicit dependency on target 'OCCTSwift' in project 'OCCTSwift'
➜ Explicit dependency on target 'OCCTSwiftViewport' in project 'OCCTSwiftViewport'
➜ Explicit dependency on target 'OCCTSwiftIO' in project 'OCCTSwiftIO'
Target 'OCCTSwiftTools' in project 'OCCTSwiftInteraction'
➜ Explicit dependency on target 'OCCTSwift' in project 'OCCTSwift'
➜ Explicit dependency on target 'OCCTSwiftViewport' in project 'OCCTSwiftViewport'
➜ Explicit dependency on target 'OCCTSwiftIO' in project 'OCCTSwiftIO'
Target 'OCCTSwiftViewport' in project 'OCCTSwiftViewport'
➜ Explicit dependency on target 'OCCTSwiftViewport' in project 'OCCTSwiftViewport'
➜ Explicit dependency on target 'OCCTSwiftViewport_OCCTSwiftViewport' in project 'OCCTSwiftViewport'
Target 'OCCTSwiftViewport' in project 'OCCTSwiftViewport'
➜ Explicit dependency on target 'OCCTSwiftViewport_OCCTSwiftViewport' in project 'OCCTSwiftViewport'
Target 'OCCTSwiftViewport_OCCTSwiftViewport' in project 'OCCTSwiftViewport' (no dependencies)
Target 'Script' in project 'OCCTSwiftScripts'
➜ Explicit dependency on target 'ScriptHarness' in project 'OCCTSwiftScripts'
➜ Explicit dependency on target 'OCCTSwift' in project 'OCCTSwift'
Target 'OCCTRunner' in project 'OCCTSwiftScripts' (no dependencies)
Target 'GraphValidate' in project 'OCCTSwiftScripts'
➜ Explicit dependency on target 'ScriptHarness' in project 'OCCTSwiftScripts'
➜ Explicit dependency on target 'OCCTSwift' in project 'OCCTSwift'
Target 'GraphQuery' in project 'OCCTSwiftScripts'
➜ Explicit dependency on target 'ScriptHarness' in project 'OCCTSwiftScripts'
➜ Explicit dependency on target 'OCCTSwift' in project 'OCCTSwift'
Target 'GraphML' in project 'OCCTSwiftScripts'
➜ Explicit dependency on target 'ScriptHarness' in project 'OCCTSwiftScripts'
➜ Explicit dependency on target 'OCCTSwift' in project 'OCCTSwift'
➜ Explicit dependency on target 'OCCTSwiftIO' in project 'OCCTSwiftIO'
Target 'OCCTSwiftIO' in project 'OCCTSwiftIO'
➜ Explicit dependency on target 'OCCTSwiftIO' in project 'OCCTSwiftIO'
➜ Explicit dependency on target 'MeshIO' in project 'OCCTSwiftIO'
➜ Explicit dependency on target 'SwiftPMX' in project 'SwiftPMX'
➜ Explicit dependency on target 'SwiftX' in project 'SwiftX'
➜ Explicit dependency on target 'ThreeMF' in project 'ThreeMF'
➜ Explicit dependency on target 'SwiftGLTF' in project 'SwiftGLTF'
➜ Explicit dependency on target 'OCCTSwift' in project 'OCCTSwift'
➜ Explicit dependency on target 'SwiftJWW' in project 'SwiftJWW'
➜ Explicit dependency on target 'SwiftDXF' in project 'SwiftDXF'
Target 'OCCTSwiftIO' in project 'OCCTSwiftIO'
➜ Explicit dependency on target 'MeshIO' in project 'OCCTSwiftIO'
➜ Explicit dependency on target 'SwiftPMX' in project 'SwiftPMX'
➜ Explicit dependency on target 'SwiftX' in project 'SwiftX'
➜ Explicit dependency on target 'ThreeMF' in project 'ThreeMF'
➜ Explicit dependency on target 'SwiftGLTF' in project 'SwiftGLTF'
➜ Explicit dependency on target 'OCCTSwift' in project 'OCCTSwift'
➜ Explicit dependency on target 'SwiftJWW' in project 'SwiftJWW'
➜ Explicit dependency on target 'SwiftDXF' in project 'SwiftDXF'
Target 'SwiftDXF' in project 'SwiftDXF'
➜ Explicit dependency on target 'SwiftDXF' in project 'SwiftDXF'
Target 'SwiftDXF' in project 'SwiftDXF' (no dependencies)
Target 'SwiftJWW' in project 'SwiftJWW'
➜ Explicit dependency on target 'SwiftJWW' in project 'SwiftJWW'
Target 'SwiftJWW' in project 'SwiftJWW' (no dependencies)
Target 'MeshIO' in project 'OCCTSwiftIO'
➜ Explicit dependency on target 'SwiftPMX' in project 'SwiftPMX'
➜ Explicit dependency on target 'SwiftX' in project 'SwiftX'
➜ Explicit dependency on target 'ThreeMF' in project 'ThreeMF'
➜ Explicit dependency on target 'SwiftGLTF' in project 'SwiftGLTF'
Target 'SwiftGLTF' in project 'SwiftGLTF'
➜ Explicit dependency on target 'SwiftGLTF' in project 'SwiftGLTF'
Target 'SwiftGLTF' in project 'SwiftGLTF' (no dependencies)
Target 'ThreeMF' in project 'ThreeMF'
➜ Explicit dependency on target 'ThreeMF' in project 'ThreeMF'
➜ Explicit dependency on target 'Zip' in project 'zip'
➜ Explicit dependency on target 'Nodal' in project 'Nodal'
Target 'ThreeMF' in project 'ThreeMF'
➜ Explicit dependency on target 'Zip' in project 'zip'
➜ Explicit dependency on target 'Nodal' in project 'Nodal'
Target 'Nodal' in project 'Nodal'
➜ Explicit dependency on target 'Nodal' in project 'Nodal'
➜ Explicit dependency on target 'pugixml' in project 'Nodal'
➜ Explicit dependency on target 'Bridge' in project 'Nodal'
Target 'Nodal' in project 'Nodal'
➜ Explicit dependency on target 'pugixml' in project 'Nodal'
➜ Explicit dependency on target 'Bridge' in project 'Nodal'
Target 'Bridge' in project 'Nodal'
➜ Explicit dependency on target 'pugixml' in project 'Nodal'
Target 'pugixml' in project 'Nodal' (no dependencies)
Target 'Zip' in project 'zip'
➜ Explicit dependency on target 'Zip' in project 'zip'
➜ Explicit dependency on target 'Miniz' in project 'zip'
Target 'Zip' in project 'zip'
➜ Explicit dependency on target 'Miniz' in project 'zip'
Target 'Miniz' in project 'zip' (no dependencies)
Target 'SwiftX' in project 'SwiftX'
➜ Explicit dependency on target 'SwiftX' in project 'SwiftX'
Target 'SwiftX' in project 'SwiftX' (no dependencies)
Target 'SwiftPMX' in project 'SwiftPMX'
➜ Explicit dependency on target 'SwiftPMX' in project 'SwiftPMX'
Target 'SwiftPMX' in project 'SwiftPMX' (no dependencies)
Target 'GraphDedup' in project 'OCCTSwiftScripts'
➜ Explicit dependency on target 'ScriptHarness' in project 'OCCTSwiftScripts'
➜ Explicit dependency on target 'OCCTSwift' in project 'OCCTSwift'
Target 'GraphCompact' in project 'OCCTSwiftScripts'
➜ Explicit dependency on target 'ScriptHarness' in project 'OCCTSwiftScripts'
➜ Explicit dependency on target 'OCCTSwift' in project 'OCCTSwift'
Target 'FeatureRecognize' in project 'OCCTSwiftScripts'
➜ Explicit dependency on target 'ScriptHarness' in project 'OCCTSwiftScripts'
➜ Explicit dependency on target 'OCCTSwift' in project 'OCCTSwift'
Target 'ScriptHarness' in project 'OCCTSwiftScripts'
➜ Explicit dependency on target 'ScriptHarness' in project 'OCCTSwiftScripts'
➜ Explicit dependency on target 'OCCTSwift' in project 'OCCTSwift'
Target 'ScriptHarness' in project 'OCCTSwiftScripts'
➜ Explicit dependency on target 'OCCTSwift' in project 'OCCTSwift'
Target 'DrawingComposer' in project 'OCCTSwiftScripts'
➜ Explicit dependency on target 'DrawingComposer' in project 'OCCTSwiftScripts'
➜ Explicit dependency on target 'OCCTSwift' in project 'OCCTSwift'
Target 'DrawingComposer' in project 'OCCTSwiftScripts'
➜ Explicit dependency on target 'OCCTSwift' in project 'OCCTSwift'
Target 'OCCTSwift' in project 'OCCTSwift'
➜ Explicit dependency on target 'OCCTSwift' in project 'OCCTSwift'
➜ Explicit dependency on target 'OCCTBridge' in project 'OCCTSwift'
Target 'OCCTSwift' in project 'OCCTSwift'
➜ Explicit dependency on target 'OCCTBridge' in project 'OCCTSwift'
Target 'OCCTBridge' in project 'OCCTSwift' (no dependencies)
GatherProvisioningInputs
CreateBuildDescription
ClangStatCache /Applications/Xcode-26.3.0.app/Contents/Developer/Toolchains/XcodeDefault.xctoolchain/usr/bin/clang-stat-cache /Applications/Xcode-26.3.0.app/Contents/Developer/Platforms/iPhoneOS.platform/Developer/SDKs/iPhoneOS26.2.sdk /Users/admin/builder/spi-builder-workspace/.derivedData/SDKStatCaches.noindex/iphoneos26.2-23C57-dc75598d0054f22ec865fa860f139d7288450c32e1b53ef065a99acc3d9992c6.sdkstatcache
cd /Users/admin/builder/spi-builder-workspace/.swiftpm/xcode
/Applications/Xcode-26.3.0.app/Contents/Developer/Toolchains/XcodeDefault.xctoolchain/usr/bin/clang-stat-cache /Applications/Xcode-26.3.0.app/Contents/Developer/Platforms/iPhoneOS.platform/Developer/SDKs/iPhoneOS26.2.sdk -o /Users/admin/builder/spi-builder-workspace/.derivedData/SDKStatCaches.noindex/iphoneos26.2-23C57-dc75598d0054f22ec865fa860f139d7288450c32e1b53ef065a99acc3d9992c6.sdkstatcache
WriteAuxiliaryFile /Users/admin/builder/spi-builder-workspace/.derivedData/Build/Intermediates.noindex/OCCTSwiftScripts.build/Debug-iphoneos/GraphQuery.build/GraphQuery.DependencyStaticMetadataFileList (in target 'GraphQuery' from project 'OCCTSwiftScripts')
cd /Users/admin/builder/spi-builder-workspace
write-file /Users/admin/builder/spi-builder-workspace/.derivedData/Build/Intermediates.noindex/OCCTSwiftScripts.build/Debug-iphoneos/GraphQuery.build/GraphQuery.DependencyStaticMetadataFileList
WriteAuxiliaryFile /Users/admin/builder/spi-builder-workspace/.derivedData/Build/Intermediates.noindex/OCCTSwiftScripts.build/Debug-iphoneos/GraphQuery.build/GraphQuery.DependencyMetadataFileList (in target 'GraphQuery' from project 'OCCTSwiftScripts')
cd /Users/admin/builder/spi-builder-workspace
write-file /Users/admin/builder/spi-builder-workspace/.derivedData/Build/Intermediates.noindex/OCCTSwiftScripts.build/Debug-iphoneos/GraphQuery.build/GraphQuery.DependencyMetadataFileList
WriteAuxiliaryFile /Users/admin/builder/spi-builder-workspace/.derivedData/Build/Intermediates.noindex/OCCTSwiftScripts.build/Debug-iphoneos/GraphQuery.build/Objects-normal/arm64/GraphQuery_const_extract_protocols.json (in target 'GraphQuery' from project 'OCCTSwiftScripts')
cd /Users/admin/builder/spi-builder-workspace
write-file /Users/admin/builder/spi-builder-workspace/.derivedData/Build/Intermediates.noindex/OCCTSwiftScripts.build/Debug-iphoneos/GraphQuery.build/Objects-normal/arm64/GraphQuery_const_extract_protocols.json
WriteAuxiliaryFile /Users/admin/builder/spi-builder-workspace/.derivedData/Build/Intermediates.noindex/OCCTSwiftScripts.build/Debug-iphoneos/GraphQuery.build/Objects-normal/arm64/GraphQuery-OutputFileMap.json (in target 'GraphQuery' from project 'OCCTSwiftScripts')
cd /Users/admin/builder/spi-builder-workspace
write-file /Users/admin/builder/spi-builder-workspace/.derivedData/Build/Intermediates.noindex/OCCTSwiftScripts.build/Debug-iphoneos/GraphQuery.build/Objects-normal/arm64/GraphQuery-OutputFileMap.json
WriteAuxiliaryFile /Users/admin/builder/spi-builder-workspace/.derivedData/Build/Intermediates.noindex/OCCTSwiftScripts.build/Debug-iphoneos/GraphQuery.build/Objects-normal/arm64/GraphQuery.SwiftFileList (in target 'GraphQuery' from project 'OCCTSwiftScripts')
cd /Users/admin/builder/spi-builder-workspace
write-file /Users/admin/builder/spi-builder-workspace/.derivedData/Build/Intermediates.noindex/OCCTSwiftScripts.build/Debug-iphoneos/GraphQuery.build/Objects-normal/arm64/GraphQuery.SwiftFileList
WriteAuxiliaryFile /Users/admin/builder/spi-builder-workspace/.derivedData/Build/Intermediates.noindex/OCCTSwift.build/Debug-iphoneos/OCCTBridge.build/OCCTBridge.DependencyStaticMetadataFileList (in target 'OCCTBridge' from project 'OCCTSwift')
cd /Users/admin/builder/spi-builder-workspace/.dependencies/checkouts/OCCTSwift
write-file /Users/admin/builder/spi-builder-workspace/.derivedData/Build/Intermediates.noindex/OCCTSwift.build/Debug-iphoneos/OCCTBridge.build/OCCTBridge.DependencyStaticMetadataFileList
WriteAuxiliaryFile /Users/admin/builder/spi-builder-workspace/.derivedData/Build/Intermediates.noindex/OCCTSwift.build/Debug-iphoneos/OCCTBridge.build/OCCTBridge.DependencyMetadataFileList (in target 'OCCTBridge' from project 'OCCTSwift')
cd /Users/admin/builder/spi-builder-workspace/.dependencies/checkouts/OCCTSwift
write-file /Users/admin/builder/spi-builder-workspace/.derivedData/Build/Intermediates.noindex/OCCTSwift.build/Debug-iphoneos/OCCTBridge.build/OCCTBridge.DependencyMetadataFileList
WriteAuxiliaryFile /Users/admin/builder/spi-builder-workspace/.derivedData/Build/Intermediates.noindex/OCCTSwift.build/Debug-iphoneos/OCCTBridge.build/Objects-normal/arm64/af3fcb34312c57c0f52879cdce924b91-common-args.resp (in target 'OCCTBridge' from project 'OCCTSwift')
cd /Users/admin/builder/spi-builder-workspace/.dependencies/checkouts/OCCTSwift
write-file /Users/admin/builder/spi-builder-workspace/.derivedData/Build/Intermediates.noindex/OCCTSwift.build/Debug-iphoneos/OCCTBridge.build/Objects-normal/arm64/af3fcb34312c57c0f52879cdce924b91-common-args.resp
-target arm64-apple-ios15.0 '-std=c++17' -fobjc-arc -fmodules -fno-cxx-modules -gmodules '-fmodules-cache-path=/Users/admin/builder/spi-builder-workspace/.derivedData/ModuleCache.noindex' '-fmodule-name=OCCTBridge' '-D_LIBCPP_HARDENING_MODE=_LIBCPP_HARDENING_MODE_DEBUG' -fpascal-strings -O0 -DSWIFT_PACKAGE '-DDEBUG=1' '-DOCCT_AVAILABLE=1' -DOCCT_NO_DEPRECATED '-DOBJC_OLD_DISPATCH_PROTOTYPES=1' -isysroot /Applications/Xcode-26.3.0.app/Contents/Developer/Platforms/iPhoneOS.platform/Developer/SDKs/iPhoneOS26.2.sdk -g -fvisibility-inlines-hidden -fprofile-instr-generate -fcoverage-mapping -I/Users/admin/builder/spi-builder-workspace/.derivedData/Build/Products/Debug-iphoneos/include -I/Users/admin/builder/spi-builder-workspace/.dependencies/checkouts/OCCTSwift/Sources/OCCTBridge/include -I/Users/admin/builder/spi-builder-workspace/.dependencies/checkouts/OCCTSwift/Libraries/OCCT.xcframework/ios-arm64/Headers -I/Users/admin/builder/spi-builder-workspace/.dependencies/checkouts/OCCTSwift/Libraries/OCCT.xcframework/ios-arm64-simulator/Headers -I/Users/admin/builder/spi-builder-workspace/.derivedData/Build/Intermediates.noindex/OCCTSwift.build/Debug-iphoneos/OCCTBridge.build/DerivedSources-normal/arm64 -I/Users/admin/builder/spi-builder-workspace/.derivedData/Build/Intermediates.noindex/OCCTSwift.build/Debug-iphoneos/OCCTBridge.build/DerivedSources/arm64 -I/Users/admin/builder/spi-builder-workspace/.derivedData/Build/Intermediates.noindex/OCCTSwift.build/Debug-iphoneos/OCCTBridge.build/DerivedSources -F/Users/admin/builder/spi-builder-workspace/.derivedData/Build/Products/Debug-iphoneos -iframework /Applications/Xcode-26.3.0.app/Contents/Developer/Platforms/iPhoneOS.platform/Developer/Library/Frameworks -iframework /Applications/Xcode-26.3.0.app/Contents/Developer/Platforms/iPhoneOS.platform/Developer/SDKs/iPhoneOS26.2.sdk/Developer/Library/Frameworks -DXcode
WriteAuxiliaryFile /Users/admin/builder/spi-builder-workspace/.derivedData/Build/Intermediates.noindex/OCCTSwift.build/Debug-iphoneos/OCCTBridge.build/Objects-normal/arm64/OCCTBridge.LinkFileList (in target 'OCCTBridge' from project 'OCCTSwift')
cd /Users/admin/builder/spi-builder-workspace/.dependencies/checkouts/OCCTSwift
write-file /Users/admin/builder/spi-builder-workspace/.derivedData/Build/Intermediates.noindex/OCCTSwift.build/Debug-iphoneos/OCCTBridge.build/Objects-normal/arm64/OCCTBridge.LinkFileList
WriteAuxiliaryFile /Users/admin/builder/spi-builder-workspace/.derivedData/Build/Intermediates.noindex/OCCTSwiftScripts.build/Debug-iphoneos/occtkit.build/occtkit.DependencyStaticMetadataFileList (in target 'occtkit' from project 'OCCTSwiftScripts')
cd /Users/admin/builder/spi-builder-workspace
write-file /Users/admin/builder/spi-builder-workspace/.derivedData/Build/Intermediates.noindex/OCCTSwiftScripts.build/Debug-iphoneos/occtkit.build/occtkit.DependencyStaticMetadataFileList
WriteAuxiliaryFile /Users/admin/builder/spi-builder-workspace/.derivedData/Build/Intermediates.noindex/OCCTSwiftScripts.build/Debug-iphoneos/occtkit.build/occtkit.DependencyMetadataFileList (in target 'occtkit' from project 'OCCTSwiftScripts')
cd /Users/admin/builder/spi-builder-workspace
write-file /Users/admin/builder/spi-builder-workspace/.derivedData/Build/Intermediates.noindex/OCCTSwiftScripts.build/Debug-iphoneos/occtkit.build/occtkit.DependencyMetadataFileList
WriteAuxiliaryFile /Users/admin/builder/spi-builder-workspace/.derivedData/Build/Intermediates.noindex/OCCTSwiftScripts.build/Debug-iphoneos/Script.build/Script.DependencyStaticMetadataFileList (in target 'Script' from project 'OCCTSwiftScripts')
cd /Users/admin/builder/spi-builder-workspace
write-file /Users/admin/builder/spi-builder-workspace/.derivedData/Build/Intermediates.noindex/OCCTSwiftScripts.build/Debug-iphoneos/Script.build/Script.DependencyStaticMetadataFileList
WriteAuxiliaryFile /Users/admin/builder/spi-builder-workspace/.derivedData/Build/Intermediates.noindex/OCCTSwiftScripts.build/Debug-iphoneos/occtkit.build/Objects-normal/arm64/occtkit-OutputFileMap.json (in target 'occtkit' from project 'OCCTSwiftScripts')
cd /Users/admin/builder/spi-builder-workspace
write-file /Users/admin/builder/spi-builder-workspace/.derivedData/Build/Intermediates.noindex/OCCTSwiftScripts.build/Debug-iphoneos/occtkit.build/Objects-normal/arm64/occtkit-OutputFileMap.json
WriteAuxiliaryFile /Users/admin/builder/spi-builder-workspace/.derivedData/Build/Intermediates.noindex/OCCTSwiftScripts.build/Debug-iphoneos/occtkit.build/Objects-normal/arm64/occtkit.SwiftFileList (in target 'occtkit' from project 'OCCTSwiftScripts')
cd /Users/admin/builder/spi-builder-workspace
write-file /Users/admin/builder/spi-builder-workspace/.derivedData/Build/Intermediates.noindex/OCCTSwiftScripts.build/Debug-iphoneos/occtkit.build/Objects-normal/arm64/occtkit.SwiftFileList
WriteAuxiliaryFile /Users/admin/builder/spi-builder-workspace/.derivedData/Build/Intermediates.noindex/OCCTSwiftScripts.build/Debug-iphoneos/occtkit.build/Objects-normal/arm64/occtkit_const_extract_protocols.json (in target 'occtkit' from project 'OCCTSwiftScripts')
cd /Users/admin/builder/spi-builder-workspace
write-file /Users/admin/builder/spi-builder-workspace/.derivedData/Build/Intermediates.noindex/OCCTSwiftScripts.build/Debug-iphoneos/occtkit.build/Objects-normal/arm64/occtkit_const_extract_protocols.json
WriteAuxiliaryFile /Users/admin/builder/spi-builder-workspace/.derivedData/Build/Intermediates.noindex/OCCTSwiftScripts.build/Debug-iphoneos/occtkit.build/Objects-normal/arm64/occtkit.LinkFileList (in target 'occtkit' from project 'OCCTSwiftScripts')
cd /Users/admin/builder/spi-builder-workspace
write-file /Users/admin/builder/spi-builder-workspace/.derivedData/Build/Intermediates.noindex/OCCTSwiftScripts.build/Debug-iphoneos/occtkit.build/Objects-normal/arm64/occtkit.LinkFileList
WriteAuxiliaryFile /Users/admin/builder/spi-builder-workspace/.derivedData/Build/Intermediates.noindex/OCCTSwiftScripts.build/Debug-iphoneos/Script.build/Script.DependencyMetadataFileList (in target 'Script' from project 'OCCTSwiftScripts')
cd /Users/admin/builder/spi-builder-workspace
write-file /Users/admin/builder/spi-builder-workspace/.derivedData/Build/Intermediates.noindex/OCCTSwiftScripts.build/Debug-iphoneos/Script.build/Script.DependencyMetadataFileList
WriteAuxiliaryFile /Users/admin/builder/spi-builder-workspace/.derivedData/Build/Intermediates.noindex/OCCTSwiftScripts.build/Debug-iphoneos/Script.build/Objects-normal/arm64/Script_const_extract_protocols.json (in target 'Script' from project 'OCCTSwiftScripts')
cd /Users/admin/builder/spi-builder-workspace
write-file /Users/admin/builder/spi-builder-workspace/.derivedData/Build/Intermediates.noindex/OCCTSwiftScripts.build/Debug-iphoneos/Script.build/Objects-normal/arm64/Script_const_extract_protocols.json
WriteAuxiliaryFile /Users/admin/builder/spi-builder-workspace/.derivedData/Build/Intermediates.noindex/OCCTSwiftScripts.build/Debug-iphoneos/Script.build/Objects-normal/arm64/Script.SwiftFileList (in target 'Script' from project 'OCCTSwiftScripts')
cd /Users/admin/builder/spi-builder-workspace
write-file /Users/admin/builder/spi-builder-workspace/.derivedData/Build/Intermediates.noindex/OCCTSwiftScripts.build/Debug-iphoneos/Script.build/Objects-normal/arm64/Script.SwiftFileList
WriteAuxiliaryFile /Users/admin/builder/spi-builder-workspace/.derivedData/Build/Intermediates.noindex/OCCTSwiftScripts.build/Debug-iphoneos/Script.build/Objects-normal/arm64/Script.LinkFileList (in target 'Script' from project 'OCCTSwiftScripts')
cd /Users/admin/builder/spi-builder-workspace
write-file /Users/admin/builder/spi-builder-workspace/.derivedData/Build/Intermediates.noindex/OCCTSwiftScripts.build/Debug-iphoneos/Script.build/Objects-normal/arm64/Script.LinkFileList
WriteAuxiliaryFile /Users/admin/builder/spi-builder-workspace/.derivedData/Build/Intermediates.noindex/OCCTSwiftScripts.build/Debug-iphoneos/Script.build/Objects-normal/arm64/Script-OutputFileMap.json (in target 'Script' from project 'OCCTSwiftScripts')
cd /Users/admin/builder/spi-builder-workspace
write-file /Users/admin/builder/spi-builder-workspace/.derivedData/Build/Intermediates.noindex/OCCTSwiftScripts.build/Debug-iphoneos/Script.build/Objects-normal/arm64/Script-OutputFileMap.json
WriteAuxiliaryFile /Users/admin/builder/spi-builder-workspace/.derivedData/Build/Intermediates.noindex/OCCTSwift.build/Debug-iphoneos/OCCTSwift.build/Objects-normal/arm64/OCCTSwift-OutputFileMap.json (in target 'OCCTSwift' from project 'OCCTSwift')
cd /Users/admin/builder/spi-builder-workspace/.dependencies/checkouts/OCCTSwift
write-file /Users/admin/builder/spi-builder-workspace/.derivedData/Build/Intermediates.noindex/OCCTSwift.build/Debug-iphoneos/OCCTSwift.build/Objects-normal/arm64/OCCTSwift-OutputFileMap.json
WriteAuxiliaryFile /Users/admin/builder/spi-builder-workspace/.derivedData/Build/Intermediates.noindex/OCCTSwift.build/Debug-iphoneos/OCCTSwift.build/Objects-normal/arm64/OCCTSwift.SwiftFileList (in target 'OCCTSwift' from project 'OCCTSwift')
cd /Users/admin/builder/spi-builder-workspace/.dependencies/checkouts/OCCTSwift
write-file /Users/admin/builder/spi-builder-workspace/.derivedData/Build/Intermediates.noindex/OCCTSwift.build/Debug-iphoneos/OCCTSwift.build/Objects-normal/arm64/OCCTSwift.SwiftFileList
WriteAuxiliaryFile /Users/admin/builder/spi-builder-workspace/.derivedData/Build/Intermediates.noindex/OCCTSwift.build/Debug-iphoneos/OCCTSwift.build/Objects-normal/arm64/OCCTSwift_const_extract_protocols.json (in target 'OCCTSwift' from project 'OCCTSwift')
cd /Users/admin/builder/spi-builder-workspace/.dependencies/checkouts/OCCTSwift
write-file /Users/admin/builder/spi-builder-workspace/.derivedData/Build/Intermediates.noindex/OCCTSwift.build/Debug-iphoneos/OCCTSwift.build/Objects-normal/arm64/OCCTSwift_const_extract_protocols.json
WriteAuxiliaryFile /Users/admin/builder/spi-builder-workspace/.derivedData/Build/Intermediates.noindex/OCCTSwift.build/Debug-iphoneos/OCCTSwift.build/Objects-normal/arm64/OCCTSwift.LinkFileList (in target 'OCCTSwift' from project 'OCCTSwift')
cd /Users/admin/builder/spi-builder-workspace/.dependencies/checkouts/OCCTSwift
write-file /Users/admin/builder/spi-builder-workspace/.derivedData/Build/Intermediates.noindex/OCCTSwift.build/Debug-iphoneos/OCCTSwift.build/Objects-normal/arm64/OCCTSwift.LinkFileList
WriteAuxiliaryFile /Users/admin/builder/spi-builder-workspace/.derivedData/Build/Intermediates.noindex/OCCTSwift.build/Debug-iphoneos/OCCTSwift.build/Objects-normal/arm64/OCCTSwift.SwiftConstValuesFileList (in target 'OCCTSwift' from project 'OCCTSwift')
cd /Users/admin/builder/spi-builder-workspace/.dependencies/checkouts/OCCTSwift
write-file /Users/admin/builder/spi-builder-workspace/.derivedData/Build/Intermediates.noindex/OCCTSwift.build/Debug-iphoneos/OCCTSwift.build/Objects-normal/arm64/OCCTSwift.SwiftConstValuesFileList
WriteAuxiliaryFile /Users/admin/builder/spi-builder-workspace/.derivedData/Build/Intermediates.noindex/OCCTSwift.build/Debug-iphoneos/OCCTSwift.build/OCCTSwift.modulemap (in target 'OCCTSwift' from project 'OCCTSwift')
cd /Users/admin/builder/spi-builder-workspace/.dependencies/checkouts/OCCTSwift
write-file /Users/admin/builder/spi-builder-workspace/.derivedData/Build/Intermediates.noindex/OCCTSwift.build/Debug-iphoneos/OCCTSwift.build/OCCTSwift.modulemap
WriteAuxiliaryFile /Users/admin/builder/spi-builder-workspace/.derivedData/Build/Intermediates.noindex/OCCTSwift.build/Debug-iphoneos/OCCTSwift.build/OCCTSwift.DependencyStaticMetadataFileList (in target 'OCCTSwift' from project 'OCCTSwift')
cd /Users/admin/builder/spi-builder-workspace/.dependencies/checkouts/OCCTSwift
write-file /Users/admin/builder/spi-builder-workspace/.derivedData/Build/Intermediates.noindex/OCCTSwift.build/Debug-iphoneos/OCCTSwift.build/OCCTSwift.DependencyStaticMetadataFileList
WriteAuxiliaryFile /Users/admin/builder/spi-builder-workspace/.derivedData/Build/Intermediates.noindex/OCCTSwift.build/Debug-iphoneos/OCCTSwift.build/OCCTSwift.DependencyMetadataFileList (in target 'OCCTSwift' from project 'OCCTSwift')
cd /Users/admin/builder/spi-builder-workspace/.dependencies/checkouts/OCCTSwift
write-file /Users/admin/builder/spi-builder-workspace/.derivedData/Build/Intermediates.noindex/OCCTSwift.build/Debug-iphoneos/OCCTSwift.build/OCCTSwift.DependencyMetadataFileList
WriteAuxiliaryFile /Users/admin/builder/spi-builder-workspace/.derivedData/Build/Intermediates.noindex/OCCTSwiftScripts.build/Debug-iphoneos/GraphValidate.build/Objects-normal/arm64/GraphValidate_const_extract_protocols.json (in target 'GraphValidate' from project 'OCCTSwiftScripts')
cd /Users/admin/builder/spi-builder-workspace
write-file /Users/admin/builder/spi-builder-workspace/.derivedData/Build/Intermediates.noindex/OCCTSwiftScripts.build/Debug-iphoneos/GraphValidate.build/Objects-normal/arm64/GraphValidate_const_extract_protocols.json
WriteAuxiliaryFile /Users/admin/builder/spi-builder-workspace/.derivedData/Build/Intermediates.noindex/OCCTSwiftScripts.build/Debug-iphoneos/GraphValidate.build/Objects-normal/arm64/GraphValidate.SwiftFileList (in target 'GraphValidate' from project 'OCCTSwiftScripts')
cd /Users/admin/builder/spi-builder-workspace
write-file /Users/admin/builder/spi-builder-workspace/.derivedData/Build/Intermediates.noindex/OCCTSwiftScripts.build/Debug-iphoneos/GraphValidate.build/Objects-normal/arm64/GraphValidate.SwiftFileList
WriteAuxiliaryFile /Users/admin/builder/spi-builder-workspace/.derivedData/Build/Intermediates.noindex/OCCTSwiftScripts.build/Debug-iphoneos/GraphValidate.build/Objects-normal/arm64/GraphValidate.LinkFileList (in target 'GraphValidate' from project 'OCCTSwiftScripts')
cd /Users/admin/builder/spi-builder-workspace
write-file /Users/admin/builder/spi-builder-workspace/.derivedData/Build/Intermediates.noindex/OCCTSwiftScripts.build/Debug-iphoneos/GraphValidate.build/Objects-normal/arm64/GraphValidate.LinkFileList
WriteAuxiliaryFile /Users/admin/builder/spi-builder-workspace/.derivedData/Build/Intermediates.noindex/OCCTSwiftScripts.build/Debug-iphoneos/GraphValidate.build/Objects-normal/arm64/GraphValidate-OutputFileMap.json (in target 'GraphValidate' from project 'OCCTSwiftScripts')
cd /Users/admin/builder/spi-builder-workspace
write-file /Users/admin/builder/spi-builder-workspace/.derivedData/Build/Intermediates.noindex/OCCTSwiftScripts.build/Debug-iphoneos/GraphValidate.build/Objects-normal/arm64/GraphValidate-OutputFileMap.json
WriteAuxiliaryFile /Users/admin/builder/spi-builder-workspace/.derivedData/Build/Intermediates.noindex/OCCTSwiftScripts.build/Debug-iphoneos/GraphValidate.build/GraphValidate.DependencyStaticMetadataFileList (in target 'GraphValidate' from project 'OCCTSwiftScripts')
cd /Users/admin/builder/spi-builder-workspace
write-file /Users/admin/builder/spi-builder-workspace/.derivedData/Build/Intermediates.noindex/OCCTSwiftScripts.build/Debug-iphoneos/GraphValidate.build/GraphValidate.DependencyStaticMetadataFileList
WriteAuxiliaryFile /Users/admin/builder/spi-builder-workspace/.derivedData/Build/Intermediates.noindex/OCCTSwiftScripts.build/Debug-iphoneos/GraphValidate.build/GraphValidate.DependencyMetadataFileList (in target 'GraphValidate' from project 'OCCTSwiftScripts')
cd /Users/admin/builder/spi-builder-workspace
write-file /Users/admin/builder/spi-builder-workspace/.derivedData/Build/Intermediates.noindex/OCCTSwiftScripts.build/Debug-iphoneos/GraphValidate.build/GraphValidate.DependencyMetadataFileList
WriteAuxiliaryFile /Users/admin/builder/spi-builder-workspace/.derivedData/Build/Intermediates.noindex/OCCTSwiftScripts.build/Debug-iphoneos/GraphQuery.build/Objects-normal/arm64/GraphQuery.LinkFileList (in target 'GraphQuery' from project 'OCCTSwiftScripts')
cd /Users/admin/builder/spi-builder-workspace
write-file /Users/admin/builder/spi-builder-workspace/.derivedData/Build/Intermediates.noindex/OCCTSwiftScripts.build/Debug-iphoneos/GraphQuery.build/Objects-normal/arm64/GraphQuery.LinkFileList
Copy /Users/admin/builder/spi-builder-workspace/.derivedData/Build/Intermediates.noindex/GeneratedModuleMaps-iphoneos/OCCTSwift.modulemap /Users/admin/builder/spi-builder-workspace/.derivedData/Build/Intermediates.noindex/OCCTSwift.build/Debug-iphoneos/OCCTSwift.build/OCCTSwift.modulemap (in target 'OCCTSwift' from project 'OCCTSwift')
cd /Users/admin/builder/spi-builder-workspace/.dependencies/checkouts/OCCTSwift
builtin-copy -exclude .DS_Store -exclude CVS -exclude .svn -exclude .git -exclude .hg -resolve-src-symlinks /Users/admin/builder/spi-builder-workspace/.derivedData/Build/Intermediates.noindex/OCCTSwift.build/Debug-iphoneos/OCCTSwift.build/OCCTSwift.modulemap /Users/admin/builder/spi-builder-workspace/.derivedData/Build/Intermediates.noindex/GeneratedModuleMaps-iphoneos
WriteAuxiliaryFile /Users/admin/builder/spi-builder-workspace/.derivedData/Build/Intermediates.noindex/OCCTSwiftScripts.build/Debug-iphoneos/GraphML.build/Objects-normal/arm64/GraphML_const_extract_protocols.json (in target 'GraphML' from project 'OCCTSwiftScripts')
cd /Users/admin/builder/spi-builder-workspace
write-file /Users/admin/builder/spi-builder-workspace/.derivedData/Build/Intermediates.noindex/OCCTSwiftScripts.build/Debug-iphoneos/GraphML.build/Objects-normal/arm64/GraphML_const_extract_protocols.json
WriteAuxiliaryFile /Users/admin/builder/spi-builder-workspace/.derivedData/Build/Intermediates.noindex/OCCTSwiftScripts.build/Debug-iphoneos/GraphML.build/Objects-normal/arm64/GraphML.SwiftFileList (in target 'GraphML' from project 'OCCTSwiftScripts')
cd /Users/admin/builder/spi-builder-workspace
write-file /Users/admin/builder/spi-builder-workspace/.derivedData/Build/Intermediates.noindex/OCCTSwiftScripts.build/Debug-iphoneos/GraphML.build/Objects-normal/arm64/GraphML.SwiftFileList
WriteAuxiliaryFile /Users/admin/builder/spi-builder-workspace/.derivedData/Build/Intermediates.noindex/OCCTSwiftScripts.build/Debug-iphoneos/GraphML.build/Objects-normal/arm64/GraphML.LinkFileList (in target 'GraphML' from project 'OCCTSwiftScripts')
cd /Users/admin/builder/spi-builder-workspace
write-file /Users/admin/builder/spi-builder-workspace/.derivedData/Build/Intermediates.noindex/OCCTSwiftScripts.build/Debug-iphoneos/GraphML.build/Objects-normal/arm64/GraphML.LinkFileList
WriteAuxiliaryFile /Users/admin/builder/spi-builder-workspace/.derivedData/Build/Intermediates.noindex/OCCTSwiftScripts.build/Debug-iphoneos/GraphML.build/Objects-normal/arm64/GraphML-OutputFileMap.json (in target 'GraphML' from project 'OCCTSwiftScripts')
cd /Users/admin/builder/spi-builder-workspace
write-file /Users/admin/builder/spi-builder-workspace/.derivedData/Build/Intermediates.noindex/OCCTSwiftScripts.build/Debug-iphoneos/GraphML.build/Objects-normal/arm64/GraphML-OutputFileMap.json
WriteAuxiliaryFile /Users/admin/builder/spi-builder-workspace/.derivedData/Build/Intermediates.noindex/OCCTSwiftScripts.build/Debug-iphoneos/GraphML.build/GraphML.DependencyStaticMetadataFileList (in target 'GraphML' from project 'OCCTSwiftScripts')
cd /Users/admin/builder/spi-builder-workspace
write-file /Users/admin/builder/spi-builder-workspace/.derivedData/Build/Intermediates.noindex/OCCTSwiftScripts.build/Debug-iphoneos/GraphML.build/GraphML.DependencyStaticMetadataFileList
WriteAuxiliaryFile /Users/admin/builder/spi-builder-workspace/.derivedData/Build/Intermediates.noindex/OCCTSwiftScripts.build/Debug-iphoneos/GraphML.build/GraphML.DependencyMetadataFileList (in target 'GraphML' from project 'OCCTSwiftScripts')
cd /Users/admin/builder/spi-builder-workspace
write-file /Users/admin/builder/spi-builder-workspace/.derivedData/Build/Intermediates.noindex/OCCTSwiftScripts.build/Debug-iphoneos/GraphML.build/GraphML.DependencyMetadataFileList
WriteAuxiliaryFile /Users/admin/builder/spi-builder-workspace/.derivedData/Build/Intermediates.noindex/OCCTSwiftScripts.build/Debug-iphoneos/GraphDedup.build/Objects-normal/arm64/GraphDedup_const_extract_protocols.json (in target 'GraphDedup' from project 'OCCTSwiftScripts')
cd /Users/admin/builder/spi-builder-workspace
write-file /Users/admin/builder/spi-builder-workspace/.derivedData/Build/Intermediates.noindex/OCCTSwiftScripts.build/Debug-iphoneos/GraphDedup.build/Objects-normal/arm64/GraphDedup_const_extract_protocols.json
WriteAuxiliaryFile /Users/admin/builder/spi-builder-workspace/.derivedData/Build/Intermediates.noindex/OCCTSwiftScripts.build/Debug-iphoneos/GraphDedup.build/Objects-normal/arm64/GraphDedup.SwiftFileList (in target 'GraphDedup' from project 'OCCTSwiftScripts')
cd /Users/admin/builder/spi-builder-workspace
write-file /Users/admin/builder/spi-builder-workspace/.derivedData/Build/Intermediates.noindex/OCCTSwiftScripts.build/Debug-iphoneos/GraphDedup.build/Objects-normal/arm64/GraphDedup.SwiftFileList
WriteAuxiliaryFile /Users/admin/builder/spi-builder-workspace/.derivedData/Build/Intermediates.noindex/OCCTSwiftScripts.build/Debug-iphoneos/GraphDedup.build/Objects-normal/arm64/GraphDedup.LinkFileList (in target 'GraphDedup' from project 'OCCTSwiftScripts')
cd /Users/admin/builder/spi-builder-workspace
write-file /Users/admin/builder/spi-builder-workspace/.derivedData/Build/Intermediates.noindex/OCCTSwiftScripts.build/Debug-iphoneos/GraphDedup.build/Objects-normal/arm64/GraphDedup.LinkFileList
WriteAuxiliaryFile /Users/admin/builder/spi-builder-workspace/.derivedData/Build/Intermediates.noindex/OCCTSwiftScripts.build/Debug-iphoneos/GraphDedup.build/Objects-normal/arm64/GraphDedup-OutputFileMap.json (in target 'GraphDedup' from project 'OCCTSwiftScripts')
cd /Users/admin/builder/spi-builder-workspace
write-file /Users/admin/builder/spi-builder-workspace/.derivedData/Build/Intermediates.noindex/OCCTSwiftScripts.build/Debug-iphoneos/GraphDedup.build/Objects-normal/arm64/GraphDedup-OutputFileMap.json
WriteAuxiliaryFile /Users/admin/builder/spi-builder-workspace/.derivedData/Build/Intermediates.noindex/OCCTSwiftScripts.build/Debug-iphoneos/GraphDedup.build/GraphDedup.DependencyStaticMetadataFileList (in target 'GraphDedup' from project 'OCCTSwiftScripts')
cd /Users/admin/builder/spi-builder-workspace
write-file /Users/admin/builder/spi-builder-workspace/.derivedData/Build/Intermediates.noindex/OCCTSwiftScripts.build/Debug-iphoneos/GraphDedup.build/GraphDedup.DependencyStaticMetadataFileList
WriteAuxiliaryFile /Users/admin/builder/spi-builder-workspace/.derivedData/Build/Intermediates.noindex/OCCTSwiftScripts.build/Debug-iphoneos/GraphDedup.build/GraphDedup.DependencyMetadataFileList (in target 'GraphDedup' from project 'OCCTSwiftScripts')
cd /Users/admin/builder/spi-builder-workspace
write-file /Users/admin/builder/spi-builder-workspace/.derivedData/Build/Intermediates.noindex/OCCTSwiftScripts.build/Debug-iphoneos/GraphDedup.build/GraphDedup.DependencyMetadataFileList
WriteAuxiliaryFile /Users/admin/builder/spi-builder-workspace/.derivedData/Build/Intermediates.noindex/OCCTSwiftScripts.build/Debug-iphoneos/GraphCompact.build/Objects-normal/arm64/GraphCompact_const_extract_protocols.json (in target 'GraphCompact' from project 'OCCTSwiftScripts')
cd /Users/admin/builder/spi-builder-workspace
write-file /Users/admin/builder/spi-builder-workspace/.derivedData/Build/Intermediates.noindex/OCCTSwiftScripts.build/Debug-iphoneos/GraphCompact.build/Objects-normal/arm64/GraphCompact_const_extract_protocols.json
WriteAuxiliaryFile /Users/admin/builder/spi-builder-workspace/.derivedData/Build/Intermediates.noindex/OCCTSwiftScripts.build/Debug-iphoneos/GraphCompact.build/Objects-normal/arm64/GraphCompact.SwiftFileList (in target 'GraphCompact' from project 'OCCTSwiftScripts')
cd /Users/admin/builder/spi-builder-workspace
write-file /Users/admin/builder/spi-builder-workspace/.derivedData/Build/Intermediates.noindex/OCCTSwiftScripts.build/Debug-iphoneos/GraphCompact.build/Objects-normal/arm64/GraphCompact.SwiftFileList
WriteAuxiliaryFile /Users/admin/builder/spi-builder-workspace/.derivedData/Build/Intermediates.noindex/OCCTSwiftScripts.build/Debug-iphoneos/GraphCompact.build/Objects-normal/arm64/GraphCompact.LinkFileList (in target 'GraphCompact' from project 'OCCTSwiftScripts')
cd /Users/admin/builder/spi-builder-workspace
write-file /Users/admin/builder/spi-builder-workspace/.derivedData/Build/Intermediates.noindex/OCCTSwiftScripts.build/Debug-iphoneos/GraphCompact.build/Objects-normal/arm64/GraphCompact.LinkFileList
WriteAuxiliaryFile /Users/admin/builder/spi-builder-workspace/.derivedData/Build/Intermediates.noindex/OCCTSwiftScripts.build/Debug-iphoneos/GraphCompact.build/Objects-normal/arm64/GraphCompact-OutputFileMap.json (in target 'GraphCompact' from project 'OCCTSwiftScripts')
cd /Users/admin/builder/spi-builder-workspace
write-file /Users/admin/builder/spi-builder-workspace/.derivedData/Build/Intermediates.noindex/OCCTSwiftScripts.build/Debug-iphoneos/GraphCompact.build/Objects-normal/arm64/GraphCompact-OutputFileMap.json
WriteAuxiliaryFile /Users/admin/builder/spi-builder-workspace/.derivedData/Build/Intermediates.noindex/OCCTSwiftScripts.build/Debug-iphoneos/GraphCompact.build/GraphCompact.DependencyStaticMetadataFileList (in target 'GraphCompact' from project 'OCCTSwiftScripts')
cd /Users/admin/builder/spi-builder-workspace
write-file /Users/admin/builder/spi-builder-workspace/.derivedData/Build/Intermediates.noindex/OCCTSwiftScripts.build/Debug-iphoneos/GraphCompact.build/GraphCompact.DependencyStaticMetadataFileList
WriteAuxiliaryFile /Users/admin/builder/spi-builder-workspace/.derivedData/Build/Intermediates.noindex/OCCTSwiftScripts.build/Debug-iphoneos/GraphCompact.build/GraphCompact.DependencyMetadataFileList (in target 'GraphCompact' from project 'OCCTSwiftScripts')
cd /Users/admin/builder/spi-builder-workspace
write-file /Users/admin/builder/spi-builder-workspace/.derivedData/Build/Intermediates.noindex/OCCTSwiftScripts.build/Debug-iphoneos/GraphCompact.build/GraphCompact.DependencyMetadataFileList
WriteAuxiliaryFile /Users/admin/builder/spi-builder-workspace/.derivedData/Build/Intermediates.noindex/OCCTSwiftScripts.build/Debug-iphoneos/FeatureRecognize.build/Objects-normal/arm64/FeatureRecognize-OutputFileMap.json (in target 'FeatureRecognize' from project 'OCCTSwiftScripts')
cd /Users/admin/builder/spi-builder-workspace
write-file /Users/admin/builder/spi-builder-workspace/.derivedData/Build/Intermediates.noindex/OCCTSwiftScripts.build/Debug-iphoneos/FeatureRecognize.build/Objects-normal/arm64/FeatureRecognize-OutputFileMap.json
WriteAuxiliaryFile /Users/admin/builder/spi-builder-workspace/.derivedData/Build/Intermediates.noindex/OCCTSwiftScripts.build/Debug-iphoneos/FeatureRecognize.build/Objects-normal/arm64/FeatureRecognize.SwiftFileList (in target 'FeatureRecognize' from project 'OCCTSwiftScripts')
cd /Users/admin/builder/spi-builder-workspace
write-file /Users/admin/builder/spi-builder-workspace/.derivedData/Build/Intermediates.noindex/OCCTSwiftScripts.build/Debug-iphoneos/FeatureRecognize.build/Objects-normal/arm64/FeatureRecognize.SwiftFileList
WriteAuxiliaryFile /Users/admin/builder/spi-builder-workspace/.derivedData/Build/Intermediates.noindex/OCCTSwiftScripts.build/Debug-iphoneos/FeatureRecognize.build/Objects-normal/arm64/FeatureRecognize.LinkFileList (in target 'FeatureRecognize' from project 'OCCTSwiftScripts')
cd /Users/admin/builder/spi-builder-workspace
write-file /Users/admin/builder/spi-builder-workspace/.derivedData/Build/Intermediates.noindex/OCCTSwiftScripts.build/Debug-iphoneos/FeatureRecognize.build/Objects-normal/arm64/FeatureRecognize.LinkFileList
WriteAuxiliaryFile /Users/admin/builder/spi-builder-workspace/.derivedData/Build/Intermediates.noindex/OCCTSwiftScripts.build/Debug-iphoneos/FeatureRecognize.build/Objects-normal/arm64/FeatureRecognize_const_extract_protocols.json (in target 'FeatureRecognize' from project 'OCCTSwiftScripts')
cd /Users/admin/builder/spi-builder-workspace
write-file /Users/admin/builder/spi-builder-workspace/.derivedData/Build/Intermediates.noindex/OCCTSwiftScripts.build/Debug-iphoneos/FeatureRecognize.build/Objects-normal/arm64/FeatureRecognize_const_extract_protocols.json
WriteAuxiliaryFile /Users/admin/builder/spi-builder-workspace/.derivedData/Build/Intermediates.noindex/OCCTSwiftScripts.build/Debug-iphoneos/FeatureRecognize.build/FeatureRecognize.DependencyStaticMetadataFileList (in target 'FeatureRecognize' from project 'OCCTSwiftScripts')
cd /Users/admin/builder/spi-builder-workspace
write-file /Users/admin/builder/spi-builder-workspace/.derivedData/Build/Intermediates.noindex/OCCTSwiftScripts.build/Debug-iphoneos/FeatureRecognize.build/FeatureRecognize.DependencyStaticMetadataFileList
WriteAuxiliaryFile /Users/admin/builder/spi-builder-workspace/.derivedData/Build/Intermediates.noindex/OCCTSwiftScripts.build/Debug-iphoneos/FeatureRecognize.build/FeatureRecognize.DependencyMetadataFileList (in target 'FeatureRecognize' from project 'OCCTSwiftScripts')
cd /Users/admin/builder/spi-builder-workspace
write-file /Users/admin/builder/spi-builder-workspace/.derivedData/Build/Intermediates.noindex/OCCTSwiftScripts.build/Debug-iphoneos/FeatureRecognize.build/FeatureRecognize.DependencyMetadataFileList
RegisterExecutionPolicyException /Users/admin/builder/spi-builder-workspace/.derivedData/Build/Products/Debug-iphoneos/OCCTSwiftViewport_OCCTSwiftViewport.bundle (in target 'OCCTSwiftViewport_OCCTSwiftViewport' from project 'OCCTSwiftViewport')
cd /Users/admin/builder/spi-builder-workspace/.dependencies/checkouts/OCCTSwiftViewport
builtin-RegisterExecutionPolicyException /Users/admin/builder/spi-builder-workspace/.derivedData/Build/Products/Debug-iphoneos/OCCTSwiftViewport_OCCTSwiftViewport.bundle
Touch /Users/admin/builder/spi-builder-workspace/.derivedData/Build/Products/Debug-iphoneos/OCCTSwiftViewport_OCCTSwiftViewport.bundle (in target 'OCCTSwiftViewport_OCCTSwiftViewport' from project 'OCCTSwiftViewport')
cd /Users/admin/builder/spi-builder-workspace/.dependencies/checkouts/OCCTSwiftViewport
/usr/bin/touch -c /Users/admin/builder/spi-builder-workspace/.derivedData/Build/Products/Debug-iphoneos/OCCTSwiftViewport_OCCTSwiftViewport.bundle
CompileC /Users/admin/builder/spi-builder-workspace/.derivedData/Build/Intermediates.noindex/OCCTSwift.build/Debug-iphoneos/OCCTBridge.build/Objects-normal/arm64/OCCTBridge_Visualization.o /Users/admin/builder/spi-builder-workspace/.dependencies/checkouts/OCCTSwift/Sources/OCCTBridge/src/OCCTBridge_Visualization.mm normal arm64 objective-c++ com.apple.compilers.llvm.clang.1_0.compiler (in target 'OCCTBridge' from project 'OCCTSwift')
cd /Users/admin/builder/spi-builder-workspace/.swiftpm/xcode
Using response file: /Users/admin/builder/spi-builder-workspace/.derivedData/Build/Intermediates.noindex/OCCTSwift.build/Debug-iphoneos/OCCTBridge.build/Objects-normal/arm64/af3fcb34312c57c0f52879cdce924b91-common-args.resp
/Applications/Xcode-26.3.0.app/Contents/Developer/Toolchains/XcodeDefault.xctoolchain/usr/bin/clang -x objective-c++ -ivfsstatcache /Users/admin/builder/spi-builder-workspace/.derivedData/SDKStatCaches.noindex/iphoneos26.2-23C57-dc75598d0054f22ec865fa860f139d7288450c32e1b53ef065a99acc3d9992c6.sdkstatcache -fmessage-length\=0 -fdiagnostics-show-note-include-stack -fmacro-backtrace-limit\=0 -fno-color-diagnostics -fmodules-prune-interval\=86400 -fmodules-prune-after\=345600 -fbuild-session-file\=/Users/admin/builder/spi-builder-workspace/.derivedData/ModuleCache.noindex/Session.modulevalidation -fmodules-validate-once-per-build-session -Wnon-modular-include-in-framework-module -Werror\=non-modular-include-in-framework-module -Wno-trigraphs -Wno-missing-field-initializers -Wno-missing-prototypes -Wno-return-type -Wno-implicit-atomic-properties -Wno-objc-interface-ivars -Wno-arc-repeated-use-of-weak -Wno-non-virtual-dtor -Wno-overloaded-virtual -Wno-exit-time-destructors -Wno-missing-braces -Wparentheses -Wswitch -Wno-unused-function -Wno-unused-label -Wno-unused-parameter -Wno-unused-variable -Wunused-value -Wno-empty-body -Wno-uninitialized -Wno-unknown-pragmas -w -Wno-shadow -Wno-four-char-constants -Wno-conversion -Wno-constant-conversion -Wno-int-conversion -Wno-bool-conversion -Wno-enum-conversion -Wno-float-conversion -Wno-non-literal-null-conversion -Wno-objc-literal-conversion -Wshorten-64-to-32 -Wno-newline-eof -Wno-selector -Wno-strict-selector-match -Wno-undeclared-selector -Wno-deprecated-implementations -Wno-c++11-extensions -Wno-implicit-fallthrough -fstrict-aliasing -Wprotocol -Wdeprecated-declarations -Winvalid-offsetof -Wno-sign-conversion -Wno-infinite-recursion -Wno-move -Wno-comma -Wno-block-capture-autoreleasing -Wno-strict-prototypes -Wno-range-loop-analysis -Wno-semicolon-before-method-body -index-store-path /Users/admin/builder/spi-builder-workspace/.derivedData/Index.noindex/DataStore @/Users/admin/builder/spi-builder-workspace/.derivedData/Build/Intermediates.noindex/OCCTSwift.build/Debug-iphoneos/OCCTBridge.build/Objects-normal/arm64/af3fcb34312c57c0f52879cdce924b91-common-args.resp -MMD -MT dependencies -MF /Users/admin/builder/spi-builder-workspace/.derivedData/Build/Intermediates.noindex/OCCTSwift.build/Debug-iphoneos/OCCTBridge.build/Objects-normal/arm64/OCCTBridge_Visualization.d --serialize-diagnostics /Users/admin/builder/spi-builder-workspace/.derivedData/Build/Intermediates.noindex/OCCTSwift.build/Debug-iphoneos/OCCTBridge.build/Objects-normal/arm64/OCCTBridge_Visualization.dia -c /Users/admin/builder/spi-builder-workspace/.dependencies/checkouts/OCCTSwift/Sources/OCCTBridge/src/OCCTBridge_Visualization.mm -o /Users/admin/builder/spi-builder-workspace/.derivedData/Build/Intermediates.noindex/OCCTSwift.build/Debug-iphoneos/OCCTBridge.build/Objects-normal/arm64/OCCTBridge_Visualization.o -index-unit-output-path /OCCTSwift.build/Debug-iphoneos/OCCTBridge.build/Objects-normal/arm64/OCCTBridge_Visualization.o
CompileC /Users/admin/builder/spi-builder-workspace/.derivedData/Build/Intermediates.noindex/OCCTSwift.build/Debug-iphoneos/OCCTBridge.build/Objects-normal/arm64/OCCTBridge_Topology.o /Users/admin/builder/spi-builder-workspace/.dependencies/checkouts/OCCTSwift/Sources/OCCTBridge/src/OCCTBridge_Topology.mm normal arm64 objective-c++ com.apple.compilers.llvm.clang.1_0.compiler (in target 'OCCTBridge' from project 'OCCTSwift')
cd /Users/admin/builder/spi-builder-workspace/.swiftpm/xcode
Using response file: /Users/admin/builder/spi-builder-workspace/.derivedData/Build/Intermediates.noindex/OCCTSwift.build/Debug-iphoneos/OCCTBridge.build/Objects-normal/arm64/af3fcb34312c57c0f52879cdce924b91-common-args.resp
/Applications/Xcode-26.3.0.app/Contents/Developer/Toolchains/XcodeDefault.xctoolchain/usr/bin/clang -x objective-c++ -ivfsstatcache /Users/admin/builder/spi-builder-workspace/.derivedData/SDKStatCaches.noindex/iphoneos26.2-23C57-dc75598d0054f22ec865fa860f139d7288450c32e1b53ef065a99acc3d9992c6.sdkstatcache -fmessage-length\=0 -fdiagnostics-show-note-include-stack -fmacro-backtrace-limit\=0 -fno-color-diagnostics -fmodules-prune-interval\=86400 -fmodules-prune-after\=345600 -fbuild-session-file\=/Users/admin/builder/spi-builder-workspace/.derivedData/ModuleCache.noindex/Session.modulevalidation -fmodules-validate-once-per-build-session -Wnon-modular-include-in-framework-module -Werror\=non-modular-include-in-framework-module -Wno-trigraphs -Wno-missing-field-initializers -Wno-missing-prototypes -Wno-return-type -Wno-implicit-atomic-properties -Wno-objc-interface-ivars -Wno-arc-repeated-use-of-weak -Wno-non-virtual-dtor -Wno-overloaded-virtual -Wno-exit-time-destructors -Wno-missing-braces -Wparentheses -Wswitch -Wno-unused-function -Wno-unused-label -Wno-unused-parameter -Wno-unused-variable -Wunused-value -Wno-empty-body -Wno-uninitialized -Wno-unknown-pragmas -w -Wno-shadow -Wno-four-char-constants -Wno-conversion -Wno-constant-conversion -Wno-int-conversion -Wno-bool-conversion -Wno-enum-conversion -Wno-float-conversion -Wno-non-literal-null-conversion -Wno-objc-literal-conversion -Wshorten-64-to-32 -Wno-newline-eof -Wno-selector -Wno-strict-selector-match -Wno-undeclared-selector -Wno-deprecated-implementations -Wno-c++11-extensions -Wno-implicit-fallthrough -fstrict-aliasing -Wprotocol -Wdeprecated-declarations -Winvalid-offsetof -Wno-sign-conversion -Wno-infinite-recursion -Wno-move -Wno-comma -Wno-block-capture-autoreleasing -Wno-strict-prototypes -Wno-range-loop-analysis -Wno-semicolon-before-method-body -index-store-path /Users/admin/builder/spi-builder-workspace/.derivedData/Index.noindex/DataStore @/Users/admin/builder/spi-builder-workspace/.derivedData/Build/Intermediates.noindex/OCCTSwift.build/Debug-iphoneos/OCCTBridge.build/Objects-normal/arm64/af3fcb34312c57c0f52879cdce924b91-common-args.resp -MMD -MT dependencies -MF /Users/admin/builder/spi-builder-workspace/.derivedData/Build/Intermediates.noindex/OCCTSwift.build/Debug-iphoneos/OCCTBridge.build/Objects-normal/arm64/OCCTBridge_Topology.d --serialize-diagnostics /Users/admin/builder/spi-builder-workspace/.derivedData/Build/Intermediates.noindex/OCCTSwift.build/Debug-iphoneos/OCCTBridge.build/Objects-normal/arm64/OCCTBridge_Topology.dia -c /Users/admin/builder/spi-builder-workspace/.dependencies/checkouts/OCCTSwift/Sources/OCCTBridge/src/OCCTBridge_Topology.mm -o /Users/admin/builder/spi-builder-workspace/.derivedData/Build/Intermediates.noindex/OCCTSwift.build/Debug-iphoneos/OCCTBridge.build/Objects-normal/arm64/OCCTBridge_Topology.o -index-unit-output-path /OCCTSwift.build/Debug-iphoneos/OCCTBridge.build/Objects-normal/arm64/OCCTBridge_Topology.o
CompileC /Users/admin/builder/spi-builder-workspace/.derivedData/Build/Intermediates.noindex/OCCTSwift.build/Debug-iphoneos/OCCTBridge.build/Objects-normal/arm64/OCCTBridge_Spatial.o /Users/admin/builder/spi-builder-workspace/.dependencies/checkouts/OCCTSwift/Sources/OCCTBridge/src/OCCTBridge_Spatial.mm normal arm64 objective-c++ com.apple.compilers.llvm.clang.1_0.compiler (in target 'OCCTBridge' from project 'OCCTSwift')
cd /Users/admin/builder/spi-builder-workspace/.swiftpm/xcode
Using response file: /Users/admin/builder/spi-builder-workspace/.derivedData/Build/Intermediates.noindex/OCCTSwift.build/Debug-iphoneos/OCCTBridge.build/Objects-normal/arm64/af3fcb34312c57c0f52879cdce924b91-common-args.resp
/Applications/Xcode-26.3.0.app/Contents/Developer/Toolchains/XcodeDefault.xctoolchain/usr/bin/clang -x objective-c++ -ivfsstatcache /Users/admin/builder/spi-builder-workspace/.derivedData/SDKStatCaches.noindex/iphoneos26.2-23C57-dc75598d0054f22ec865fa860f139d7288450c32e1b53ef065a99acc3d9992c6.sdkstatcache -fmessage-length\=0 -fdiagnostics-show-note-include-stack -fmacro-backtrace-limit\=0 -fno-color-diagnostics -fmodules-prune-interval\=86400 -fmodules-prune-after\=345600 -fbuild-session-file\=/Users/admin/builder/spi-builder-workspace/.derivedData/ModuleCache.noindex/Session.modulevalidation -fmodules-validate-once-per-build-session -Wnon-modular-include-in-framework-module -Werror\=non-modular-include-in-framework-module -Wno-trigraphs -Wno-missing-field-initializers -Wno-missing-prototypes -Wno-return-type -Wno-implicit-atomic-properties -Wno-objc-interface-ivars -Wno-arc-repeated-use-of-weak -Wno-non-virtual-dtor -Wno-overloaded-virtual -Wno-exit-time-destructors -Wno-missing-braces -Wparentheses -Wswitch -Wno-unused-function -Wno-unused-label -Wno-unused-parameter -Wno-unused-variable -Wunused-value -Wno-empty-body -Wno-uninitialized -Wno-unknown-pragmas -w -Wno-shadow -Wno-four-char-constants -Wno-conversion -Wno-constant-conversion -Wno-int-conversion -Wno-bool-conversion -Wno-enum-conversion -Wno-float-conversion -Wno-non-literal-null-conversion -Wno-objc-literal-conversion -Wshorten-64-to-32 -Wno-newline-eof -Wno-selector -Wno-strict-selector-match -Wno-undeclared-selector -Wno-deprecated-implementations -Wno-c++11-extensions -Wno-implicit-fallthrough -fstrict-aliasing -Wprotocol -Wdeprecated-declarations -Winvalid-offsetof -Wno-sign-conversion -Wno-infinite-recursion -Wno-move -Wno-comma -Wno-block-capture-autoreleasing -Wno-strict-prototypes -Wno-range-loop-analysis -Wno-semicolon-before-method-body -index-store-path /Users/admin/builder/spi-builder-workspace/.derivedData/Index.noindex/DataStore @/Users/admin/builder/spi-builder-workspace/.derivedData/Build/Intermediates.noindex/OCCTSwift.build/Debug-iphoneos/OCCTBridge.build/Objects-normal/arm64/af3fcb34312c57c0f52879cdce924b91-common-args.resp -MMD -MT dependencies -MF /Users/admin/builder/spi-builder-workspace/.derivedData/Build/Intermediates.noindex/OCCTSwift.build/Debug-iphoneos/OCCTBridge.build/Objects-normal/arm64/OCCTBridge_Spatial.d --serialize-diagnostics /Users/admin/builder/spi-builder-workspace/.derivedData/Build/Intermediates.noindex/OCCTSwift.build/Debug-iphoneos/OCCTBridge.build/Objects-normal/arm64/OCCTBridge_Spatial.dia -c /Users/admin/builder/spi-builder-workspace/.dependencies/checkouts/OCCTSwift/Sources/OCCTBridge/src/OCCTBridge_Spatial.mm -o /Users/admin/builder/spi-builder-workspace/.derivedData/Build/Intermediates.noindex/OCCTSwift.build/Debug-iphoneos/OCCTBridge.build/Objects-normal/arm64/OCCTBridge_Spatial.o -index-unit-output-path /OCCTSwift.build/Debug-iphoneos/OCCTBridge.build/Objects-normal/arm64/OCCTBridge_Spatial.o
CompileC /Users/admin/builder/spi-builder-workspace/.derivedData/Build/Intermediates.noindex/OCCTSwift.build/Debug-iphoneos/OCCTBridge.build/Objects-normal/arm64/OCCTBridge_Surface.o /Users/admin/builder/spi-builder-workspace/.dependencies/checkouts/OCCTSwift/Sources/OCCTBridge/src/OCCTBridge_Surface.mm normal arm64 objective-c++ com.apple.compilers.llvm.clang.1_0.compiler (in target 'OCCTBridge' from project 'OCCTSwift')
cd /Users/admin/builder/spi-builder-workspace/.swiftpm/xcode
Using response file: /Users/admin/builder/spi-builder-workspace/.derivedData/Build/Intermediates.noindex/OCCTSwift.build/Debug-iphoneos/OCCTBridge.build/Objects-normal/arm64/af3fcb34312c57c0f52879cdce924b91-common-args.resp
/Applications/Xcode-26.3.0.app/Contents/Developer/Toolchains/XcodeDefault.xctoolchain/usr/bin/clang -x objective-c++ -ivfsstatcache /Users/admin/builder/spi-builder-workspace/.derivedData/SDKStatCaches.noindex/iphoneos26.2-23C57-dc75598d0054f22ec865fa860f139d7288450c32e1b53ef065a99acc3d9992c6.sdkstatcache -fmessage-length\=0 -fdiagnostics-show-note-include-stack -fmacro-backtrace-limit\=0 -fno-color-diagnostics -fmodules-prune-interval\=86400 -fmodules-prune-after\=345600 -fbuild-session-file\=/Users/admin/builder/spi-builder-workspace/.derivedData/ModuleCache.noindex/Session.modulevalidation -fmodules-validate-once-per-build-session -Wnon-modular-include-in-framework-module -Werror\=non-modular-include-in-framework-module -Wno-trigraphs -Wno-missing-field-initializers -Wno-missing-prototypes -Wno-return-type -Wno-implicit-atomic-properties -Wno-objc-interface-ivars -Wno-arc-repeated-use-of-weak -Wno-non-virtual-dtor -Wno-overloaded-virtual -Wno-exit-time-destructors -Wno-missing-braces -Wparentheses -Wswitch -Wno-unused-function -Wno-unused-label -Wno-unused-parameter -Wno-unused-variable -Wunused-value -Wno-empty-body -Wno-uninitialized -Wno-unknown-pragmas -w -Wno-shadow -Wno-four-char-constants -Wno-conversion -Wno-constant-conversion -Wno-int-conversion -Wno-bool-conversion -Wno-enum-conversion -Wno-float-conversion -Wno-non-literal-null-conversion -Wno-objc-literal-conversion -Wshorten-64-to-32 -Wno-newline-eof -Wno-selector -Wno-strict-selector-match -Wno-undeclared-selector -Wno-deprecated-implementations -Wno-c++11-extensions -Wno-implicit-fallthrough -fstrict-aliasing -Wprotocol -Wdeprecated-declarations -Winvalid-offsetof -Wno-sign-conversion -Wno-infinite-recursion -Wno-move -Wno-comma -Wno-block-capture-autoreleasing -Wno-strict-prototypes -Wno-range-loop-analysis -Wno-semicolon-before-method-body -index-store-path /Users/admin/builder/spi-builder-workspace/.derivedData/Index.noindex/DataStore @/Users/admin/builder/spi-builder-workspace/.derivedData/Build/Intermediates.noindex/OCCTSwift.build/Debug-iphoneos/OCCTBridge.build/Objects-normal/arm64/af3fcb34312c57c0f52879cdce924b91-common-args.resp -MMD -MT dependencies -MF /Users/admin/builder/spi-builder-workspace/.derivedData/Build/Intermediates.noindex/OCCTSwift.build/Debug-iphoneos/OCCTBridge.build/Objects-normal/arm64/OCCTBridge_Surface.d --serialize-diagnostics /Users/admin/builder/spi-builder-workspace/.derivedData/Build/Intermediates.noindex/OCCTSwift.build/Debug-iphoneos/OCCTBridge.build/Objects-normal/arm64/OCCTBridge_Surface.dia -c /Users/admin/builder/spi-builder-workspace/.dependencies/checkouts/OCCTSwift/Sources/OCCTBridge/src/OCCTBridge_Surface.mm -o /Users/admin/builder/spi-builder-workspace/.derivedData/Build/Intermediates.noindex/OCCTSwift.build/Debug-iphoneos/OCCTBridge.build/Objects-normal/arm64/OCCTBridge_Surface.o -index-unit-output-path /OCCTSwift.build/Debug-iphoneos/OCCTBridge.build/Objects-normal/arm64/OCCTBridge_Surface.o
CompileC /Users/admin/builder/spi-builder-workspace/.derivedData/Build/Intermediates.noindex/OCCTSwift.build/Debug-iphoneos/OCCTBridge.build/Objects-normal/arm64/OCCTBridge_Properties.o /Users/admin/builder/spi-builder-workspace/.dependencies/checkouts/OCCTSwift/Sources/OCCTBridge/src/OCCTBridge_Properties.mm normal arm64 objective-c++ com.apple.compilers.llvm.clang.1_0.compiler (in target 'OCCTBridge' from project 'OCCTSwift')
cd /Users/admin/builder/spi-builder-workspace/.swiftpm/xcode
Using response file: /Users/admin/builder/spi-builder-workspace/.derivedData/Build/Intermediates.noindex/OCCTSwift.build/Debug-iphoneos/OCCTBridge.build/Objects-normal/arm64/af3fcb34312c57c0f52879cdce924b91-common-args.resp
/Applications/Xcode-26.3.0.app/Contents/Developer/Toolchains/XcodeDefault.xctoolchain/usr/bin/clang -x objective-c++ -ivfsstatcache /Users/admin/builder/spi-builder-workspace/.derivedData/SDKStatCaches.noindex/iphoneos26.2-23C57-dc75598d0054f22ec865fa860f139d7288450c32e1b53ef065a99acc3d9992c6.sdkstatcache -fmessage-length\=0 -fdiagnostics-show-note-include-stack -fmacro-backtrace-limit\=0 -fno-color-diagnostics -fmodules-prune-interval\=86400 -fmodules-prune-after\=345600 -fbuild-session-file\=/Users/admin/builder/spi-builder-workspace/.derivedData/ModuleCache.noindex/Session.modulevalidation -fmodules-validate-once-per-build-session -Wnon-modular-include-in-framework-module -Werror\=non-modular-include-in-framework-module -Wno-trigraphs -Wno-missing-field-initializers -Wno-missing-prototypes -Wno-return-type -Wno-implicit-atomic-properties -Wno-objc-interface-ivars -Wno-arc-repeated-use-of-weak -Wno-non-virtual-dtor -Wno-overloaded-virtual -Wno-exit-time-destructors -Wno-missing-braces -Wparentheses -Wswitch -Wno-unused-function -Wno-unused-label -Wno-unused-parameter -Wno-unused-variable -Wunused-value -Wno-empty-body -Wno-uninitialized -Wno-unknown-pragmas -w -Wno-shadow -Wno-four-char-constants -Wno-conversion -Wno-constant-conversion -Wno-int-conversion -Wno-bool-conversion -Wno-enum-conversion -Wno-float-conversion -Wno-non-literal-null-conversion -Wno-objc-literal-conversion -Wshorten-64-to-32 -Wno-newline-eof -Wno-selector -Wno-strict-selector-match -Wno-undeclared-selector -Wno-deprecated-implementations -Wno-c++11-extensions -Wno-implicit-fallthrough -fstrict-aliasing -Wprotocol -Wdeprecated-declarations -Winvalid-offsetof -Wno-sign-conversion -Wno-infinite-recursion -Wno-move -Wno-comma -Wno-block-capture-autoreleasing -Wno-strict-prototypes -Wno-range-loop-analysis -Wno-semicolon-before-method-body -index-store-path /Users/admin/builder/spi-builder-workspace/.derivedData/Index.noindex/DataStore @/Users/admin/builder/spi-builder-workspace/.derivedData/Build/Intermediates.noindex/OCCTSwift.build/Debug-iphoneos/OCCTBridge.build/Objects-normal/arm64/af3fcb34312c57c0f52879cdce924b91-common-args.resp -MMD -MT dependencies -MF /Users/admin/builder/spi-builder-workspace/.derivedData/Build/Intermediates.noindex/OCCTSwift.build/Debug-iphoneos/OCCTBridge.build/Objects-normal/arm64/OCCTBridge_Properties.d --serialize-diagnostics /Users/admin/builder/spi-builder-workspace/.derivedData/Build/Intermediates.noindex/OCCTSwift.build/Debug-iphoneos/OCCTBridge.build/Objects-normal/arm64/OCCTBridge_Properties.dia -c /Users/admin/builder/spi-builder-workspace/.dependencies/checkouts/OCCTSwift/Sources/OCCTBridge/src/OCCTBridge_Properties.mm -o /Users/admin/builder/spi-builder-workspace/.derivedData/Build/Intermediates.noindex/OCCTSwift.build/Debug-iphoneos/OCCTBridge.build/Objects-normal/arm64/OCCTBridge_Properties.o -index-unit-output-path /OCCTSwift.build/Debug-iphoneos/OCCTBridge.build/Objects-normal/arm64/OCCTBridge_Properties.o
CompileC /Users/admin/builder/spi-builder-workspace/.derivedData/Build/Intermediates.noindex/OCCTSwift.build/Debug-iphoneos/OCCTBridge.build/Objects-normal/arm64/OCCTBridge_ProjLib_NLPlate.o /Users/admin/builder/spi-builder-workspace/.dependencies/checkouts/OCCTSwift/Sources/OCCTBridge/src/OCCTBridge_ProjLib_NLPlate.mm normal arm64 objective-c++ com.apple.compilers.llvm.clang.1_0.compiler (in target 'OCCTBridge' from project 'OCCTSwift')
cd /Users/admin/builder/spi-builder-workspace/.swiftpm/xcode
Using response file: /Users/admin/builder/spi-builder-workspace/.derivedData/Build/Intermediates.noindex/OCCTSwift.build/Debug-iphoneos/OCCTBridge.build/Objects-normal/arm64/af3fcb34312c57c0f52879cdce924b91-common-args.resp
/Applications/Xcode-26.3.0.app/Contents/Developer/Toolchains/XcodeDefault.xctoolchain/usr/bin/clang -x objective-c++ -ivfsstatcache /Users/admin/builder/spi-builder-workspace/.derivedData/SDKStatCaches.noindex/iphoneos26.2-23C57-dc75598d0054f22ec865fa860f139d7288450c32e1b53ef065a99acc3d9992c6.sdkstatcache -fmessage-length\=0 -fdiagnostics-show-note-include-stack -fmacro-backtrace-limit\=0 -fno-color-diagnostics -fmodules-prune-interval\=86400 -fmodules-prune-after\=345600 -fbuild-session-file\=/Users/admin/builder/spi-builder-workspace/.derivedData/ModuleCache.noindex/Session.modulevalidation -fmodules-validate-once-per-build-session -Wnon-modular-include-in-framework-module -Werror\=non-modular-include-in-framework-module -Wno-trigraphs -Wno-missing-field-initializers -Wno-missing-prototypes -Wno-return-type -Wno-implicit-atomic-properties -Wno-objc-interface-ivars -Wno-arc-repeated-use-of-weak -Wno-non-virtual-dtor -Wno-overloaded-virtual -Wno-exit-time-destructors -Wno-missing-braces -Wparentheses -Wswitch -Wno-unused-function -Wno-unused-label -Wno-unused-parameter -Wno-unused-variable -Wunused-value -Wno-empty-body -Wno-uninitialized -Wno-unknown-pragmas -w -Wno-shadow -Wno-four-char-constants -Wno-conversion -Wno-constant-conversion -Wno-int-conversion -Wno-bool-conversion -Wno-enum-conversion -Wno-float-conversion -Wno-non-literal-null-conversion -Wno-objc-literal-conversion -Wshorten-64-to-32 -Wno-newline-eof -Wno-selector -Wno-strict-selector-match -Wno-undeclared-selector -Wno-deprecated-implementations -Wno-c++11-extensions -Wno-implicit-fallthrough -fstrict-aliasing -Wprotocol -Wdeprecated-declarations -Winvalid-offsetof -Wno-sign-conversion -Wno-infinite-recursion -Wno-move -Wno-comma -Wno-block-capture-autoreleasing -Wno-strict-prototypes -Wno-range-loop-analysis -Wno-semicolon-before-method-body -index-store-path /Users/admin/builder/spi-builder-workspace/.derivedData/Index.noindex/DataStore @/Users/admin/builder/spi-builder-workspace/.derivedData/Build/Intermediates.noindex/OCCTSwift.build/Debug-iphoneos/OCCTBridge.build/Objects-normal/arm64/af3fcb34312c57c0f52879cdce924b91-common-args.resp -MMD -MT dependencies -MF /Users/admin/builder/spi-builder-workspace/.derivedData/Build/Intermediates.noindex/OCCTSwift.build/Debug-iphoneos/OCCTBridge.build/Objects-normal/arm64/OCCTBridge_ProjLib_NLPlate.d --serialize-diagnostics /Users/admin/builder/spi-builder-workspace/.derivedData/Build/Intermediates.noindex/OCCTSwift.build/Debug-iphoneos/OCCTBridge.build/Objects-normal/arm64/OCCTBridge_ProjLib_NLPlate.dia -c /Users/admin/builder/spi-builder-workspace/.dependencies/checkouts/OCCTSwift/Sources/OCCTBridge/src/OCCTBridge_ProjLib_NLPlate.mm -o /Users/admin/builder/spi-builder-workspace/.derivedData/Build/Intermediates.noindex/OCCTSwift.build/Debug-iphoneos/OCCTBridge.build/Objects-normal/arm64/OCCTBridge_ProjLib_NLPlate.o -index-unit-output-path /OCCTSwift.build/Debug-iphoneos/OCCTBridge.build/Objects-normal/arm64/OCCTBridge_ProjLib_NLPlate.o
CompileC /Users/admin/builder/spi-builder-workspace/.derivedData/Build/Intermediates.noindex/OCCTSwift.build/Debug-iphoneos/OCCTBridge.build/Objects-normal/arm64/OCCTBridge_Modeling.o /Users/admin/builder/spi-builder-workspace/.dependencies/checkouts/OCCTSwift/Sources/OCCTBridge/src/OCCTBridge_Modeling.mm normal arm64 objective-c++ com.apple.compilers.llvm.clang.1_0.compiler (in target 'OCCTBridge' from project 'OCCTSwift')
cd /Users/admin/builder/spi-builder-workspace/.swiftpm/xcode
Using response file: /Users/admin/builder/spi-builder-workspace/.derivedData/Build/Intermediates.noindex/OCCTSwift.build/Debug-iphoneos/OCCTBridge.build/Objects-normal/arm64/af3fcb34312c57c0f52879cdce924b91-common-args.resp
/Applications/Xcode-26.3.0.app/Contents/Developer/Toolchains/XcodeDefault.xctoolchain/usr/bin/clang -x objective-c++ -ivfsstatcache /Users/admin/builder/spi-builder-workspace/.derivedData/SDKStatCaches.noindex/iphoneos26.2-23C57-dc75598d0054f22ec865fa860f139d7288450c32e1b53ef065a99acc3d9992c6.sdkstatcache -fmessage-length\=0 -fdiagnostics-show-note-include-stack -fmacro-backtrace-limit\=0 -fno-color-diagnostics -fmodules-prune-interval\=86400 -fmodules-prune-after\=345600 -fbuild-session-file\=/Users/admin/builder/spi-builder-workspace/.derivedData/ModuleCache.noindex/Session.modulevalidation -fmodules-validate-once-per-build-session -Wnon-modular-include-in-framework-module -Werror\=non-modular-include-in-framework-module -Wno-trigraphs -Wno-missing-field-initializers -Wno-missing-prototypes -Wno-return-type -Wno-implicit-atomic-properties -Wno-objc-interface-ivars -Wno-arc-repeated-use-of-weak -Wno-non-virtual-dtor -Wno-overloaded-virtual -Wno-exit-time-destructors -Wno-missing-braces -Wparentheses -Wswitch -Wno-unused-function -Wno-unused-label -Wno-unused-parameter -Wno-unused-variable -Wunused-value -Wno-empty-body -Wno-uninitialized -Wno-unknown-pragmas -w -Wno-shadow -Wno-four-char-constants -Wno-conversion -Wno-constant-conversion -Wno-int-conversion -Wno-bool-conversion -Wno-enum-conversion -Wno-float-conversion -Wno-non-literal-null-conversion -Wno-objc-literal-conversion -Wshorten-64-to-32 -Wno-newline-eof -Wno-selector -Wno-strict-selector-match -Wno-undeclared-selector -Wno-deprecated-implementations -Wno-c++11-extensions -Wno-implicit-fallthrough -fstrict-aliasing -Wprotocol -Wdeprecated-declarations -Winvalid-offsetof -Wno-sign-conversion -Wno-infinite-recursion -Wno-move -Wno-comma -Wno-block-capture-autoreleasing -Wno-strict-prototypes -Wno-range-loop-analysis -Wno-semicolon-before-method-body -index-store-path /Users/admin/builder/spi-builder-workspace/.derivedData/Index.noindex/DataStore @/Users/admin/builder/spi-builder-workspace/.derivedData/Build/Intermediates.noindex/OCCTSwift.build/Debug-iphoneos/OCCTBridge.build/Objects-normal/arm64/af3fcb34312c57c0f52879cdce924b91-common-args.resp -MMD -MT dependencies -MF /Users/admin/builder/spi-builder-workspace/.derivedData/Build/Intermediates.noindex/OCCTSwift.build/Debug-iphoneos/OCCTBridge.build/Objects-normal/arm64/OCCTBridge_Modeling.d --serialize-diagnostics /Users/admin/builder/spi-builder-workspace/.derivedData/Build/Intermediates.noindex/OCCTSwift.build/Debug-iphoneos/OCCTBridge.build/Objects-normal/arm64/OCCTBridge_Modeling.dia -c /Users/admin/builder/spi-builder-workspace/.dependencies/checkouts/OCCTSwift/Sources/OCCTBridge/src/OCCTBridge_Modeling.mm -o /Users/admin/builder/spi-builder-workspace/.derivedData/Build/Intermediates.noindex/OCCTSwift.build/Debug-iphoneos/OCCTBridge.build/Objects-normal/arm64/OCCTBridge_Modeling.o -index-unit-output-path /OCCTSwift.build/Debug-iphoneos/OCCTBridge.build/Objects-normal/arm64/OCCTBridge_Modeling.o
CompileC /Users/admin/builder/spi-builder-workspace/.derivedData/Build/Intermediates.noindex/OCCTSwift.build/Debug-iphoneos/OCCTBridge.build/Objects-normal/arm64/OCCTBridge_Mesh.o /Users/admin/builder/spi-builder-workspace/.dependencies/checkouts/OCCTSwift/Sources/OCCTBridge/src/OCCTBridge_Mesh.mm normal arm64 objective-c++ com.apple.compilers.llvm.clang.1_0.compiler (in target 'OCCTBridge' from project 'OCCTSwift')
cd /Users/admin/builder/spi-builder-workspace/.swiftpm/xcode
Using response file: /Users/admin/builder/spi-builder-workspace/.derivedData/Build/Intermediates.noindex/OCCTSwift.build/Debug-iphoneos/OCCTBridge.build/Objects-normal/arm64/af3fcb34312c57c0f52879cdce924b91-common-args.resp
/Applications/Xcode-26.3.0.app/Contents/Developer/Toolchains/XcodeDefault.xctoolchain/usr/bin/clang -x objective-c++ -ivfsstatcache /Users/admin/builder/spi-builder-workspace/.derivedData/SDKStatCaches.noindex/iphoneos26.2-23C57-dc75598d0054f22ec865fa860f139d7288450c32e1b53ef065a99acc3d9992c6.sdkstatcache -fmessage-length\=0 -fdiagnostics-show-note-include-stack -fmacro-backtrace-limit\=0 -fno-color-diagnostics -fmodules-prune-interval\=86400 -fmodules-prune-after\=345600 -fbuild-session-file\=/Users/admin/builder/spi-builder-workspace/.derivedData/ModuleCache.noindex/Session.modulevalidation -fmodules-validate-once-per-build-session -Wnon-modular-include-in-framework-module -Werror\=non-modular-include-in-framework-module -Wno-trigraphs -Wno-missing-field-initializers -Wno-missing-prototypes -Wno-return-type -Wno-implicit-atomic-properties -Wno-objc-interface-ivars -Wno-arc-repeated-use-of-weak -Wno-non-virtual-dtor -Wno-overloaded-virtual -Wno-exit-time-destructors -Wno-missing-braces -Wparentheses -Wswitch -Wno-unused-function -Wno-unused-label -Wno-unused-parameter -Wno-unused-variable -Wunused-value -Wno-empty-body -Wno-uninitialized -Wno-unknown-pragmas -w -Wno-shadow -Wno-four-char-constants -Wno-conversion -Wno-constant-conversion -Wno-int-conversion -Wno-bool-conversion -Wno-enum-conversion -Wno-float-conversion -Wno-non-literal-null-conversion -Wno-objc-literal-conversion -Wshorten-64-to-32 -Wno-newline-eof -Wno-selector -Wno-strict-selector-match -Wno-undeclared-selector -Wno-deprecated-implementations -Wno-c++11-extensions -Wno-implicit-fallthrough -fstrict-aliasing -Wprotocol -Wdeprecated-declarations -Winvalid-offsetof -Wno-sign-conversion -Wno-infinite-recursion -Wno-move -Wno-comma -Wno-block-capture-autoreleasing -Wno-strict-prototypes -Wno-range-loop-analysis -Wno-semicolon-before-method-body -index-store-path /Users/admin/builder/spi-builder-workspace/.derivedData/Index.noindex/DataStore @/Users/admin/builder/spi-builder-workspace/.derivedData/Build/Intermediates.noindex/OCCTSwift.build/Debug-iphoneos/OCCTBridge.build/Objects-normal/arm64/af3fcb34312c57c0f52879cdce924b91-common-args.resp -MMD -MT dependencies -MF /Users/admin/builder/spi-builder-workspace/.derivedData/Build/Intermediates.noindex/OCCTSwift.build/Debug-iphoneos/OCCTBridge.build/Objects-normal/arm64/OCCTBridge_Mesh.d --serialize-diagnostics /Users/admin/builder/spi-builder-workspace/.derivedData/Build/Intermediates.noindex/OCCTSwift.build/Debug-iphoneos/OCCTBridge.build/Objects-normal/arm64/OCCTBridge_Mesh.dia -c /Users/admin/builder/spi-builder-workspace/.dependencies/checkouts/OCCTSwift/Sources/OCCTBridge/src/OCCTBridge_Mesh.mm -o /Users/admin/builder/spi-builder-workspace/.derivedData/Build/Intermediates.noindex/OCCTSwift.build/Debug-iphoneos/OCCTBridge.build/Objects-normal/arm64/OCCTBridge_Mesh.o -index-unit-output-path /OCCTSwift.build/Debug-iphoneos/OCCTBridge.build/Objects-normal/arm64/OCCTBridge_Mesh.o
CompileC /Users/admin/builder/spi-builder-workspace/.derivedData/Build/Intermediates.noindex/OCCTSwift.build/Debug-iphoneos/OCCTBridge.build/Objects-normal/arm64/OCCTBridge_IO.o /Users/admin/builder/spi-builder-workspace/.dependencies/checkouts/OCCTSwift/Sources/OCCTBridge/src/OCCTBridge_IO.mm normal arm64 objective-c++ com.apple.compilers.llvm.clang.1_0.compiler (in target 'OCCTBridge' from project 'OCCTSwift')
cd /Users/admin/builder/spi-builder-workspace/.swiftpm/xcode
Using response file: /Users/admin/builder/spi-builder-workspace/.derivedData/Build/Intermediates.noindex/OCCTSwift.build/Debug-iphoneos/OCCTBridge.build/Objects-normal/arm64/af3fcb34312c57c0f52879cdce924b91-common-args.resp
/Applications/Xcode-26.3.0.app/Contents/Developer/Toolchains/XcodeDefault.xctoolchain/usr/bin/clang -x objective-c++ -ivfsstatcache /Users/admin/builder/spi-builder-workspace/.derivedData/SDKStatCaches.noindex/iphoneos26.2-23C57-dc75598d0054f22ec865fa860f139d7288450c32e1b53ef065a99acc3d9992c6.sdkstatcache -fmessage-length\=0 -fdiagnostics-show-note-include-stack -fmacro-backtrace-limit\=0 -fno-color-diagnostics -fmodules-prune-interval\=86400 -fmodules-prune-after\=345600 -fbuild-session-file\=/Users/admin/builder/spi-builder-workspace/.derivedData/ModuleCache.noindex/Session.modulevalidation -fmodules-validate-once-per-build-session -Wnon-modular-include-in-framework-module -Werror\=non-modular-include-in-framework-module -Wno-trigraphs -Wno-missing-field-initializers -Wno-missing-prototypes -Wno-return-type -Wno-implicit-atomic-properties -Wno-objc-interface-ivars -Wno-arc-repeated-use-of-weak -Wno-non-virtual-dtor -Wno-overloaded-virtual -Wno-exit-time-destructors -Wno-missing-braces -Wparentheses -Wswitch -Wno-unused-function -Wno-unused-label -Wno-unused-parameter -Wno-unused-variable -Wunused-value -Wno-empty-body -Wno-uninitialized -Wno-unknown-pragmas -w -Wno-shadow -Wno-four-char-constants -Wno-conversion -Wno-constant-conversion -Wno-int-conversion -Wno-bool-conversion -Wno-enum-conversion -Wno-float-conversion -Wno-non-literal-null-conversion -Wno-objc-literal-conversion -Wshorten-64-to-32 -Wno-newline-eof -Wno-selector -Wno-strict-selector-match -Wno-undeclared-selector -Wno-deprecated-implementations -Wno-c++11-extensions -Wno-implicit-fallthrough -fstrict-aliasing -Wprotocol -Wdeprecated-declarations -Winvalid-offsetof -Wno-sign-conversion -Wno-infinite-recursion -Wno-move -Wno-comma -Wno-block-capture-autoreleasing -Wno-strict-prototypes -Wno-range-loop-analysis -Wno-semicolon-before-method-body -index-store-path /Users/admin/builder/spi-builder-workspace/.derivedData/Index.noindex/DataStore @/Users/admin/builder/spi-builder-workspace/.derivedData/Build/Intermediates.noindex/OCCTSwift.build/Debug-iphoneos/OCCTBridge.build/Objects-normal/arm64/af3fcb34312c57c0f52879cdce924b91-common-args.resp -MMD -MT dependencies -MF /Users/admin/builder/spi-builder-workspace/.derivedData/Build/Intermediates.noindex/OCCTSwift.build/Debug-iphoneos/OCCTBridge.build/Objects-normal/arm64/OCCTBridge_IO.d --serialize-diagnostics /Users/admin/builder/spi-builder-workspace/.derivedData/Build/Intermediates.noindex/OCCTSwift.build/Debug-iphoneos/OCCTBridge.build/Objects-normal/arm64/OCCTBridge_IO.dia -c /Users/admin/builder/spi-builder-workspace/.dependencies/checkouts/OCCTSwift/Sources/OCCTBridge/src/OCCTBridge_IO.mm -o /Users/admin/builder/spi-builder-workspace/.derivedData/Build/Intermediates.noindex/OCCTSwift.build/Debug-iphoneos/OCCTBridge.build/Objects-normal/arm64/OCCTBridge_IO.o -index-unit-output-path /OCCTSwift.build/Debug-iphoneos/OCCTBridge.build/Objects-normal/arm64/OCCTBridge_IO.o
CompileC /Users/admin/builder/spi-builder-workspace/.derivedData/Build/Intermediates.noindex/OCCTSwift.build/Debug-iphoneos/OCCTBridge.build/Objects-normal/arm64/OCCTBridge_Healing.o /Users/admin/builder/spi-builder-workspace/.dependencies/checkouts/OCCTSwift/Sources/OCCTBridge/src/OCCTBridge_Healing.mm normal arm64 objective-c++ com.apple.compilers.llvm.clang.1_0.compiler (in target 'OCCTBridge' from project 'OCCTSwift')
cd /Users/admin/builder/spi-builder-workspace/.swiftpm/xcode
Using response file: /Users/admin/builder/spi-builder-workspace/.derivedData/Build/Intermediates.noindex/OCCTSwift.build/Debug-iphoneos/OCCTBridge.build/Objects-normal/arm64/af3fcb34312c57c0f52879cdce924b91-common-args.resp
/Applications/Xcode-26.3.0.app/Contents/Developer/Toolchains/XcodeDefault.xctoolchain/usr/bin/clang -x objective-c++ -ivfsstatcache /Users/admin/builder/spi-builder-workspace/.derivedData/SDKStatCaches.noindex/iphoneos26.2-23C57-dc75598d0054f22ec865fa860f139d7288450c32e1b53ef065a99acc3d9992c6.sdkstatcache -fmessage-length\=0 -fdiagnostics-show-note-include-stack -fmacro-backtrace-limit\=0 -fno-color-diagnostics -fmodules-prune-interval\=86400 -fmodules-prune-after\=345600 -fbuild-session-file\=/Users/admin/builder/spi-builder-workspace/.derivedData/ModuleCache.noindex/Session.modulevalidation -fmodules-validate-once-per-build-session -Wnon-modular-include-in-framework-module -Werror\=non-modular-include-in-framework-module -Wno-trigraphs -Wno-missing-field-initializers -Wno-missing-prototypes -Wno-return-type -Wno-implicit-atomic-properties -Wno-objc-interface-ivars -Wno-arc-repeated-use-of-weak -Wno-non-virtual-dtor -Wno-overloaded-virtual -Wno-exit-time-destructors -Wno-missing-braces -Wparentheses -Wswitch -Wno-unused-function -Wno-unused-label -Wno-unused-parameter -Wno-unused-variable -Wunused-value -Wno-empty-body -Wno-uninitialized -Wno-unknown-pragmas -w -Wno-shadow -Wno-four-char-constants -Wno-conversion -Wno-constant-conversion -Wno-int-conversion -Wno-bool-conversion -Wno-enum-conversion -Wno-float-conversion -Wno-non-literal-null-conversion -Wno-objc-literal-conversion -Wshorten-64-to-32 -Wno-newline-eof -Wno-selector -Wno-strict-selector-match -Wno-undeclared-selector -Wno-deprecated-implementations -Wno-c++11-extensions -Wno-implicit-fallthrough -fstrict-aliasing -Wprotocol -Wdeprecated-declarations -Winvalid-offsetof -Wno-sign-conversion -Wno-infinite-recursion -Wno-move -Wno-comma -Wno-block-capture-autoreleasing -Wno-strict-prototypes -Wno-range-loop-analysis -Wno-semicolon-before-method-body -index-store-path /Users/admin/builder/spi-builder-workspace/.derivedData/Index.noindex/DataStore @/Users/admin/builder/spi-builder-workspace/.derivedData/Build/Intermediates.noindex/OCCTSwift.build/Debug-iphoneos/OCCTBridge.build/Objects-normal/arm64/af3fcb34312c57c0f52879cdce924b91-common-args.resp -MMD -MT dependencies -MF /Users/admin/builder/spi-builder-workspace/.derivedData/Build/Intermediates.noindex/OCCTSwift.build/Debug-iphoneos/OCCTBridge.build/Objects-normal/arm64/OCCTBridge_Healing.d --serialize-diagnostics /Users/admin/builder/spi-builder-workspace/.derivedData/Build/Intermediates.noindex/OCCTSwift.build/Debug-iphoneos/OCCTBridge.build/Objects-normal/arm64/OCCTBridge_Healing.dia -c /Users/admin/builder/spi-builder-workspace/.dependencies/checkouts/OCCTSwift/Sources/OCCTBridge/src/OCCTBridge_Healing.mm -o /Users/admin/builder/spi-builder-workspace/.derivedData/Build/Intermediates.noindex/OCCTSwift.build/Debug-iphoneos/OCCTBridge.build/Objects-normal/arm64/OCCTBridge_Healing.o -index-unit-output-path /OCCTSwift.build/Debug-iphoneos/OCCTBridge.build/Objects-normal/arm64/OCCTBridge_Healing.o
SwiftDriver Zip normal arm64 com.apple.xcode.tools.swift.compiler (in target 'Zip' from project 'zip')
cd /Users/admin/builder/spi-builder-workspace/.swiftpm/xcode
builtin-SwiftDriver -- /Applications/Xcode-26.3.0.app/Contents/Developer/Toolchains/XcodeDefault.xctoolchain/usr/bin/swiftc -module-name Zip -Onone -enforce-exclusivity\=checked @/Users/admin/builder/spi-builder-workspace/.derivedData/Build/Intermediates.noindex/zip.build/Debug-iphoneos/Zip.build/Objects-normal/arm64/Zip.SwiftFileList -DSWIFT_PACKAGE -DDEBUG -DSWIFT_MODULE_RESOURCE_BUNDLE_UNAVAILABLE -Xcc -fmodule-map-file\=/Users/admin/builder/spi-builder-workspace/.derivedData/Build/Intermediates.noindex/GeneratedModuleMaps-iphoneos/Miniz.modulemap -DXcode -plugin-path /Applications/Xcode-26.3.0.app/Contents/Developer/Toolchains/XcodeDefault.xctoolchain/usr/lib/swift/host/plugins/testing -enable-experimental-feature DebugDescriptionMacro -sdk /Applications/Xcode-26.3.0.app/Contents/Developer/Platforms/iPhoneOS.platform/Developer/SDKs/iPhoneOS26.2.sdk -target arm64-apple-ios12.0 -g -module-cache-path /Users/admin/builder/spi-builder-workspace/.derivedData/ModuleCache.noindex -Xfrontend -serialize-debugging-options -profile-coverage-mapping -profile-generate -enable-testing -suppress-warnings -index-store-path /Users/admin/builder/spi-builder-workspace/.derivedData/Index.noindex/DataStore -Xcc -D_LIBCPP_HARDENING_MODE\=_LIBCPP_HARDENING_MODE_DEBUG -swift-version 6 -I /Users/admin/builder/spi-builder-workspace/.derivedData/Build/Products/Debug-iphoneos -Isystem /Applications/Xcode-26.3.0.app/Contents/Developer/Platforms/iPhoneOS.platform/Developer/usr/lib -F /Users/admin/builder/spi-builder-workspace/.derivedData/Build/Products/Debug-iphoneos/PackageFrameworks -F /Users/admin/builder/spi-builder-workspace/.derivedData/Build/Products/Debug-iphoneos -F /Applications/Xcode-26.3.0.app/Contents/Developer/Platforms/iPhoneOS.platform/Developer/Library/Frameworks -F /Applications/Xcode-26.3.0.app/Contents/Developer/Platforms/iPhoneOS.platform/Developer/SDKs/iPhoneOS26.2.sdk/Developer/Library/Frameworks -c -j10 -enable-batch-mode -incremental -Xcc -ivfsstatcache -Xcc /Users/admin/builder/spi-builder-workspace/.derivedData/SDKStatCaches.noindex/iphoneos26.2-23C57-dc75598d0054f22ec865fa860f139d7288450c32e1b53ef065a99acc3d9992c6.sdkstatcache -output-file-map /Users/admin/builder/spi-builder-workspace/.derivedData/Build/Intermediates.noindex/zip.build/Debug-iphoneos/Zip.build/Objects-normal/arm64/Zip-OutputFileMap.json -use-frontend-parseable-output -save-temps -no-color-diagnostics -explicit-module-build -module-cache-path /Users/admin/builder/spi-builder-workspace/.derivedData/Build/Intermediates.noindex/SwiftExplicitPrecompiledModules -clang-scanner-module-cache-path /Users/admin/builder/spi-builder-workspace/.derivedData/ModuleCache.noindex -sdk-module-cache-path /Users/admin/builder/spi-builder-workspace/.derivedData/ModuleCache.noindex -serialize-diagnostics -emit-dependencies -emit-module -emit-module-path /Users/admin/builder/spi-builder-workspace/.derivedData/Build/Intermediates.noindex/zip.build/Debug-iphoneos/Zip.build/Objects-normal/arm64/Zip.swiftmodule -user-module-version 2.1.2 -validate-clang-modules-once -clang-build-session-file /Users/admin/builder/spi-builder-workspace/.derivedData/ModuleCache.noindex/Session.modulevalidation -package-name zip -Xcc -I/Users/admin/builder/spi-builder-workspace/.derivedData/Build/Intermediates.noindex/zip.build/Debug-iphoneos/Zip.build/swift-overrides.hmap -emit-const-values -Xfrontend -const-gather-protocols-file -Xfrontend /Users/admin/builder/spi-builder-workspace/.derivedData/Build/Intermediates.noindex/zip.build/Debug-iphoneos/Zip.build/Objects-normal/arm64/Zip_const_extract_protocols.json -Xcc -I/Users/admin/builder/spi-builder-workspace/.dependencies/checkouts/Zip/Sources/miniz -Xcc -I/Users/admin/builder/spi-builder-workspace/.derivedData/Build/Products/Debug-iphoneos/include -Xcc -I/Users/admin/builder/spi-builder-workspace/.derivedData/Build/Intermediates.noindex/zip.build/Debug-iphoneos/Zip.build/DerivedSources-normal/arm64 -Xcc -I/Users/admin/builder/spi-builder-workspace/.derivedData/Build/Intermediates.noindex/zip.build/Debug-iphoneos/Zip.build/DerivedSources/arm64 -Xcc -I/Users/admin/builder/spi-builder-workspace/.derivedData/Build/Intermediates.noindex/zip.build/Debug-iphoneos/Zip.build/DerivedSources -Xcc -DSWIFT_PACKAGE -Xcc -DDEBUG\=1 -emit-objc-header -emit-objc-header-path /Users/admin/builder/spi-builder-workspace/.derivedData/Build/Intermediates.noindex/zip.build/Debug-iphoneos/Zip.build/Objects-normal/arm64/Zip-Swift.h -working-directory /Users/admin/builder/spi-builder-workspace/.swiftpm/xcode -experimental-emit-module-separately -disable-cmo
SwiftDriver SwiftX normal arm64 com.apple.xcode.tools.swift.compiler (in target 'SwiftX' from project 'SwiftX')
cd /Users/admin/builder/spi-builder-workspace/.swiftpm/xcode
builtin-SwiftDriver -- /Applications/Xcode-26.3.0.app/Contents/Developer/Toolchains/XcodeDefault.xctoolchain/usr/bin/swiftc -module-name SwiftX -Onone -enforce-exclusivity\=checked @/Users/admin/builder/spi-builder-workspace/.derivedData/Build/Intermediates.noindex/SwiftX.build/Debug-iphoneos/SwiftX.build/Objects-normal/arm64/SwiftX.SwiftFileList -DSWIFT_PACKAGE -DDEBUG -DSWIFT_MODULE_RESOURCE_BUNDLE_UNAVAILABLE -DXcode -plugin-path /Applications/Xcode-26.3.0.app/Contents/Developer/Toolchains/XcodeDefault.xctoolchain/usr/lib/swift/host/plugins/testing -enable-experimental-feature DebugDescriptionMacro -sdk /Applications/Xcode-26.3.0.app/Contents/Developer/Platforms/iPhoneOS.platform/Developer/SDKs/iPhoneOS26.2.sdk -target arm64-apple-ios12.0 -g -module-cache-path /Users/admin/builder/spi-builder-workspace/.derivedData/ModuleCache.noindex -Xfrontend -serialize-debugging-options -profile-coverage-mapping -profile-generate -enable-testing -suppress-warnings -index-store-path /Users/admin/builder/spi-builder-workspace/.derivedData/Index.noindex/DataStore -Xcc -D_LIBCPP_HARDENING_MODE\=_LIBCPP_HARDENING_MODE_DEBUG -swift-version 5 -I /Users/admin/builder/spi-builder-workspace/.derivedData/Build/Products/Debug-iphoneos -Isystem /Applications/Xcode-26.3.0.app/Contents/Developer/Platforms/iPhoneOS.platform/Developer/usr/lib -F /Users/admin/builder/spi-builder-workspace/.derivedData/Build/Products/Debug-iphoneos -F /Applications/Xcode-26.3.0.app/Contents/Developer/Platforms/iPhoneOS.platform/Developer/Library/Frameworks -F /Applications/Xcode-26.3.0.app/Contents/Developer/Platforms/iPhoneOS.platform/Developer/SDKs/iPhoneOS26.2.sdk/Developer/Library/Frameworks -c -j10 -enable-batch-mode -incremental -Xcc -ivfsstatcache -Xcc /Users/admin/builder/spi-builder-workspace/.derivedData/SDKStatCaches.noindex/iphoneos26.2-23C57-dc75598d0054f22ec865fa860f139d7288450c32e1b53ef065a99acc3d9992c6.sdkstatcache -output-file-map /Users/admin/builder/spi-builder-workspace/.derivedData/Build/Intermediates.noindex/SwiftX.build/Debug-iphoneos/SwiftX.build/Objects-normal/arm64/SwiftX-OutputFileMap.json -use-frontend-parseable-output -save-temps -no-color-diagnostics -explicit-module-build -module-cache-path /Users/admin/builder/spi-builder-workspace/.derivedData/Build/Intermediates.noindex/SwiftExplicitPrecompiledModules -clang-scanner-module-cache-path /Users/admin/builder/spi-builder-workspace/.derivedData/ModuleCache.noindex -sdk-module-cache-path /Users/admin/builder/spi-builder-workspace/.derivedData/ModuleCache.noindex -serialize-diagnostics -emit-dependencies -emit-module -emit-module-path /Users/admin/builder/spi-builder-workspace/.derivedData/Build/Intermediates.noindex/SwiftX.build/Debug-iphoneos/SwiftX.build/Objects-normal/arm64/SwiftX.swiftmodule -validate-clang-modules-once -clang-build-session-file /Users/admin/builder/spi-builder-workspace/.derivedData/ModuleCache.noindex/Session.modulevalidation -package-name swiftx -Xcc -I/Users/admin/builder/spi-builder-workspace/.derivedData/Build/Intermediates.noindex/SwiftX.build/Debug-iphoneos/SwiftX.build/swift-overrides.hmap -emit-const-values -Xfrontend -const-gather-protocols-file -Xfrontend /Users/admin/builder/spi-builder-workspace/.derivedData/Build/Intermediates.noindex/SwiftX.build/Debug-iphoneos/SwiftX.build/Objects-normal/arm64/SwiftX_const_extract_protocols.json -Xcc -I/Users/admin/builder/spi-builder-workspace/.derivedData/Build/Products/Debug-iphoneos/include -Xcc -I/Users/admin/builder/spi-builder-workspace/.derivedData/Build/Intermediates.noindex/SwiftX.build/Debug-iphoneos/SwiftX.build/DerivedSources-normal/arm64 -Xcc -I/Users/admin/builder/spi-builder-workspace/.derivedData/Build/Intermediates.noindex/SwiftX.build/Debug-iphoneos/SwiftX.build/DerivedSources/arm64 -Xcc -I/Users/admin/builder/spi-builder-workspace/.derivedData/Build/Intermediates.noindex/SwiftX.build/Debug-iphoneos/SwiftX.build/DerivedSources -Xcc -DSWIFT_PACKAGE -Xcc -DDEBUG\=1 -emit-objc-header -emit-objc-header-path /Users/admin/builder/spi-builder-workspace/.derivedData/Build/Intermediates.noindex/SwiftX.build/Debug-iphoneos/SwiftX.build/Objects-normal/arm64/SwiftX-Swift.h -working-directory /Users/admin/builder/spi-builder-workspace/.swiftpm/xcode -experimental-emit-module-separately -disable-cmo
SwiftEmitModule normal arm64 Emitting\ module\ for\ Zip (in target 'Zip' from project 'zip')
EmitSwiftModule normal arm64 (in target 'Zip' from project 'zip')
cd /Users/admin/builder/spi-builder-workspace/.swiftpm/xcode
SwiftDriver SwiftPMX normal arm64 com.apple.xcode.tools.swift.compiler (in target 'SwiftPMX' from project 'SwiftPMX')
cd /Users/admin/builder/spi-builder-workspace/.swiftpm/xcode
builtin-SwiftDriver -- /Applications/Xcode-26.3.0.app/Contents/Developer/Toolchains/XcodeDefault.xctoolchain/usr/bin/swiftc -module-name SwiftPMX -Onone -enforce-exclusivity\=checked @/Users/admin/builder/spi-builder-workspace/.derivedData/Build/Intermediates.noindex/SwiftPMX.build/Debug-iphoneos/SwiftPMX.build/Objects-normal/arm64/SwiftPMX.SwiftFileList -DSWIFT_PACKAGE -DDEBUG -DSWIFT_MODULE_RESOURCE_BUNDLE_UNAVAILABLE -DXcode -plugin-path /Applications/Xcode-26.3.0.app/Contents/Developer/Toolchains/XcodeDefault.xctoolchain/usr/lib/swift/host/plugins/testing -enable-experimental-feature DebugDescriptionMacro -sdk /Applications/Xcode-26.3.0.app/Contents/Developer/Platforms/iPhoneOS.platform/Developer/SDKs/iPhoneOS26.2.sdk -target arm64-apple-ios12.0 -g -module-cache-path /Users/admin/builder/spi-builder-workspace/.derivedData/ModuleCache.noindex -Xfrontend -serialize-debugging-options -profile-coverage-mapping -profile-generate -enable-testing -suppress-warnings -index-store-path /Users/admin/builder/spi-builder-workspace/.derivedData/Index.noindex/DataStore -Xcc -D_LIBCPP_HARDENING_MODE\=_LIBCPP_HARDENING_MODE_DEBUG -swift-version 5 -I /Users/admin/builder/spi-builder-workspace/.derivedData/Build/Products/Debug-iphoneos -Isystem /Applications/Xcode-26.3.0.app/Contents/Developer/Platforms/iPhoneOS.platform/Developer/usr/lib -F /Users/admin/builder/spi-builder-workspace/.derivedData/Build/Products/Debug-iphoneos -F /Applications/Xcode-26.3.0.app/Contents/Developer/Platforms/iPhoneOS.platform/Developer/Library/Frameworks -F /Applications/Xcode-26.3.0.app/Contents/Developer/Platforms/iPhoneOS.platform/Developer/SDKs/iPhoneOS26.2.sdk/Developer/Library/Frameworks -parse-as-library -c -j10 -enable-batch-mode -incremental -Xcc -ivfsstatcache -Xcc /Users/admin/builder/spi-builder-workspace/.derivedData/SDKStatCaches.noindex/iphoneos26.2-23C57-dc75598d0054f22ec865fa860f139d7288450c32e1b53ef065a99acc3d9992c6.sdkstatcache -output-file-map /Users/admin/builder/spi-builder-workspace/.derivedData/Build/Intermediates.noindex/SwiftPMX.build/Debug-iphoneos/SwiftPMX.build/Objects-normal/arm64/SwiftPMX-OutputFileMap.json -use-frontend-parseable-output -save-temps -no-color-diagnostics -explicit-module-build -module-cache-path /Users/admin/builder/spi-builder-workspace/.derivedData/Build/Intermediates.noindex/SwiftExplicitPrecompiledModules -clang-scanner-module-cache-path /Users/admin/builder/spi-builder-workspace/.derivedData/ModuleCache.noindex -sdk-module-cache-path /Users/admin/builder/spi-builder-workspace/.derivedData/ModuleCache.noindex -serialize-diagnostics -emit-dependencies -emit-module -emit-module-path /Users/admin/builder/spi-builder-workspace/.derivedData/Build/Intermediates.noindex/SwiftPMX.build/Debug-iphoneos/SwiftPMX.build/Objects-normal/arm64/SwiftPMX.swiftmodule -validate-clang-modules-once -clang-build-session-file /Users/admin/builder/spi-builder-workspace/.derivedData/ModuleCache.noindex/Session.modulevalidation -package-name swiftpmx -Xcc -I/Users/admin/builder/spi-builder-workspace/.derivedData/Build/Intermediates.noindex/SwiftPMX.build/Debug-iphoneos/SwiftPMX.build/swift-overrides.hmap -emit-const-values -Xfrontend -const-gather-protocols-file -Xfrontend /Users/admin/builder/spi-builder-workspace/.derivedData/Build/Intermediates.noindex/SwiftPMX.build/Debug-iphoneos/SwiftPMX.build/Objects-normal/arm64/SwiftPMX_const_extract_protocols.json -Xcc -I/Users/admin/builder/spi-builder-workspace/.derivedData/Build/Products/Debug-iphoneos/include -Xcc -I/Users/admin/builder/spi-builder-workspace/.derivedData/Build/Intermediates.noindex/SwiftPMX.build/Debug-iphoneos/SwiftPMX.build/DerivedSources-normal/arm64 -Xcc -I/Users/admin/builder/spi-builder-workspace/.derivedData/Build/Intermediates.noindex/SwiftPMX.build/Debug-iphoneos/SwiftPMX.build/DerivedSources/arm64 -Xcc -I/Users/admin/builder/spi-builder-workspace/.derivedData/Build/Intermediates.noindex/SwiftPMX.build/Debug-iphoneos/SwiftPMX.build/DerivedSources -Xcc -DSWIFT_PACKAGE -Xcc -DDEBUG\=1 -emit-objc-header -emit-objc-header-path /Users/admin/builder/spi-builder-workspace/.derivedData/Build/Intermediates.noindex/SwiftPMX.build/Debug-iphoneos/SwiftPMX.build/Objects-normal/arm64/SwiftPMX-Swift.h -working-directory /Users/admin/builder/spi-builder-workspace/.swiftpm/xcode -experimental-emit-module-separately -disable-cmo
SwiftDriverJobDiscovery normal arm64 Emitting module for Zip (in target 'Zip' from project 'zip')
SwiftDriver SwiftJWW normal arm64 com.apple.xcode.tools.swift.compiler (in target 'SwiftJWW' from project 'SwiftJWW')
cd /Users/admin/builder/spi-builder-workspace/.swiftpm/xcode
builtin-SwiftDriver -- /Applications/Xcode-26.3.0.app/Contents/Developer/Toolchains/XcodeDefault.xctoolchain/usr/bin/swiftc -module-name SwiftJWW -Onone -enforce-exclusivity\=checked @/Users/admin/builder/spi-builder-workspace/.derivedData/Build/Intermediates.noindex/SwiftJWW.build/Debug-iphoneos/SwiftJWW.build/Objects-normal/arm64/SwiftJWW.SwiftFileList -DSWIFT_PACKAGE -DDEBUG -DSWIFT_MODULE_RESOURCE_BUNDLE_UNAVAILABLE -DXcode -plugin-path /Applications/Xcode-26.3.0.app/Contents/Developer/Toolchains/XcodeDefault.xctoolchain/usr/lib/swift/host/plugins/testing -enable-experimental-feature DebugDescriptionMacro -sdk /Applications/Xcode-26.3.0.app/Contents/Developer/Platforms/iPhoneOS.platform/Developer/SDKs/iPhoneOS26.2.sdk -target arm64-apple-ios12.0 -g -module-cache-path /Users/admin/builder/spi-builder-workspace/.derivedData/ModuleCache.noindex -Xfrontend -serialize-debugging-options -profile-coverage-mapping -profile-generate -enable-testing -suppress-warnings -index-store-path /Users/admin/builder/spi-builder-workspace/.derivedData/Index.noindex/DataStore -Xcc -D_LIBCPP_HARDENING_MODE\=_LIBCPP_HARDENING_MODE_DEBUG -swift-version 5 -I /Users/admin/builder/spi-builder-workspace/.derivedData/Build/Products/Debug-iphoneos -Isystem /Applications/Xcode-26.3.0.app/Contents/Developer/Platforms/iPhoneOS.platform/Developer/usr/lib -F /Users/admin/builder/spi-builder-workspace/.derivedData/Build/Products/Debug-iphoneos -F /Applications/Xcode-26.3.0.app/Contents/Developer/Platforms/iPhoneOS.platform/Developer/Library/Frameworks -F /Applications/Xcode-26.3.0.app/Contents/Developer/Platforms/iPhoneOS.platform/Developer/SDKs/iPhoneOS26.2.sdk/Developer/Library/Frameworks -c -j10 -enable-batch-mode -incremental -Xcc -ivfsstatcache -Xcc /Users/admin/builder/spi-builder-workspace/.derivedData/SDKStatCaches.noindex/iphoneos26.2-23C57-dc75598d0054f22ec865fa860f139d7288450c32e1b53ef065a99acc3d9992c6.sdkstatcache -output-file-map /Users/admin/builder/spi-builder-workspace/.derivedData/Build/Intermediates.noindex/SwiftJWW.build/Debug-iphoneos/SwiftJWW.build/Objects-normal/arm64/SwiftJWW-OutputFileMap.json -use-frontend-parseable-output -save-temps -no-color-diagnostics -explicit-module-build -module-cache-path /Users/admin/builder/spi-builder-workspace/.derivedData/Build/Intermediates.noindex/SwiftExplicitPrecompiledModules -clang-scanner-module-cache-path /Users/admin/builder/spi-builder-workspace/.derivedData/ModuleCache.noindex -sdk-module-cache-path /Users/admin/builder/spi-builder-workspace/.derivedData/ModuleCache.noindex -serialize-diagnostics -emit-dependencies -emit-module -emit-module-path /Users/admin/builder/spi-builder-workspace/.derivedData/Build/Intermediates.noindex/SwiftJWW.build/Debug-iphoneos/SwiftJWW.build/Objects-normal/arm64/SwiftJWW.swiftmodule -validate-clang-modules-once -clang-build-session-file /Users/admin/builder/spi-builder-workspace/.derivedData/ModuleCache.noindex/Session.modulevalidation -package-name swiftjww -Xcc -I/Users/admin/builder/spi-builder-workspace/.derivedData/Build/Intermediates.noindex/SwiftJWW.build/Debug-iphoneos/SwiftJWW.build/swift-overrides.hmap -emit-const-values -Xfrontend -const-gather-protocols-file -Xfrontend /Users/admin/builder/spi-builder-workspace/.derivedData/Build/Intermediates.noindex/SwiftJWW.build/Debug-iphoneos/SwiftJWW.build/Objects-normal/arm64/SwiftJWW_const_extract_protocols.json -Xcc -I/Users/admin/builder/spi-builder-workspace/.derivedData/Build/Products/Debug-iphoneos/include -Xcc -I/Users/admin/builder/spi-builder-workspace/.derivedData/Build/Intermediates.noindex/SwiftJWW.build/Debug-iphoneos/SwiftJWW.build/DerivedSources-normal/arm64 -Xcc -I/Users/admin/builder/spi-builder-workspace/.derivedData/Build/Intermediates.noindex/SwiftJWW.build/Debug-iphoneos/SwiftJWW.build/DerivedSources/arm64 -Xcc -I/Users/admin/builder/spi-builder-workspace/.derivedData/Build/Intermediates.noindex/SwiftJWW.build/Debug-iphoneos/SwiftJWW.build/DerivedSources -Xcc -DSWIFT_PACKAGE -Xcc -DDEBUG\=1 -emit-objc-header -emit-objc-header-path /Users/admin/builder/spi-builder-workspace/.derivedData/Build/Intermediates.noindex/SwiftJWW.build/Debug-iphoneos/SwiftJWW.build/Objects-normal/arm64/SwiftJWW-Swift.h -working-directory /Users/admin/builder/spi-builder-workspace/.swiftpm/xcode -experimental-emit-module-separately -disable-cmo
SwiftDriver\ Compilation\ Requirements Zip normal arm64 com.apple.xcode.tools.swift.compiler (in target 'Zip' from project 'zip')
cd /Users/admin/builder/spi-builder-workspace/.swiftpm/xcode
builtin-Swift-Compilation-Requirements -- /Applications/Xcode-26.3.0.app/Contents/Developer/Toolchains/XcodeDefault.xctoolchain/usr/bin/swiftc -module-name Zip -Onone -enforce-exclusivity\=checked @/Users/admin/builder/spi-builder-workspace/.derivedData/Build/Intermediates.noindex/zip.build/Debug-iphoneos/Zip.build/Objects-normal/arm64/Zip.SwiftFileList -DSWIFT_PACKAGE -DDEBUG -DSWIFT_MODULE_RESOURCE_BUNDLE_UNAVAILABLE -Xcc -fmodule-map-file\=/Users/admin/builder/spi-builder-workspace/.derivedData/Build/Intermediates.noindex/GeneratedModuleMaps-iphoneos/Miniz.modulemap -DXcode -plugin-path /Applications/Xcode-26.3.0.app/Contents/Developer/Toolchains/XcodeDefault.xctoolchain/usr/lib/swift/host/plugins/testing -enable-experimental-feature DebugDescriptionMacro -sdk /Applications/Xcode-26.3.0.app/Contents/Developer/Platforms/iPhoneOS.platform/Developer/SDKs/iPhoneOS26.2.sdk -target arm64-apple-ios12.0 -g -module-cache-path /Users/admin/builder/spi-builder-workspace/.derivedData/ModuleCache.noindex -Xfrontend -serialize-debugging-options -profile-coverage-mapping -profile-generate -enable-testing -suppress-warnings -index-store-path /Users/admin/builder/spi-builder-workspace/.derivedData/Index.noindex/DataStore -Xcc -D_LIBCPP_HARDENING_MODE\=_LIBCPP_HARDENING_MODE_DEBUG -swift-version 6 -I /Users/admin/builder/spi-builder-workspace/.derivedData/Build/Products/Debug-iphoneos -Isystem /Applications/Xcode-26.3.0.app/Contents/Developer/Platforms/iPhoneOS.platform/Developer/usr/lib -F /Users/admin/builder/spi-builder-workspace/.derivedData/Build/Products/Debug-iphoneos/PackageFrameworks -F /Users/admin/builder/spi-builder-workspace/.derivedData/Build/Products/Debug-iphoneos -F /Applications/Xcode-26.3.0.app/Contents/Developer/Platforms/iPhoneOS.platform/Developer/Library/Frameworks -F /Applications/Xcode-26.3.0.app/Contents/Developer/Platforms/iPhoneOS.platform/Developer/SDKs/iPhoneOS26.2.sdk/Developer/Library/Frameworks -c -j10 -enable-batch-mode -incremental -Xcc -ivfsstatcache -Xcc /Users/admin/builder/spi-builder-workspace/.derivedData/SDKStatCaches.noindex/iphoneos26.2-23C57-dc75598d0054f22ec865fa860f139d7288450c32e1b53ef065a99acc3d9992c6.sdkstatcache -output-file-map /Users/admin/builder/spi-builder-workspace/.derivedData/Build/Intermediates.noindex/zip.build/Debug-iphoneos/Zip.build/Objects-normal/arm64/Zip-OutputFileMap.json -use-frontend-parseable-output -save-temps -no-color-diagnostics -explicit-module-build -module-cache-path /Users/admin/builder/spi-builder-workspace/.derivedData/Build/Intermediates.noindex/SwiftExplicitPrecompiledModules -clang-scanner-module-cache-path /Users/admin/builder/spi-builder-workspace/.derivedData/ModuleCache.noindex -sdk-module-cache-path /Users/admin/builder/spi-builder-workspace/.derivedData/ModuleCache.noindex -serialize-diagnostics -emit-dependencies -emit-module -emit-module-path /Users/admin/builder/spi-builder-workspace/.derivedData/Build/Intermediates.noindex/zip.build/Debug-iphoneos/Zip.build/Objects-normal/arm64/Zip.swiftmodule -user-module-version 2.1.2 -validate-clang-modules-once -clang-build-session-file /Users/admin/builder/spi-builder-workspace/.derivedData/ModuleCache.noindex/Session.modulevalidation -package-name zip -Xcc -I/Users/admin/builder/spi-builder-workspace/.derivedData/Build/Intermediates.noindex/zip.build/Debug-iphoneos/Zip.build/swift-overrides.hmap -emit-const-values -Xfrontend -const-gather-protocols-file -Xfrontend /Users/admin/builder/spi-builder-workspace/.derivedData/Build/Intermediates.noindex/zip.build/Debug-iphoneos/Zip.build/Objects-normal/arm64/Zip_const_extract_protocols.json -Xcc -I/Users/admin/builder/spi-builder-workspace/.dependencies/checkouts/Zip/Sources/miniz -Xcc -I/Users/admin/builder/spi-builder-workspace/.derivedData/Build/Products/Debug-iphoneos/include -Xcc -I/Users/admin/builder/spi-builder-workspace/.derivedData/Build/Intermediates.noindex/zip.build/Debug-iphoneos/Zip.build/DerivedSources-normal/arm64 -Xcc -I/Users/admin/builder/spi-builder-workspace/.derivedData/Build/Intermediates.noindex/zip.build/Debug-iphoneos/Zip.build/DerivedSources/arm64 -Xcc -I/Users/admin/builder/spi-builder-workspace/.derivedData/Build/Intermediates.noindex/zip.build/Debug-iphoneos/Zip.build/DerivedSources -Xcc -DSWIFT_PACKAGE -Xcc -DDEBUG\=1 -emit-objc-header -emit-objc-header-path /Users/admin/builder/spi-builder-workspace/.derivedData/Build/Intermediates.noindex/zip.build/Debug-iphoneos/Zip.build/Objects-normal/arm64/Zip-Swift.h -working-directory /Users/admin/builder/spi-builder-workspace/.swiftpm/xcode -experimental-emit-module-separately -disable-cmo
SwiftDriver SwiftGLTF normal arm64 com.apple.xcode.tools.swift.compiler (in target 'SwiftGLTF' from project 'SwiftGLTF')
cd /Users/admin/builder/spi-builder-workspace/.swiftpm/xcode
builtin-SwiftDriver -- /Applications/Xcode-26.3.0.app/Contents/Developer/Toolchains/XcodeDefault.xctoolchain/usr/bin/swiftc -module-name SwiftGLTF -Onone -enforce-exclusivity\=checked @/Users/admin/builder/spi-builder-workspace/.derivedData/Build/Intermediates.noindex/SwiftGLTF.build/Debug-iphoneos/SwiftGLTF.build/Objects-normal/arm64/SwiftGLTF.SwiftFileList -DSWIFT_PACKAGE -DDEBUG -DSWIFT_MODULE_RESOURCE_BUNDLE_UNAVAILABLE -DXcode -plugin-path /Applications/Xcode-26.3.0.app/Contents/Developer/Toolchains/XcodeDefault.xctoolchain/usr/lib/swift/host/plugins/testing -enable-experimental-feature DebugDescriptionMacro -sdk /Applications/Xcode-26.3.0.app/Contents/Developer/Platforms/iPhoneOS.platform/Developer/SDKs/iPhoneOS26.2.sdk -target arm64-apple-ios17.0 -g -module-cache-path /Users/admin/builder/spi-builder-workspace/.derivedData/ModuleCache.noindex -Xfrontend -serialize-debugging-options -profile-coverage-mapping -profile-generate -enable-testing -suppress-warnings -index-store-path /Users/admin/builder/spi-builder-workspace/.derivedData/Index.noindex/DataStore -Xcc -D_LIBCPP_HARDENING_MODE\=_LIBCPP_HARDENING_MODE_DEBUG -swift-version 5 -I /Users/admin/builder/spi-builder-workspace/.derivedData/Build/Products/Debug-iphoneos -Isystem /Applications/Xcode-26.3.0.app/Contents/Developer/Platforms/iPhoneOS.platform/Developer/usr/lib -F /Users/admin/builder/spi-builder-workspace/.derivedData/Build/Products/Debug-iphoneos -F /Applications/Xcode-26.3.0.app/Contents/Developer/Platforms/iPhoneOS.platform/Developer/Library/Frameworks -F /Applications/Xcode-26.3.0.app/Contents/Developer/Platforms/iPhoneOS.platform/Developer/SDKs/iPhoneOS26.2.sdk/Developer/Library/Frameworks -c -j10 -enable-batch-mode -incremental -Xcc -ivfsstatcache -Xcc /Users/admin/builder/spi-builder-workspace/.derivedData/SDKStatCaches.noindex/iphoneos26.2-23C57-dc75598d0054f22ec865fa860f139d7288450c32e1b53ef065a99acc3d9992c6.sdkstatcache -output-file-map /Users/admin/builder/spi-builder-workspace/.derivedData/Build/Intermediates.noindex/SwiftGLTF.build/Debug-iphoneos/SwiftGLTF.build/Objects-normal/arm64/SwiftGLTF-OutputFileMap.json -use-frontend-parseable-output -save-temps -no-color-diagnostics -explicit-module-build -module-cache-path /Users/admin/builder/spi-builder-workspace/.derivedData/Build/Intermediates.noindex/SwiftExplicitPrecompiledModules -clang-scanner-module-cache-path /Users/admin/builder/spi-builder-workspace/.derivedData/ModuleCache.noindex -sdk-module-cache-path /Users/admin/builder/spi-builder-workspace/.derivedData/ModuleCache.noindex -serialize-diagnostics -emit-dependencies -emit-module -emit-module-path /Users/admin/builder/spi-builder-workspace/.derivedData/Build/Intermediates.noindex/SwiftGLTF.build/Debug-iphoneos/SwiftGLTF.build/Objects-normal/arm64/SwiftGLTF.swiftmodule -validate-clang-modules-once -clang-build-session-file /Users/admin/builder/spi-builder-workspace/.derivedData/ModuleCache.noindex/Session.modulevalidation -Xcc -I/Users/admin/builder/spi-builder-workspace/.derivedData/Build/Intermediates.noindex/SwiftGLTF.build/Debug-iphoneos/SwiftGLTF.build/swift-overrides.hmap -emit-const-values -Xfrontend -const-gather-protocols-file -Xfrontend /Users/admin/builder/spi-builder-workspace/.derivedData/Build/Intermediates.noindex/SwiftGLTF.build/Debug-iphoneos/SwiftGLTF.build/Objects-normal/arm64/SwiftGLTF_const_extract_protocols.json -Xcc -I/Users/admin/builder/spi-builder-workspace/.derivedData/Build/Products/Debug-iphoneos/include -Xcc -I/Users/admin/builder/spi-builder-workspace/.derivedData/Build/Intermediates.noindex/SwiftGLTF.build/Debug-iphoneos/SwiftGLTF.build/DerivedSources-normal/arm64 -Xcc -I/Users/admin/builder/spi-builder-workspace/.derivedData/Build/Intermediates.noindex/SwiftGLTF.build/Debug-iphoneos/SwiftGLTF.build/DerivedSources/arm64 -Xcc -I/Users/admin/builder/spi-builder-workspace/.derivedData/Build/Intermediates.noindex/SwiftGLTF.build/Debug-iphoneos/SwiftGLTF.build/DerivedSources -Xcc -DSWIFT_PACKAGE -Xcc -DDEBUG\=1 -emit-objc-header -emit-objc-header-path /Users/admin/builder/spi-builder-workspace/.derivedData/Build/Intermediates.noindex/SwiftGLTF.build/Debug-iphoneos/SwiftGLTF.build/Objects-normal/arm64/SwiftGLTF-Swift.h -working-directory /Users/admin/builder/spi-builder-workspace/.swiftpm/xcode -experimental-emit-module-separately -disable-cmo
SwiftMergeGeneratedHeaders /Users/admin/builder/spi-builder-workspace/.derivedData/Build/Intermediates.noindex/GeneratedModuleMaps-iphoneos/Zip-Swift.h /Users/admin/builder/spi-builder-workspace/.derivedData/Build/Intermediates.noindex/zip.build/Debug-iphoneos/Zip.build/Objects-normal/arm64/Zip-Swift.h (in target 'Zip' from project 'zip')
cd /Users/admin/builder/spi-builder-workspace/.dependencies/checkouts/Zip
builtin-swiftHeaderTool -arch arm64 /Users/admin/builder/spi-builder-workspace/.derivedData/Build/Intermediates.noindex/zip.build/Debug-iphoneos/Zip.build/Objects-normal/arm64/Zip-Swift.h -o /Users/admin/builder/spi-builder-workspace/.derivedData/Build/Intermediates.noindex/GeneratedModuleMaps-iphoneos/Zip-Swift.h
Copy /Users/admin/builder/spi-builder-workspace/.derivedData/Build/Products/Debug-iphoneos/Zip.swiftmodule/arm64-apple-ios.swiftmodule /Users/admin/builder/spi-builder-workspace/.derivedData/Build/Intermediates.noindex/zip.build/Debug-iphoneos/Zip.build/Objects-normal/arm64/Zip.swiftmodule (in target 'Zip' from project 'zip')
cd /Users/admin/builder/spi-builder-workspace/.dependencies/checkouts/Zip
builtin-copy -exclude .DS_Store -exclude CVS -exclude .svn -exclude .git -exclude .hg -resolve-src-symlinks -rename /Users/admin/builder/spi-builder-workspace/.derivedData/Build/Intermediates.noindex/zip.build/Debug-iphoneos/Zip.build/Objects-normal/arm64/Zip.swiftmodule /Users/admin/builder/spi-builder-workspace/.derivedData/Build/Products/Debug-iphoneos/Zip.swiftmodule/arm64-apple-ios.swiftmodule
Copy /Users/admin/builder/spi-builder-workspace/.derivedData/Build/Products/Debug-iphoneos/Zip.swiftmodule/arm64-apple-ios.swiftdoc /Users/admin/builder/spi-builder-workspace/.derivedData/Build/Intermediates.noindex/zip.build/Debug-iphoneos/Zip.build/Objects-normal/arm64/Zip.swiftdoc (in target 'Zip' from project 'zip')
cd /Users/admin/builder/spi-builder-workspace/.dependencies/checkouts/Zip
builtin-copy -exclude .DS_Store -exclude CVS -exclude .svn -exclude .git -exclude .hg -resolve-src-symlinks -rename /Users/admin/builder/spi-builder-workspace/.derivedData/Build/Intermediates.noindex/zip.build/Debug-iphoneos/Zip.build/Objects-normal/arm64/Zip.swiftdoc /Users/admin/builder/spi-builder-workspace/.derivedData/Build/Products/Debug-iphoneos/Zip.swiftmodule/arm64-apple-ios.swiftdoc
Copy /Users/admin/builder/spi-builder-workspace/.derivedData/Build/Products/Debug-iphoneos/Zip.swiftmodule/arm64-apple-ios.abi.json /Users/admin/builder/spi-builder-workspace/.derivedData/Build/Intermediates.noindex/zip.build/Debug-iphoneos/Zip.build/Objects-normal/arm64/Zip.abi.json (in target 'Zip' from project 'zip')
cd /Users/admin/builder/spi-builder-workspace/.dependencies/checkouts/Zip
builtin-copy -exclude .DS_Store -exclude CVS -exclude .svn -exclude .git -exclude .hg -resolve-src-symlinks -rename /Users/admin/builder/spi-builder-workspace/.derivedData/Build/Intermediates.noindex/zip.build/Debug-iphoneos/Zip.build/Objects-normal/arm64/Zip.abi.json /Users/admin/builder/spi-builder-workspace/.derivedData/Build/Products/Debug-iphoneos/Zip.swiftmodule/arm64-apple-ios.abi.json
Copy /Users/admin/builder/spi-builder-workspace/.derivedData/Build/Products/Debug-iphoneos/Zip.swiftmodule/Project/arm64-apple-ios.swiftsourceinfo /Users/admin/builder/spi-builder-workspace/.derivedData/Build/Intermediates.noindex/zip.build/Debug-iphoneos/Zip.build/Objects-normal/arm64/Zip.swiftsourceinfo (in target 'Zip' from project 'zip')
cd /Users/admin/builder/spi-builder-workspace/.dependencies/checkouts/Zip
builtin-copy -exclude .DS_Store -exclude CVS -exclude .svn -exclude .git -exclude .hg -resolve-src-symlinks -rename /Users/admin/builder/spi-builder-workspace/.derivedData/Build/Intermediates.noindex/zip.build/Debug-iphoneos/Zip.build/Objects-normal/arm64/Zip.swiftsourceinfo /Users/admin/builder/spi-builder-workspace/.derivedData/Build/Products/Debug-iphoneos/Zip.swiftmodule/Project/arm64-apple-ios.swiftsourceinfo
SwiftDriver SwiftDXF normal arm64 com.apple.xcode.tools.swift.compiler (in target 'SwiftDXF' from project 'SwiftDXF')
cd /Users/admin/builder/spi-builder-workspace/.swiftpm/xcode
builtin-SwiftDriver -- /Applications/Xcode-26.3.0.app/Contents/Developer/Toolchains/XcodeDefault.xctoolchain/usr/bin/swiftc -module-name SwiftDXF -Onone -enforce-exclusivity\=checked @/Users/admin/builder/spi-builder-workspace/.derivedData/Build/Intermediates.noindex/SwiftDXF.build/Debug-iphoneos/SwiftDXF.build/Objects-normal/arm64/SwiftDXF.SwiftFileList -DSWIFT_PACKAGE -DDEBUG -DSWIFT_MODULE_RESOURCE_BUNDLE_UNAVAILABLE -DXcode -plugin-path /Applications/Xcode-26.3.0.app/Contents/Developer/Toolchains/XcodeDefault.xctoolchain/usr/lib/swift/host/plugins/testing -enable-experimental-feature DebugDescriptionMacro -sdk /Applications/Xcode-26.3.0.app/Contents/Developer/Platforms/iPhoneOS.platform/Developer/SDKs/iPhoneOS26.2.sdk -target arm64-apple-ios12.0 -g -module-cache-path /Users/admin/builder/spi-builder-workspace/.derivedData/ModuleCache.noindex -Xfrontend -serialize-debugging-options -profile-coverage-mapping -profile-generate -enable-testing -suppress-warnings -index-store-path /Users/admin/builder/spi-builder-workspace/.derivedData/Index.noindex/DataStore -Xcc -D_LIBCPP_HARDENING_MODE\=_LIBCPP_HARDENING_MODE_DEBUG -swift-version 5 -I /Users/admin/builder/spi-builder-workspace/.derivedData/Build/Products/Debug-iphoneos -Isystem /Applications/Xcode-26.3.0.app/Contents/Developer/Platforms/iPhoneOS.platform/Developer/usr/lib -F /Users/admin/builder/spi-builder-workspace/.derivedData/Build/Products/Debug-iphoneos -F /Applications/Xcode-26.3.0.app/Contents/Developer/Platforms/iPhoneOS.platform/Developer/Library/Frameworks -F /Applications/Xcode-26.3.0.app/Contents/Developer/Platforms/iPhoneOS.platform/Developer/SDKs/iPhoneOS26.2.sdk/Developer/Library/Frameworks -c -j10 -enable-batch-mode -incremental -Xcc -ivfsstatcache -Xcc /Users/admin/builder/spi-builder-workspace/.derivedData/SDKStatCaches.noindex/iphoneos26.2-23C57-dc75598d0054f22ec865fa860f139d7288450c32e1b53ef065a99acc3d9992c6.sdkstatcache -output-file-map /Users/admin/builder/spi-builder-workspace/.derivedData/Build/Intermediates.noindex/SwiftDXF.build/Debug-iphoneos/SwiftDXF.build/Objects-normal/arm64/SwiftDXF-OutputFileMap.json -use-frontend-parseable-output -save-temps -no-color-diagnostics -explicit-module-build -module-cache-path /Users/admin/builder/spi-builder-workspace/.derivedData/Build/Intermediates.noindex/SwiftExplicitPrecompiledModules -clang-scanner-module-cache-path /Users/admin/builder/spi-builder-workspace/.derivedData/ModuleCache.noindex -sdk-module-cache-path /Users/admin/builder/spi-builder-workspace/.derivedData/ModuleCache.noindex -serialize-diagnostics -emit-dependencies -emit-module -emit-module-path /Users/admin/builder/spi-builder-workspace/.derivedData/Build/Intermediates.noindex/SwiftDXF.build/Debug-iphoneos/SwiftDXF.build/Objects-normal/arm64/SwiftDXF.swiftmodule -validate-clang-modules-once -clang-build-session-file /Users/admin/builder/spi-builder-workspace/.derivedData/ModuleCache.noindex/Session.modulevalidation -package-name swiftdxf -Xcc -I/Users/admin/builder/spi-builder-workspace/.derivedData/Build/Intermediates.noindex/SwiftDXF.build/Debug-iphoneos/SwiftDXF.build/swift-overrides.hmap -emit-const-values -Xfrontend -const-gather-protocols-file -Xfrontend /Users/admin/builder/spi-builder-workspace/.derivedData/Build/Intermediates.noindex/SwiftDXF.build/Debug-iphoneos/SwiftDXF.build/Objects-normal/arm64/SwiftDXF_const_extract_protocols.json -Xcc -I/Users/admin/builder/spi-builder-workspace/.derivedData/Build/Products/Debug-iphoneos/include -Xcc -I/Users/admin/builder/spi-builder-workspace/.derivedData/Build/Intermediates.noindex/SwiftDXF.build/Debug-iphoneos/SwiftDXF.build/DerivedSources-normal/arm64 -Xcc -I/Users/admin/builder/spi-builder-workspace/.derivedData/Build/Intermediates.noindex/SwiftDXF.build/Debug-iphoneos/SwiftDXF.build/DerivedSources/arm64 -Xcc -I/Users/admin/builder/spi-builder-workspace/.derivedData/Build/Intermediates.noindex/SwiftDXF.build/Debug-iphoneos/SwiftDXF.build/DerivedSources -Xcc -DSWIFT_PACKAGE -Xcc -DDEBUG\=1 -emit-objc-header -emit-objc-header-path /Users/admin/builder/spi-builder-workspace/.derivedData/Build/Intermediates.noindex/SwiftDXF.build/Debug-iphoneos/SwiftDXF.build/Objects-normal/arm64/SwiftDXF-Swift.h -working-directory /Users/admin/builder/spi-builder-workspace/.swiftpm/xcode -experimental-emit-module-separately -disable-cmo
SwiftDriver OCCTSwiftViewport normal arm64 com.apple.xcode.tools.swift.compiler (in target 'OCCTSwiftViewport' from project 'OCCTSwiftViewport')
cd /Users/admin/builder/spi-builder-workspace/.swiftpm/xcode
builtin-SwiftDriver -- /Applications/Xcode-26.3.0.app/Contents/Developer/Toolchains/XcodeDefault.xctoolchain/usr/bin/swiftc -module-name OCCTSwiftViewport -Onone -enforce-exclusivity\=checked @/Users/admin/builder/spi-builder-workspace/.derivedData/Build/Intermediates.noindex/OCCTSwiftViewport.build/Debug-iphoneos/OCCTSwiftViewport.build/Objects-normal/arm64/OCCTSwiftViewport.SwiftFileList -DSWIFT_PACKAGE -DDEBUG -DSWIFT_MODULE_RESOURCE_BUNDLE_AVAILABLE -DXcode -plugin-path /Applications/Xcode-26.3.0.app/Contents/Developer/Toolchains/XcodeDefault.xctoolchain/usr/lib/swift/host/plugins/testing -enable-experimental-feature DebugDescriptionMacro -sdk /Applications/Xcode-26.3.0.app/Contents/Developer/Platforms/iPhoneOS.platform/Developer/SDKs/iPhoneOS26.2.sdk -target arm64-apple-ios18.0 -g -module-cache-path /Users/admin/builder/spi-builder-workspace/.derivedData/ModuleCache.noindex -Xfrontend -serialize-debugging-options -profile-coverage-mapping -profile-generate -enable-testing -suppress-warnings -index-store-path /Users/admin/builder/spi-builder-workspace/.derivedData/Index.noindex/DataStore -Xcc -D_LIBCPP_HARDENING_MODE\=_LIBCPP_HARDENING_MODE_DEBUG -swift-version 6 -I /Users/admin/builder/spi-builder-workspace/.derivedData/Build/Products/Debug-iphoneos -Isystem /Applications/Xcode-26.3.0.app/Contents/Developer/Platforms/iPhoneOS.platform/Developer/usr/lib -F /Users/admin/builder/spi-builder-workspace/.derivedData/Build/Products/Debug-iphoneos -F /Applications/Xcode-26.3.0.app/Contents/Developer/Platforms/iPhoneOS.platform/Developer/Library/Frameworks -F /Applications/Xcode-26.3.0.app/Contents/Developer/Platforms/iPhoneOS.platform/Developer/SDKs/iPhoneOS26.2.sdk/Developer/Library/Frameworks -c -j10 -enable-batch-mode -incremental -Xcc -ivfsstatcache -Xcc /Users/admin/builder/spi-builder-workspace/.derivedData/SDKStatCaches.noindex/iphoneos26.2-23C57-dc75598d0054f22ec865fa860f139d7288450c32e1b53ef065a99acc3d9992c6.sdkstatcache -output-file-map /Users/admin/builder/spi-builder-workspace/.derivedData/Build/Intermediates.noindex/OCCTSwiftViewport.build/Debug-iphoneos/OCCTSwiftViewport.build/Objects-normal/arm64/OCCTSwiftViewport-OutputFileMap.json -use-frontend-parseable-output -save-temps -no-color-diagnostics -explicit-module-build -module-cache-path /Users/admin/builder/spi-builder-workspace/.derivedData/Build/Intermediates.noindex/SwiftExplicitPrecompiledModules -clang-scanner-module-cache-path /Users/admin/builder/spi-builder-workspace/.derivedData/ModuleCache.noindex -sdk-module-cache-path /Users/admin/builder/spi-builder-workspace/.derivedData/ModuleCache.noindex -serialize-diagnostics -emit-dependencies -emit-module -emit-module-path /Users/admin/builder/spi-builder-workspace/.derivedData/Build/Intermediates.noindex/OCCTSwiftViewport.build/Debug-iphoneos/OCCTSwiftViewport.build/Objects-normal/arm64/OCCTSwiftViewport.swiftmodule -user-module-version 1.2.1 -validate-clang-modules-once -clang-build-session-file /Users/admin/builder/spi-builder-workspace/.derivedData/ModuleCache.noindex/Session.modulevalidation -package-name occtswiftviewport -Xcc -I/Users/admin/builder/spi-builder-workspace/.derivedData/Build/Intermediates.noindex/OCCTSwiftViewport.build/Debug-iphoneos/OCCTSwiftViewport.build/swift-overrides.hmap -emit-const-values -Xfrontend -const-gather-protocols-file -Xfrontend /Users/admin/builder/spi-builder-workspace/.derivedData/Build/Intermediates.noindex/OCCTSwiftViewport.build/Debug-iphoneos/OCCTSwiftViewport.build/Objects-normal/arm64/OCCTSwiftViewport_const_extract_protocols.json -Xcc -I/Users/admin/builder/spi-builder-workspace/.derivedData/Build/Products/Debug-iphoneos/include -Xcc -I/Users/admin/builder/spi-builder-workspace/.derivedData/Build/Intermediates.noindex/OCCTSwiftViewport.build/Debug-iphoneos/OCCTSwiftViewport.build/DerivedSources-normal/arm64 -Xcc -I/Users/admin/builder/spi-builder-workspace/.derivedData/Build/Intermediates.noindex/OCCTSwiftViewport.build/Debug-iphoneos/OCCTSwiftViewport.build/DerivedSources/arm64 -Xcc -I/Users/admin/builder/spi-builder-workspace/.derivedData/Build/Intermediates.noindex/OCCTSwiftViewport.build/Debug-iphoneos/OCCTSwiftViewport.build/DerivedSources -Xcc -DSWIFT_PACKAGE -Xcc -DDEBUG\=1 -emit-objc-header -emit-objc-header-path /Users/admin/builder/spi-builder-workspace/.derivedData/Build/Intermediates.noindex/OCCTSwiftViewport.build/Debug-iphoneos/OCCTSwiftViewport.build/Objects-normal/arm64/OCCTSwiftViewport-Swift.h -working-directory /Users/admin/builder/spi-builder-workspace/.swiftpm/xcode -experimental-emit-module-separately -disable-cmo
SwiftDriver OCCTSwift normal arm64 com.apple.xcode.tools.swift.compiler (in target 'OCCTSwift' from project 'OCCTSwift')
cd /Users/admin/builder/spi-builder-workspace/.swiftpm/xcode
builtin-SwiftDriver -- /Applications/Xcode-26.3.0.app/Contents/Developer/Toolchains/XcodeDefault.xctoolchain/usr/bin/swiftc -module-name OCCTSwift -Onone -enforce-exclusivity\=checked @/Users/admin/builder/spi-builder-workspace/.derivedData/Build/Intermediates.noindex/OCCTSwift.build/Debug-iphoneos/OCCTSwift.build/Objects-normal/arm64/OCCTSwift.SwiftFileList -DSWIFT_PACKAGE -DDEBUG -DSWIFT_MODULE_RESOURCE_BUNDLE_UNAVAILABLE -DXcode -plugin-path /Applications/Xcode-26.3.0.app/Contents/Developer/Toolchains/XcodeDefault.xctoolchain/usr/lib/swift/host/plugins/testing -enable-experimental-feature DebugDescriptionMacro -sdk /Applications/Xcode-26.3.0.app/Contents/Developer/Platforms/iPhoneOS.platform/Developer/SDKs/iPhoneOS26.2.sdk -target arm64-apple-ios15.0 -g -module-cache-path /Users/admin/builder/spi-builder-workspace/.derivedData/ModuleCache.noindex -Xfrontend -serialize-debugging-options -profile-coverage-mapping -profile-generate -enable-testing -suppress-warnings -index-store-path /Users/admin/builder/spi-builder-workspace/.derivedData/Index.noindex/DataStore -Xcc -D_LIBCPP_HARDENING_MODE\=_LIBCPP_HARDENING_MODE_DEBUG -swift-version 6 -I /Users/admin/builder/spi-builder-workspace/.derivedData/Build/Products/Debug-iphoneos -Isystem /Applications/Xcode-26.3.0.app/Contents/Developer/Platforms/iPhoneOS.platform/Developer/usr/lib -F /Users/admin/builder/spi-builder-workspace/.derivedData/Build/Products/Debug-iphoneos/PackageFrameworks -F /Users/admin/builder/spi-builder-workspace/.derivedData/Build/Products/Debug-iphoneos -F /Applications/Xcode-26.3.0.app/Contents/Developer/Platforms/iPhoneOS.platform/Developer/Library/Frameworks -F /Applications/Xcode-26.3.0.app/Contents/Developer/Platforms/iPhoneOS.platform/Developer/SDKs/iPhoneOS26.2.sdk/Developer/Library/Frameworks -c -j10 -enable-batch-mode -incremental -Xcc -ivfsstatcache -Xcc /Users/admin/builder/spi-builder-workspace/.derivedData/SDKStatCaches.noindex/iphoneos26.2-23C57-dc75598d0054f22ec865fa860f139d7288450c32e1b53ef065a99acc3d9992c6.sdkstatcache -output-file-map /Users/admin/builder/spi-builder-workspace/.derivedData/Build/Intermediates.noindex/OCCTSwift.build/Debug-iphoneos/OCCTSwift.build/Objects-normal/arm64/OCCTSwift-OutputFileMap.json -use-frontend-parseable-output -save-temps -no-color-diagnostics -explicit-module-build -module-cache-path /Users/admin/builder/spi-builder-workspace/.derivedData/Build/Intermediates.noindex/SwiftExplicitPrecompiledModules -clang-scanner-module-cache-path /Users/admin/builder/spi-builder-workspace/.derivedData/ModuleCache.noindex -sdk-module-cache-path /Users/admin/builder/spi-builder-workspace/.derivedData/ModuleCache.noindex -serialize-diagnostics -emit-dependencies -emit-module -emit-module-path /Users/admin/builder/spi-builder-workspace/.derivedData/Build/Intermediates.noindex/OCCTSwift.build/Debug-iphoneos/OCCTSwift.build/Objects-normal/arm64/OCCTSwift.swiftmodule -user-module-version 3.0.0 -validate-clang-modules-once -clang-build-session-file /Users/admin/builder/spi-builder-workspace/.derivedData/ModuleCache.noindex/Session.modulevalidation -package-name occtswift -Xcc -I/Users/admin/builder/spi-builder-workspace/.derivedData/Build/Intermediates.noindex/OCCTSwift.build/Debug-iphoneos/OCCTSwift.build/swift-overrides.hmap -emit-const-values -Xfrontend -const-gather-protocols-file -Xfrontend /Users/admin/builder/spi-builder-workspace/.derivedData/Build/Intermediates.noindex/OCCTSwift.build/Debug-iphoneos/OCCTSwift.build/Objects-normal/arm64/OCCTSwift_const_extract_protocols.json -Xcc -I/Users/admin/builder/spi-builder-workspace/.dependencies/checkouts/OCCTSwift/Sources/OCCTBridge/include -Xcc -I/Users/admin/builder/spi-builder-workspace/.derivedData/Build/Products/Debug-iphoneos/include -Xcc -I/Users/admin/builder/spi-builder-workspace/.derivedData/Build/Intermediates.noindex/OCCTSwift.build/Debug-iphoneos/OCCTSwift.build/DerivedSources-normal/arm64 -Xcc -I/Users/admin/builder/spi-builder-workspace/.derivedData/Build/Intermediates.noindex/OCCTSwift.build/Debug-iphoneos/OCCTSwift.build/DerivedSources/arm64 -Xcc -I/Users/admin/builder/spi-builder-workspace/.derivedData/Build/Intermediates.noindex/OCCTSwift.build/Debug-iphoneos/OCCTSwift.build/DerivedSources -Xcc -DSWIFT_PACKAGE -Xcc -DDEBUG\=1 -emit-objc-header -emit-objc-header-path /Users/admin/builder/spi-builder-workspace/.derivedData/Build/Intermediates.noindex/OCCTSwift.build/Debug-iphoneos/OCCTSwift.build/Objects-normal/arm64/OCCTSwift-Swift.h -working-directory /Users/admin/builder/spi-builder-workspace/.swiftpm/xcode -experimental-emit-module-separately -disable-cmo
SwiftDriver OCCTRunner normal arm64 com.apple.xcode.tools.swift.compiler (in target 'OCCTRunner' from project 'OCCTSwiftScripts')
cd /Users/admin/builder/spi-builder-workspace/.swiftpm/xcode
builtin-SwiftDriver -- /Applications/Xcode-26.3.0.app/Contents/Developer/Toolchains/XcodeDefault.xctoolchain/usr/bin/swiftc -module-name OCCTRunner -Onone -enforce-exclusivity\=checked @/Users/admin/builder/spi-builder-workspace/.derivedData/Build/Intermediates.noindex/OCCTSwiftScripts.build/Debug-iphoneos/OCCTRunner.build/Objects-normal/arm64/OCCTRunner.SwiftFileList -DSWIFT_PACKAGE -DDEBUG -DXcode -plugin-path /Applications/Xcode-26.3.0.app/Contents/Developer/Toolchains/XcodeDefault.xctoolchain/usr/lib/swift/host/plugins/testing -enable-experimental-feature DebugDescriptionMacro -sdk /Applications/Xcode-26.3.0.app/Contents/Developer/Platforms/iPhoneOS.platform/Developer/SDKs/iPhoneOS26.2.sdk -target arm64-apple-ios18.0 -g -module-cache-path /Users/admin/builder/spi-builder-workspace/.derivedData/ModuleCache.noindex -Xfrontend -serialize-debugging-options -profile-coverage-mapping -profile-generate -enable-testing -index-store-path /Users/admin/builder/spi-builder-workspace/.derivedData/Index.noindex/DataStore -Xcc -D_LIBCPP_HARDENING_MODE\=_LIBCPP_HARDENING_MODE_DEBUG -swift-version 6 -I /Users/admin/builder/spi-builder-workspace/.derivedData/Build/Products/Debug-iphoneos -Isystem /Applications/Xcode-26.3.0.app/Contents/Developer/Platforms/iPhoneOS.platform/Developer/usr/lib -F /Users/admin/builder/spi-builder-workspace/.derivedData/Build/Products/Debug-iphoneos -F /Applications/Xcode-26.3.0.app/Contents/Developer/Platforms/iPhoneOS.platform/Developer/Library/Frameworks -F /Applications/Xcode-26.3.0.app/Contents/Developer/Platforms/iPhoneOS.platform/Developer/SDKs/iPhoneOS26.2.sdk/Developer/Library/Frameworks -c -j10 -enable-batch-mode -incremental -Xcc -ivfsstatcache -Xcc /Users/admin/builder/spi-builder-workspace/.derivedData/SDKStatCaches.noindex/iphoneos26.2-23C57-dc75598d0054f22ec865fa860f139d7288450c32e1b53ef065a99acc3d9992c6.sdkstatcache -output-file-map /Users/admin/builder/spi-builder-workspace/.derivedData/Build/Intermediates.noindex/OCCTSwiftScripts.build/Debug-iphoneos/OCCTRunner.build/Objects-normal/arm64/OCCTRunner-OutputFileMap.json -use-frontend-parseable-output -save-temps -no-color-diagnostics -explicit-module-build -module-cache-path /Users/admin/builder/spi-builder-workspace/.derivedData/Build/Intermediates.noindex/SwiftExplicitPrecompiledModules -clang-scanner-module-cache-path /Users/admin/builder/spi-builder-workspace/.derivedData/ModuleCache.noindex -sdk-module-cache-path /Users/admin/builder/spi-builder-workspace/.derivedData/ModuleCache.noindex -serialize-diagnostics -emit-dependencies -emit-module -emit-module-path /Users/admin/builder/spi-builder-workspace/.derivedData/Build/Intermediates.noindex/OCCTSwiftScripts.build/Debug-iphoneos/OCCTRunner.build/Objects-normal/arm64/OCCTRunner.swiftmodule -validate-clang-modules-once -clang-build-session-file /Users/admin/builder/spi-builder-workspace/.derivedData/ModuleCache.noindex/Session.modulevalidation -package-name spi_builder_workspace -emit-const-values -Xfrontend -const-gather-protocols-file -Xfrontend /Users/admin/builder/spi-builder-workspace/.derivedData/Build/Intermediates.noindex/OCCTSwiftScripts.build/Debug-iphoneos/OCCTRunner.build/Objects-normal/arm64/OCCTRunner_const_extract_protocols.json -Xcc -I/Users/admin/builder/spi-builder-workspace/.derivedData/Build/Products/Debug-iphoneos/include -Xcc -I/Users/admin/builder/spi-builder-workspace/.derivedData/Build/Intermediates.noindex/OCCTSwiftScripts.build/Debug-iphoneos/OCCTRunner.build/DerivedSources-normal/arm64 -Xcc -I/Users/admin/builder/spi-builder-workspace/.derivedData/Build/Intermediates.noindex/OCCTSwiftScripts.build/Debug-iphoneos/OCCTRunner.build/DerivedSources/arm64 -Xcc -I/Users/admin/builder/spi-builder-workspace/.derivedData/Build/Intermediates.noindex/OCCTSwiftScripts.build/Debug-iphoneos/OCCTRunner.build/DerivedSources -Xcc -DSWIFT_PACKAGE -Xcc -DDEBUG\=1 -working-directory /Users/admin/builder/spi-builder-workspace/.swiftpm/xcode -experimental-emit-module-separately -disable-cmo
SwiftDriver Nodal normal arm64 com.apple.xcode.tools.swift.compiler (in target 'Nodal' from project 'Nodal')
cd /Users/admin/builder/spi-builder-workspace/.swiftpm/xcode
builtin-SwiftDriver -- /Applications/Xcode-26.3.0.app/Contents/Developer/Toolchains/XcodeDefault.xctoolchain/usr/bin/swiftc -module-name Nodal -Onone -enforce-exclusivity\=checked @/Users/admin/builder/spi-builder-workspace/.derivedData/Build/Intermediates.noindex/Nodal.build/Debug-iphoneos/Nodal.build/Objects-normal/arm64/Nodal.SwiftFileList -DSWIFT_PACKAGE -DDEBUG -DSWIFT_MODULE_RESOURCE_BUNDLE_UNAVAILABLE -Xcc -fmodule-map-file\=/Users/admin/builder/spi-builder-workspace/.derivedData/Build/Intermediates.noindex/GeneratedModuleMaps-iphoneos/Bridge.modulemap -Xcc -fmodule-map-file\=/Users/admin/builder/spi-builder-workspace/.derivedData/Build/Intermediates.noindex/GeneratedModuleMaps-iphoneos/pugixml.modulemap -DXcode -cxx-interoperability-mode\=default -Xcc -std\=c++17 -plugin-path /Applications/Xcode-26.3.0.app/Contents/Developer/Toolchains/XcodeDefault.xctoolchain/usr/lib/swift/host/plugins/testing -enable-experimental-feature DebugDescriptionMacro -sdk /Applications/Xcode-26.3.0.app/Contents/Developer/Platforms/iPhoneOS.platform/Developer/SDKs/iPhoneOS26.2.sdk -target arm64-apple-ios13.0 -g -module-cache-path /Users/admin/builder/spi-builder-workspace/.derivedData/ModuleCache.noindex -Xfrontend -serialize-debugging-options -profile-coverage-mapping -profile-generate -enable-testing -suppress-warnings -index-store-path /Users/admin/builder/spi-builder-workspace/.derivedData/Index.noindex/DataStore -Xcc -D_LIBCPP_HARDENING_MODE\=_LIBCPP_HARDENING_MODE_DEBUG -swift-version 6 -I /Users/admin/builder/spi-builder-workspace/.derivedData/Build/Products/Debug-iphoneos -Isystem /Applications/Xcode-26.3.0.app/Contents/Developer/Platforms/iPhoneOS.platform/Developer/usr/lib -F /Users/admin/builder/spi-builder-workspace/.derivedData/Build/Products/Debug-iphoneos/PackageFrameworks -F /Users/admin/builder/spi-builder-workspace/.derivedData/Build/Products/Debug-iphoneos/PackageFrameworks -F /Users/admin/builder/spi-builder-workspace/.derivedData/Build/Products/Debug-iphoneos -F /Applications/Xcode-26.3.0.app/Contents/Developer/Platforms/iPhoneOS.platform/Developer/Library/Frameworks -F /Applications/Xcode-26.3.0.app/Contents/Developer/Platforms/iPhoneOS.platform/Developer/SDKs/iPhoneOS26.2.sdk/Developer/Library/Frameworks -c -j10 -enable-batch-mode -incremental -Xcc -ivfsstatcache -Xcc /Users/admin/builder/spi-builder-workspace/.derivedData/SDKStatCaches.noindex/iphoneos26.2-23C57-dc75598d0054f22ec865fa860f139d7288450c32e1b53ef065a99acc3d9992c6.sdkstatcache -output-file-map /Users/admin/builder/spi-builder-workspace/.derivedData/Build/Intermediates.noindex/Nodal.build/Debug-iphoneos/Nodal.build/Objects-normal/arm64/Nodal-OutputFileMap.json -use-frontend-parseable-output -save-temps -no-color-diagnostics -serialize-diagnostics -emit-dependencies -emit-module -emit-module-path /Users/admin/builder/spi-builder-workspace/.derivedData/Build/Intermediates.noindex/Nodal.build/Debug-iphoneos/Nodal.build/Objects-normal/arm64/Nodal.swiftmodule -user-module-version 1.0.2 -validate-clang-modules-once -clang-build-session-file /Users/admin/builder/spi-builder-workspace/.derivedData/ModuleCache.noindex/Session.modulevalidation -package-name nodal -Xcc -I/Users/admin/builder/spi-builder-workspace/.derivedData/Build/Intermediates.noindex/Nodal.build/Debug-iphoneos/Nodal.build/swift-overrides.hmap -emit-const-values -Xfrontend -const-gather-protocols-file -Xfrontend /Users/admin/builder/spi-builder-workspace/.derivedData/Build/Intermediates.noindex/Nodal.build/Debug-iphoneos/Nodal.build/Objects-normal/arm64/Nodal_const_extract_protocols.json -Xcc -I/Users/admin/builder/spi-builder-workspace/.dependencies/checkouts/Nodal/Sources/bridge -Xcc -I/Users/admin/builder/spi-builder-workspace/.dependencies/checkouts/Nodal/Sources/pugixml/src -Xcc -I/Users/admin/builder/spi-builder-workspace/.derivedData/Build/Products/Debug-iphoneos/include -Xcc -I/Users/admin/builder/spi-builder-workspace/.derivedData/Build/Intermediates.noindex/Nodal.build/Debug-iphoneos/Nodal.build/DerivedSources-normal/arm64 -Xcc -I/Users/admin/builder/spi-builder-workspace/.derivedData/Build/Intermediates.noindex/Nodal.build/Debug-iphoneos/Nodal.build/DerivedSources/arm64 -Xcc -I/Users/admin/builder/spi-builder-workspace/.derivedData/Build/Intermediates.noindex/Nodal.build/Debug-iphoneos/Nodal.build/DerivedSources -Xcc -DSWIFT_PACKAGE -Xcc -DDEBUG\=1 -emit-objc-header -emit-objc-header-path /Users/admin/builder/spi-builder-workspace/.derivedData/Build/Intermediates.noindex/Nodal.build/Debug-iphoneos/Nodal.build/Objects-normal/arm64/Nodal-Swift.h -working-directory /Users/admin/builder/spi-builder-workspace/.swiftpm/xcode -experimental-emit-module-separately -disable-cmo
SwiftExplicitDependencyGeneratePcm arm64 /Users/admin/builder/spi-builder-workspace/.derivedData/ModuleCache.noindex/CFNetwork-1UHFSK10QJ70WG7EGGUCE4D1P.pcm
SwiftEmitModule normal arm64 Emitting\ module\ for\ Nodal (in target 'Nodal' from project 'Nodal')
EmitSwiftModule normal arm64 (in target 'Nodal' from project 'Nodal')
cd /Users/admin/builder/spi-builder-workspace/.swiftpm/xcode
SwiftExplicitDependencyGeneratePcm arm64 /Users/admin/builder/spi-builder-workspace/.derivedData/ModuleCache.noindex/Foundation-1EF5DGSGNU4BQETRGT6MTTOD4.pcm
SwiftEmitModule normal arm64 Emitting\ module\ for\ OCCTRunner (in target 'OCCTRunner' from project 'OCCTSwiftScripts')
Failed frontend command:
/Applications/Xcode-26.3.0.app/Contents/Developer/Toolchains/XcodeDefault.xctoolchain/usr/bin/swift-frontend -frontend -emit-module -experimental-skip-non-inlinable-function-bodies-without-types /Users/admin/builder/spi-builder-workspace/Sources/OCCTRunner/main.swift -target arm64-apple-ios18.0 -load-resolved-plugin /Applications/Xcode-26.3.0.app/Contents/Developer/Platforms/iPhoneOS.platform/Developer/usr/lib/swift/host/plugins/libFoundationMacros.dylib\#/Applications/Xcode-26.3.0.app/Contents/Developer/Platforms/iPhoneOS.platform/Developer/usr/bin/swift-plugin-server\#FoundationMacros -load-resolved-plugin /Applications/Xcode-26.3.0.app/Contents/Developer/Platforms/iPhoneOS.platform/Developer/usr/lib/swift/host/plugins/libObservationMacros.dylib\#/Applications/Xcode-26.3.0.app/Contents/Developer/Platforms/iPhoneOS.platform/Developer/usr/bin/swift-plugin-server\#ObservationMacros -load-resolved-plugin /Applications/Xcode-26.3.0.app/Contents/Developer/Platforms/iPhoneOS.platform/Developer/usr/lib/swift/host/plugins/libSwiftMacros.dylib\#/Applications/Xcode-26.3.0.app/Contents/Developer/Platforms/iPhoneOS.platform/Developer/usr/bin/swift-plugin-server\#SwiftMacros -disable-implicit-swift-modules -Xcc -fno-implicit-modules -Xcc -fno-implicit-module-maps -explicit-swift-module-map-file /Users/admin/builder/spi-builder-workspace/.derivedData/Build/Intermediates.noindex/OCCTSwiftScripts.build/Debug-iphoneos/OCCTRunner.build/Objects-normal/arm64/OCCTRunner-dependencies-1.json -Xllvm -aarch64-use-tbi -enable-objc-interop -stack-check -sdk /Applications/Xcode-26.3.0.app/Contents/Developer/Platforms/iPhoneOS.platform/Developer/SDKs/iPhoneOS26.2.sdk -I /Users/admin/builder/spi-builder-workspace/.derivedData/Build/Products/Debug-iphoneos -Isystem /Applications/Xcode-26.3.0.app/Contents/Developer/Platforms/iPhoneOS.platform/Developer/usr/lib -F /Users/admin/builder/spi-builder-workspace/.derivedData/Build/Products/Debug-iphoneos -F /Applications/Xcode-26.3.0.app/Contents/Developer/Platforms/iPhoneOS.platform/Developer/Library/Frameworks -F /Applications/Xcode-26.3.0.app/Contents/Developer/Platforms/iPhoneOS.platform/Developer/SDKs/iPhoneOS26.2.sdk/Developer/Library/Frameworks -no-color-diagnostics -Xcc -fno-color-diagnostics -enable-testing -g -debug-info-format\=dwarf -dwarf-version\=5 -module-cache-path /Users/admin/builder/spi-builder-workspace/.derivedData/Build/Intermediates.noindex/SwiftExplicitPrecompiledModules -profile-generate -profile-coverage-mapping -swift-version 6 -enforce-exclusivity\=checked -Onone -D SWIFT_PACKAGE -D DEBUG -D Xcode -serialize-debugging-options -const-gather-protocols-file /Users/admin/builder/spi-builder-workspace/.derivedData/Build/Intermediates.noindex/OCCTSwiftScripts.build/Debug-iphoneos/OCCTRunner.build/Objects-normal/arm64/OCCTRunner_const_extract_protocols.json -enable-experimental-feature DebugDescriptionMacro -empty-abi-descriptor -validate-clang-modules-once -clang-build-session-file /Users/admin/builder/spi-builder-workspace/.derivedData/ModuleCache.noindex/Session.modulevalidation -Xcc -working-directory -Xcc /Users/admin/builder/spi-builder-workspace/.swiftpm/xcode -enable-anonymous-context-mangled-names -file-compilation-dir /Users/admin/builder/spi-builder-workspace/.swiftpm/xcode -Xcc -D_LIBCPP_HARDENING_MODE\=_LIBCPP_HARDENING_MODE_DEBUG -Xcc -ivfsstatcache -Xcc /Users/admin/builder/spi-builder-workspace/.derivedData/SDKStatCaches.noindex/iphoneos26.2-23C57-dc75598d0054f22ec865fa860f139d7288450c32e1b53ef065a99acc3d9992c6.sdkstatcache -Xcc -I/Users/admin/builder/spi-builder-workspace/.derivedData/Build/Products/Debug-iphoneos/include -Xcc -I/Users/admin/builder/spi-builder-workspace/.derivedData/Build/Intermediates.noindex/OCCTSwiftScripts.build/Debug-iphoneos/OCCTRunner.build/DerivedSources-normal/arm64 -Xcc -I/Users/admin/builder/spi-builder-workspace/.derivedData/Build/Intermediates.noindex/OCCTSwiftScripts.build/Debug-iphoneos/OCCTRunner.build/DerivedSources/arm64 -Xcc -I/Users/admin/builder/spi-builder-workspace/.derivedData/Build/Intermediates.noindex/OCCTSwiftScripts.build/Debug-iphoneos/OCCTRunner.build/DerivedSources -Xcc -DSWIFT_PACKAGE -Xcc -DDEBUG\=1 -no-auto-bridging-header-chaining -module-name OCCTRunner -package-name spi_builder_workspace -frontend-parseable-output -disable-clang-spi -target-sdk-version 26.2 -target-sdk-name iphoneos26.2 -clang-target arm64-apple-ios26.2 -in-process-plugin-server-path /Applications/Xcode-26.3.0.app/Contents/Developer/Toolchains/XcodeDefault.xctoolchain/usr/lib/swift/host/libSwiftInProcPluginServer.dylib -emit-module-doc-path /Users/admin/builder/spi-builder-workspace/.derivedData/Build/Intermediates.noindex/OCCTSwiftScripts.build/Debug-iphoneos/OCCTRunner.build/Objects-normal/arm64/OCCTRunner.swiftdoc -emit-module-source-info-path /Users/admin/builder/spi-builder-workspace/.derivedData/Build/Intermediates.noindex/OCCTSwiftScripts.build/Debug-iphoneos/OCCTRunner.build/Objects-normal/arm64/OCCTRunner.swiftsourceinfo -serialize-diagnostics-path /Users/admin/builder/spi-builder-workspace/.derivedData/Build/Intermediates.noindex/OCCTSwiftScripts.build/Debug-iphoneos/OCCTRunner.build/Objects-normal/arm64/OCCTRunner-primary-emit-module.dia -emit-dependencies-path /Users/admin/builder/spi-builder-workspace/.derivedData/Build/Intermediates.noindex/OCCTSwiftScripts.build/Debug-iphoneos/OCCTRunner.build/Objects-normal/arm64/OCCTRunner-primary-emit-module.d -o /Users/admin/builder/spi-builder-workspace/.derivedData/Build/Intermediates.noindex/OCCTSwiftScripts.build/Debug-iphoneos/OCCTRunner.build/Objects-normal/arm64/OCCTRunner.swiftmodule -emit-abi-descriptor-path /Users/admin/builder/spi-builder-workspace/.derivedData/Build/Intermediates.noindex/OCCTSwiftScripts.build/Debug-iphoneos/OCCTRunner.build/Objects-normal/arm64/OCCTRunner.abi.json
SwiftCompile normal arm64 /Users/admin/builder/spi-builder-workspace/Sources/OCCTRunner/main.swift (in target 'OCCTRunner' from project 'OCCTSwiftScripts')
cd /Users/admin/builder/spi-builder-workspace/.swiftpm/xcode
/Users/admin/builder/spi-builder-workspace/Sources/OCCTRunner/main.swift:112:36: error: 'homeDirectoryForCurrentUser' is unavailable in iOS
let home = FileManager.default.homeDirectoryForCurrentUser
^~~~~~~~~~~~~~~~~~~~~~~~~~~
/Applications/Xcode-26.3.0.app/Contents/Developer/Platforms/iPhoneOS.platform/Developer/SDKs/iPhoneOS26.2.sdk/System/Library/Frameworks/Foundation.framework/Headers/NSFileManager.h:461:35: note: 'homeDirectoryForCurrentUser' has been explicitly marked unavailable here
@property (readonly, copy) NSURL *homeDirectoryForCurrentUser API_AVAILABLE(macosx(10.12)) API_UNAVAILABLE(ios, watchos, tvos);
^
CompileC /Users/admin/builder/spi-builder-workspace/.derivedData/Build/Intermediates.noindex/OCCTSwift.build/Debug-iphoneos/OCCTBridge.build/Objects-normal/arm64/OCCTBridge_Geom2d.o /Users/admin/builder/spi-builder-workspace/.dependencies/checkouts/OCCTSwift/Sources/OCCTBridge/src/OCCTBridge_Geom2d.mm normal arm64 objective-c++ com.apple.compilers.llvm.clang.1_0.compiler (in target 'OCCTBridge' from project 'OCCTSwift')
cd /Users/admin/builder/spi-builder-workspace/.swiftpm/xcode
Using response file: /Users/admin/builder/spi-builder-workspace/.derivedData/Build/Intermediates.noindex/OCCTSwift.build/Debug-iphoneos/OCCTBridge.build/Objects-normal/arm64/af3fcb34312c57c0f52879cdce924b91-common-args.resp
/Applications/Xcode-26.3.0.app/Contents/Developer/Toolchains/XcodeDefault.xctoolchain/usr/bin/clang -x objective-c++ -ivfsstatcache /Users/admin/builder/spi-builder-workspace/.derivedData/SDKStatCaches.noindex/iphoneos26.2-23C57-dc75598d0054f22ec865fa860f139d7288450c32e1b53ef065a99acc3d9992c6.sdkstatcache -fmessage-length\=0 -fdiagnostics-show-note-include-stack -fmacro-backtrace-limit\=0 -fno-color-diagnostics -fmodules-prune-interval\=86400 -fmodules-prune-after\=345600 -fbuild-session-file\=/Users/admin/builder/spi-builder-workspace/.derivedData/ModuleCache.noindex/Session.modulevalidation -fmodules-validate-once-per-build-session -Wnon-modular-include-in-framework-module -Werror\=non-modular-include-in-framework-module -Wno-trigraphs -Wno-missing-field-initializers -Wno-missing-prototypes -Wno-return-type -Wno-implicit-atomic-properties -Wno-objc-interface-ivars -Wno-arc-repeated-use-of-weak -Wno-non-virtual-dtor -Wno-overloaded-virtual -Wno-exit-time-destructors -Wno-missing-braces -Wparentheses -Wswitch -Wno-unused-function -Wno-unused-label -Wno-unused-parameter -Wno-unused-variable -Wunused-value -Wno-empty-body -Wno-uninitialized -Wno-unknown-pragmas -w -Wno-shadow -Wno-four-char-constants -Wno-conversion -Wno-constant-conversion -Wno-int-conversion -Wno-bool-conversion -Wno-enum-conversion -Wno-float-conversion -Wno-non-literal-null-conversion -Wno-objc-literal-conversion -Wshorten-64-to-32 -Wno-newline-eof -Wno-selector -Wno-strict-selector-match -Wno-undeclared-selector -Wno-deprecated-implementations -Wno-c++11-extensions -Wno-implicit-fallthrough -fstrict-aliasing -Wprotocol -Wdeprecated-declarations -Winvalid-offsetof -Wno-sign-conversion -Wno-infinite-recursion -Wno-move -Wno-comma -Wno-block-capture-autoreleasing -Wno-strict-prototypes -Wno-range-loop-analysis -Wno-semicolon-before-method-body -index-store-path /Users/admin/builder/spi-builder-workspace/.derivedData/Index.noindex/DataStore @/Users/admin/builder/spi-builder-workspace/.derivedData/Build/Intermediates.noindex/OCCTSwift.build/Debug-iphoneos/OCCTBridge.build/Objects-normal/arm64/af3fcb34312c57c0f52879cdce924b91-common-args.resp -MMD -MT dependencies -MF /Users/admin/builder/spi-builder-workspace/.derivedData/Build/Intermediates.noindex/OCCTSwift.build/Debug-iphoneos/OCCTBridge.build/Objects-normal/arm64/OCCTBridge_Geom2d.d --serialize-diagnostics /Users/admin/builder/spi-builder-workspace/.derivedData/Build/Intermediates.noindex/OCCTSwift.build/Debug-iphoneos/OCCTBridge.build/Objects-normal/arm64/OCCTBridge_Geom2d.dia -c /Users/admin/builder/spi-builder-workspace/.dependencies/checkouts/OCCTSwift/Sources/OCCTBridge/src/OCCTBridge_Geom2d.mm -o /Users/admin/builder/spi-builder-workspace/.derivedData/Build/Intermediates.noindex/OCCTSwift.build/Debug-iphoneos/OCCTBridge.build/Objects-normal/arm64/OCCTBridge_Geom2d.o -index-unit-output-path /OCCTSwift.build/Debug-iphoneos/OCCTBridge.build/Objects-normal/arm64/OCCTBridge_Geom2d.o
SwiftExplicitDependencyGeneratePcm arm64 /Users/admin/builder/spi-builder-workspace/.derivedData/ModuleCache.noindex/FileProvider-1OYQ52Z8NJP4S15HZ787RJ70S.pcm
SwiftExplicitDependencyGeneratePcm arm64 /Users/admin/builder/spi-builder-workspace/.derivedData/ModuleCache.noindex/CoreTransferable-2G3XLHBFXGTIPTXQVGML6T133.pcm
2026-10-02 18:44:55.793 xcodebuild[3205:13101] [MT] IDERunDestination: Supported platforms for the buildables in the current scheme is empty.
** BUILD FAILED **
The following build commands failed:
SwiftEmitModule normal arm64 Emitting\ module\ for\ OCCTRunner (in target 'OCCTRunner' from project 'OCCTSwiftScripts')
SwiftCompile normal arm64 /Users/admin/builder/spi-builder-workspace/Sources/OCCTRunner/main.swift (in target 'OCCTRunner' from project 'OCCTSwiftScripts')
Building workspace spi-builder-workspace with scheme OCCTSwiftScripts-Package
(3 failures)
BUILD FAILURE 6.2 iOS