The Swift Package Index logo.Swift Package Index

Build Information

Failed to build infsoft location_detection, reference main (c69efc), with Swift 6.4 for watchOS using Xcode 27.0 on 26 Sep 2026 01:07:36 UTC.

Build Command

env DEVELOPER_DIR=/Applications/Xcode-27.0.0-Release.Candidate.app xcrun xcodebuild -IDEClonedSourcePackagesDirPathOverride=$PWD/.dependencies -skipMacroValidation -skipPackagePluginValidation -derivedDataPath $PWD/.derivedData build -scheme infsoft location_detection -destination generic/platform=watchOS

Build Log

========================================
RunAll
========================================
Builder version: 5.1.0
Interrupt handler set up.
========================================
Checkout
========================================
Clone URL: https://github.com/infsoft-locaware/infsoft-location-detection.git
Reference: main
Initialized empty Git repository in /Users/admin/builder/spi-builder-workspace/.git/
From https://github.com/infsoft-locaware/infsoft-location-detection
 * branch            main       -> FETCH_HEAD
 * [new branch]      main       -> origin/main
HEAD is now at c69efcd Release 0.1.1
Cloned https://github.com/infsoft-locaware/infsoft-location-detection.git
Revision (git rev-parse @):
c69efcdd6b8a39b480ecb23b2d32758ec7c98b75
SUCCESS checkout https://github.com/infsoft-locaware/infsoft-location-detection.git at main
========================================
Build
========================================
Selected platform:         watchOS
Swift version:             6.4
Building package at path:  $PWD
https://github.com/infsoft-locaware/infsoft-location-detection.git
Command line invocation:
    /Applications/Xcode-27.0.0-Release.Candidate.app/Contents/Developer/usr/bin/xcodebuild -IDEClonedSourcePackagesDirPathOverride=/Users/admin/builder/spi-builder-workspace/.dependencies -resolvePackageDependencies
Resolve Package Graph
Resolve Package Graph
Resolve Package Graph
Resolved source packages:
  infsoft location_detection: /Users/admin/builder/spi-builder-workspace
resolved source packages: infsoft location_detection
2026-09-25 21:06:58.798 xcodebuild[529:3040] [MT] IDERunDestination: Supported platforms for the buildables in the current scheme is empty.
{
  "dependencies" : [
  ],
  "manifest_display_name" : "infsoft location_detection",
  "name" : "infsoft location_detection",
  "path" : "/Users/admin/builder/spi-builder-workspace",
  "platforms" : [
    {
      "name" : "ios",
      "version" : "18.0"
    }
  ],
  "products" : [
    {
      "name" : "location_detection",
      "targets" : [
        "location_detection"
      ],
      "type" : {
        "library" : [
          "automatic"
        ]
      }
    }
  ],
  "targets" : [
    {
      "c99name" : "location_detection",
      "module_type" : "BinaryTarget",
      "name" : "location_detection",
      "path" : "remote/archive/location_detection.0.1.1.xcframework.zip",
      "product_memberships" : [
        "location_detection"
      ],
      "sources" : [
      ],
      "type" : "binary"
    }
  ],
  "tools_version" : "6.0"
}
{
  "workspace" : {
    "name" : "infsoft location_detection",
    "schemes" : [
      "infsoft location_detection"
    ]
  }
}
2026-09-25 21:07:30.837 xcodebuild[638:3885] [MT] IDERunDestination: Supported platforms for the buildables in the current scheme is empty.
Running build ...
env DEVELOPER_DIR=/Applications/Xcode-27.0.0-Release.Candidate.app xcrun xcodebuild -IDEClonedSourcePackagesDirPathOverride=$PWD/.dependencies -skipMacroValidation -skipPackagePluginValidation -derivedDataPath $PWD/.derivedData build -scheme infsoft location_detection -destination generic/platform=watchOS
Command line invocation:
    /Applications/Xcode-27.0.0-Release.Candidate.app/Contents/Developer/usr/bin/xcodebuild -IDEClonedSourcePackagesDirPathOverride=/Users/admin/builder/spi-builder-workspace/.dependencies -skipMacroValidation -skipPackagePluginValidation -derivedDataPath /Users/admin/builder/spi-builder-workspace/.derivedData build -scheme "infsoft location_detection" -destination generic/platform=watchOS
Resolve Package Graph
Resolved source packages:
  infsoft location_detection: /Users/admin/builder/spi-builder-workspace
ComputePackagePrebuildTargetDependencyGraph
Prepare packages
CreateBuildRequest
SendProjectDescription
CreateBuildOperation
ComputeTargetDependencyGraph
note: Building targets in dependency order
note: Target dependency graph (1 target)
    Target 'location_detection-product' in project 'infsoft location_detection' (no dependencies)
GatherProvisioningInputs
CreateBuildDescription
ExecuteExternalTool /Applications/Xcode-27.0.0-Release.Candidate.app/Contents/Developer/Toolchains/XcodeDefault.xctoolchain/usr/bin/clang -v -E -dM -isysroot /Applications/Xcode-27.0.0-Release.Candidate.app/Contents/Developer/Platforms/WatchOS.platform/Developer/SDKs/WatchOS27.0.sdk -x c -c /dev/null
Build description signature: 94a2256f5e4c084bb5c156dae42b4a16
Build description path: /Users/admin/builder/spi-builder-workspace/.derivedData/Build/Intermediates.noindex/XCBuildData/94a2256f5e4c084bb5c156dae42b4a16.xcbuilddata
/Users/admin/builder/spi-builder-workspace/.dependencies/artifacts/spi-builder-workspace/location_detection/location_detection.0.1.1.xcframework:1:1: error: While building for watchOS, no library for this platform was found in '/Users/admin/builder/spi-builder-workspace/.dependencies/artifacts/spi-builder-workspace/location_detection/location_detection.0.1.1.xcframework'. (in target 'location_detection-product' from project 'infsoft location_detection')
2026-09-25 21:07:32.343 xcodebuild[639:3931] [MT] IDERunDestination: Supported platforms for the buildables in the current scheme is empty.
** BUILD FAILED **
The following build commands failed:
	Building workspace infsoft location_detection with scheme infsoft location_detection
(1 failure)
Command line invocation:
    /Applications/Xcode-27.0.0-Release.Candidate.app/Contents/Developer/usr/bin/xcodebuild -IDEClonedSourcePackagesDirPathOverride=/Users/admin/builder/spi-builder-workspace/.dependencies -resolvePackageDependencies
Resolve Package Graph
Resolved source packages:
  infsoft location_detection: /Users/admin/builder/spi-builder-workspace
resolved source packages: infsoft location_detection
2026-09-25 21:07:33.958 xcodebuild[652:4049] [MT] IDERunDestination: Supported platforms for the buildables in the current scheme is empty.
{
  "dependencies" : [
  ],
  "manifest_display_name" : "infsoft location_detection",
  "name" : "infsoft location_detection",
  "path" : "/Users/admin/builder/spi-builder-workspace",
  "platforms" : [
    {
      "name" : "ios",
      "version" : "18.0"
    }
  ],
  "products" : [
    {
      "name" : "location_detection",
      "targets" : [
        "location_detection"
      ],
      "type" : {
        "library" : [
          "automatic"
        ]
      }
    }
  ],
  "targets" : [
    {
      "c99name" : "location_detection",
      "module_type" : "BinaryTarget",
      "name" : "location_detection",
      "path" : "remote/archive/location_detection.0.1.1.xcframework.zip",
      "product_memberships" : [
        "location_detection"
      ],
      "sources" : [
      ],
      "type" : "binary"
    }
  ],
  "tools_version" : "6.0"
}
{
  "workspace" : {
    "name" : "infsoft location_detection",
    "schemes" : [
      "infsoft location_detection"
    ]
  }
}
2026-09-25 21:07:35.150 xcodebuild[680:4279] [MT] IDERunDestination: Supported platforms for the buildables in the current scheme is empty.
Running build ...
env DEVELOPER_DIR=/Applications/Xcode-27.0.0-Release.Candidate.app xcrun xcodebuild -IDEClonedSourcePackagesDirPathOverride=$PWD/.dependencies -skipMacroValidation -skipPackagePluginValidation -derivedDataPath $PWD/.derivedData build -scheme infsoft location_detection -destination generic/platform=watchOS
Command line invocation:
    /Applications/Xcode-27.0.0-Release.Candidate.app/Contents/Developer/usr/bin/xcodebuild -IDEClonedSourcePackagesDirPathOverride=/Users/admin/builder/spi-builder-workspace/.dependencies -skipMacroValidation -skipPackagePluginValidation -derivedDataPath /Users/admin/builder/spi-builder-workspace/.derivedData build -scheme "infsoft location_detection" -destination generic/platform=watchOS
Resolve Package Graph
Resolved source packages:
  infsoft location_detection: /Users/admin/builder/spi-builder-workspace
ComputePackagePrebuildTargetDependencyGraph
Prepare packages
CreateBuildRequest
SendProjectDescription
CreateBuildOperation
ComputeTargetDependencyGraph
note: Building targets in dependency order
note: Target dependency graph (1 target)
    Target 'location_detection-product' in project 'infsoft location_detection' (no dependencies)
GatherProvisioningInputs
CreateBuildDescription
/Users/admin/builder/spi-builder-workspace/.dependencies/artifacts/spi-builder-workspace/location_detection/location_detection.0.1.1.xcframework:1:1: error: While building for watchOS, no library for this platform was found in '/Users/admin/builder/spi-builder-workspace/.dependencies/artifacts/spi-builder-workspace/location_detection/location_detection.0.1.1.xcframework'. (in target 'location_detection-product' from project 'infsoft location_detection')
2026-09-25 21:07:36.105 xcodebuild[681:4305] [MT] IDERunDestination: Supported platforms for the buildables in the current scheme is empty.
** BUILD FAILED **
The following build commands failed:
	Building workspace infsoft location_detection with scheme infsoft location_detection
(1 failure)
BUILD FAILURE 6.4 watchOS