Build Information
Failed to build ShapeScript, reference 1.11.6 (cda302), with Swift 6.4 for watchOS using Xcode 27.0 on 30 Sep 2026 08:49:14 UTC.
Build Command
env DEVELOPER_DIR=/Applications/Xcode-27.0.0-Release.Candidate.app xcrun xcodebuild -IDEClonedSourcePackagesDirPathOverride=$PWD/.dependencies -skipMacroValidation -skipPackagePluginValidation -derivedDataPath $PWD/.derivedData build -scheme ShapeScript-Package -destination generic/platform=watchOSBuild Log
SwiftDriverJobDiscovery normal arm64_32 Compiling SVGPath+CoreGraphics.swift (in target 'SVGPath' from project 'SVGPath')
SwiftMergeGeneratedHeaders /Users/admin/builder/spi-builder-workspace/.derivedData/Build/Intermediates.noindex/GeneratedModuleMaps-watchos/Euclid-Swift.h /Users/admin/builder/spi-builder-workspace/.derivedData/Build/Intermediates.noindex/Euclid.build/Debug-watchos/Euclid-t.build/Objects-normal/arm64/Euclid-Swift.h /Users/admin/builder/spi-builder-workspace/.derivedData/Build/Intermediates.noindex/Euclid.build/Debug-watchos/Euclid-t.build/Objects-normal/arm64_32/Euclid-Swift.h (in target 'Euclid' from project 'Euclid')
cd /Users/admin/builder/spi-builder-workspace/.dependencies/checkouts/Euclid
builtin-swiftHeaderTool -arch arm64 /Users/admin/builder/spi-builder-workspace/.derivedData/Build/Intermediates.noindex/Euclid.build/Debug-watchos/Euclid-t.build/Objects-normal/arm64/Euclid-Swift.h -arch arm64_32 /Users/admin/builder/spi-builder-workspace/.derivedData/Build/Intermediates.noindex/Euclid.build/Debug-watchos/Euclid-t.build/Objects-normal/arm64_32/Euclid-Swift.h -o /Users/admin/builder/spi-builder-workspace/.derivedData/Build/Intermediates.noindex/GeneratedModuleMaps-watchos/Euclid-Swift.h
Copy /Users/admin/builder/spi-builder-workspace/.derivedData/Build/Products/Debug-watchos/Euclid.swiftmodule/arm64_32-apple-watchos.swiftmodule /Users/admin/builder/spi-builder-workspace/.derivedData/Build/Intermediates.noindex/Euclid.build/Debug-watchos/Euclid-t.build/Objects-normal/arm64_32/Euclid.swiftmodule (in target 'Euclid' from project 'Euclid')
cd /Users/admin/builder/spi-builder-workspace/.dependencies/checkouts/Euclid
builtin-copy -exclude .DS_Store -exclude CVS -exclude .svn -exclude .git -exclude .hg -resolve-src-symlinks -rename /Users/admin/builder/spi-builder-workspace/.derivedData/Build/Intermediates.noindex/Euclid.build/Debug-watchos/Euclid-t.build/Objects-normal/arm64_32/Euclid.swiftmodule /Users/admin/builder/spi-builder-workspace/.derivedData/Build/Products/Debug-watchos/Euclid.swiftmodule/arm64_32-apple-watchos.swiftmodule
Copy /Users/admin/builder/spi-builder-workspace/.derivedData/Build/Products/Debug-watchos/Euclid.swiftmodule/arm64_32-apple-watchos.swiftdoc /Users/admin/builder/spi-builder-workspace/.derivedData/Build/Intermediates.noindex/Euclid.build/Debug-watchos/Euclid-t.build/Objects-normal/arm64_32/Euclid.swiftdoc (in target 'Euclid' from project 'Euclid')
cd /Users/admin/builder/spi-builder-workspace/.dependencies/checkouts/Euclid
builtin-copy -exclude .DS_Store -exclude CVS -exclude .svn -exclude .git -exclude .hg -resolve-src-symlinks -rename /Users/admin/builder/spi-builder-workspace/.derivedData/Build/Intermediates.noindex/Euclid.build/Debug-watchos/Euclid-t.build/Objects-normal/arm64_32/Euclid.swiftdoc /Users/admin/builder/spi-builder-workspace/.derivedData/Build/Products/Debug-watchos/Euclid.swiftmodule/arm64_32-apple-watchos.swiftdoc
Copy /Users/admin/builder/spi-builder-workspace/.derivedData/Build/Products/Debug-watchos/Euclid.swiftmodule/arm64_32-apple-watchos.abi.json /Users/admin/builder/spi-builder-workspace/.derivedData/Build/Intermediates.noindex/Euclid.build/Debug-watchos/Euclid-t.build/Objects-normal/arm64_32/Euclid.abi.json (in target 'Euclid' from project 'Euclid')
cd /Users/admin/builder/spi-builder-workspace/.dependencies/checkouts/Euclid
builtin-copy -exclude .DS_Store -exclude CVS -exclude .svn -exclude .git -exclude .hg -resolve-src-symlinks -rename /Users/admin/builder/spi-builder-workspace/.derivedData/Build/Intermediates.noindex/Euclid.build/Debug-watchos/Euclid-t.build/Objects-normal/arm64_32/Euclid.abi.json /Users/admin/builder/spi-builder-workspace/.derivedData/Build/Products/Debug-watchos/Euclid.swiftmodule/arm64_32-apple-watchos.abi.json
Copy /Users/admin/builder/spi-builder-workspace/.derivedData/Build/Products/Debug-watchos/Euclid.swiftmodule/Project/arm64_32-apple-watchos.swiftsourceinfo /Users/admin/builder/spi-builder-workspace/.derivedData/Build/Intermediates.noindex/Euclid.build/Debug-watchos/Euclid-t.build/Objects-normal/arm64_32/Euclid.swiftsourceinfo (in target 'Euclid' from project 'Euclid')
cd /Users/admin/builder/spi-builder-workspace/.dependencies/checkouts/Euclid
builtin-copy -exclude .DS_Store -exclude CVS -exclude .svn -exclude .git -exclude .hg -resolve-src-symlinks -rename /Users/admin/builder/spi-builder-workspace/.derivedData/Build/Intermediates.noindex/Euclid.build/Debug-watchos/Euclid-t.build/Objects-normal/arm64_32/Euclid.swiftsourceinfo /Users/admin/builder/spi-builder-workspace/.derivedData/Build/Products/Debug-watchos/Euclid.swiftmodule/Project/arm64_32-apple-watchos.swiftsourceinfo
SwiftCompile normal arm64 Compiling\ LRUCache.swift /Users/admin/builder/spi-builder-workspace/.dependencies/checkouts/LRUCache/Sources/LRUCache.swift (in target 'LRUCache' from project 'LRUCache')
SwiftCompile normal arm64 /Users/admin/builder/spi-builder-workspace/.dependencies/checkouts/LRUCache/Sources/LRUCache.swift (in target 'LRUCache' from project 'LRUCache')
cd /Users/admin/builder/spi-builder-workspace/.swiftpm/xcode
builtin-SwiftPerFileCompile LRUCache.swift
SwiftCompile normal arm64_32 Compiling\ LRUCache.swift /Users/admin/builder/spi-builder-workspace/.dependencies/checkouts/LRUCache/Sources/LRUCache.swift (in target 'LRUCache' from project 'LRUCache')
SwiftCompile normal arm64_32 /Users/admin/builder/spi-builder-workspace/.dependencies/checkouts/LRUCache/Sources/LRUCache.swift (in target 'LRUCache' from project 'LRUCache')
cd /Users/admin/builder/spi-builder-workspace/.swiftpm/xcode
builtin-SwiftPerFileCompile LRUCache.swift
SwiftDriverJobDiscovery normal arm64_32 Compiling LazySplitLines.swift, ParseOptions.swift, RangeAdjuster.swift, RangerTracker.swift, MarkupRewriter.swift, BasicBlockContainer.swift, BasicInlineContainer.swift (in target 'Markdown' from project 'swift-markdown')
SwiftCompile normal arm64 Compiling\ Mesh+Inset.swift,\ Mesh+OBJ.swift,\ Mesh+OFF.swift,\ Mesh+STL.swift,\ Mesh+Shapes.swift /Users/admin/builder/spi-builder-workspace/.dependencies/checkouts/Euclid/Sources/Mesh+Inset.swift /Users/admin/builder/spi-builder-workspace/.dependencies/checkouts/Euclid/Sources/Mesh+OBJ.swift /Users/admin/builder/spi-builder-workspace/.dependencies/checkouts/Euclid/Sources/Mesh+OFF.swift /Users/admin/builder/spi-builder-workspace/.dependencies/checkouts/Euclid/Sources/Mesh+STL.swift /Users/admin/builder/spi-builder-workspace/.dependencies/checkouts/Euclid/Sources/Mesh+Shapes.swift (in target 'Euclid' from project 'Euclid')
SwiftCompile normal arm64 /Users/admin/builder/spi-builder-workspace/.dependencies/checkouts/Euclid/Sources/Mesh+Inset.swift (in target 'Euclid' from project 'Euclid')
cd /Users/admin/builder/spi-builder-workspace/.swiftpm/xcode
builtin-SwiftPerFileCompile Mesh+Inset.swift
SwiftCompile normal arm64 /Users/admin/builder/spi-builder-workspace/.dependencies/checkouts/Euclid/Sources/Mesh+OBJ.swift (in target 'Euclid' from project 'Euclid')
cd /Users/admin/builder/spi-builder-workspace/.swiftpm/xcode
builtin-SwiftPerFileCompile Mesh+OBJ.swift
SwiftCompile normal arm64 /Users/admin/builder/spi-builder-workspace/.dependencies/checkouts/Euclid/Sources/Mesh+OFF.swift (in target 'Euclid' from project 'Euclid')
cd /Users/admin/builder/spi-builder-workspace/.swiftpm/xcode
builtin-SwiftPerFileCompile Mesh+OFF.swift
SwiftCompile normal arm64 /Users/admin/builder/spi-builder-workspace/.dependencies/checkouts/Euclid/Sources/Mesh+STL.swift (in target 'Euclid' from project 'Euclid')
cd /Users/admin/builder/spi-builder-workspace/.swiftpm/xcode
builtin-SwiftPerFileCompile Mesh+STL.swift
SwiftCompile normal arm64 /Users/admin/builder/spi-builder-workspace/.dependencies/checkouts/Euclid/Sources/Mesh+Shapes.swift (in target 'Euclid' from project 'Euclid')
cd /Users/admin/builder/spi-builder-workspace/.swiftpm/xcode
builtin-SwiftPerFileCompile Mesh+Shapes.swift
SwiftDriverJobDiscovery normal arm64_32 Compiling SVGPath.swift (in target 'SVGPath' from project 'SVGPath')
SwiftCompile normal arm64_32 Compiling\ LineComparable.swift,\ LineSegment+CSG.swift,\ LineSegment.swift,\ Mesh+CSG.swift,\ Mesh+IO.swift /Users/admin/builder/spi-builder-workspace/.dependencies/checkouts/Euclid/Sources/LineComparable.swift /Users/admin/builder/spi-builder-workspace/.dependencies/checkouts/Euclid/Sources/LineSegment+CSG.swift /Users/admin/builder/spi-builder-workspace/.dependencies/checkouts/Euclid/Sources/LineSegment.swift /Users/admin/builder/spi-builder-workspace/.dependencies/checkouts/Euclid/Sources/Mesh+CSG.swift /Users/admin/builder/spi-builder-workspace/.dependencies/checkouts/Euclid/Sources/Mesh+IO.swift (in target 'Euclid' from project 'Euclid')
SwiftCompile normal arm64_32 /Users/admin/builder/spi-builder-workspace/.dependencies/checkouts/Euclid/Sources/LineComparable.swift (in target 'Euclid' from project 'Euclid')
cd /Users/admin/builder/spi-builder-workspace/.swiftpm/xcode
builtin-SwiftPerFileCompile LineComparable.swift
SwiftCompile normal arm64_32 /Users/admin/builder/spi-builder-workspace/.dependencies/checkouts/Euclid/Sources/LineSegment+CSG.swift (in target 'Euclid' from project 'Euclid')
cd /Users/admin/builder/spi-builder-workspace/.swiftpm/xcode
builtin-SwiftPerFileCompile LineSegment+CSG.swift
SwiftCompile normal arm64_32 /Users/admin/builder/spi-builder-workspace/.dependencies/checkouts/Euclid/Sources/LineSegment.swift (in target 'Euclid' from project 'Euclid')
cd /Users/admin/builder/spi-builder-workspace/.swiftpm/xcode
builtin-SwiftPerFileCompile LineSegment.swift
SwiftCompile normal arm64_32 /Users/admin/builder/spi-builder-workspace/.dependencies/checkouts/Euclid/Sources/Mesh+CSG.swift (in target 'Euclid' from project 'Euclid')
cd /Users/admin/builder/spi-builder-workspace/.swiftpm/xcode
builtin-SwiftPerFileCompile Mesh+CSG.swift
SwiftCompile normal arm64_32 /Users/admin/builder/spi-builder-workspace/.dependencies/checkouts/Euclid/Sources/Mesh+IO.swift (in target 'Euclid' from project 'Euclid')
cd /Users/admin/builder/spi-builder-workspace/.swiftpm/xcode
builtin-SwiftPerFileCompile Mesh+IO.swift
SwiftDriverJobDiscovery normal arm64 Compiling LazySplitLines.swift, ParseOptions.swift, RangeAdjuster.swift, RangerTracker.swift, MarkupRewriter.swift, BasicBlockContainer.swift, BasicInlineContainer.swift (in target 'Markdown' from project 'swift-markdown')
SwiftCompile normal arm64 Compiling\ Euclid+SIMD.swift,\ Euclid+SceneKit.swift,\ Euclid+UIKit.swift,\ Interpolatable.swift,\ Line.swift /Users/admin/builder/spi-builder-workspace/.dependencies/checkouts/Euclid/Sources/Euclid+SIMD.swift /Users/admin/builder/spi-builder-workspace/.dependencies/checkouts/Euclid/Sources/Euclid+SceneKit.swift /Users/admin/builder/spi-builder-workspace/.dependencies/checkouts/Euclid/Sources/Euclid+UIKit.swift /Users/admin/builder/spi-builder-workspace/.dependencies/checkouts/Euclid/Sources/Interpolatable.swift /Users/admin/builder/spi-builder-workspace/.dependencies/checkouts/Euclid/Sources/Line.swift (in target 'Euclid' from project 'Euclid')
SwiftCompile normal arm64 /Users/admin/builder/spi-builder-workspace/.dependencies/checkouts/Euclid/Sources/Euclid+SIMD.swift (in target 'Euclid' from project 'Euclid')
cd /Users/admin/builder/spi-builder-workspace/.swiftpm/xcode
builtin-SwiftPerFileCompile Euclid+SIMD.swift
SwiftCompile normal arm64 /Users/admin/builder/spi-builder-workspace/.dependencies/checkouts/Euclid/Sources/Euclid+SceneKit.swift (in target 'Euclid' from project 'Euclid')
cd /Users/admin/builder/spi-builder-workspace/.swiftpm/xcode
builtin-SwiftPerFileCompile Euclid+SceneKit.swift
SwiftCompile normal arm64 /Users/admin/builder/spi-builder-workspace/.dependencies/checkouts/Euclid/Sources/Euclid+UIKit.swift (in target 'Euclid' from project 'Euclid')
cd /Users/admin/builder/spi-builder-workspace/.swiftpm/xcode
builtin-SwiftPerFileCompile Euclid+UIKit.swift
SwiftCompile normal arm64 /Users/admin/builder/spi-builder-workspace/.dependencies/checkouts/Euclid/Sources/Interpolatable.swift (in target 'Euclid' from project 'Euclid')
cd /Users/admin/builder/spi-builder-workspace/.swiftpm/xcode
builtin-SwiftPerFileCompile Interpolatable.swift
SwiftCompile normal arm64 /Users/admin/builder/spi-builder-workspace/.dependencies/checkouts/Euclid/Sources/Line.swift (in target 'Euclid' from project 'Euclid')
cd /Users/admin/builder/spi-builder-workspace/.swiftpm/xcode
builtin-SwiftPerFileCompile Line.swift
SwiftDriverJobDiscovery normal arm64_32 Compiling CodeBlock.swift, HTMLBlock.swift, Heading.swift, ThematicBreak.swift, Table.swift, TableBody.swift, TableCell.swift (in target 'Markdown' from project 'swift-markdown')
SwiftDriverJobDiscovery normal arm64_32 Compiling TableCellContainer.swift, TableHead.swift, TableRow.swift, Replacement.swift, SourceLocation.swift, Emphasis.swift, Image.swift (in target 'Markdown' from project 'swift-markdown')
SwiftCompile normal arm64_32 Compiling\ Utilities.swift,\ Vector.swift,\ Vertex.swift,\ VertexSet.swift /Users/admin/builder/spi-builder-workspace/.dependencies/checkouts/Euclid/Sources/Utilities.swift /Users/admin/builder/spi-builder-workspace/.dependencies/checkouts/Euclid/Sources/Vector.swift /Users/admin/builder/spi-builder-workspace/.dependencies/checkouts/Euclid/Sources/Vertex.swift /Users/admin/builder/spi-builder-workspace/.dependencies/checkouts/Euclid/Sources/VertexSet.swift (in target 'Euclid' from project 'Euclid')
SwiftCompile normal arm64_32 /Users/admin/builder/spi-builder-workspace/.dependencies/checkouts/Euclid/Sources/Utilities.swift (in target 'Euclid' from project 'Euclid')
cd /Users/admin/builder/spi-builder-workspace/.swiftpm/xcode
builtin-SwiftPerFileCompile Utilities.swift
SwiftCompile normal arm64_32 /Users/admin/builder/spi-builder-workspace/.dependencies/checkouts/Euclid/Sources/Vector.swift (in target 'Euclid' from project 'Euclid')
cd /Users/admin/builder/spi-builder-workspace/.swiftpm/xcode
builtin-SwiftPerFileCompile Vector.swift
SwiftCompile normal arm64_32 /Users/admin/builder/spi-builder-workspace/.dependencies/checkouts/Euclid/Sources/Vertex.swift (in target 'Euclid' from project 'Euclid')
cd /Users/admin/builder/spi-builder-workspace/.swiftpm/xcode
builtin-SwiftPerFileCompile Vertex.swift
SwiftCompile normal arm64_32 /Users/admin/builder/spi-builder-workspace/.dependencies/checkouts/Euclid/Sources/VertexSet.swift (in target 'Euclid' from project 'Euclid')
cd /Users/admin/builder/spi-builder-workspace/.swiftpm/xcode
builtin-SwiftPerFileCompile VertexSet.swift
SwiftDriverJobDiscovery normal arm64 Compiling LRUCache.swift (in target 'LRUCache' from project 'LRUCache')
SwiftDriver\ Compilation Markdown normal arm64_32 com.apple.xcode.tools.swift.compiler (in target 'Markdown' from project 'swift-markdown')
cd /Users/admin/builder/spi-builder-workspace/.swiftpm/xcode
builtin-Swift-Compilation -- /Applications/Xcode-27.0.0-Release.Candidate.app/Contents/Developer/Toolchains/XcodeDefault.xctoolchain/usr/bin/swiftc -parse-as-library -module-name Markdown -Onone @/Users/admin/builder/spi-builder-workspace/.derivedData/Build/Intermediates.noindex/swift-markdown.build/Debug-watchos/Markdown-t.build/Objects-normal/arm64_32/Markdown.SwiftFileList -DSWIFT_PACKAGE -DDEBUG -DSWIFT_MODULE_RESOURCE_BUNDLE_UNAVAILABLE -Xcc -fmodule-map-file\=/Users/admin/builder/spi-builder-workspace/.dependencies/checkouts/swift-cmark/src/include/module.modulemap -Xcc -fmodule-map-file\=/Users/admin/builder/spi-builder-workspace/.dependencies/checkouts/swift-cmark/extensions/include/module.modulemap -Xcc -fmodule-map-file\=/Users/admin/builder/spi-builder-workspace/.dependencies/checkouts/swift-markdown/Sources/CAtomic/include/module.modulemap -DXcode -plugin-path /Applications/Xcode-27.0.0-Release.Candidate.app/Contents/Developer/Toolchains/XcodeDefault.xctoolchain/usr/lib/swift/host/plugins/testing -enable-experimental-feature DebugDescriptionMacro -sdk /Applications/Xcode-27.0.0-Release.Candidate.app/Contents/Developer/Platforms/WatchOS.platform/Developer/SDKs/WatchOS27.0.sdk -target arm64_32-apple-watchos9.0 -g -module-cache-path /Users/admin/builder/spi-builder-workspace/.derivedData/ModuleCache.noindex -Xfrontend -serialize-debugging-options -profile-coverage-mapping -profile-generate -enable-testing -suppress-warnings -index-store-path /Users/admin/builder/spi-builder-workspace/.derivedData/Index.noindex/DataStore -Xcc -D_LIBCPP_HARDENING_MODE\=_LIBCPP_HARDENING_MODE_DEBUG -swift-version 5 -I /Users/admin/builder/spi-builder-workspace/.derivedData/Build/Products/Debug-watchos -Isystem /Applications/Xcode-27.0.0-Release.Candidate.app/Contents/Developer/Platforms/WatchOS.platform/Developer/usr/lib -F /Users/admin/builder/spi-builder-workspace/.derivedData/Build/Products/Debug-watchos/PackageFrameworks -F /Users/admin/builder/spi-builder-workspace/.derivedData/Build/Products/Debug-watchos -F /Applications/Xcode-27.0.0-Release.Candidate.app/Contents/Developer/Platforms/WatchOS.platform/Developer/Library/Frameworks -F /Applications/Xcode-27.0.0-Release.Candidate.app/Contents/Developer/Platforms/WatchOS.platform/Developer/SDKs/WatchOS27.0.sdk/Developer/Library/Frameworks -c -j10 -enable-batch-mode -incremental -Xcc -ivfsstatcache -Xcc /Users/admin/builder/spi-builder-workspace/.derivedData/SDKStatCaches.noindex/watchos27.0-24R360-e829b21a6f8c9b70876ba0858053c04477534ef55a1706bf4c1112bbb242f0a2.sdkstatcache -output-file-map /Users/admin/builder/spi-builder-workspace/.derivedData/Build/Intermediates.noindex/swift-markdown.build/Debug-watchos/Markdown-t.build/Objects-normal/arm64_32/Markdown-OutputFileMap.json -save-temps -no-color-diagnostics -explicit-module-build -module-cache-path /Users/admin/builder/spi-builder-workspace/.derivedData/Build/Intermediates.noindex/SwiftExplicitPrecompiledModules -clang-scanner-module-cache-path /Users/admin/builder/spi-builder-workspace/.derivedData/ModuleCache.noindex -sdk-module-cache-path /Users/admin/builder/spi-builder-workspace/.derivedData/SDKExplicitPrecompiledModules -emit-dependencies -emit-module -emit-module-path /Users/admin/builder/spi-builder-workspace/.derivedData/Build/Intermediates.noindex/swift-markdown.build/Debug-watchos/Markdown-t.build/Objects-normal/arm64_32/Markdown.swiftmodule -serialize-diagnostics -dependency-scan-serialize-diagnostics-path /Users/admin/builder/spi-builder-workspace/.derivedData/Build/Intermediates.noindex/swift-markdown.build/Debug-watchos/Markdown-t.build/Objects-normal/arm64_32/Markdown-dependency-scan.dia -user-module-version 0.9.0 -validate-clang-modules-once -clang-build-session-file /Users/admin/builder/spi-builder-workspace/.derivedData/ModuleCache.noindex/Session.modulevalidation -Xcc -fmodules-prune-interval\=86400 -Xcc -fmodules-prune-after\=345600 -package-name swift_markdown -emit-const-values -const-gather-protocols-list /Users/admin/builder/spi-builder-workspace/.derivedData/Build/Intermediates.noindex/swift-markdown.build/Debug-watchos/Markdown-t.build/Objects-normal/arm64_32/Markdown_const_extract_protocols.json -Xcc -I/Users/admin/builder/spi-builder-workspace/.dependencies/checkouts/swift-cmark/src/include -Xcc -I/Users/admin/builder/spi-builder-workspace/.dependencies/checkouts/swift-cmark/extensions/include -Xcc -I/Users/admin/builder/spi-builder-workspace/.dependencies/checkouts/swift-markdown/Sources/CAtomic/include -Xcc -I/Users/admin/builder/spi-builder-workspace/.derivedData/Build/Products/Debug-watchos/include -Xcc -I/Users/admin/builder/spi-builder-workspace/.derivedData/Build/Intermediates.noindex/swift-markdown.build/Debug-watchos/Markdown-t.build/DerivedSources-normal/arm64_32 -Xcc -I/Users/admin/builder/spi-builder-workspace/.derivedData/Build/Intermediates.noindex/swift-markdown.build/Debug-watchos/Markdown-t.build/DerivedSources/arm64_32 -Xcc -I/Users/admin/builder/spi-builder-workspace/.derivedData/Build/Intermediates.noindex/swift-markdown.build/Debug-watchos/Markdown-t.build/DerivedSources -Xcc -DSWIFT_PACKAGE -Xcc -DDEBUG\=1 -emit-objc-header -emit-objc-header-path /Users/admin/builder/spi-builder-workspace/.derivedData/Build/Intermediates.noindex/swift-markdown.build/Debug-watchos/Markdown-t.build/Objects-normal/arm64_32/Markdown-Swift.h -working-directory /Users/admin/builder/spi-builder-workspace/.swiftpm/xcode -experimental-emit-module-separately -disable-cmo
SwiftDriver\ Compilation LRUCache normal arm64 com.apple.xcode.tools.swift.compiler (in target 'LRUCache' from project 'LRUCache')
cd /Users/admin/builder/spi-builder-workspace/.swiftpm/xcode
builtin-Swift-Compilation -- /Applications/Xcode-27.0.0-Release.Candidate.app/Contents/Developer/Toolchains/XcodeDefault.xctoolchain/usr/bin/swiftc -parse-as-library -module-name LRUCache -Onone @/Users/admin/builder/spi-builder-workspace/.derivedData/Build/Intermediates.noindex/LRUCache.build/Debug-watchos/LRUCache-t.build/Objects-normal/arm64/LRUCache.SwiftFileList -DSWIFT_PACKAGE -DDEBUG -DSWIFT_MODULE_RESOURCE_BUNDLE_UNAVAILABLE -DXcode -plugin-path /Applications/Xcode-27.0.0-Release.Candidate.app/Contents/Developer/Toolchains/XcodeDefault.xctoolchain/usr/lib/swift/host/plugins/testing -enable-experimental-feature DebugDescriptionMacro -sdk /Applications/Xcode-27.0.0-Release.Candidate.app/Contents/Developer/Platforms/WatchOS.platform/Developer/SDKs/WatchOS27.0.sdk -target arm64-apple-watchos9.0 -g -module-cache-path /Users/admin/builder/spi-builder-workspace/.derivedData/ModuleCache.noindex -Xfrontend -serialize-debugging-options -profile-coverage-mapping -profile-generate -enable-testing -suppress-warnings -index-store-path /Users/admin/builder/spi-builder-workspace/.derivedData/Index.noindex/DataStore -Xcc -D_LIBCPP_HARDENING_MODE\=_LIBCPP_HARDENING_MODE_DEBUG -swift-version 5 -I /Users/admin/builder/spi-builder-workspace/.derivedData/Build/Products/Debug-watchos -Isystem /Applications/Xcode-27.0.0-Release.Candidate.app/Contents/Developer/Platforms/WatchOS.platform/Developer/usr/lib -F /Users/admin/builder/spi-builder-workspace/.derivedData/Build/Products/Debug-watchos -F /Applications/Xcode-27.0.0-Release.Candidate.app/Contents/Developer/Platforms/WatchOS.platform/Developer/Library/Frameworks -F /Applications/Xcode-27.0.0-Release.Candidate.app/Contents/Developer/Platforms/WatchOS.platform/Developer/SDKs/WatchOS27.0.sdk/Developer/Library/Frameworks -c -j10 -enable-batch-mode -incremental -Xcc -ivfsstatcache -Xcc /Users/admin/builder/spi-builder-workspace/.derivedData/SDKStatCaches.noindex/watchos27.0-24R360-e829b21a6f8c9b70876ba0858053c04477534ef55a1706bf4c1112bbb242f0a2.sdkstatcache -output-file-map /Users/admin/builder/spi-builder-workspace/.derivedData/Build/Intermediates.noindex/LRUCache.build/Debug-watchos/LRUCache-t.build/Objects-normal/arm64/LRUCache-OutputFileMap.json -save-temps -no-color-diagnostics -explicit-module-build -module-cache-path /Users/admin/builder/spi-builder-workspace/.derivedData/Build/Intermediates.noindex/SwiftExplicitPrecompiledModules -clang-scanner-module-cache-path /Users/admin/builder/spi-builder-workspace/.derivedData/ModuleCache.noindex -sdk-module-cache-path /Users/admin/builder/spi-builder-workspace/.derivedData/SDKExplicitPrecompiledModules -emit-dependencies -emit-module -emit-module-path /Users/admin/builder/spi-builder-workspace/.derivedData/Build/Intermediates.noindex/LRUCache.build/Debug-watchos/LRUCache-t.build/Objects-normal/arm64/LRUCache.swiftmodule -serialize-diagnostics -dependency-scan-serialize-diagnostics-path /Users/admin/builder/spi-builder-workspace/.derivedData/Build/Intermediates.noindex/LRUCache.build/Debug-watchos/LRUCache-t.build/Objects-normal/arm64/LRUCache-dependency-scan.dia -validate-clang-modules-once -clang-build-session-file /Users/admin/builder/spi-builder-workspace/.derivedData/ModuleCache.noindex/Session.modulevalidation -Xcc -fmodules-prune-interval\=86400 -Xcc -fmodules-prune-after\=345600 -package-name lrucache -emit-const-values -const-gather-protocols-list /Users/admin/builder/spi-builder-workspace/.derivedData/Build/Intermediates.noindex/LRUCache.build/Debug-watchos/LRUCache-t.build/Objects-normal/arm64/LRUCache_const_extract_protocols.json -Xcc -I/Users/admin/builder/spi-builder-workspace/.derivedData/Build/Products/Debug-watchos/include -Xcc -I/Users/admin/builder/spi-builder-workspace/.derivedData/Build/Intermediates.noindex/LRUCache.build/Debug-watchos/LRUCache-t.build/DerivedSources-normal/arm64 -Xcc -I/Users/admin/builder/spi-builder-workspace/.derivedData/Build/Intermediates.noindex/LRUCache.build/Debug-watchos/LRUCache-t.build/DerivedSources/arm64 -Xcc -I/Users/admin/builder/spi-builder-workspace/.derivedData/Build/Intermediates.noindex/LRUCache.build/Debug-watchos/LRUCache-t.build/DerivedSources -Xcc -DSWIFT_PACKAGE -Xcc -DDEBUG\=1 -emit-objc-header -emit-objc-header-path /Users/admin/builder/spi-builder-workspace/.derivedData/Build/Intermediates.noindex/LRUCache.build/Debug-watchos/LRUCache-t.build/Objects-normal/arm64/LRUCache-Swift.h -working-directory /Users/admin/builder/spi-builder-workspace/.swiftpm/xcode -experimental-emit-module-separately -disable-cmo
SwiftCompile normal arm64 Compiling\ Path+Shapes.swift,\ Path.swift,\ PathPoint.swift,\ Plane.swift,\ PlaneComparable.swift /Users/admin/builder/spi-builder-workspace/.dependencies/checkouts/Euclid/Sources/Path+Shapes.swift /Users/admin/builder/spi-builder-workspace/.dependencies/checkouts/Euclid/Sources/Path.swift /Users/admin/builder/spi-builder-workspace/.dependencies/checkouts/Euclid/Sources/PathPoint.swift /Users/admin/builder/spi-builder-workspace/.dependencies/checkouts/Euclid/Sources/Plane.swift /Users/admin/builder/spi-builder-workspace/.dependencies/checkouts/Euclid/Sources/PlaneComparable.swift (in target 'Euclid' from project 'Euclid')
SwiftCompile normal arm64 /Users/admin/builder/spi-builder-workspace/.dependencies/checkouts/Euclid/Sources/Path+Shapes.swift (in target 'Euclid' from project 'Euclid')
cd /Users/admin/builder/spi-builder-workspace/.swiftpm/xcode
builtin-SwiftPerFileCompile Path+Shapes.swift
SwiftCompile normal arm64 /Users/admin/builder/spi-builder-workspace/.dependencies/checkouts/Euclid/Sources/Path.swift (in target 'Euclid' from project 'Euclid')
cd /Users/admin/builder/spi-builder-workspace/.swiftpm/xcode
builtin-SwiftPerFileCompile Path.swift
SwiftCompile normal arm64 /Users/admin/builder/spi-builder-workspace/.dependencies/checkouts/Euclid/Sources/PathPoint.swift (in target 'Euclid' from project 'Euclid')
cd /Users/admin/builder/spi-builder-workspace/.swiftpm/xcode
builtin-SwiftPerFileCompile PathPoint.swift
SwiftCompile normal arm64 /Users/admin/builder/spi-builder-workspace/.dependencies/checkouts/Euclid/Sources/Plane.swift (in target 'Euclid' from project 'Euclid')
cd /Users/admin/builder/spi-builder-workspace/.swiftpm/xcode
builtin-SwiftPerFileCompile Plane.swift
SwiftCompile normal arm64 /Users/admin/builder/spi-builder-workspace/.dependencies/checkouts/Euclid/Sources/PlaneComparable.swift (in target 'Euclid' from project 'Euclid')
cd /Users/admin/builder/spi-builder-workspace/.swiftpm/xcode
builtin-SwiftPerFileCompile PlaneComparable.swift
SwiftDriverJobDiscovery normal arm64_32 Compiling LRUCache.swift (in target 'LRUCache' from project 'LRUCache')
SwiftCompile normal arm64 Compiling\ Mesh+Texcoords.swift,\ Mesh.swift,\ MiterLimit.swift,\ Path+CSG.swift,\ Path+Inset.swift /Users/admin/builder/spi-builder-workspace/.dependencies/checkouts/Euclid/Sources/Mesh+Texcoords.swift /Users/admin/builder/spi-builder-workspace/.dependencies/checkouts/Euclid/Sources/Mesh.swift /Users/admin/builder/spi-builder-workspace/.dependencies/checkouts/Euclid/Sources/MiterLimit.swift /Users/admin/builder/spi-builder-workspace/.dependencies/checkouts/Euclid/Sources/Path+CSG.swift /Users/admin/builder/spi-builder-workspace/.dependencies/checkouts/Euclid/Sources/Path+Inset.swift (in target 'Euclid' from project 'Euclid')
SwiftCompile normal arm64 /Users/admin/builder/spi-builder-workspace/.dependencies/checkouts/Euclid/Sources/Mesh+Texcoords.swift (in target 'Euclid' from project 'Euclid')
cd /Users/admin/builder/spi-builder-workspace/.swiftpm/xcode
builtin-SwiftPerFileCompile Mesh+Texcoords.swift
SwiftCompile normal arm64 /Users/admin/builder/spi-builder-workspace/.dependencies/checkouts/Euclid/Sources/Mesh.swift (in target 'Euclid' from project 'Euclid')
cd /Users/admin/builder/spi-builder-workspace/.swiftpm/xcode
builtin-SwiftPerFileCompile Mesh.swift
SwiftCompile normal arm64 /Users/admin/builder/spi-builder-workspace/.dependencies/checkouts/Euclid/Sources/MiterLimit.swift (in target 'Euclid' from project 'Euclid')
cd /Users/admin/builder/spi-builder-workspace/.swiftpm/xcode
builtin-SwiftPerFileCompile MiterLimit.swift
SwiftCompile normal arm64 /Users/admin/builder/spi-builder-workspace/.dependencies/checkouts/Euclid/Sources/Path+CSG.swift (in target 'Euclid' from project 'Euclid')
cd /Users/admin/builder/spi-builder-workspace/.swiftpm/xcode
builtin-SwiftPerFileCompile Path+CSG.swift
SwiftCompile normal arm64 /Users/admin/builder/spi-builder-workspace/.dependencies/checkouts/Euclid/Sources/Path+Inset.swift (in target 'Euclid' from project 'Euclid')
cd /Users/admin/builder/spi-builder-workspace/.swiftpm/xcode
builtin-SwiftPerFileCompile Path+Inset.swift
SwiftDriverJobDiscovery normal arm64 Compiling CollectionExtensions.swift, StringExtensions.swift, MarkupVisitor.swift, MarkupWalker.swift, HTMLFormatter.swift, MarkupFormatter.swift, MarkupTreeDumper.swift (in target 'Markdown' from project 'swift-markdown')
SwiftDriver\ Compilation LRUCache normal arm64_32 com.apple.xcode.tools.swift.compiler (in target 'LRUCache' from project 'LRUCache')
cd /Users/admin/builder/spi-builder-workspace/.swiftpm/xcode
builtin-Swift-Compilation -- /Applications/Xcode-27.0.0-Release.Candidate.app/Contents/Developer/Toolchains/XcodeDefault.xctoolchain/usr/bin/swiftc -parse-as-library -module-name LRUCache -Onone @/Users/admin/builder/spi-builder-workspace/.derivedData/Build/Intermediates.noindex/LRUCache.build/Debug-watchos/LRUCache-t.build/Objects-normal/arm64_32/LRUCache.SwiftFileList -DSWIFT_PACKAGE -DDEBUG -DSWIFT_MODULE_RESOURCE_BUNDLE_UNAVAILABLE -DXcode -plugin-path /Applications/Xcode-27.0.0-Release.Candidate.app/Contents/Developer/Toolchains/XcodeDefault.xctoolchain/usr/lib/swift/host/plugins/testing -enable-experimental-feature DebugDescriptionMacro -sdk /Applications/Xcode-27.0.0-Release.Candidate.app/Contents/Developer/Platforms/WatchOS.platform/Developer/SDKs/WatchOS27.0.sdk -target arm64_32-apple-watchos9.0 -g -module-cache-path /Users/admin/builder/spi-builder-workspace/.derivedData/ModuleCache.noindex -Xfrontend -serialize-debugging-options -profile-coverage-mapping -profile-generate -enable-testing -suppress-warnings -index-store-path /Users/admin/builder/spi-builder-workspace/.derivedData/Index.noindex/DataStore -Xcc -D_LIBCPP_HARDENING_MODE\=_LIBCPP_HARDENING_MODE_DEBUG -swift-version 5 -I /Users/admin/builder/spi-builder-workspace/.derivedData/Build/Products/Debug-watchos -Isystem /Applications/Xcode-27.0.0-Release.Candidate.app/Contents/Developer/Platforms/WatchOS.platform/Developer/usr/lib -F /Users/admin/builder/spi-builder-workspace/.derivedData/Build/Products/Debug-watchos -F /Applications/Xcode-27.0.0-Release.Candidate.app/Contents/Developer/Platforms/WatchOS.platform/Developer/Library/Frameworks -F /Applications/Xcode-27.0.0-Release.Candidate.app/Contents/Developer/Platforms/WatchOS.platform/Developer/SDKs/WatchOS27.0.sdk/Developer/Library/Frameworks -c -j10 -enable-batch-mode -incremental -Xcc -ivfsstatcache -Xcc /Users/admin/builder/spi-builder-workspace/.derivedData/SDKStatCaches.noindex/watchos27.0-24R360-e829b21a6f8c9b70876ba0858053c04477534ef55a1706bf4c1112bbb242f0a2.sdkstatcache -output-file-map /Users/admin/builder/spi-builder-workspace/.derivedData/Build/Intermediates.noindex/LRUCache.build/Debug-watchos/LRUCache-t.build/Objects-normal/arm64_32/LRUCache-OutputFileMap.json -save-temps -no-color-diagnostics -explicit-module-build -module-cache-path /Users/admin/builder/spi-builder-workspace/.derivedData/Build/Intermediates.noindex/SwiftExplicitPrecompiledModules -clang-scanner-module-cache-path /Users/admin/builder/spi-builder-workspace/.derivedData/ModuleCache.noindex -sdk-module-cache-path /Users/admin/builder/spi-builder-workspace/.derivedData/SDKExplicitPrecompiledModules -emit-dependencies -emit-module -emit-module-path /Users/admin/builder/spi-builder-workspace/.derivedData/Build/Intermediates.noindex/LRUCache.build/Debug-watchos/LRUCache-t.build/Objects-normal/arm64_32/LRUCache.swiftmodule -serialize-diagnostics -dependency-scan-serialize-diagnostics-path /Users/admin/builder/spi-builder-workspace/.derivedData/Build/Intermediates.noindex/LRUCache.build/Debug-watchos/LRUCache-t.build/Objects-normal/arm64_32/LRUCache-dependency-scan.dia -validate-clang-modules-once -clang-build-session-file /Users/admin/builder/spi-builder-workspace/.derivedData/ModuleCache.noindex/Session.modulevalidation -Xcc -fmodules-prune-interval\=86400 -Xcc -fmodules-prune-after\=345600 -package-name lrucache -emit-const-values -const-gather-protocols-list /Users/admin/builder/spi-builder-workspace/.derivedData/Build/Intermediates.noindex/LRUCache.build/Debug-watchos/LRUCache-t.build/Objects-normal/arm64_32/LRUCache_const_extract_protocols.json -Xcc -I/Users/admin/builder/spi-builder-workspace/.derivedData/Build/Products/Debug-watchos/include -Xcc -I/Users/admin/builder/spi-builder-workspace/.derivedData/Build/Intermediates.noindex/LRUCache.build/Debug-watchos/LRUCache-t.build/DerivedSources-normal/arm64_32 -Xcc -I/Users/admin/builder/spi-builder-workspace/.derivedData/Build/Intermediates.noindex/LRUCache.build/Debug-watchos/LRUCache-t.build/DerivedSources/arm64_32 -Xcc -I/Users/admin/builder/spi-builder-workspace/.derivedData/Build/Intermediates.noindex/LRUCache.build/Debug-watchos/LRUCache-t.build/DerivedSources -Xcc -DSWIFT_PACKAGE -Xcc -DDEBUG\=1 -emit-objc-header -emit-objc-header-path /Users/admin/builder/spi-builder-workspace/.derivedData/Build/Intermediates.noindex/LRUCache.build/Debug-watchos/LRUCache-t.build/Objects-normal/arm64_32/LRUCache-Swift.h -working-directory /Users/admin/builder/spi-builder-workspace/.swiftpm/xcode -experimental-emit-module-separately -disable-cmo
SwiftCompile normal arm64_32 Compiling\ Path+Shapes.swift,\ Path.swift,\ PathPoint.swift,\ Plane.swift,\ PlaneComparable.swift /Users/admin/builder/spi-builder-workspace/.dependencies/checkouts/Euclid/Sources/Path+Shapes.swift /Users/admin/builder/spi-builder-workspace/.dependencies/checkouts/Euclid/Sources/Path.swift /Users/admin/builder/spi-builder-workspace/.dependencies/checkouts/Euclid/Sources/PathPoint.swift /Users/admin/builder/spi-builder-workspace/.dependencies/checkouts/Euclid/Sources/Plane.swift /Users/admin/builder/spi-builder-workspace/.dependencies/checkouts/Euclid/Sources/PlaneComparable.swift (in target 'Euclid' from project 'Euclid')
SwiftCompile normal arm64_32 /Users/admin/builder/spi-builder-workspace/.dependencies/checkouts/Euclid/Sources/Path+Shapes.swift (in target 'Euclid' from project 'Euclid')
cd /Users/admin/builder/spi-builder-workspace/.swiftpm/xcode
builtin-SwiftPerFileCompile Path+Shapes.swift
SwiftCompile normal arm64_32 /Users/admin/builder/spi-builder-workspace/.dependencies/checkouts/Euclid/Sources/Path.swift (in target 'Euclid' from project 'Euclid')
cd /Users/admin/builder/spi-builder-workspace/.swiftpm/xcode
builtin-SwiftPerFileCompile Path.swift
SwiftCompile normal arm64_32 /Users/admin/builder/spi-builder-workspace/.dependencies/checkouts/Euclid/Sources/PathPoint.swift (in target 'Euclid' from project 'Euclid')
cd /Users/admin/builder/spi-builder-workspace/.swiftpm/xcode
builtin-SwiftPerFileCompile PathPoint.swift
SwiftCompile normal arm64_32 /Users/admin/builder/spi-builder-workspace/.dependencies/checkouts/Euclid/Sources/Plane.swift (in target 'Euclid' from project 'Euclid')
cd /Users/admin/builder/spi-builder-workspace/.swiftpm/xcode
builtin-SwiftPerFileCompile Plane.swift
SwiftCompile normal arm64_32 /Users/admin/builder/spi-builder-workspace/.dependencies/checkouts/Euclid/Sources/PlaneComparable.swift (in target 'Euclid' from project 'Euclid')
cd /Users/admin/builder/spi-builder-workspace/.swiftpm/xcode
builtin-SwiftPerFileCompile PlaneComparable.swift
SwiftDriverJobDiscovery normal arm64 Compiling LineBreak.swift, SoftBreak.swift, SymbolLink.swift, Text.swift, Aside.swift, BlockDirectiveParser.swift, CommonMarkConverter.swift (in target 'Markdown' from project 'swift-markdown')
SwiftCompile normal arm64 Compiling\ LineComparable.swift,\ LineSegment+CSG.swift,\ LineSegment.swift,\ Mesh+CSG.swift,\ Mesh+IO.swift /Users/admin/builder/spi-builder-workspace/.dependencies/checkouts/Euclid/Sources/LineComparable.swift /Users/admin/builder/spi-builder-workspace/.dependencies/checkouts/Euclid/Sources/LineSegment+CSG.swift /Users/admin/builder/spi-builder-workspace/.dependencies/checkouts/Euclid/Sources/LineSegment.swift /Users/admin/builder/spi-builder-workspace/.dependencies/checkouts/Euclid/Sources/Mesh+CSG.swift /Users/admin/builder/spi-builder-workspace/.dependencies/checkouts/Euclid/Sources/Mesh+IO.swift (in target 'Euclid' from project 'Euclid')
SwiftCompile normal arm64 /Users/admin/builder/spi-builder-workspace/.dependencies/checkouts/Euclid/Sources/LineComparable.swift (in target 'Euclid' from project 'Euclid')
cd /Users/admin/builder/spi-builder-workspace/.swiftpm/xcode
builtin-SwiftPerFileCompile LineComparable.swift
SwiftCompile normal arm64 /Users/admin/builder/spi-builder-workspace/.dependencies/checkouts/Euclid/Sources/LineSegment+CSG.swift (in target 'Euclid' from project 'Euclid')
cd /Users/admin/builder/spi-builder-workspace/.swiftpm/xcode
builtin-SwiftPerFileCompile LineSegment+CSG.swift
SwiftCompile normal arm64 /Users/admin/builder/spi-builder-workspace/.dependencies/checkouts/Euclid/Sources/LineSegment.swift (in target 'Euclid' from project 'Euclid')
cd /Users/admin/builder/spi-builder-workspace/.swiftpm/xcode
builtin-SwiftPerFileCompile LineSegment.swift
SwiftCompile normal arm64 /Users/admin/builder/spi-builder-workspace/.dependencies/checkouts/Euclid/Sources/Mesh+CSG.swift (in target 'Euclid' from project 'Euclid')
cd /Users/admin/builder/spi-builder-workspace/.swiftpm/xcode
builtin-SwiftPerFileCompile Mesh+CSG.swift
SwiftCompile normal arm64 /Users/admin/builder/spi-builder-workspace/.dependencies/checkouts/Euclid/Sources/Mesh+IO.swift (in target 'Euclid' from project 'Euclid')
cd /Users/admin/builder/spi-builder-workspace/.swiftpm/xcode
builtin-SwiftPerFileCompile Mesh+IO.swift
SwiftDriverJobDiscovery normal arm64_32 Compiling SVGPath+SwiftUI.swift (in target 'SVGPath' from project 'SVGPath')
SwiftDriver\ Compilation Markdown normal arm64 com.apple.xcode.tools.swift.compiler (in target 'Markdown' from project 'swift-markdown')
cd /Users/admin/builder/spi-builder-workspace/.swiftpm/xcode
builtin-Swift-Compilation -- /Applications/Xcode-27.0.0-Release.Candidate.app/Contents/Developer/Toolchains/XcodeDefault.xctoolchain/usr/bin/swiftc -parse-as-library -module-name Markdown -Onone @/Users/admin/builder/spi-builder-workspace/.derivedData/Build/Intermediates.noindex/swift-markdown.build/Debug-watchos/Markdown-t.build/Objects-normal/arm64/Markdown.SwiftFileList -DSWIFT_PACKAGE -DDEBUG -DSWIFT_MODULE_RESOURCE_BUNDLE_UNAVAILABLE -Xcc -fmodule-map-file\=/Users/admin/builder/spi-builder-workspace/.dependencies/checkouts/swift-cmark/src/include/module.modulemap -Xcc -fmodule-map-file\=/Users/admin/builder/spi-builder-workspace/.dependencies/checkouts/swift-cmark/extensions/include/module.modulemap -Xcc -fmodule-map-file\=/Users/admin/builder/spi-builder-workspace/.dependencies/checkouts/swift-markdown/Sources/CAtomic/include/module.modulemap -DXcode -plugin-path /Applications/Xcode-27.0.0-Release.Candidate.app/Contents/Developer/Toolchains/XcodeDefault.xctoolchain/usr/lib/swift/host/plugins/testing -enable-experimental-feature DebugDescriptionMacro -sdk /Applications/Xcode-27.0.0-Release.Candidate.app/Contents/Developer/Platforms/WatchOS.platform/Developer/SDKs/WatchOS27.0.sdk -target arm64-apple-watchos9.0 -g -module-cache-path /Users/admin/builder/spi-builder-workspace/.derivedData/ModuleCache.noindex -Xfrontend -serialize-debugging-options -profile-coverage-mapping -profile-generate -enable-testing -suppress-warnings -index-store-path /Users/admin/builder/spi-builder-workspace/.derivedData/Index.noindex/DataStore -Xcc -D_LIBCPP_HARDENING_MODE\=_LIBCPP_HARDENING_MODE_DEBUG -swift-version 5 -I /Users/admin/builder/spi-builder-workspace/.derivedData/Build/Products/Debug-watchos -Isystem /Applications/Xcode-27.0.0-Release.Candidate.app/Contents/Developer/Platforms/WatchOS.platform/Developer/usr/lib -F /Users/admin/builder/spi-builder-workspace/.derivedData/Build/Products/Debug-watchos/PackageFrameworks -F /Users/admin/builder/spi-builder-workspace/.derivedData/Build/Products/Debug-watchos -F /Applications/Xcode-27.0.0-Release.Candidate.app/Contents/Developer/Platforms/WatchOS.platform/Developer/Library/Frameworks -F /Applications/Xcode-27.0.0-Release.Candidate.app/Contents/Developer/Platforms/WatchOS.platform/Developer/SDKs/WatchOS27.0.sdk/Developer/Library/Frameworks -c -j10 -enable-batch-mode -incremental -Xcc -ivfsstatcache -Xcc /Users/admin/builder/spi-builder-workspace/.derivedData/SDKStatCaches.noindex/watchos27.0-24R360-e829b21a6f8c9b70876ba0858053c04477534ef55a1706bf4c1112bbb242f0a2.sdkstatcache -output-file-map /Users/admin/builder/spi-builder-workspace/.derivedData/Build/Intermediates.noindex/swift-markdown.build/Debug-watchos/Markdown-t.build/Objects-normal/arm64/Markdown-OutputFileMap.json -save-temps -no-color-diagnostics -explicit-module-build -module-cache-path /Users/admin/builder/spi-builder-workspace/.derivedData/Build/Intermediates.noindex/SwiftExplicitPrecompiledModules -clang-scanner-module-cache-path /Users/admin/builder/spi-builder-workspace/.derivedData/ModuleCache.noindex -sdk-module-cache-path /Users/admin/builder/spi-builder-workspace/.derivedData/SDKExplicitPrecompiledModules -emit-dependencies -emit-module -emit-module-path /Users/admin/builder/spi-builder-workspace/.derivedData/Build/Intermediates.noindex/swift-markdown.build/Debug-watchos/Markdown-t.build/Objects-normal/arm64/Markdown.swiftmodule -serialize-diagnostics -dependency-scan-serialize-diagnostics-path /Users/admin/builder/spi-builder-workspace/.derivedData/Build/Intermediates.noindex/swift-markdown.build/Debug-watchos/Markdown-t.build/Objects-normal/arm64/Markdown-dependency-scan.dia -user-module-version 0.9.0 -validate-clang-modules-once -clang-build-session-file /Users/admin/builder/spi-builder-workspace/.derivedData/ModuleCache.noindex/Session.modulevalidation -Xcc -fmodules-prune-interval\=86400 -Xcc -fmodules-prune-after\=345600 -package-name swift_markdown -emit-const-values -const-gather-protocols-list /Users/admin/builder/spi-builder-workspace/.derivedData/Build/Intermediates.noindex/swift-markdown.build/Debug-watchos/Markdown-t.build/Objects-normal/arm64/Markdown_const_extract_protocols.json -Xcc -I/Users/admin/builder/spi-builder-workspace/.dependencies/checkouts/swift-cmark/src/include -Xcc -I/Users/admin/builder/spi-builder-workspace/.dependencies/checkouts/swift-cmark/extensions/include -Xcc -I/Users/admin/builder/spi-builder-workspace/.dependencies/checkouts/swift-markdown/Sources/CAtomic/include -Xcc -I/Users/admin/builder/spi-builder-workspace/.derivedData/Build/Products/Debug-watchos/include -Xcc -I/Users/admin/builder/spi-builder-workspace/.derivedData/Build/Intermediates.noindex/swift-markdown.build/Debug-watchos/Markdown-t.build/DerivedSources-normal/arm64 -Xcc -I/Users/admin/builder/spi-builder-workspace/.derivedData/Build/Intermediates.noindex/swift-markdown.build/Debug-watchos/Markdown-t.build/DerivedSources/arm64 -Xcc -I/Users/admin/builder/spi-builder-workspace/.derivedData/Build/Intermediates.noindex/swift-markdown.build/Debug-watchos/Markdown-t.build/DerivedSources -Xcc -DSWIFT_PACKAGE -Xcc -DDEBUG\=1 -emit-objc-header -emit-objc-header-path /Users/admin/builder/spi-builder-workspace/.derivedData/Build/Intermediates.noindex/swift-markdown.build/Debug-watchos/Markdown-t.build/Objects-normal/arm64/Markdown-Swift.h -working-directory /Users/admin/builder/spi-builder-workspace/.swiftpm/xcode -experimental-emit-module-separately -disable-cmo
SwiftCompile normal arm64_32 Compiling\ Rotation.swift,\ Stretchable.swift,\ Transform.swift,\ Transformable.swift /Users/admin/builder/spi-builder-workspace/.dependencies/checkouts/Euclid/Sources/Rotation.swift /Users/admin/builder/spi-builder-workspace/.dependencies/checkouts/Euclid/Sources/Stretchable.swift /Users/admin/builder/spi-builder-workspace/.dependencies/checkouts/Euclid/Sources/Transform.swift /Users/admin/builder/spi-builder-workspace/.dependencies/checkouts/Euclid/Sources/Transformable.swift (in target 'Euclid' from project 'Euclid')
SwiftCompile normal arm64_32 /Users/admin/builder/spi-builder-workspace/.dependencies/checkouts/Euclid/Sources/Rotation.swift (in target 'Euclid' from project 'Euclid')
cd /Users/admin/builder/spi-builder-workspace/.swiftpm/xcode
builtin-SwiftPerFileCompile Rotation.swift
SwiftCompile normal arm64_32 /Users/admin/builder/spi-builder-workspace/.dependencies/checkouts/Euclid/Sources/Stretchable.swift (in target 'Euclid' from project 'Euclid')
cd /Users/admin/builder/spi-builder-workspace/.swiftpm/xcode
builtin-SwiftPerFileCompile Stretchable.swift
SwiftCompile normal arm64_32 /Users/admin/builder/spi-builder-workspace/.dependencies/checkouts/Euclid/Sources/Transform.swift (in target 'Euclid' from project 'Euclid')
cd /Users/admin/builder/spi-builder-workspace/.swiftpm/xcode
builtin-SwiftPerFileCompile Transform.swift
SwiftCompile normal arm64_32 /Users/admin/builder/spi-builder-workspace/.dependencies/checkouts/Euclid/Sources/Transformable.swift (in target 'Euclid' from project 'Euclid')
cd /Users/admin/builder/spi-builder-workspace/.swiftpm/xcode
builtin-SwiftPerFileCompile Transformable.swift
SwiftDriverJobDiscovery normal arm64 Compiling SVGPath+SwiftUI.swift (in target 'SVGPath' from project 'SVGPath')
SwiftDriver\ Compilation SVGPath normal arm64_32 com.apple.xcode.tools.swift.compiler (in target 'SVGPath' from project 'SVGPath')
cd /Users/admin/builder/spi-builder-workspace/.swiftpm/xcode
builtin-Swift-Compilation -- /Applications/Xcode-27.0.0-Release.Candidate.app/Contents/Developer/Toolchains/XcodeDefault.xctoolchain/usr/bin/swiftc -parse-as-library -module-name SVGPath -Onone @/Users/admin/builder/spi-builder-workspace/.derivedData/Build/Intermediates.noindex/SVGPath.build/Debug-watchos/SVGPath-t.build/Objects-normal/arm64_32/SVGPath.SwiftFileList -DSWIFT_PACKAGE -DDEBUG -DSWIFT_MODULE_RESOURCE_BUNDLE_UNAVAILABLE -DXcode -plugin-path /Applications/Xcode-27.0.0-Release.Candidate.app/Contents/Developer/Toolchains/XcodeDefault.xctoolchain/usr/lib/swift/host/plugins/testing -enable-experimental-feature DebugDescriptionMacro -sdk /Applications/Xcode-27.0.0-Release.Candidate.app/Contents/Developer/Platforms/WatchOS.platform/Developer/SDKs/WatchOS27.0.sdk -target arm64_32-apple-watchos9.0 -g -module-cache-path /Users/admin/builder/spi-builder-workspace/.derivedData/ModuleCache.noindex -Xfrontend -serialize-debugging-options -profile-coverage-mapping -profile-generate -enable-testing -suppress-warnings -index-store-path /Users/admin/builder/spi-builder-workspace/.derivedData/Index.noindex/DataStore -Xcc -D_LIBCPP_HARDENING_MODE\=_LIBCPP_HARDENING_MODE_DEBUG -swift-version 5 -I /Users/admin/builder/spi-builder-workspace/.derivedData/Build/Products/Debug-watchos -Isystem /Applications/Xcode-27.0.0-Release.Candidate.app/Contents/Developer/Platforms/WatchOS.platform/Developer/usr/lib -F /Users/admin/builder/spi-builder-workspace/.derivedData/Build/Products/Debug-watchos -F /Applications/Xcode-27.0.0-Release.Candidate.app/Contents/Developer/Platforms/WatchOS.platform/Developer/Library/Frameworks -F /Applications/Xcode-27.0.0-Release.Candidate.app/Contents/Developer/Platforms/WatchOS.platform/Developer/SDKs/WatchOS27.0.sdk/Developer/Library/Frameworks -c -j10 -enable-batch-mode -incremental -Xcc -ivfsstatcache -Xcc /Users/admin/builder/spi-builder-workspace/.derivedData/SDKStatCaches.noindex/watchos27.0-24R360-e829b21a6f8c9b70876ba0858053c04477534ef55a1706bf4c1112bbb242f0a2.sdkstatcache -output-file-map /Users/admin/builder/spi-builder-workspace/.derivedData/Build/Intermediates.noindex/SVGPath.build/Debug-watchos/SVGPath-t.build/Objects-normal/arm64_32/SVGPath-OutputFileMap.json -save-temps -no-color-diagnostics -explicit-module-build -module-cache-path /Users/admin/builder/spi-builder-workspace/.derivedData/Build/Intermediates.noindex/SwiftExplicitPrecompiledModules -clang-scanner-module-cache-path /Users/admin/builder/spi-builder-workspace/.derivedData/ModuleCache.noindex -sdk-module-cache-path /Users/admin/builder/spi-builder-workspace/.derivedData/SDKExplicitPrecompiledModules -emit-dependencies -emit-module -emit-module-path /Users/admin/builder/spi-builder-workspace/.derivedData/Build/Intermediates.noindex/SVGPath.build/Debug-watchos/SVGPath-t.build/Objects-normal/arm64_32/SVGPath.swiftmodule -serialize-diagnostics -dependency-scan-serialize-diagnostics-path /Users/admin/builder/spi-builder-workspace/.derivedData/Build/Intermediates.noindex/SVGPath.build/Debug-watchos/SVGPath-t.build/Objects-normal/arm64_32/SVGPath-dependency-scan.dia -validate-clang-modules-once -clang-build-session-file /Users/admin/builder/spi-builder-workspace/.derivedData/ModuleCache.noindex/Session.modulevalidation -Xcc -fmodules-prune-interval\=86400 -Xcc -fmodules-prune-after\=345600 -emit-const-values -const-gather-protocols-list /Users/admin/builder/spi-builder-workspace/.derivedData/Build/Intermediates.noindex/SVGPath.build/Debug-watchos/SVGPath-t.build/Objects-normal/arm64_32/SVGPath_const_extract_protocols.json -Xcc -I/Users/admin/builder/spi-builder-workspace/.derivedData/Build/Products/Debug-watchos/include -Xcc -I/Users/admin/builder/spi-builder-workspace/.derivedData/Build/Intermediates.noindex/SVGPath.build/Debug-watchos/SVGPath-t.build/DerivedSources-normal/arm64_32 -Xcc -I/Users/admin/builder/spi-builder-workspace/.derivedData/Build/Intermediates.noindex/SVGPath.build/Debug-watchos/SVGPath-t.build/DerivedSources/arm64_32 -Xcc -I/Users/admin/builder/spi-builder-workspace/.derivedData/Build/Intermediates.noindex/SVGPath.build/Debug-watchos/SVGPath-t.build/DerivedSources -Xcc -DSWIFT_PACKAGE -Xcc -DDEBUG\=1 -emit-objc-header -emit-objc-header-path /Users/admin/builder/spi-builder-workspace/.derivedData/Build/Intermediates.noindex/SVGPath.build/Debug-watchos/SVGPath-t.build/Objects-normal/arm64_32/SVGPath-Swift.h -working-directory /Users/admin/builder/spi-builder-workspace/.swiftpm/xcode -experimental-emit-module-separately -disable-cmo
SwiftDriver\ Compilation SVGPath normal arm64 com.apple.xcode.tools.swift.compiler (in target 'SVGPath' from project 'SVGPath')
cd /Users/admin/builder/spi-builder-workspace/.swiftpm/xcode
builtin-Swift-Compilation -- /Applications/Xcode-27.0.0-Release.Candidate.app/Contents/Developer/Toolchains/XcodeDefault.xctoolchain/usr/bin/swiftc -parse-as-library -module-name SVGPath -Onone @/Users/admin/builder/spi-builder-workspace/.derivedData/Build/Intermediates.noindex/SVGPath.build/Debug-watchos/SVGPath-t.build/Objects-normal/arm64/SVGPath.SwiftFileList -DSWIFT_PACKAGE -DDEBUG -DSWIFT_MODULE_RESOURCE_BUNDLE_UNAVAILABLE -DXcode -plugin-path /Applications/Xcode-27.0.0-Release.Candidate.app/Contents/Developer/Toolchains/XcodeDefault.xctoolchain/usr/lib/swift/host/plugins/testing -enable-experimental-feature DebugDescriptionMacro -sdk /Applications/Xcode-27.0.0-Release.Candidate.app/Contents/Developer/Platforms/WatchOS.platform/Developer/SDKs/WatchOS27.0.sdk -target arm64-apple-watchos9.0 -g -module-cache-path /Users/admin/builder/spi-builder-workspace/.derivedData/ModuleCache.noindex -Xfrontend -serialize-debugging-options -profile-coverage-mapping -profile-generate -enable-testing -suppress-warnings -index-store-path /Users/admin/builder/spi-builder-workspace/.derivedData/Index.noindex/DataStore -Xcc -D_LIBCPP_HARDENING_MODE\=_LIBCPP_HARDENING_MODE_DEBUG -swift-version 5 -I /Users/admin/builder/spi-builder-workspace/.derivedData/Build/Products/Debug-watchos -Isystem /Applications/Xcode-27.0.0-Release.Candidate.app/Contents/Developer/Platforms/WatchOS.platform/Developer/usr/lib -F /Users/admin/builder/spi-builder-workspace/.derivedData/Build/Products/Debug-watchos -F /Applications/Xcode-27.0.0-Release.Candidate.app/Contents/Developer/Platforms/WatchOS.platform/Developer/Library/Frameworks -F /Applications/Xcode-27.0.0-Release.Candidate.app/Contents/Developer/Platforms/WatchOS.platform/Developer/SDKs/WatchOS27.0.sdk/Developer/Library/Frameworks -c -j10 -enable-batch-mode -incremental -Xcc -ivfsstatcache -Xcc /Users/admin/builder/spi-builder-workspace/.derivedData/SDKStatCaches.noindex/watchos27.0-24R360-e829b21a6f8c9b70876ba0858053c04477534ef55a1706bf4c1112bbb242f0a2.sdkstatcache -output-file-map /Users/admin/builder/spi-builder-workspace/.derivedData/Build/Intermediates.noindex/SVGPath.build/Debug-watchos/SVGPath-t.build/Objects-normal/arm64/SVGPath-OutputFileMap.json -save-temps -no-color-diagnostics -explicit-module-build -module-cache-path /Users/admin/builder/spi-builder-workspace/.derivedData/Build/Intermediates.noindex/SwiftExplicitPrecompiledModules -clang-scanner-module-cache-path /Users/admin/builder/spi-builder-workspace/.derivedData/ModuleCache.noindex -sdk-module-cache-path /Users/admin/builder/spi-builder-workspace/.derivedData/SDKExplicitPrecompiledModules -emit-dependencies -emit-module -emit-module-path /Users/admin/builder/spi-builder-workspace/.derivedData/Build/Intermediates.noindex/SVGPath.build/Debug-watchos/SVGPath-t.build/Objects-normal/arm64/SVGPath.swiftmodule -serialize-diagnostics -dependency-scan-serialize-diagnostics-path /Users/admin/builder/spi-builder-workspace/.derivedData/Build/Intermediates.noindex/SVGPath.build/Debug-watchos/SVGPath-t.build/Objects-normal/arm64/SVGPath-dependency-scan.dia -validate-clang-modules-once -clang-build-session-file /Users/admin/builder/spi-builder-workspace/.derivedData/ModuleCache.noindex/Session.modulevalidation -Xcc -fmodules-prune-interval\=86400 -Xcc -fmodules-prune-after\=345600 -emit-const-values -const-gather-protocols-list /Users/admin/builder/spi-builder-workspace/.derivedData/Build/Intermediates.noindex/SVGPath.build/Debug-watchos/SVGPath-t.build/Objects-normal/arm64/SVGPath_const_extract_protocols.json -Xcc -I/Users/admin/builder/spi-builder-workspace/.derivedData/Build/Products/Debug-watchos/include -Xcc -I/Users/admin/builder/spi-builder-workspace/.derivedData/Build/Intermediates.noindex/SVGPath.build/Debug-watchos/SVGPath-t.build/DerivedSources-normal/arm64 -Xcc -I/Users/admin/builder/spi-builder-workspace/.derivedData/Build/Intermediates.noindex/SVGPath.build/Debug-watchos/SVGPath-t.build/DerivedSources/arm64 -Xcc -I/Users/admin/builder/spi-builder-workspace/.derivedData/Build/Intermediates.noindex/SVGPath.build/Debug-watchos/SVGPath-t.build/DerivedSources -Xcc -DSWIFT_PACKAGE -Xcc -DDEBUG\=1 -emit-objc-header -emit-objc-header-path /Users/admin/builder/spi-builder-workspace/.derivedData/Build/Intermediates.noindex/SVGPath.build/Debug-watchos/SVGPath-t.build/Objects-normal/arm64/SVGPath-Swift.h -working-directory /Users/admin/builder/spi-builder-workspace/.swiftpm/xcode -experimental-emit-module-separately -disable-cmo
SwiftCompile normal arm64 Compiling\ Color.swift,\ Euclid+AppKit.swift,\ Euclid+CoreGraphics.swift,\ Euclid+CoreText.swift,\ Euclid+RealityKit.swift /Users/admin/builder/spi-builder-workspace/.dependencies/checkouts/Euclid/Sources/Color.swift /Users/admin/builder/spi-builder-workspace/.dependencies/checkouts/Euclid/Sources/Euclid+AppKit.swift /Users/admin/builder/spi-builder-workspace/.dependencies/checkouts/Euclid/Sources/Euclid+CoreGraphics.swift /Users/admin/builder/spi-builder-workspace/.dependencies/checkouts/Euclid/Sources/Euclid+CoreText.swift /Users/admin/builder/spi-builder-workspace/.dependencies/checkouts/Euclid/Sources/Euclid+RealityKit.swift (in target 'Euclid' from project 'Euclid')
SwiftCompile normal arm64 /Users/admin/builder/spi-builder-workspace/.dependencies/checkouts/Euclid/Sources/Color.swift (in target 'Euclid' from project 'Euclid')
cd /Users/admin/builder/spi-builder-workspace/.swiftpm/xcode
builtin-SwiftPerFileCompile Color.swift
SwiftCompile normal arm64 /Users/admin/builder/spi-builder-workspace/.dependencies/checkouts/Euclid/Sources/Euclid+AppKit.swift (in target 'Euclid' from project 'Euclid')
cd /Users/admin/builder/spi-builder-workspace/.swiftpm/xcode
builtin-SwiftPerFileCompile Euclid+AppKit.swift
SwiftCompile normal arm64 /Users/admin/builder/spi-builder-workspace/.dependencies/checkouts/Euclid/Sources/Euclid+CoreGraphics.swift (in target 'Euclid' from project 'Euclid')
cd /Users/admin/builder/spi-builder-workspace/.swiftpm/xcode
builtin-SwiftPerFileCompile Euclid+CoreGraphics.swift
SwiftCompile normal arm64 /Users/admin/builder/spi-builder-workspace/.dependencies/checkouts/Euclid/Sources/Euclid+CoreText.swift (in target 'Euclid' from project 'Euclid')
cd /Users/admin/builder/spi-builder-workspace/.swiftpm/xcode
builtin-SwiftPerFileCompile Euclid+CoreText.swift
SwiftCompile normal arm64 /Users/admin/builder/spi-builder-workspace/.dependencies/checkouts/Euclid/Sources/Euclid+RealityKit.swift (in target 'Euclid' from project 'Euclid')
cd /Users/admin/builder/spi-builder-workspace/.swiftpm/xcode
builtin-SwiftPerFileCompile Euclid+RealityKit.swift
SwiftCompile normal arm64_32 Compiling\ Mesh+Inset.swift,\ Mesh+OBJ.swift,\ Mesh+OFF.swift,\ Mesh+STL.swift,\ Mesh+Shapes.swift /Users/admin/builder/spi-builder-workspace/.dependencies/checkouts/Euclid/Sources/Mesh+Inset.swift /Users/admin/builder/spi-builder-workspace/.dependencies/checkouts/Euclid/Sources/Mesh+OBJ.swift /Users/admin/builder/spi-builder-workspace/.dependencies/checkouts/Euclid/Sources/Mesh+OFF.swift /Users/admin/builder/spi-builder-workspace/.dependencies/checkouts/Euclid/Sources/Mesh+STL.swift /Users/admin/builder/spi-builder-workspace/.dependencies/checkouts/Euclid/Sources/Mesh+Shapes.swift (in target 'Euclid' from project 'Euclid')
SwiftCompile normal arm64_32 /Users/admin/builder/spi-builder-workspace/.dependencies/checkouts/Euclid/Sources/Mesh+Inset.swift (in target 'Euclid' from project 'Euclid')
cd /Users/admin/builder/spi-builder-workspace/.swiftpm/xcode
builtin-SwiftPerFileCompile Mesh+Inset.swift
SwiftCompile normal arm64_32 /Users/admin/builder/spi-builder-workspace/.dependencies/checkouts/Euclid/Sources/Mesh+OBJ.swift (in target 'Euclid' from project 'Euclid')
cd /Users/admin/builder/spi-builder-workspace/.swiftpm/xcode
builtin-SwiftPerFileCompile Mesh+OBJ.swift
SwiftCompile normal arm64_32 /Users/admin/builder/spi-builder-workspace/.dependencies/checkouts/Euclid/Sources/Mesh+OFF.swift (in target 'Euclid' from project 'Euclid')
cd /Users/admin/builder/spi-builder-workspace/.swiftpm/xcode
builtin-SwiftPerFileCompile Mesh+OFF.swift
SwiftCompile normal arm64_32 /Users/admin/builder/spi-builder-workspace/.dependencies/checkouts/Euclid/Sources/Mesh+STL.swift (in target 'Euclid' from project 'Euclid')
cd /Users/admin/builder/spi-builder-workspace/.swiftpm/xcode
builtin-SwiftPerFileCompile Mesh+STL.swift
SwiftCompile normal arm64_32 /Users/admin/builder/spi-builder-workspace/.dependencies/checkouts/Euclid/Sources/Mesh+Shapes.swift (in target 'Euclid' from project 'Euclid')
cd /Users/admin/builder/spi-builder-workspace/.swiftpm/xcode
builtin-SwiftPerFileCompile Mesh+Shapes.swift
SwiftDriverJobDiscovery normal arm64 Compiling Euclid+SIMD.swift, Euclid+SceneKit.swift, Euclid+UIKit.swift, Interpolatable.swift, Line.swift (in target 'Euclid' from project 'Euclid')
SwiftCompile normal arm64 Compiling\ Angle.swift,\ ApproximateEquality.swift,\ BSP.swift,\ Bounded.swift,\ Bounds.swift /Users/admin/builder/spi-builder-workspace/.dependencies/checkouts/Euclid/Sources/Angle.swift /Users/admin/builder/spi-builder-workspace/.dependencies/checkouts/Euclid/Sources/ApproximateEquality.swift /Users/admin/builder/spi-builder-workspace/.dependencies/checkouts/Euclid/Sources/BSP.swift /Users/admin/builder/spi-builder-workspace/.dependencies/checkouts/Euclid/Sources/Bounded.swift /Users/admin/builder/spi-builder-workspace/.dependencies/checkouts/Euclid/Sources/Bounds.swift (in target 'Euclid' from project 'Euclid')
SwiftCompile normal arm64 /Users/admin/builder/spi-builder-workspace/.dependencies/checkouts/Euclid/Sources/Angle.swift (in target 'Euclid' from project 'Euclid')
cd /Users/admin/builder/spi-builder-workspace/.swiftpm/xcode
builtin-SwiftPerFileCompile Angle.swift
SwiftCompile normal arm64 /Users/admin/builder/spi-builder-workspace/.dependencies/checkouts/Euclid/Sources/ApproximateEquality.swift (in target 'Euclid' from project 'Euclid')
cd /Users/admin/builder/spi-builder-workspace/.swiftpm/xcode
builtin-SwiftPerFileCompile ApproximateEquality.swift
SwiftCompile normal arm64 /Users/admin/builder/spi-builder-workspace/.dependencies/checkouts/Euclid/Sources/BSP.swift (in target 'Euclid' from project 'Euclid')
cd /Users/admin/builder/spi-builder-workspace/.swiftpm/xcode
builtin-SwiftPerFileCompile BSP.swift
SwiftCompile normal arm64 /Users/admin/builder/spi-builder-workspace/.dependencies/checkouts/Euclid/Sources/Bounded.swift (in target 'Euclid' from project 'Euclid')
cd /Users/admin/builder/spi-builder-workspace/.swiftpm/xcode
builtin-SwiftPerFileCompile Bounded.swift
SwiftCompile normal arm64 /Users/admin/builder/spi-builder-workspace/.dependencies/checkouts/Euclid/Sources/Bounds.swift (in target 'Euclid' from project 'Euclid')
cd /Users/admin/builder/spi-builder-workspace/.swiftpm/xcode
builtin-SwiftPerFileCompile Bounds.swift
SwiftDriverJobDiscovery normal arm64_32 Compiling LineComparable.swift, LineSegment+CSG.swift, LineSegment.swift, Mesh+CSG.swift, Mesh+IO.swift (in target 'Euclid' from project 'Euclid')
SwiftCompile normal arm64 Compiling\ PointComparable.swift,\ Polygon+CSG.swift,\ Polygon+Inset.swift,\ Polygon.swift /Users/admin/builder/spi-builder-workspace/.dependencies/checkouts/Euclid/Sources/PointComparable.swift /Users/admin/builder/spi-builder-workspace/.dependencies/checkouts/Euclid/Sources/Polygon+CSG.swift /Users/admin/builder/spi-builder-workspace/.dependencies/checkouts/Euclid/Sources/Polygon+Inset.swift /Users/admin/builder/spi-builder-workspace/.dependencies/checkouts/Euclid/Sources/Polygon.swift (in target 'Euclid' from project 'Euclid')
SwiftCompile normal arm64 /Users/admin/builder/spi-builder-workspace/.dependencies/checkouts/Euclid/Sources/PointComparable.swift (in target 'Euclid' from project 'Euclid')
cd /Users/admin/builder/spi-builder-workspace/.swiftpm/xcode
builtin-SwiftPerFileCompile PointComparable.swift
SwiftCompile normal arm64 /Users/admin/builder/spi-builder-workspace/.dependencies/checkouts/Euclid/Sources/Polygon+CSG.swift (in target 'Euclid' from project 'Euclid')
cd /Users/admin/builder/spi-builder-workspace/.swiftpm/xcode
builtin-SwiftPerFileCompile Polygon+CSG.swift
SwiftCompile normal arm64 /Users/admin/builder/spi-builder-workspace/.dependencies/checkouts/Euclid/Sources/Polygon+Inset.swift (in target 'Euclid' from project 'Euclid')
cd /Users/admin/builder/spi-builder-workspace/.swiftpm/xcode
builtin-SwiftPerFileCompile Polygon+Inset.swift
SwiftCompile normal arm64 /Users/admin/builder/spi-builder-workspace/.dependencies/checkouts/Euclid/Sources/Polygon.swift (in target 'Euclid' from project 'Euclid')
cd /Users/admin/builder/spi-builder-workspace/.swiftpm/xcode
builtin-SwiftPerFileCompile Polygon.swift
SwiftDriverJobDiscovery normal arm64 Compiling Mesh+Texcoords.swift, Mesh.swift, MiterLimit.swift, Path+CSG.swift, Path+Inset.swift (in target 'Euclid' from project 'Euclid')
SwiftCompile normal arm64 Compiling\ Rotation.swift,\ Stretchable.swift,\ Transform.swift,\ Transformable.swift /Users/admin/builder/spi-builder-workspace/.dependencies/checkouts/Euclid/Sources/Rotation.swift /Users/admin/builder/spi-builder-workspace/.dependencies/checkouts/Euclid/Sources/Stretchable.swift /Users/admin/builder/spi-builder-workspace/.dependencies/checkouts/Euclid/Sources/Transform.swift /Users/admin/builder/spi-builder-workspace/.dependencies/checkouts/Euclid/Sources/Transformable.swift (in target 'Euclid' from project 'Euclid')
SwiftCompile normal arm64 /Users/admin/builder/spi-builder-workspace/.dependencies/checkouts/Euclid/Sources/Rotation.swift (in target 'Euclid' from project 'Euclid')
cd /Users/admin/builder/spi-builder-workspace/.swiftpm/xcode
builtin-SwiftPerFileCompile Rotation.swift
SwiftCompile normal arm64 /Users/admin/builder/spi-builder-workspace/.dependencies/checkouts/Euclid/Sources/Stretchable.swift (in target 'Euclid' from project 'Euclid')
cd /Users/admin/builder/spi-builder-workspace/.swiftpm/xcode
builtin-SwiftPerFileCompile Stretchable.swift
SwiftCompile normal arm64 /Users/admin/builder/spi-builder-workspace/.dependencies/checkouts/Euclid/Sources/Transform.swift (in target 'Euclid' from project 'Euclid')
cd /Users/admin/builder/spi-builder-workspace/.swiftpm/xcode
builtin-SwiftPerFileCompile Transform.swift
SwiftCompile normal arm64 /Users/admin/builder/spi-builder-workspace/.dependencies/checkouts/Euclid/Sources/Transformable.swift (in target 'Euclid' from project 'Euclid')
cd /Users/admin/builder/spi-builder-workspace/.swiftpm/xcode
builtin-SwiftPerFileCompile Transformable.swift
SwiftDriverJobDiscovery normal arm64_32 Compiling Utilities.swift, Vector.swift, Vertex.swift, VertexSet.swift (in target 'Euclid' from project 'Euclid')
SwiftCompile normal arm64_32 Compiling\ Euclid+SIMD.swift,\ Euclid+SceneKit.swift,\ Euclid+UIKit.swift,\ Interpolatable.swift,\ Line.swift /Users/admin/builder/spi-builder-workspace/.dependencies/checkouts/Euclid/Sources/Euclid+SIMD.swift /Users/admin/builder/spi-builder-workspace/.dependencies/checkouts/Euclid/Sources/Euclid+SceneKit.swift /Users/admin/builder/spi-builder-workspace/.dependencies/checkouts/Euclid/Sources/Euclid+UIKit.swift /Users/admin/builder/spi-builder-workspace/.dependencies/checkouts/Euclid/Sources/Interpolatable.swift /Users/admin/builder/spi-builder-workspace/.dependencies/checkouts/Euclid/Sources/Line.swift (in target 'Euclid' from project 'Euclid')
SwiftCompile normal arm64_32 /Users/admin/builder/spi-builder-workspace/.dependencies/checkouts/Euclid/Sources/Euclid+SIMD.swift (in target 'Euclid' from project 'Euclid')
cd /Users/admin/builder/spi-builder-workspace/.swiftpm/xcode
builtin-SwiftPerFileCompile Euclid+SIMD.swift
SwiftCompile normal arm64_32 /Users/admin/builder/spi-builder-workspace/.dependencies/checkouts/Euclid/Sources/Euclid+SceneKit.swift (in target 'Euclid' from project 'Euclid')
cd /Users/admin/builder/spi-builder-workspace/.swiftpm/xcode
builtin-SwiftPerFileCompile Euclid+SceneKit.swift
SwiftCompile normal arm64_32 /Users/admin/builder/spi-builder-workspace/.dependencies/checkouts/Euclid/Sources/Euclid+UIKit.swift (in target 'Euclid' from project 'Euclid')
cd /Users/admin/builder/spi-builder-workspace/.swiftpm/xcode
builtin-SwiftPerFileCompile Euclid+UIKit.swift
SwiftCompile normal arm64_32 /Users/admin/builder/spi-builder-workspace/.dependencies/checkouts/Euclid/Sources/Interpolatable.swift (in target 'Euclid' from project 'Euclid')
cd /Users/admin/builder/spi-builder-workspace/.swiftpm/xcode
builtin-SwiftPerFileCompile Interpolatable.swift
SwiftCompile normal arm64_32 /Users/admin/builder/spi-builder-workspace/.dependencies/checkouts/Euclid/Sources/Line.swift (in target 'Euclid' from project 'Euclid')
cd /Users/admin/builder/spi-builder-workspace/.swiftpm/xcode
builtin-SwiftPerFileCompile Line.swift
SwiftDriverJobDiscovery normal arm64 Compiling Color.swift, Euclid+AppKit.swift, Euclid+CoreGraphics.swift, Euclid+CoreText.swift, Euclid+RealityKit.swift (in target 'Euclid' from project 'Euclid')
SwiftCompile normal arm64 Compiling\ Utilities.swift,\ Vector.swift,\ Vertex.swift,\ VertexSet.swift /Users/admin/builder/spi-builder-workspace/.dependencies/checkouts/Euclid/Sources/Utilities.swift /Users/admin/builder/spi-builder-workspace/.dependencies/checkouts/Euclid/Sources/Vector.swift /Users/admin/builder/spi-builder-workspace/.dependencies/checkouts/Euclid/Sources/Vertex.swift /Users/admin/builder/spi-builder-workspace/.dependencies/checkouts/Euclid/Sources/VertexSet.swift (in target 'Euclid' from project 'Euclid')
SwiftCompile normal arm64 /Users/admin/builder/spi-builder-workspace/.dependencies/checkouts/Euclid/Sources/Utilities.swift (in target 'Euclid' from project 'Euclid')
cd /Users/admin/builder/spi-builder-workspace/.swiftpm/xcode
builtin-SwiftPerFileCompile Utilities.swift
SwiftCompile normal arm64 /Users/admin/builder/spi-builder-workspace/.dependencies/checkouts/Euclid/Sources/Vector.swift (in target 'Euclid' from project 'Euclid')
cd /Users/admin/builder/spi-builder-workspace/.swiftpm/xcode
builtin-SwiftPerFileCompile Vector.swift
SwiftCompile normal arm64 /Users/admin/builder/spi-builder-workspace/.dependencies/checkouts/Euclid/Sources/Vertex.swift (in target 'Euclid' from project 'Euclid')
cd /Users/admin/builder/spi-builder-workspace/.swiftpm/xcode
builtin-SwiftPerFileCompile Vertex.swift
SwiftCompile normal arm64 /Users/admin/builder/spi-builder-workspace/.dependencies/checkouts/Euclid/Sources/VertexSet.swift (in target 'Euclid' from project 'Euclid')
cd /Users/admin/builder/spi-builder-workspace/.swiftpm/xcode
builtin-SwiftPerFileCompile VertexSet.swift
SwiftDriverJobDiscovery normal arm64_32 Compiling Rotation.swift, Stretchable.swift, Transform.swift, Transformable.swift (in target 'Euclid' from project 'Euclid')
SwiftCompile normal arm64_32 Compiling\ PointComparable.swift,\ Polygon+CSG.swift,\ Polygon+Inset.swift,\ Polygon.swift /Users/admin/builder/spi-builder-workspace/.dependencies/checkouts/Euclid/Sources/PointComparable.swift /Users/admin/builder/spi-builder-workspace/.dependencies/checkouts/Euclid/Sources/Polygon+CSG.swift /Users/admin/builder/spi-builder-workspace/.dependencies/checkouts/Euclid/Sources/Polygon+Inset.swift /Users/admin/builder/spi-builder-workspace/.dependencies/checkouts/Euclid/Sources/Polygon.swift (in target 'Euclid' from project 'Euclid')
SwiftCompile normal arm64_32 /Users/admin/builder/spi-builder-workspace/.dependencies/checkouts/Euclid/Sources/PointComparable.swift (in target 'Euclid' from project 'Euclid')
cd /Users/admin/builder/spi-builder-workspace/.swiftpm/xcode
builtin-SwiftPerFileCompile PointComparable.swift
SwiftCompile normal arm64_32 /Users/admin/builder/spi-builder-workspace/.dependencies/checkouts/Euclid/Sources/Polygon+CSG.swift (in target 'Euclid' from project 'Euclid')
cd /Users/admin/builder/spi-builder-workspace/.swiftpm/xcode
builtin-SwiftPerFileCompile Polygon+CSG.swift
SwiftCompile normal arm64_32 /Users/admin/builder/spi-builder-workspace/.dependencies/checkouts/Euclid/Sources/Polygon+Inset.swift (in target 'Euclid' from project 'Euclid')
cd /Users/admin/builder/spi-builder-workspace/.swiftpm/xcode
builtin-SwiftPerFileCompile Polygon+Inset.swift
SwiftCompile normal arm64_32 /Users/admin/builder/spi-builder-workspace/.dependencies/checkouts/Euclid/Sources/Polygon.swift (in target 'Euclid' from project 'Euclid')
cd /Users/admin/builder/spi-builder-workspace/.swiftpm/xcode
builtin-SwiftPerFileCompile Polygon.swift
SwiftDriverJobDiscovery normal arm64 Compiling LineComparable.swift, LineSegment+CSG.swift, LineSegment.swift, Mesh+CSG.swift, Mesh+IO.swift (in target 'Euclid' from project 'Euclid')
SwiftCompile normal arm64_32 Compiling\ Color.swift,\ Euclid+AppKit.swift,\ Euclid+CoreGraphics.swift,\ Euclid+CoreText.swift,\ Euclid+RealityKit.swift /Users/admin/builder/spi-builder-workspace/.dependencies/checkouts/Euclid/Sources/Color.swift /Users/admin/builder/spi-builder-workspace/.dependencies/checkouts/Euclid/Sources/Euclid+AppKit.swift /Users/admin/builder/spi-builder-workspace/.dependencies/checkouts/Euclid/Sources/Euclid+CoreGraphics.swift /Users/admin/builder/spi-builder-workspace/.dependencies/checkouts/Euclid/Sources/Euclid+CoreText.swift /Users/admin/builder/spi-builder-workspace/.dependencies/checkouts/Euclid/Sources/Euclid+RealityKit.swift (in target 'Euclid' from project 'Euclid')
SwiftCompile normal arm64_32 /Users/admin/builder/spi-builder-workspace/.dependencies/checkouts/Euclid/Sources/Color.swift (in target 'Euclid' from project 'Euclid')
cd /Users/admin/builder/spi-builder-workspace/.swiftpm/xcode
builtin-SwiftPerFileCompile Color.swift
SwiftCompile normal arm64_32 /Users/admin/builder/spi-builder-workspace/.dependencies/checkouts/Euclid/Sources/Euclid+AppKit.swift (in target 'Euclid' from project 'Euclid')
cd /Users/admin/builder/spi-builder-workspace/.swiftpm/xcode
builtin-SwiftPerFileCompile Euclid+AppKit.swift
SwiftCompile normal arm64_32 /Users/admin/builder/spi-builder-workspace/.dependencies/checkouts/Euclid/Sources/Euclid+CoreGraphics.swift (in target 'Euclid' from project 'Euclid')
cd /Users/admin/builder/spi-builder-workspace/.swiftpm/xcode
builtin-SwiftPerFileCompile Euclid+CoreGraphics.swift
SwiftCompile normal arm64_32 /Users/admin/builder/spi-builder-workspace/.dependencies/checkouts/Euclid/Sources/Euclid+CoreText.swift (in target 'Euclid' from project 'Euclid')
cd /Users/admin/builder/spi-builder-workspace/.swiftpm/xcode
builtin-SwiftPerFileCompile Euclid+CoreText.swift
SwiftCompile normal arm64_32 /Users/admin/builder/spi-builder-workspace/.dependencies/checkouts/Euclid/Sources/Euclid+RealityKit.swift (in target 'Euclid' from project 'Euclid')
cd /Users/admin/builder/spi-builder-workspace/.swiftpm/xcode
builtin-SwiftPerFileCompile Euclid+RealityKit.swift
SwiftDriverJobDiscovery normal arm64 Compiling Path+Shapes.swift, Path.swift, PathPoint.swift, Plane.swift, PlaneComparable.swift (in target 'Euclid' from project 'Euclid')
SwiftCompile normal arm64_32 Compiling\ Angle.swift,\ ApproximateEquality.swift,\ BSP.swift,\ Bounded.swift,\ Bounds.swift /Users/admin/builder/spi-builder-workspace/.dependencies/checkouts/Euclid/Sources/Angle.swift /Users/admin/builder/spi-builder-workspace/.dependencies/checkouts/Euclid/Sources/ApproximateEquality.swift /Users/admin/builder/spi-builder-workspace/.dependencies/checkouts/Euclid/Sources/BSP.swift /Users/admin/builder/spi-builder-workspace/.dependencies/checkouts/Euclid/Sources/Bounded.swift /Users/admin/builder/spi-builder-workspace/.dependencies/checkouts/Euclid/Sources/Bounds.swift (in target 'Euclid' from project 'Euclid')
SwiftCompile normal arm64_32 /Users/admin/builder/spi-builder-workspace/.dependencies/checkouts/Euclid/Sources/Angle.swift (in target 'Euclid' from project 'Euclid')
cd /Users/admin/builder/spi-builder-workspace/.swiftpm/xcode
builtin-SwiftPerFileCompile Angle.swift
SwiftCompile normal arm64_32 /Users/admin/builder/spi-builder-workspace/.dependencies/checkouts/Euclid/Sources/ApproximateEquality.swift (in target 'Euclid' from project 'Euclid')
cd /Users/admin/builder/spi-builder-workspace/.swiftpm/xcode
builtin-SwiftPerFileCompile ApproximateEquality.swift
SwiftCompile normal arm64_32 /Users/admin/builder/spi-builder-workspace/.dependencies/checkouts/Euclid/Sources/BSP.swift (in target 'Euclid' from project 'Euclid')
cd /Users/admin/builder/spi-builder-workspace/.swiftpm/xcode
builtin-SwiftPerFileCompile BSP.swift
SwiftCompile normal arm64_32 /Users/admin/builder/spi-builder-workspace/.dependencies/checkouts/Euclid/Sources/Bounded.swift (in target 'Euclid' from project 'Euclid')
cd /Users/admin/builder/spi-builder-workspace/.swiftpm/xcode
builtin-SwiftPerFileCompile Bounded.swift
SwiftCompile normal arm64_32 /Users/admin/builder/spi-builder-workspace/.dependencies/checkouts/Euclid/Sources/Bounds.swift (in target 'Euclid' from project 'Euclid')
cd /Users/admin/builder/spi-builder-workspace/.swiftpm/xcode
builtin-SwiftPerFileCompile Bounds.swift
SwiftDriverJobDiscovery normal arm64 Compiling Mesh+Inset.swift, Mesh+OBJ.swift, Mesh+OFF.swift, Mesh+STL.swift, Mesh+Shapes.swift (in target 'Euclid' from project 'Euclid')
SwiftCompile normal arm64_32 Compiling\ Mesh+Texcoords.swift,\ Mesh.swift,\ MiterLimit.swift,\ Path+CSG.swift,\ Path+Inset.swift /Users/admin/builder/spi-builder-workspace/.dependencies/checkouts/Euclid/Sources/Mesh+Texcoords.swift /Users/admin/builder/spi-builder-workspace/.dependencies/checkouts/Euclid/Sources/Mesh.swift /Users/admin/builder/spi-builder-workspace/.dependencies/checkouts/Euclid/Sources/MiterLimit.swift /Users/admin/builder/spi-builder-workspace/.dependencies/checkouts/Euclid/Sources/Path+CSG.swift /Users/admin/builder/spi-builder-workspace/.dependencies/checkouts/Euclid/Sources/Path+Inset.swift (in target 'Euclid' from project 'Euclid')
SwiftCompile normal arm64_32 /Users/admin/builder/spi-builder-workspace/.dependencies/checkouts/Euclid/Sources/Mesh+Texcoords.swift (in target 'Euclid' from project 'Euclid')
cd /Users/admin/builder/spi-builder-workspace/.swiftpm/xcode
builtin-SwiftPerFileCompile Mesh+Texcoords.swift
SwiftCompile normal arm64_32 /Users/admin/builder/spi-builder-workspace/.dependencies/checkouts/Euclid/Sources/Mesh.swift (in target 'Euclid' from project 'Euclid')
cd /Users/admin/builder/spi-builder-workspace/.swiftpm/xcode
builtin-SwiftPerFileCompile Mesh.swift
SwiftCompile normal arm64_32 /Users/admin/builder/spi-builder-workspace/.dependencies/checkouts/Euclid/Sources/MiterLimit.swift (in target 'Euclid' from project 'Euclid')
cd /Users/admin/builder/spi-builder-workspace/.swiftpm/xcode
builtin-SwiftPerFileCompile MiterLimit.swift
SwiftCompile normal arm64_32 /Users/admin/builder/spi-builder-workspace/.dependencies/checkouts/Euclid/Sources/Path+CSG.swift (in target 'Euclid' from project 'Euclid')
cd /Users/admin/builder/spi-builder-workspace/.swiftpm/xcode
builtin-SwiftPerFileCompile Path+CSG.swift
SwiftCompile normal arm64_32 /Users/admin/builder/spi-builder-workspace/.dependencies/checkouts/Euclid/Sources/Path+Inset.swift (in target 'Euclid' from project 'Euclid')
cd /Users/admin/builder/spi-builder-workspace/.swiftpm/xcode
builtin-SwiftPerFileCompile Path+Inset.swift
SwiftDriverJobDiscovery normal arm64 Compiling Angle.swift, ApproximateEquality.swift, BSP.swift, Bounded.swift, Bounds.swift (in target 'Euclid' from project 'Euclid')
SwiftDriverJobDiscovery normal arm64_32 Compiling Path+Shapes.swift, Path.swift, PathPoint.swift, Plane.swift, PlaneComparable.swift (in target 'Euclid' from project 'Euclid')
Ld /Users/admin/builder/spi-builder-workspace/.derivedData/Build/Intermediates.noindex/SVGPath.build/Debug-watchos/SVGPath-t.build/Objects-normal/arm64_32/Binary/SVGPath.o normal arm64_32 (in target 'SVGPath' from project 'SVGPath')
cd /Users/admin/builder/spi-builder-workspace/.dependencies/checkouts/SVGPath
/Applications/Xcode-27.0.0-Release.Candidate.app/Contents/Developer/Toolchains/XcodeDefault.xctoolchain/usr/bin/clang -Xlinker -reproducible -target arm64_32-apple-watchos9.0 -r -isysroot /Applications/Xcode-27.0.0-Release.Candidate.app/Contents/Developer/Platforms/WatchOS.platform/Developer/SDKs/WatchOS27.0.sdk -O0 -w -Xlinker -no_warn_duplicate_libraries -F/Users/admin/builder/spi-builder-workspace/.derivedData/Build/Intermediates.noindex/EagerLinkingTBDs/Debug-watchos -F/Users/admin/builder/spi-builder-workspace/.derivedData/Build/Products/Debug-watchos -iframework /Applications/Xcode-27.0.0-Release.Candidate.app/Contents/Developer/Platforms/WatchOS.platform/Developer/Library/Frameworks -iframework /Applications/Xcode-27.0.0-Release.Candidate.app/Contents/Developer/Platforms/WatchOS.platform/Developer/SDKs/WatchOS27.0.sdk/Developer/Library/Frameworks -filelist /Users/admin/builder/spi-builder-workspace/.derivedData/Build/Intermediates.noindex/SVGPath.build/Debug-watchos/SVGPath-t.build/Objects-normal/arm64_32/SVGPath.LinkFileList -nostdlib -Xlinker -object_path_lto -Xlinker /Users/admin/builder/spi-builder-workspace/.derivedData/Build/Intermediates.noindex/SVGPath.build/Debug-watchos/SVGPath-t.build/Objects-normal/arm64_32/SVGPath_lto.o -Xlinker -no_deduplicate -Xlinker -debug_variant -Xlinker -dependency_info -Xlinker /Users/admin/builder/spi-builder-workspace/.derivedData/Build/Intermediates.noindex/SVGPath.build/Debug-watchos/SVGPath-t.build/Objects-normal/arm64_32/SVGPath_dependency_info.dat -fobjc-link-runtime -L/Applications/Xcode-27.0.0-Release.Candidate.app/Contents/Developer/Toolchains/XcodeDefault.xctoolchain/usr/lib/swift/watchos -L/usr/lib/swift -Xlinker -add_ast_path -Xlinker /Users/admin/builder/spi-builder-workspace/.derivedData/Build/Intermediates.noindex/SVGPath.build/Debug-watchos/SVGPath-t.build/Objects-normal/arm64_32/SVGPath.swiftmodule -o /Users/admin/builder/spi-builder-workspace/.derivedData/Build/Intermediates.noindex/SVGPath.build/Debug-watchos/SVGPath-t.build/Objects-normal/arm64_32/Binary/SVGPath.o
Ld /Users/admin/builder/spi-builder-workspace/.derivedData/Build/Intermediates.noindex/SVGPath.build/Debug-watchos/SVGPath-t.build/Objects-normal/arm64/Binary/SVGPath.o normal arm64 (in target 'SVGPath' from project 'SVGPath')
cd /Users/admin/builder/spi-builder-workspace/.dependencies/checkouts/SVGPath
/Applications/Xcode-27.0.0-Release.Candidate.app/Contents/Developer/Toolchains/XcodeDefault.xctoolchain/usr/bin/clang -Xlinker -reproducible -target arm64-apple-watchos9.0 -r -isysroot /Applications/Xcode-27.0.0-Release.Candidate.app/Contents/Developer/Platforms/WatchOS.platform/Developer/SDKs/WatchOS27.0.sdk -O0 -w -Xlinker -no_warn_duplicate_libraries -F/Users/admin/builder/spi-builder-workspace/.derivedData/Build/Intermediates.noindex/EagerLinkingTBDs/Debug-watchos -F/Users/admin/builder/spi-builder-workspace/.derivedData/Build/Products/Debug-watchos -iframework /Applications/Xcode-27.0.0-Release.Candidate.app/Contents/Developer/Platforms/WatchOS.platform/Developer/Library/Frameworks -iframework /Applications/Xcode-27.0.0-Release.Candidate.app/Contents/Developer/Platforms/WatchOS.platform/Developer/SDKs/WatchOS27.0.sdk/Developer/Library/Frameworks -filelist /Users/admin/builder/spi-builder-workspace/.derivedData/Build/Intermediates.noindex/SVGPath.build/Debug-watchos/SVGPath-t.build/Objects-normal/arm64/SVGPath.LinkFileList -nostdlib -Xlinker -object_path_lto -Xlinker /Users/admin/builder/spi-builder-workspace/.derivedData/Build/Intermediates.noindex/SVGPath.build/Debug-watchos/SVGPath-t.build/Objects-normal/arm64/SVGPath_lto.o -Xlinker -no_deduplicate -Xlinker -debug_variant -Xlinker -dependency_info -Xlinker /Users/admin/builder/spi-builder-workspace/.derivedData/Build/Intermediates.noindex/SVGPath.build/Debug-watchos/SVGPath-t.build/Objects-normal/arm64/SVGPath_dependency_info.dat -fobjc-link-runtime -L/Applications/Xcode-27.0.0-Release.Candidate.app/Contents/Developer/Toolchains/XcodeDefault.xctoolchain/usr/lib/swift/watchos -L/usr/lib/swift -Xlinker -add_ast_path -Xlinker /Users/admin/builder/spi-builder-workspace/.derivedData/Build/Intermediates.noindex/SVGPath.build/Debug-watchos/SVGPath-t.build/Objects-normal/arm64/SVGPath.swiftmodule -o /Users/admin/builder/spi-builder-workspace/.derivedData/Build/Intermediates.noindex/SVGPath.build/Debug-watchos/SVGPath-t.build/Objects-normal/arm64/Binary/SVGPath.o
Ld /Users/admin/builder/spi-builder-workspace/.derivedData/Build/Intermediates.noindex/swift-markdown.build/Debug-watchos/Markdown-t.build/Objects-normal/arm64_32/Binary/Markdown.o normal arm64_32 (in target 'Markdown' from project 'swift-markdown')
cd /Users/admin/builder/spi-builder-workspace/.dependencies/checkouts/swift-markdown
/Applications/Xcode-27.0.0-Release.Candidate.app/Contents/Developer/Toolchains/XcodeDefault.xctoolchain/usr/bin/clang -Xlinker -reproducible -target arm64_32-apple-watchos9.0 -r -isysroot /Applications/Xcode-27.0.0-Release.Candidate.app/Contents/Developer/Platforms/WatchOS.platform/Developer/SDKs/WatchOS27.0.sdk -O0 -w -Xlinker -no_warn_duplicate_libraries -F/Users/admin/builder/spi-builder-workspace/.derivedData/Build/Intermediates.noindex/EagerLinkingTBDs/Debug-watchos -F/Users/admin/builder/spi-builder-workspace/.derivedData/Build/Products/Debug-watchos/PackageFrameworks -F/Users/admin/builder/spi-builder-workspace/.derivedData/Build/Products/Debug-watchos -iframework /Applications/Xcode-27.0.0-Release.Candidate.app/Contents/Developer/Platforms/WatchOS.platform/Developer/Library/Frameworks -iframework /Applications/Xcode-27.0.0-Release.Candidate.app/Contents/Developer/Platforms/WatchOS.platform/Developer/SDKs/WatchOS27.0.sdk/Developer/Library/Frameworks -filelist /Users/admin/builder/spi-builder-workspace/.derivedData/Build/Intermediates.noindex/swift-markdown.build/Debug-watchos/Markdown-t.build/Objects-normal/arm64_32/Markdown.LinkFileList -nostdlib -Xlinker -object_path_lto -Xlinker /Users/admin/builder/spi-builder-workspace/.derivedData/Build/Intermediates.noindex/swift-markdown.build/Debug-watchos/Markdown-t.build/Objects-normal/arm64_32/Markdown_lto.o -Xlinker -no_deduplicate -Xlinker -debug_variant -Xlinker -dependency_info -Xlinker /Users/admin/builder/spi-builder-workspace/.derivedData/Build/Intermediates.noindex/swift-markdown.build/Debug-watchos/Markdown-t.build/Objects-normal/arm64_32/Markdown_dependency_info.dat -fobjc-link-runtime -L/Applications/Xcode-27.0.0-Release.Candidate.app/Contents/Developer/Toolchains/XcodeDefault.xctoolchain/usr/lib/swift/watchos -L/usr/lib/swift -Xlinker -add_ast_path -Xlinker /Users/admin/builder/spi-builder-workspace/.derivedData/Build/Intermediates.noindex/swift-markdown.build/Debug-watchos/Markdown-t.build/Objects-normal/arm64_32/Markdown.swiftmodule -o /Users/admin/builder/spi-builder-workspace/.derivedData/Build/Intermediates.noindex/swift-markdown.build/Debug-watchos/Markdown-t.build/Objects-normal/arm64_32/Binary/Markdown.o
CreateUniversalBinary /Users/admin/builder/spi-builder-workspace/.derivedData/Build/Products/Debug-watchos/SVGPath.o normal arm64\ arm64_32 (in target 'SVGPath' from project 'SVGPath')
cd /Users/admin/builder/spi-builder-workspace/.dependencies/checkouts/SVGPath
/Applications/Xcode-27.0.0-Release.Candidate.app/Contents/Developer/Toolchains/XcodeDefault.xctoolchain/usr/bin/lipo -create /Users/admin/builder/spi-builder-workspace/.derivedData/Build/Intermediates.noindex/SVGPath.build/Debug-watchos/SVGPath-t.build/Objects-normal/arm64/Binary/SVGPath.o /Users/admin/builder/spi-builder-workspace/.derivedData/Build/Intermediates.noindex/SVGPath.build/Debug-watchos/SVGPath-t.build/Objects-normal/arm64_32/Binary/SVGPath.o -output /Users/admin/builder/spi-builder-workspace/.derivedData/Build/Products/Debug-watchos/SVGPath.o
Ld /Users/admin/builder/spi-builder-workspace/.derivedData/Build/Intermediates.noindex/swift-markdown.build/Debug-watchos/Markdown-t.build/Objects-normal/arm64/Binary/Markdown.o normal arm64 (in target 'Markdown' from project 'swift-markdown')
cd /Users/admin/builder/spi-builder-workspace/.dependencies/checkouts/swift-markdown
/Applications/Xcode-27.0.0-Release.Candidate.app/Contents/Developer/Toolchains/XcodeDefault.xctoolchain/usr/bin/clang -Xlinker -reproducible -target arm64-apple-watchos9.0 -r -isysroot /Applications/Xcode-27.0.0-Release.Candidate.app/Contents/Developer/Platforms/WatchOS.platform/Developer/SDKs/WatchOS27.0.sdk -O0 -w -Xlinker -no_warn_duplicate_libraries -F/Users/admin/builder/spi-builder-workspace/.derivedData/Build/Intermediates.noindex/EagerLinkingTBDs/Debug-watchos -F/Users/admin/builder/spi-builder-workspace/.derivedData/Build/Products/Debug-watchos/PackageFrameworks -F/Users/admin/builder/spi-builder-workspace/.derivedData/Build/Products/Debug-watchos -iframework /Applications/Xcode-27.0.0-Release.Candidate.app/Contents/Developer/Platforms/WatchOS.platform/Developer/Library/Frameworks -iframework /Applications/Xcode-27.0.0-Release.Candidate.app/Contents/Developer/Platforms/WatchOS.platform/Developer/SDKs/WatchOS27.0.sdk/Developer/Library/Frameworks -filelist /Users/admin/builder/spi-builder-workspace/.derivedData/Build/Intermediates.noindex/swift-markdown.build/Debug-watchos/Markdown-t.build/Objects-normal/arm64/Markdown.LinkFileList -nostdlib -Xlinker -object_path_lto -Xlinker /Users/admin/builder/spi-builder-workspace/.derivedData/Build/Intermediates.noindex/swift-markdown.build/Debug-watchos/Markdown-t.build/Objects-normal/arm64/Markdown_lto.o -Xlinker -no_deduplicate -Xlinker -debug_variant -Xlinker -dependency_info -Xlinker /Users/admin/builder/spi-builder-workspace/.derivedData/Build/Intermediates.noindex/swift-markdown.build/Debug-watchos/Markdown-t.build/Objects-normal/arm64/Markdown_dependency_info.dat -fobjc-link-runtime -L/Applications/Xcode-27.0.0-Release.Candidate.app/Contents/Developer/Toolchains/XcodeDefault.xctoolchain/usr/lib/swift/watchos -L/usr/lib/swift -Xlinker -add_ast_path -Xlinker /Users/admin/builder/spi-builder-workspace/.derivedData/Build/Intermediates.noindex/swift-markdown.build/Debug-watchos/Markdown-t.build/Objects-normal/arm64/Markdown.swiftmodule -o /Users/admin/builder/spi-builder-workspace/.derivedData/Build/Intermediates.noindex/swift-markdown.build/Debug-watchos/Markdown-t.build/Objects-normal/arm64/Binary/Markdown.o
Ld /Users/admin/builder/spi-builder-workspace/.derivedData/Build/Intermediates.noindex/LRUCache.build/Debug-watchos/LRUCache-t.build/Objects-normal/arm64_32/Binary/LRUCache.o normal arm64_32 (in target 'LRUCache' from project 'LRUCache')
cd /Users/admin/builder/spi-builder-workspace/.dependencies/checkouts/LRUCache
/Applications/Xcode-27.0.0-Release.Candidate.app/Contents/Developer/Toolchains/XcodeDefault.xctoolchain/usr/bin/clang -Xlinker -reproducible -target arm64_32-apple-watchos9.0 -r -isysroot /Applications/Xcode-27.0.0-Release.Candidate.app/Contents/Developer/Platforms/WatchOS.platform/Developer/SDKs/WatchOS27.0.sdk -O0 -w -Xlinker -no_warn_duplicate_libraries -F/Users/admin/builder/spi-builder-workspace/.derivedData/Build/Intermediates.noindex/EagerLinkingTBDs/Debug-watchos -F/Users/admin/builder/spi-builder-workspace/.derivedData/Build/Products/Debug-watchos -iframework /Applications/Xcode-27.0.0-Release.Candidate.app/Contents/Developer/Platforms/WatchOS.platform/Developer/Library/Frameworks -iframework /Applications/Xcode-27.0.0-Release.Candidate.app/Contents/Developer/Platforms/WatchOS.platform/Developer/SDKs/WatchOS27.0.sdk/Developer/Library/Frameworks -filelist /Users/admin/builder/spi-builder-workspace/.derivedData/Build/Intermediates.noindex/LRUCache.build/Debug-watchos/LRUCache-t.build/Objects-normal/arm64_32/LRUCache.LinkFileList -nostdlib -Xlinker -object_path_lto -Xlinker /Users/admin/builder/spi-builder-workspace/.derivedData/Build/Intermediates.noindex/LRUCache.build/Debug-watchos/LRUCache-t.build/Objects-normal/arm64_32/LRUCache_lto.o -Xlinker -no_deduplicate -Xlinker -debug_variant -Xlinker -dependency_info -Xlinker /Users/admin/builder/spi-builder-workspace/.derivedData/Build/Intermediates.noindex/LRUCache.build/Debug-watchos/LRUCache-t.build/Objects-normal/arm64_32/LRUCache_dependency_info.dat -fobjc-link-runtime -L/Applications/Xcode-27.0.0-Release.Candidate.app/Contents/Developer/Toolchains/XcodeDefault.xctoolchain/usr/lib/swift/watchos -L/usr/lib/swift -Xlinker -add_ast_path -Xlinker /Users/admin/builder/spi-builder-workspace/.derivedData/Build/Intermediates.noindex/LRUCache.build/Debug-watchos/LRUCache-t.build/Objects-normal/arm64_32/LRUCache.swiftmodule -o /Users/admin/builder/spi-builder-workspace/.derivedData/Build/Intermediates.noindex/LRUCache.build/Debug-watchos/LRUCache-t.build/Objects-normal/arm64_32/Binary/LRUCache.o
CreateUniversalBinary /Users/admin/builder/spi-builder-workspace/.derivedData/Build/Products/Debug-watchos/Markdown.o normal arm64\ arm64_32 (in target 'Markdown' from project 'swift-markdown')
cd /Users/admin/builder/spi-builder-workspace/.dependencies/checkouts/swift-markdown
/Applications/Xcode-27.0.0-Release.Candidate.app/Contents/Developer/Toolchains/XcodeDefault.xctoolchain/usr/bin/lipo -create /Users/admin/builder/spi-builder-workspace/.derivedData/Build/Intermediates.noindex/swift-markdown.build/Debug-watchos/Markdown-t.build/Objects-normal/arm64/Binary/Markdown.o /Users/admin/builder/spi-builder-workspace/.derivedData/Build/Intermediates.noindex/swift-markdown.build/Debug-watchos/Markdown-t.build/Objects-normal/arm64_32/Binary/Markdown.o -output /Users/admin/builder/spi-builder-workspace/.derivedData/Build/Products/Debug-watchos/Markdown.o
Ld /Users/admin/builder/spi-builder-workspace/.derivedData/Build/Intermediates.noindex/LRUCache.build/Debug-watchos/LRUCache-t.build/Objects-normal/arm64/Binary/LRUCache.o normal arm64 (in target 'LRUCache' from project 'LRUCache')
cd /Users/admin/builder/spi-builder-workspace/.dependencies/checkouts/LRUCache
/Applications/Xcode-27.0.0-Release.Candidate.app/Contents/Developer/Toolchains/XcodeDefault.xctoolchain/usr/bin/clang -Xlinker -reproducible -target arm64-apple-watchos9.0 -r -isysroot /Applications/Xcode-27.0.0-Release.Candidate.app/Contents/Developer/Platforms/WatchOS.platform/Developer/SDKs/WatchOS27.0.sdk -O0 -w -Xlinker -no_warn_duplicate_libraries -F/Users/admin/builder/spi-builder-workspace/.derivedData/Build/Intermediates.noindex/EagerLinkingTBDs/Debug-watchos -F/Users/admin/builder/spi-builder-workspace/.derivedData/Build/Products/Debug-watchos -iframework /Applications/Xcode-27.0.0-Release.Candidate.app/Contents/Developer/Platforms/WatchOS.platform/Developer/Library/Frameworks -iframework /Applications/Xcode-27.0.0-Release.Candidate.app/Contents/Developer/Platforms/WatchOS.platform/Developer/SDKs/WatchOS27.0.sdk/Developer/Library/Frameworks -filelist /Users/admin/builder/spi-builder-workspace/.derivedData/Build/Intermediates.noindex/LRUCache.build/Debug-watchos/LRUCache-t.build/Objects-normal/arm64/LRUCache.LinkFileList -nostdlib -Xlinker -object_path_lto -Xlinker /Users/admin/builder/spi-builder-workspace/.derivedData/Build/Intermediates.noindex/LRUCache.build/Debug-watchos/LRUCache-t.build/Objects-normal/arm64/LRUCache_lto.o -Xlinker -no_deduplicate -Xlinker -debug_variant -Xlinker -dependency_info -Xlinker /Users/admin/builder/spi-builder-workspace/.derivedData/Build/Intermediates.noindex/LRUCache.build/Debug-watchos/LRUCache-t.build/Objects-normal/arm64/LRUCache_dependency_info.dat -fobjc-link-runtime -L/Applications/Xcode-27.0.0-Release.Candidate.app/Contents/Developer/Toolchains/XcodeDefault.xctoolchain/usr/lib/swift/watchos -L/usr/lib/swift -Xlinker -add_ast_path -Xlinker /Users/admin/builder/spi-builder-workspace/.derivedData/Build/Intermediates.noindex/LRUCache.build/Debug-watchos/LRUCache-t.build/Objects-normal/arm64/LRUCache.swiftmodule -o /Users/admin/builder/spi-builder-workspace/.derivedData/Build/Intermediates.noindex/LRUCache.build/Debug-watchos/LRUCache-t.build/Objects-normal/arm64/Binary/LRUCache.o
CreateUniversalBinary /Users/admin/builder/spi-builder-workspace/.derivedData/Build/Products/Debug-watchos/LRUCache.o normal arm64\ arm64_32 (in target 'LRUCache' from project 'LRUCache')
cd /Users/admin/builder/spi-builder-workspace/.dependencies/checkouts/LRUCache
/Applications/Xcode-27.0.0-Release.Candidate.app/Contents/Developer/Toolchains/XcodeDefault.xctoolchain/usr/bin/lipo -create /Users/admin/builder/spi-builder-workspace/.derivedData/Build/Intermediates.noindex/LRUCache.build/Debug-watchos/LRUCache-t.build/Objects-normal/arm64/Binary/LRUCache.o /Users/admin/builder/spi-builder-workspace/.derivedData/Build/Intermediates.noindex/LRUCache.build/Debug-watchos/LRUCache-t.build/Objects-normal/arm64_32/Binary/LRUCache.o -output /Users/admin/builder/spi-builder-workspace/.derivedData/Build/Products/Debug-watchos/LRUCache.o
SwiftDriverJobDiscovery normal arm64 Compiling Rotation.swift, Stretchable.swift, Transform.swift, Transformable.swift (in target 'Euclid' from project 'Euclid')
ExtractAppIntentsMetadata (in target 'Markdown' from project 'swift-markdown')
cd /Users/admin/builder/spi-builder-workspace/.dependencies/checkouts/swift-markdown
/Applications/Xcode-27.0.0-Release.Candidate.app/Contents/Developer/Toolchains/XcodeDefault.xctoolchain/usr/bin/appintentsmetadataprocessor --toolchain-dir /var/run/com.apple.security.cryptexd/mnt/com.apple.MobileAsset.MetalToolchain-v27.1.266.1.UitY1H/Metal.xctoolchain --module-name Markdown --sdk-root /Applications/Xcode-27.0.0-Release.Candidate.app/Contents/Developer/Platforms/WatchOS.platform/Developer/SDKs/WatchOS27.0.sdk --xcode-version 27A266a --platform-family watchOS --deployment-target 9.0 --bundle-identifier swift-markdown.Markdown --output /Users/admin/builder/spi-builder-workspace/.derivedData/Build/Products/Debug-watchos/Markdown.appintents --target-triple arm64-apple-watchos9.0 --target-triple arm64_32-apple-watchos9.0 --binary-file /Users/admin/builder/spi-builder-workspace/.derivedData/Build/Products/Debug-watchos/Markdown.o --dependency-file /Users/admin/builder/spi-builder-workspace/.derivedData/Build/Intermediates.noindex/swift-markdown.build/Debug-watchos/Markdown-t.build/Objects-normal/arm64/Markdown_dependency_info.dat --dependency-file /Users/admin/builder/spi-builder-workspace/.derivedData/Build/Intermediates.noindex/swift-markdown.build/Debug-watchos/Markdown-t.build/Objects-normal/arm64_32/Markdown_dependency_info.dat --stringsdata-file /Users/admin/builder/spi-builder-workspace/.derivedData/Build/Intermediates.noindex/swift-markdown.build/Debug-watchos/Markdown-t.build/Objects-normal/arm64/ExtractedAppShortcutsMetadata.stringsdata --stringsdata-file /Users/admin/builder/spi-builder-workspace/.derivedData/Build/Intermediates.noindex/swift-markdown.build/Debug-watchos/Markdown-t.build/Objects-normal/arm64_32/ExtractedAppShortcutsMetadata.stringsdata --source-file-list /Users/admin/builder/spi-builder-workspace/.derivedData/Build/Intermediates.noindex/swift-markdown.build/Debug-watchos/Markdown-t.build/Objects-normal/arm64/Markdown.SwiftFileList --source-file-list /Users/admin/builder/spi-builder-workspace/.derivedData/Build/Intermediates.noindex/swift-markdown.build/Debug-watchos/Markdown-t.build/Objects-normal/arm64_32/Markdown.SwiftFileList --metadata-file-list /Users/admin/builder/spi-builder-workspace/.derivedData/Build/Intermediates.noindex/swift-markdown.build/Debug-watchos/Markdown-t.build/Markdown.DependencyMetadataFileList --static-metadata-file-list /Users/admin/builder/spi-builder-workspace/.derivedData/Build/Intermediates.noindex/swift-markdown.build/Debug-watchos/Markdown-t.build/Markdown.DependencyStaticMetadataFileList --swift-const-vals-list /Users/admin/builder/spi-builder-workspace/.derivedData/Build/Intermediates.noindex/swift-markdown.build/Debug-watchos/Markdown-t.build/Objects-normal/arm64/Markdown.SwiftConstValuesFileList --swift-const-vals-list /Users/admin/builder/spi-builder-workspace/.derivedData/Build/Intermediates.noindex/swift-markdown.build/Debug-watchos/Markdown-t.build/Objects-normal/arm64_32/Markdown.SwiftConstValuesFileList --force --compile-time-extraction --deployment-aware-processing --no-app-shortcuts-localization
2026-09-30 04:49:05.740 appintentsmetadataprocessor[1227:6903] Starting appintentsmetadataprocessor export
2026-09-30 04:49:05.845 appintentsmetadataprocessor[1227:6903] Extracted no relevant App Intents symbols, skipping writing output
ExtractAppIntentsMetadata (in target 'SVGPath' from project 'SVGPath')
cd /Users/admin/builder/spi-builder-workspace/.dependencies/checkouts/SVGPath
/Applications/Xcode-27.0.0-Release.Candidate.app/Contents/Developer/Toolchains/XcodeDefault.xctoolchain/usr/bin/appintentsmetadataprocessor --toolchain-dir /var/run/com.apple.security.cryptexd/mnt/com.apple.MobileAsset.MetalToolchain-v27.1.266.1.UitY1H/Metal.xctoolchain --module-name SVGPath --sdk-root /Applications/Xcode-27.0.0-Release.Candidate.app/Contents/Developer/Platforms/WatchOS.platform/Developer/SDKs/WatchOS27.0.sdk --xcode-version 27A266a --platform-family watchOS --deployment-target 9.0 --bundle-identifier svgpath.SVGPath --output /Users/admin/builder/spi-builder-workspace/.derivedData/Build/Products/Debug-watchos/SVGPath.appintents --target-triple arm64-apple-watchos9.0 --target-triple arm64_32-apple-watchos9.0 --binary-file /Users/admin/builder/spi-builder-workspace/.derivedData/Build/Products/Debug-watchos/SVGPath.o --dependency-file /Users/admin/builder/spi-builder-workspace/.derivedData/Build/Intermediates.noindex/SVGPath.build/Debug-watchos/SVGPath-t.build/Objects-normal/arm64/SVGPath_dependency_info.dat --dependency-file /Users/admin/builder/spi-builder-workspace/.derivedData/Build/Intermediates.noindex/SVGPath.build/Debug-watchos/SVGPath-t.build/Objects-normal/arm64_32/SVGPath_dependency_info.dat --stringsdata-file /Users/admin/builder/spi-builder-workspace/.derivedData/Build/Intermediates.noindex/SVGPath.build/Debug-watchos/SVGPath-t.build/Objects-normal/arm64/ExtractedAppShortcutsMetadata.stringsdata --stringsdata-file /Users/admin/builder/spi-builder-workspace/.derivedData/Build/Intermediates.noindex/SVGPath.build/Debug-watchos/SVGPath-t.build/Objects-normal/arm64_32/ExtractedAppShortcutsMetadata.stringsdata --source-file-list /Users/admin/builder/spi-builder-workspace/.derivedData/Build/Intermediates.noindex/SVGPath.build/Debug-watchos/SVGPath-t.build/Objects-normal/arm64/SVGPath.SwiftFileList --source-file-list /Users/admin/builder/spi-builder-workspace/.derivedData/Build/Intermediates.noindex/SVGPath.build/Debug-watchos/SVGPath-t.build/Objects-normal/arm64_32/SVGPath.SwiftFileList --metadata-file-list /Users/admin/builder/spi-builder-workspace/.derivedData/Build/Intermediates.noindex/SVGPath.build/Debug-watchos/SVGPath-t.build/SVGPath.DependencyMetadataFileList --static-metadata-file-list /Users/admin/builder/spi-builder-workspace/.derivedData/Build/Intermediates.noindex/SVGPath.build/Debug-watchos/SVGPath-t.build/SVGPath.DependencyStaticMetadataFileList --swift-const-vals-list /Users/admin/builder/spi-builder-workspace/.derivedData/Build/Intermediates.noindex/SVGPath.build/Debug-watchos/SVGPath-t.build/Objects-normal/arm64/SVGPath.SwiftConstValuesFileList --swift-const-vals-list /Users/admin/builder/spi-builder-workspace/.derivedData/Build/Intermediates.noindex/SVGPath.build/Debug-watchos/SVGPath-t.build/Objects-normal/arm64_32/SVGPath.SwiftConstValuesFileList --force --compile-time-extraction --deployment-aware-processing --no-app-shortcuts-localization
2026-09-30 04:49:05.739 appintentsmetadataprocessor[1228:6904] Starting appintentsmetadataprocessor export
2026-09-30 04:49:05.845 appintentsmetadataprocessor[1228:6904] Extracted no relevant App Intents symbols, skipping writing output
SwiftDriver ShapeScript normal arm64 com.apple.xcode.tools.swift.compiler (in target 'ShapeScript' from project 'ShapeScript')
cd /Users/admin/builder/spi-builder-workspace/.swiftpm/xcode
builtin-SwiftDriver -- /Applications/Xcode-27.0.0-Release.Candidate.app/Contents/Developer/Toolchains/XcodeDefault.xctoolchain/usr/bin/swiftc -parse-as-library -module-name ShapeScript -Onone @/Users/admin/builder/spi-builder-workspace/.derivedData/Build/Intermediates.noindex/ShapeScript.build/Debug-watchos/ShapeScript-t.build/Objects-normal/arm64/ShapeScript.SwiftFileList -DSWIFT_PACKAGE -DDEBUG -DSWIFT_MODULE_RESOURCE_BUNDLE_UNAVAILABLE -DXcode -plugin-path /Applications/Xcode-27.0.0-Release.Candidate.app/Contents/Developer/Toolchains/XcodeDefault.xctoolchain/usr/lib/swift/host/plugins/testing -enable-experimental-feature DebugDescriptionMacro -sdk /Applications/Xcode-27.0.0-Release.Candidate.app/Contents/Developer/Platforms/WatchOS.platform/Developer/SDKs/WatchOS27.0.sdk -target arm64-apple-watchos9.0 -g -module-cache-path /Users/admin/builder/spi-builder-workspace/.derivedData/ModuleCache.noindex -Xfrontend -serialize-debugging-options -profile-coverage-mapping -profile-generate -enable-testing -index-store-path /Users/admin/builder/spi-builder-workspace/.derivedData/Index.noindex/DataStore -Xcc -D_LIBCPP_HARDENING_MODE\=_LIBCPP_HARDENING_MODE_DEBUG -swift-version 5 -I /Users/admin/builder/spi-builder-workspace/.derivedData/Build/Products/Debug-watchos -Isystem /Applications/Xcode-27.0.0-Release.Candidate.app/Contents/Developer/Platforms/WatchOS.platform/Developer/usr/lib -F /Users/admin/builder/spi-builder-workspace/.derivedData/Build/Products/Debug-watchos/PackageFrameworks -F /Users/admin/builder/spi-builder-workspace/.derivedData/Build/Products/Debug-watchos -F /Applications/Xcode-27.0.0-Release.Candidate.app/Contents/Developer/Platforms/WatchOS.platform/Developer/Library/Frameworks -F /Applications/Xcode-27.0.0-Release.Candidate.app/Contents/Developer/Platforms/WatchOS.platform/Developer/SDKs/WatchOS27.0.sdk/Developer/Library/Frameworks -c -j10 -enable-batch-mode -incremental -Xcc -ivfsstatcache -Xcc /Users/admin/builder/spi-builder-workspace/.derivedData/SDKStatCaches.noindex/watchos27.0-24R360-e829b21a6f8c9b70876ba0858053c04477534ef55a1706bf4c1112bbb242f0a2.sdkstatcache -output-file-map /Users/admin/builder/spi-builder-workspace/.derivedData/Build/Intermediates.noindex/ShapeScript.build/Debug-watchos/ShapeScript-t.build/Objects-normal/arm64/ShapeScript-OutputFileMap.json -save-temps -no-color-diagnostics -explicit-module-build -module-cache-path /Users/admin/builder/spi-builder-workspace/.derivedData/Build/Intermediates.noindex/SwiftExplicitPrecompiledModules -clang-scanner-module-cache-path /Users/admin/builder/spi-builder-workspace/.derivedData/ModuleCache.noindex -sdk-module-cache-path /Users/admin/builder/spi-builder-workspace/.derivedData/SDKExplicitPrecompiledModules -emit-dependencies -emit-module -emit-module-path /Users/admin/builder/spi-builder-workspace/.derivedData/Build/Intermediates.noindex/ShapeScript.build/Debug-watchos/ShapeScript-t.build/Objects-normal/arm64/ShapeScript.swiftmodule -serialize-diagnostics -dependency-scan-serialize-diagnostics-path /Users/admin/builder/spi-builder-workspace/.derivedData/Build/Intermediates.noindex/ShapeScript.build/Debug-watchos/ShapeScript-t.build/Objects-normal/arm64/ShapeScript-dependency-scan.dia -validate-clang-modules-once -clang-build-session-file /Users/admin/builder/spi-builder-workspace/.derivedData/ModuleCache.noindex/Session.modulevalidation -Xcc -fmodules-prune-interval\=86400 -Xcc -fmodules-prune-after\=345600 -package-name spi_builder_workspace -emit-const-values -const-gather-protocols-list /Users/admin/builder/spi-builder-workspace/.derivedData/Build/Intermediates.noindex/ShapeScript.build/Debug-watchos/ShapeScript-t.build/Objects-normal/arm64/ShapeScript_const_extract_protocols.json -Xcc -I/Users/admin/builder/spi-builder-workspace/.derivedData/Build/Products/Debug-watchos/include -Xcc -I/Users/admin/builder/spi-builder-workspace/.derivedData/Build/Intermediates.noindex/ShapeScript.build/Debug-watchos/ShapeScript-t.build/DerivedSources-normal/arm64 -Xcc -I/Users/admin/builder/spi-builder-workspace/.derivedData/Build/Intermediates.noindex/ShapeScript.build/Debug-watchos/ShapeScript-t.build/DerivedSources/arm64 -Xcc -I/Users/admin/builder/spi-builder-workspace/.derivedData/Build/Intermediates.noindex/ShapeScript.build/Debug-watchos/ShapeScript-t.build/DerivedSources -Xcc -DSWIFT_PACKAGE -Xcc -DDEBUG\=1 -emit-objc-header -emit-objc-header-path /Users/admin/builder/spi-builder-workspace/.derivedData/Build/Intermediates.noindex/ShapeScript.build/Debug-watchos/ShapeScript-t.build/Objects-normal/arm64/ShapeScript-Swift.h -working-directory /Users/admin/builder/spi-builder-workspace/.swiftpm/xcode -experimental-emit-module-separately -disable-cmo
SwiftDriver ShapeScript normal arm64_32 com.apple.xcode.tools.swift.compiler (in target 'ShapeScript' from project 'ShapeScript')
cd /Users/admin/builder/spi-builder-workspace/.swiftpm/xcode
builtin-SwiftDriver -- /Applications/Xcode-27.0.0-Release.Candidate.app/Contents/Developer/Toolchains/XcodeDefault.xctoolchain/usr/bin/swiftc -parse-as-library -module-name ShapeScript -Onone @/Users/admin/builder/spi-builder-workspace/.derivedData/Build/Intermediates.noindex/ShapeScript.build/Debug-watchos/ShapeScript-t.build/Objects-normal/arm64_32/ShapeScript.SwiftFileList -DSWIFT_PACKAGE -DDEBUG -DSWIFT_MODULE_RESOURCE_BUNDLE_UNAVAILABLE -DXcode -plugin-path /Applications/Xcode-27.0.0-Release.Candidate.app/Contents/Developer/Toolchains/XcodeDefault.xctoolchain/usr/lib/swift/host/plugins/testing -enable-experimental-feature DebugDescriptionMacro -sdk /Applications/Xcode-27.0.0-Release.Candidate.app/Contents/Developer/Platforms/WatchOS.platform/Developer/SDKs/WatchOS27.0.sdk -target arm64_32-apple-watchos9.0 -g -module-cache-path /Users/admin/builder/spi-builder-workspace/.derivedData/ModuleCache.noindex -Xfrontend -serialize-debugging-options -profile-coverage-mapping -profile-generate -enable-testing -index-store-path /Users/admin/builder/spi-builder-workspace/.derivedData/Index.noindex/DataStore -Xcc -D_LIBCPP_HARDENING_MODE\=_LIBCPP_HARDENING_MODE_DEBUG -swift-version 5 -I /Users/admin/builder/spi-builder-workspace/.derivedData/Build/Products/Debug-watchos -Isystem /Applications/Xcode-27.0.0-Release.Candidate.app/Contents/Developer/Platforms/WatchOS.platform/Developer/usr/lib -F /Users/admin/builder/spi-builder-workspace/.derivedData/Build/Products/Debug-watchos/PackageFrameworks -F /Users/admin/builder/spi-builder-workspace/.derivedData/Build/Products/Debug-watchos -F /Applications/Xcode-27.0.0-Release.Candidate.app/Contents/Developer/Platforms/WatchOS.platform/Developer/Library/Frameworks -F /Applications/Xcode-27.0.0-Release.Candidate.app/Contents/Developer/Platforms/WatchOS.platform/Developer/SDKs/WatchOS27.0.sdk/Developer/Library/Frameworks -c -j10 -enable-batch-mode -incremental -Xcc -ivfsstatcache -Xcc /Users/admin/builder/spi-builder-workspace/.derivedData/SDKStatCaches.noindex/watchos27.0-24R360-e829b21a6f8c9b70876ba0858053c04477534ef55a1706bf4c1112bbb242f0a2.sdkstatcache -output-file-map /Users/admin/builder/spi-builder-workspace/.derivedData/Build/Intermediates.noindex/ShapeScript.build/Debug-watchos/ShapeScript-t.build/Objects-normal/arm64_32/ShapeScript-OutputFileMap.json -save-temps -no-color-diagnostics -explicit-module-build -module-cache-path /Users/admin/builder/spi-builder-workspace/.derivedData/Build/Intermediates.noindex/SwiftExplicitPrecompiledModules -clang-scanner-module-cache-path /Users/admin/builder/spi-builder-workspace/.derivedData/ModuleCache.noindex -sdk-module-cache-path /Users/admin/builder/spi-builder-workspace/.derivedData/SDKExplicitPrecompiledModules -emit-dependencies -emit-module -emit-module-path /Users/admin/builder/spi-builder-workspace/.derivedData/Build/Intermediates.noindex/ShapeScript.build/Debug-watchos/ShapeScript-t.build/Objects-normal/arm64_32/ShapeScript.swiftmodule -serialize-diagnostics -dependency-scan-serialize-diagnostics-path /Users/admin/builder/spi-builder-workspace/.derivedData/Build/Intermediates.noindex/ShapeScript.build/Debug-watchos/ShapeScript-t.build/Objects-normal/arm64_32/ShapeScript-dependency-scan.dia -validate-clang-modules-once -clang-build-session-file /Users/admin/builder/spi-builder-workspace/.derivedData/ModuleCache.noindex/Session.modulevalidation -Xcc -fmodules-prune-interval\=86400 -Xcc -fmodules-prune-after\=345600 -package-name spi_builder_workspace -emit-const-values -const-gather-protocols-list /Users/admin/builder/spi-builder-workspace/.derivedData/Build/Intermediates.noindex/ShapeScript.build/Debug-watchos/ShapeScript-t.build/Objects-normal/arm64_32/ShapeScript_const_extract_protocols.json -Xcc -I/Users/admin/builder/spi-builder-workspace/.derivedData/Build/Products/Debug-watchos/include -Xcc -I/Users/admin/builder/spi-builder-workspace/.derivedData/Build/Intermediates.noindex/ShapeScript.build/Debug-watchos/ShapeScript-t.build/DerivedSources-normal/arm64_32 -Xcc -I/Users/admin/builder/spi-builder-workspace/.derivedData/Build/Intermediates.noindex/ShapeScript.build/Debug-watchos/ShapeScript-t.build/DerivedSources/arm64_32 -Xcc -I/Users/admin/builder/spi-builder-workspace/.derivedData/Build/Intermediates.noindex/ShapeScript.build/Debug-watchos/ShapeScript-t.build/DerivedSources -Xcc -DSWIFT_PACKAGE -Xcc -DDEBUG\=1 -emit-objc-header -emit-objc-header-path /Users/admin/builder/spi-builder-workspace/.derivedData/Build/Intermediates.noindex/ShapeScript.build/Debug-watchos/ShapeScript-t.build/Objects-normal/arm64_32/ShapeScript-Swift.h -working-directory /Users/admin/builder/spi-builder-workspace/.swiftpm/xcode -experimental-emit-module-separately -disable-cmo
SwiftDriverJobDiscovery normal arm64_32 Compiling Color.swift, Euclid+AppKit.swift, Euclid+CoreGraphics.swift, Euclid+CoreText.swift, Euclid+RealityKit.swift (in target 'Euclid' from project 'Euclid')
SwiftDriverJobDiscovery normal arm64_32 Compiling Euclid+SIMD.swift, Euclid+SceneKit.swift, Euclid+UIKit.swift, Interpolatable.swift, Line.swift (in target 'Euclid' from project 'Euclid')
ExtractAppIntentsMetadata (in target 'LRUCache' from project 'LRUCache')
cd /Users/admin/builder/spi-builder-workspace/.dependencies/checkouts/LRUCache
/Applications/Xcode-27.0.0-Release.Candidate.app/Contents/Developer/Toolchains/XcodeDefault.xctoolchain/usr/bin/appintentsmetadataprocessor --toolchain-dir /var/run/com.apple.security.cryptexd/mnt/com.apple.MobileAsset.MetalToolchain-v27.1.266.1.UitY1H/Metal.xctoolchain --module-name LRUCache --sdk-root /Applications/Xcode-27.0.0-Release.Candidate.app/Contents/Developer/Platforms/WatchOS.platform/Developer/SDKs/WatchOS27.0.sdk --xcode-version 27A266a --platform-family watchOS --deployment-target 9.0 --bundle-identifier lrucache.LRUCache --output /Users/admin/builder/spi-builder-workspace/.derivedData/Build/Products/Debug-watchos/LRUCache.appintents --target-triple arm64-apple-watchos9.0 --target-triple arm64_32-apple-watchos9.0 --binary-file /Users/admin/builder/spi-builder-workspace/.derivedData/Build/Products/Debug-watchos/LRUCache.o --dependency-file /Users/admin/builder/spi-builder-workspace/.derivedData/Build/Intermediates.noindex/LRUCache.build/Debug-watchos/LRUCache-t.build/Objects-normal/arm64/LRUCache_dependency_info.dat --dependency-file /Users/admin/builder/spi-builder-workspace/.derivedData/Build/Intermediates.noindex/LRUCache.build/Debug-watchos/LRUCache-t.build/Objects-normal/arm64_32/LRUCache_dependency_info.dat --stringsdata-file /Users/admin/builder/spi-builder-workspace/.derivedData/Build/Intermediates.noindex/LRUCache.build/Debug-watchos/LRUCache-t.build/Objects-normal/arm64/ExtractedAppShortcutsMetadata.stringsdata --stringsdata-file /Users/admin/builder/spi-builder-workspace/.derivedData/Build/Intermediates.noindex/LRUCache.build/Debug-watchos/LRUCache-t.build/Objects-normal/arm64_32/ExtractedAppShortcutsMetadata.stringsdata --source-file-list /Users/admin/builder/spi-builder-workspace/.derivedData/Build/Intermediates.noindex/LRUCache.build/Debug-watchos/LRUCache-t.build/Objects-normal/arm64/LRUCache.SwiftFileList --source-file-list /Users/admin/builder/spi-builder-workspace/.derivedData/Build/Intermediates.noindex/LRUCache.build/Debug-watchos/LRUCache-t.build/Objects-normal/arm64_32/LRUCache.SwiftFileList --metadata-file-list /Users/admin/builder/spi-builder-workspace/.derivedData/Build/Intermediates.noindex/LRUCache.build/Debug-watchos/LRUCache-t.build/LRUCache.DependencyMetadataFileList --static-metadata-file-list /Users/admin/builder/spi-builder-workspace/.derivedData/Build/Intermediates.noindex/LRUCache.build/Debug-watchos/LRUCache-t.build/LRUCache.DependencyStaticMetadataFileList --swift-const-vals-list /Users/admin/builder/spi-builder-workspace/.derivedData/Build/Intermediates.noindex/LRUCache.build/Debug-watchos/LRUCache-t.build/Objects-normal/arm64/LRUCache.SwiftConstValuesFileList --swift-const-vals-list /Users/admin/builder/spi-builder-workspace/.derivedData/Build/Intermediates.noindex/LRUCache.build/Debug-watchos/LRUCache-t.build/Objects-normal/arm64_32/LRUCache.SwiftConstValuesFileList --force --compile-time-extraction --deployment-aware-processing --no-app-shortcuts-localization
2026-09-30 04:49:06.073 appintentsmetadataprocessor[1229:6951] Starting appintentsmetadataprocessor export
2026-09-30 04:49:06.142 appintentsmetadataprocessor[1229:6951] Extracted no relevant App Intents symbols, skipping writing output
SwiftDriverJobDiscovery normal arm64_32 Compiling Angle.swift, ApproximateEquality.swift, BSP.swift, Bounded.swift, Bounds.swift (in target 'Euclid' from project 'Euclid')
SwiftExplicitDependencyGeneratePcm arm64_32 /Users/admin/builder/spi-builder-workspace/.derivedData/SDKExplicitPrecompiledModules/ImageIO-2Y4S05VUFWLNTRW92S35BUMG8.pcm
SwiftExplicitDependencyGeneratePcm arm64 /Users/admin/builder/spi-builder-workspace/.derivedData/SDKExplicitPrecompiledModules/ImageIO-208F4GO13XRG67XXLAMH07N4X.pcm
SwiftDriverJobDiscovery normal arm64 Compiling PointComparable.swift, Polygon+CSG.swift, Polygon+Inset.swift, Polygon.swift (in target 'Euclid' from project 'Euclid')
SwiftDriverJobDiscovery normal arm64 Compiling Utilities.swift, Vector.swift, Vertex.swift, VertexSet.swift (in target 'Euclid' from project 'Euclid')
SwiftDriver\ Compilation Euclid normal arm64 com.apple.xcode.tools.swift.compiler (in target 'Euclid' from project 'Euclid')
cd /Users/admin/builder/spi-builder-workspace/.swiftpm/xcode
builtin-Swift-Compilation -- /Applications/Xcode-27.0.0-Release.Candidate.app/Contents/Developer/Toolchains/XcodeDefault.xctoolchain/usr/bin/swiftc -parse-as-library -module-name Euclid -Onone @/Users/admin/builder/spi-builder-workspace/.derivedData/Build/Intermediates.noindex/Euclid.build/Debug-watchos/Euclid-t.build/Objects-normal/arm64/Euclid.SwiftFileList -DSWIFT_PACKAGE -DDEBUG -DSWIFT_MODULE_RESOURCE_BUNDLE_UNAVAILABLE -DXcode -plugin-path /Applications/Xcode-27.0.0-Release.Candidate.app/Contents/Developer/Toolchains/XcodeDefault.xctoolchain/usr/lib/swift/host/plugins/testing -enable-experimental-feature DebugDescriptionMacro -sdk /Applications/Xcode-27.0.0-Release.Candidate.app/Contents/Developer/Platforms/WatchOS.platform/Developer/SDKs/WatchOS27.0.sdk -target arm64-apple-watchos9.0 -g -module-cache-path /Users/admin/builder/spi-builder-workspace/.derivedData/ModuleCache.noindex -Xfrontend -serialize-debugging-options -profile-coverage-mapping -profile-generate -enable-testing -suppress-warnings -index-store-path /Users/admin/builder/spi-builder-workspace/.derivedData/Index.noindex/DataStore -Xcc -D_LIBCPP_HARDENING_MODE\=_LIBCPP_HARDENING_MODE_DEBUG -swift-version 5 -I /Users/admin/builder/spi-builder-workspace/.derivedData/Build/Products/Debug-watchos -Isystem /Applications/Xcode-27.0.0-Release.Candidate.app/Contents/Developer/Platforms/WatchOS.platform/Developer/usr/lib -F /Users/admin/builder/spi-builder-workspace/.derivedData/Build/Products/Debug-watchos -F /Applications/Xcode-27.0.0-Release.Candidate.app/Contents/Developer/Platforms/WatchOS.platform/Developer/Library/Frameworks -F /Applications/Xcode-27.0.0-Release.Candidate.app/Contents/Developer/Platforms/WatchOS.platform/Developer/SDKs/WatchOS27.0.sdk/Developer/Library/Frameworks -c -j10 -enable-batch-mode -incremental -Xcc -ivfsstatcache -Xcc /Users/admin/builder/spi-builder-workspace/.derivedData/SDKStatCaches.noindex/watchos27.0-24R360-e829b21a6f8c9b70876ba0858053c04477534ef55a1706bf4c1112bbb242f0a2.sdkstatcache -output-file-map /Users/admin/builder/spi-builder-workspace/.derivedData/Build/Intermediates.noindex/Euclid.build/Debug-watchos/Euclid-t.build/Objects-normal/arm64/Euclid-OutputFileMap.json -save-temps -no-color-diagnostics -explicit-module-build -module-cache-path /Users/admin/builder/spi-builder-workspace/.derivedData/Build/Intermediates.noindex/SwiftExplicitPrecompiledModules -clang-scanner-module-cache-path /Users/admin/builder/spi-builder-workspace/.derivedData/ModuleCache.noindex -sdk-module-cache-path /Users/admin/builder/spi-builder-workspace/.derivedData/SDKExplicitPrecompiledModules -emit-dependencies -emit-module -emit-module-path /Users/admin/builder/spi-builder-workspace/.derivedData/Build/Intermediates.noindex/Euclid.build/Debug-watchos/Euclid-t.build/Objects-normal/arm64/Euclid.swiftmodule -serialize-diagnostics -dependency-scan-serialize-diagnostics-path /Users/admin/builder/spi-builder-workspace/.derivedData/Build/Intermediates.noindex/Euclid.build/Debug-watchos/Euclid-t.build/Objects-normal/arm64/Euclid-dependency-scan.dia -validate-clang-modules-once -clang-build-session-file /Users/admin/builder/spi-builder-workspace/.derivedData/ModuleCache.noindex/Session.modulevalidation -Xcc -fmodules-prune-interval\=86400 -Xcc -fmodules-prune-after\=345600 -package-name euclid -emit-const-values -const-gather-protocols-list /Users/admin/builder/spi-builder-workspace/.derivedData/Build/Intermediates.noindex/Euclid.build/Debug-watchos/Euclid-t.build/Objects-normal/arm64/Euclid_const_extract_protocols.json -Xcc -I/Users/admin/builder/spi-builder-workspace/.derivedData/Build/Products/Debug-watchos/include -Xcc -I/Users/admin/builder/spi-builder-workspace/.derivedData/Build/Intermediates.noindex/Euclid.build/Debug-watchos/Euclid-t.build/DerivedSources-normal/arm64 -Xcc -I/Users/admin/builder/spi-builder-workspace/.derivedData/Build/Intermediates.noindex/Euclid.build/Debug-watchos/Euclid-t.build/DerivedSources/arm64 -Xcc -I/Users/admin/builder/spi-builder-workspace/.derivedData/Build/Intermediates.noindex/Euclid.build/Debug-watchos/Euclid-t.build/DerivedSources -Xcc -DSWIFT_PACKAGE -Xcc -DDEBUG\=1 -emit-objc-header -emit-objc-header-path /Users/admin/builder/spi-builder-workspace/.derivedData/Build/Intermediates.noindex/Euclid.build/Debug-watchos/Euclid-t.build/Objects-normal/arm64/Euclid-Swift.h -working-directory /Users/admin/builder/spi-builder-workspace/.swiftpm/xcode -experimental-emit-module-separately -disable-cmo
Ld /Users/admin/builder/spi-builder-workspace/.derivedData/Build/Intermediates.noindex/Euclid.build/Debug-watchos/Euclid-t.build/Objects-normal/arm64/Binary/Euclid.o normal arm64 (in target 'Euclid' from project 'Euclid')
cd /Users/admin/builder/spi-builder-workspace/.dependencies/checkouts/Euclid
/Applications/Xcode-27.0.0-Release.Candidate.app/Contents/Developer/Toolchains/XcodeDefault.xctoolchain/usr/bin/clang -Xlinker -reproducible -target arm64-apple-watchos9.0 -r -isysroot /Applications/Xcode-27.0.0-Release.Candidate.app/Contents/Developer/Platforms/WatchOS.platform/Developer/SDKs/WatchOS27.0.sdk -O0 -w -Xlinker -no_warn_duplicate_libraries -F/Users/admin/builder/spi-builder-workspace/.derivedData/Build/Intermediates.noindex/EagerLinkingTBDs/Debug-watchos -F/Users/admin/builder/spi-builder-workspace/.derivedData/Build/Products/Debug-watchos -iframework /Applications/Xcode-27.0.0-Release.Candidate.app/Contents/Developer/Platforms/WatchOS.platform/Developer/Library/Frameworks -iframework /Applications/Xcode-27.0.0-Release.Candidate.app/Contents/Developer/Platforms/WatchOS.platform/Developer/SDKs/WatchOS27.0.sdk/Developer/Library/Frameworks -filelist /Users/admin/builder/spi-builder-workspace/.derivedData/Build/Intermediates.noindex/Euclid.build/Debug-watchos/Euclid-t.build/Objects-normal/arm64/Euclid.LinkFileList -nostdlib -Xlinker -object_path_lto -Xlinker /Users/admin/builder/spi-builder-workspace/.derivedData/Build/Intermediates.noindex/Euclid.build/Debug-watchos/Euclid-t.build/Objects-normal/arm64/Euclid_lto.o -Xlinker -no_deduplicate -Xlinker -debug_variant -Xlinker -dependency_info -Xlinker /Users/admin/builder/spi-builder-workspace/.derivedData/Build/Intermediates.noindex/Euclid.build/Debug-watchos/Euclid-t.build/Objects-normal/arm64/Euclid_dependency_info.dat -fobjc-link-runtime -L/Applications/Xcode-27.0.0-Release.Candidate.app/Contents/Developer/Toolchains/XcodeDefault.xctoolchain/usr/lib/swift/watchos -L/usr/lib/swift -Xlinker -add_ast_path -Xlinker /Users/admin/builder/spi-builder-workspace/.derivedData/Build/Intermediates.noindex/Euclid.build/Debug-watchos/Euclid-t.build/Objects-normal/arm64/Euclid.swiftmodule -o /Users/admin/builder/spi-builder-workspace/.derivedData/Build/Intermediates.noindex/Euclid.build/Debug-watchos/Euclid-t.build/Objects-normal/arm64/Binary/Euclid.o
SwiftCompile normal arm64 Compiling\ Material+Brightness.swift,\ Material+SceneKit.swift,\ Material.swift /Users/admin/builder/spi-builder-workspace/ShapeScript/Material+Brightness.swift /Users/admin/builder/spi-builder-workspace/ShapeScript/Material+SceneKit.swift /Users/admin/builder/spi-builder-workspace/ShapeScript/Material.swift (in target 'ShapeScript' from project 'ShapeScript')
/Users/admin/builder/spi-builder-workspace/ShapeScript/Scene+SceneKit.swift:17:21: error: cannot find type 'UIImage' in scope
15 | #if canImport(UIKit)
16 | typealias OSColor = UIColor
17 | typealias OSImage = UIImage
| `- error: cannot find type 'UIImage' in scope
18 | #else
19 | typealias OSColor = NSColor
/Users/admin/builder/spi-builder-workspace/ShapeScript/Scene+SceneKit.swift:16:21: error: cannot find type 'UIColor' in scope
14 |
15 | #if canImport(UIKit)
16 | typealias OSColor = UIColor
| `- error: cannot find type 'UIColor' in scope
17 | typealias OSImage = UIImage
18 | #else
Failed frontend command:
/Applications/Xcode-27.0.0-Release.Candidate.app/Contents/Developer/Toolchains/XcodeDefault.xctoolchain/usr/bin/swift-frontend -frontend -c /Users/admin/builder/spi-builder-workspace/ShapeScript/Euclid+Extensions.swift /Users/admin/builder/spi-builder-workspace/ShapeScript/Euclid+SVGPath.swift /Users/admin/builder/spi-builder-workspace/ShapeScript/EvaluationContext.swift /Users/admin/builder/spi-builder-workspace/ShapeScript/EvaluationDelegate.swift /Users/admin/builder/spi-builder-workspace/ShapeScript/Geometry.swift /Users/admin/builder/spi-builder-workspace/ShapeScript/GeometryCache.swift /Users/admin/builder/spi-builder-workspace/ShapeScript/GeometryType.swift /Users/admin/builder/spi-builder-workspace/ShapeScript/Interpreter.swift /Users/admin/builder/spi-builder-workspace/ShapeScript/Lexer.swift -primary-file /Users/admin/builder/spi-builder-workspace/ShapeScript/Material+Brightness.swift -primary-file /Users/admin/builder/spi-builder-workspace/ShapeScript/Material+SceneKit.swift -primary-file /Users/admin/builder/spi-builder-workspace/ShapeScript/Material.swift /Users/admin/builder/spi-builder-workspace/ShapeScript/Members.swift /Users/admin/builder/spi-builder-workspace/ShapeScript/Parser.swift /Users/admin/builder/spi-builder-workspace/ShapeScript/ProgramError.swift /Users/admin/builder/spi-builder-workspace/ShapeScript/RandomSequence.swift /Users/admin/builder/spi-builder-workspace/ShapeScript/Scene+SceneKit.swift /Users/admin/builder/spi-builder-workspace/ShapeScript/Scene.swift /Users/admin/builder/spi-builder-workspace/ShapeScript/StandardLibrary.swift /Users/admin/builder/spi-builder-workspace/ShapeScript/String+Matching.swift /Users/admin/builder/spi-builder-workspace/ShapeScript/String+Ordinals.swift /Users/admin/builder/spi-builder-workspace/ShapeScript/Symbols.swift /Users/admin/builder/spi-builder-workspace/ShapeScript/Texture.swift /Users/admin/builder/spi-builder-workspace/ShapeScript/Types.swift /Users/admin/builder/spi-builder-workspace/ShapeScript/URL+DisplayName.swift /Users/admin/builder/spi-builder-workspace/ShapeScript/URL+FileType.swift /Users/admin/builder/spi-builder-workspace/ShapeScript/Value+JSON.swift /Users/admin/builder/spi-builder-workspace/ShapeScript/Value+Logging.swift /Users/admin/builder/spi-builder-workspace/ShapeScript/Values.swift -supplementary-output-file-map /Users/admin/builder/spi-builder-workspace/.derivedData/Build/Intermediates.noindex/ShapeScript.build/Debug-watchos/ShapeScript-t.build/Objects-normal/arm64/supplementaryOutputs-48 -target arm64-apple-watchos9.0 -module-can-import-version CoreGraphics 2049 2049.0.0 -module-can-import-version CoreText 904 904.0.0 -module-can-import-version ImageIO 2851 1.0.0 -module-can-import SVGPath -module-can-import-version SceneKit 1.2 612.0.0 -module-can-import-version UIKit 9127.0.84.1 9127.0.84 -module-can-import-version UniformTypeIdentifiers 919.0.1.101 709.0.0 -disable-cross-import-overlay-search -swift-module-cross-import SceneKit /Applications/Xcode-27.0.0-Release.Candidate.app/Contents/Developer/Platforms/WatchOS.platform/Developer/SDKs/WatchOS.sdk/System/Library/Frameworks/SceneKit.framework/Modules/SceneKit.swiftcrossimport/SwiftUI.swiftoverlay -load-resolved-plugin /Applications/Xcode-27.0.0-Release.Candidate.app/Contents/Developer/Platforms/WatchOS.platform/Developer/usr/lib/swift/host/plugins/libFoundationMacros.dylib\#/Applications/Xcode-27.0.0-Release.Candidate.app/Contents/Developer/Platforms/WatchOS.platform/Developer/usr/bin/swift-plugin-server\#FoundationMacros -load-resolved-plugin /Applications/Xcode-27.0.0-Release.Candidate.app/Contents/Developer/Platforms/WatchOS.platform/Developer/usr/lib/swift/host/plugins/libObservationMacros.dylib\#/Applications/Xcode-27.0.0-Release.Candidate.app/Contents/Developer/Platforms/WatchOS.platform/Developer/usr/bin/swift-plugin-server\#ObservationMacros -load-resolved-plugin /Applications/Xcode-27.0.0-Release.Candidate.app/Contents/Developer/Platforms/WatchOS.platform/Developer/usr/lib/swift/host/plugins/libPreviewsMacros.dylib\#/Applications/Xcode-27.0.0-Release.Candidate.app/Contents/Developer/Platforms/WatchOS.platform/Developer/usr/bin/swift-plugin-server\#PreviewsMacros -load-resolved-plugin /Applications/Xcode-27.0.0-Release.Candidate.app/Contents/Developer/Platforms/WatchOS.platform/Developer/usr/lib/swift/host/plugins/libSwiftMacros.dylib\#/Applications/Xcode-27.0.0-Release.Candidate.app/Contents/Developer/Platforms/WatchOS.platform/Developer/usr/bin/swift-plugin-server\#SwiftMacros -load-resolved-plugin /Applications/Xcode-27.0.0-Release.Candidate.app/Contents/Developer/Platforms/WatchOS.platform/Developer/usr/lib/swift/host/plugins/libSwiftUIMacros.dylib\#/Applications/Xcode-27.0.0-Release.Candidate.app/Contents/Developer/Platforms/WatchOS.platform/Developer/usr/bin/swift-plugin-server\#SwiftUIMacros -disable-implicit-swift-modules -Xcc -fno-implicit-modules -Xcc -fno-implicit-module-maps -explicit-swift-module-map-file /Users/admin/builder/spi-builder-workspace/.derivedData/Build/Intermediates.noindex/ShapeScript.build/Debug-watchos/ShapeScript-t.build/Objects-normal/arm64/ShapeScript-dependencies-2.json -Xllvm -aarch64-use-tbi -enable-objc-interop -stack-check -sdk /Applications/Xcode-27.0.0-Release.Candidate.app/Contents/Developer/Platforms/WatchOS.platform/Developer/SDKs/WatchOS27.0.sdk -I /Users/admin/builder/spi-builder-workspace/.derivedData/Build/Products/Debug-watchos -Isystem /Applications/Xcode-27.0.0-Release.Candidate.app/Contents/Developer/Platforms/WatchOS.platform/Developer/usr/lib -F /Users/admin/builder/spi-builder-workspace/.derivedData/Build/Products/Debug-watchos/PackageFrameworks -F /Users/admin/builder/spi-builder-workspace/.derivedData/Build/Products/Debug-watchos -F /Applications/Xcode-27.0.0-Release.Candidate.app/Contents/Developer/Platforms/WatchOS.platform/Developer/Library/Frameworks -F /Applications/Xcode-27.0.0-Release.Candidate.app/Contents/Developer/Platforms/WatchOS.platform/Developer/SDKs/WatchOS27.0.sdk/Developer/Library/Frameworks -module-cache-path /Users/admin/builder/spi-builder-workspace/.derivedData/Build/Intermediates.noindex/SwiftExplicitPrecompiledModules -no-color-diagnostics -Xcc -fno-color-diagnostics -enable-testing -g -debug-info-format\=dwarf -dwarf-version\=4 -profile-generate -profile-coverage-mapping -swift-version 5 -Onone -D SWIFT_PACKAGE -D DEBUG -D SWIFT_MODULE_RESOURCE_BUNDLE_UNAVAILABLE -D Xcode -serialize-debugging-options -enable-experimental-feature DebugDescriptionMacro -empty-abi-descriptor -validate-clang-modules-once -clang-build-session-file /Users/admin/builder/spi-builder-workspace/.derivedData/ModuleCache.noindex/Session.modulevalidation -Xcc -working-directory -Xcc /Users/admin/builder/spi-builder-workspace/.swiftpm/xcode -enable-anonymous-context-mangled-names -file-compilation-dir /Users/admin/builder/spi-builder-workspace/.swiftpm/xcode -Xcc -D_LIBCPP_HARDENING_MODE\=_LIBCPP_HARDENING_MODE_DEBUG -Xcc -ivfsstatcache -Xcc /Users/admin/builder/spi-builder-workspace/.derivedData/SDKStatCaches.noindex/watchos27.0-24R360-e829b21a6f8c9b70876ba0858053c04477534ef55a1706bf4c1112bbb242f0a2.sdkstatcache -Xcc -fmodules-prune-interval\=86400 -Xcc -fmodules-prune-after\=345600 -Xcc -I/Users/admin/builder/spi-builder-workspace/.derivedData/Build/Products/Debug-watchos/include -Xcc -I/Users/admin/builder/spi-builder-workspace/.derivedData/Build/Intermediates.noindex/ShapeScript.build/Debug-watchos/ShapeScript-t.build/DerivedSources-normal/arm64 -Xcc -I/Users/admin/builder/spi-builder-workspace/.derivedData/Build/Intermediates.noindex/ShapeScript.build/Debug-watchos/ShapeScript-t.build/DerivedSources/arm64 -Xcc -I/Users/admin/builder/spi-builder-workspace/.derivedData/Build/Intermediates.noindex/ShapeScript.build/Debug-watchos/ShapeScript-t.build/DerivedSources -Xcc -DSWIFT_PACKAGE -Xcc -DDEBUG\=1 -no-auto-bridging-header-chaining -module-name ShapeScript -package-name spi_builder_workspace -const-gather-protocols-file /Users/admin/builder/spi-builder-workspace/.derivedData/Build/Intermediates.noindex/ShapeScript.build/Debug-watchos/ShapeScript-t.build/Objects-normal/arm64/ShapeScript_const_extract_protocols.json -disable-clang-spi -clang-target arm64-apple-watchos27.0 -target-sdk-version 27.0 -target-sdk-name watchos27.0 -in-process-plugin-server-path /Applications/Xcode-27.0.0-Release.Candidate.app/Contents/Developer/Toolchains/XcodeDefault.xctoolchain/usr/lib/swift/host/libSwiftInProcPluginServer.dylib -parse-as-library -o /Users/admin/builder/spi-builder-workspace/.derivedData/Build/Intermediates.noindex/ShapeScript.build/Debug-watchos/ShapeScript-t.build/Objects-normal/arm64/Material+Brightness.o -o /Users/admin/builder/spi-builder-workspace/.derivedData/Build/Intermediates.noindex/ShapeScript.build/Debug-watchos/ShapeScript-t.build/Objects-normal/arm64/Material+SceneKit.o -o /Users/admin/builder/spi-builder-workspace/.derivedData/Build/Intermediates.noindex/ShapeScript.build/Debug-watchos/ShapeScript-t.build/Objects-normal/arm64/Material.o -debug-module-path /Users/admin/builder/spi-builder-workspace/.derivedData/Build/Intermediates.noindex/ShapeScript.build/Debug-watchos/ShapeScript-t.build/Objects-normal/arm64/ShapeScript.swiftmodule -index-unit-output-path /ShapeScript.build/Debug-watchos/ShapeScript-t.build/Objects-normal/arm64/Material+Brightness.o -index-unit-output-path /ShapeScript.build/Debug-watchos/ShapeScript-t.build/Objects-normal/arm64/Material+SceneKit.o -index-unit-output-path /ShapeScript.build/Debug-watchos/ShapeScript-t.build/Objects-normal/arm64/Material.o -index-store-path /Users/admin/builder/spi-builder-workspace/.derivedData/Index.noindex/DataStore -index-system-modules
SwiftCompile normal arm64 /Users/admin/builder/spi-builder-workspace/ShapeScript/Material+Brightness.swift (in target 'ShapeScript' from project 'ShapeScript')
cd /Users/admin/builder/spi-builder-workspace/.swiftpm/xcode
builtin-SwiftPerFileCompile Material+Brightness.swift
SwiftCompile normal arm64 /Users/admin/builder/spi-builder-workspace/ShapeScript/Material+SceneKit.swift (in target 'ShapeScript' from project 'ShapeScript')
cd /Users/admin/builder/spi-builder-workspace/.swiftpm/xcode
builtin-SwiftPerFileCompile Material+SceneKit.swift
SwiftCompile normal arm64 /Users/admin/builder/spi-builder-workspace/ShapeScript/Material.swift (in target 'ShapeScript' from project 'ShapeScript')
cd /Users/admin/builder/spi-builder-workspace/.swiftpm/xcode
builtin-SwiftPerFileCompile Material.swift
SwiftEmitModule normal arm64 Emitting\ module\ for\ ShapeScript (in target 'ShapeScript' from project 'ShapeScript')
SwiftCompile normal arm64 (in target 'ShapeScript' from project 'ShapeScript')
cd /Users/admin/builder/spi-builder-workspace/.swiftpm/xcode
SwiftCompile normal arm64 Compiling\ StandardLibrary.swift,\ String+Matching.swift,\ String+Ordinals.swift /Users/admin/builder/spi-builder-workspace/ShapeScript/StandardLibrary.swift /Users/admin/builder/spi-builder-workspace/ShapeScript/String+Matching.swift /Users/admin/builder/spi-builder-workspace/ShapeScript/String+Ordinals.swift (in target 'ShapeScript' from project 'ShapeScript')
SwiftCompile normal arm64 /Users/admin/builder/spi-builder-workspace/ShapeScript/StandardLibrary.swift (in target 'ShapeScript' from project 'ShapeScript')
cd /Users/admin/builder/spi-builder-workspace/.swiftpm/xcode
builtin-SwiftPerFileCompile StandardLibrary.swift
SwiftCompile normal arm64 /Users/admin/builder/spi-builder-workspace/ShapeScript/String+Matching.swift (in target 'ShapeScript' from project 'ShapeScript')
cd /Users/admin/builder/spi-builder-workspace/.swiftpm/xcode
builtin-SwiftPerFileCompile String+Matching.swift
SwiftCompile normal arm64 /Users/admin/builder/spi-builder-workspace/ShapeScript/String+Ordinals.swift (in target 'ShapeScript' from project 'ShapeScript')
cd /Users/admin/builder/spi-builder-workspace/.swiftpm/xcode
builtin-SwiftPerFileCompile String+Ordinals.swift
SwiftCompile normal arm64 Compiling\ Members.swift,\ Parser.swift,\ ProgramError.swift /Users/admin/builder/spi-builder-workspace/ShapeScript/Members.swift /Users/admin/builder/spi-builder-workspace/ShapeScript/Parser.swift /Users/admin/builder/spi-builder-workspace/ShapeScript/ProgramError.swift (in target 'ShapeScript' from project 'ShapeScript')
SwiftCompile normal arm64 /Users/admin/builder/spi-builder-workspace/ShapeScript/Members.swift (in target 'ShapeScript' from project 'ShapeScript')
cd /Users/admin/builder/spi-builder-workspace/.swiftpm/xcode
builtin-SwiftPerFileCompile Members.swift
SwiftCompile normal arm64 /Users/admin/builder/spi-builder-workspace/ShapeScript/Parser.swift (in target 'ShapeScript' from project 'ShapeScript')
cd /Users/admin/builder/spi-builder-workspace/.swiftpm/xcode
builtin-SwiftPerFileCompile Parser.swift
SwiftCompile normal arm64 /Users/admin/builder/spi-builder-workspace/ShapeScript/ProgramError.swift (in target 'ShapeScript' from project 'ShapeScript')
cd /Users/admin/builder/spi-builder-workspace/.swiftpm/xcode
builtin-SwiftPerFileCompile ProgramError.swift
SwiftCompile normal arm64 Compiling\ EvaluationDelegate.swift,\ Geometry.swift,\ GeometryCache.swift /Users/admin/builder/spi-builder-workspace/ShapeScript/EvaluationDelegate.swift /Users/admin/builder/spi-builder-workspace/ShapeScript/Geometry.swift /Users/admin/builder/spi-builder-workspace/ShapeScript/GeometryCache.swift (in target 'ShapeScript' from project 'ShapeScript')
SwiftCompile normal arm64 /Users/admin/builder/spi-builder-workspace/ShapeScript/EvaluationDelegate.swift (in target 'ShapeScript' from project 'ShapeScript')
cd /Users/admin/builder/spi-builder-workspace/.swiftpm/xcode
builtin-SwiftPerFileCompile EvaluationDelegate.swift
SwiftCompile normal arm64 /Users/admin/builder/spi-builder-workspace/ShapeScript/Geometry.swift (in target 'ShapeScript' from project 'ShapeScript')
cd /Users/admin/builder/spi-builder-workspace/.swiftpm/xcode
builtin-SwiftPerFileCompile Geometry.swift
SwiftCompile normal arm64 /Users/admin/builder/spi-builder-workspace/ShapeScript/GeometryCache.swift (in target 'ShapeScript' from project 'ShapeScript')
cd /Users/admin/builder/spi-builder-workspace/.swiftpm/xcode
builtin-SwiftPerFileCompile GeometryCache.swift
SwiftCompile normal arm64 Compiling\ RandomSequence.swift,\ Scene+SceneKit.swift,\ Scene.swift /Users/admin/builder/spi-builder-workspace/ShapeScript/RandomSequence.swift /Users/admin/builder/spi-builder-workspace/ShapeScript/Scene+SceneKit.swift /Users/admin/builder/spi-builder-workspace/ShapeScript/Scene.swift (in target 'ShapeScript' from project 'ShapeScript')
/Users/admin/builder/spi-builder-workspace/ShapeScript/Scene+SceneKit.swift:16:21: error: cannot find type 'UIColor' in scope
14 |
15 | #if canImport(UIKit)
16 | typealias OSColor = UIColor
| `- error: cannot find type 'UIColor' in scope
17 | typealias OSImage = UIImage
18 | #else
SwiftCompile normal arm64 /Users/admin/builder/spi-builder-workspace/ShapeScript/RandomSequence.swift (in target 'ShapeScript' from project 'ShapeScript')
cd /Users/admin/builder/spi-builder-workspace/.swiftpm/xcode
builtin-SwiftPerFileCompile RandomSequence.swift
SwiftCompile normal arm64 /Users/admin/builder/spi-builder-workspace/ShapeScript/Scene+SceneKit.swift (in target 'ShapeScript' from project 'ShapeScript')
cd /Users/admin/builder/spi-builder-workspace/.swiftpm/xcode
builtin-SwiftPerFileCompile Scene+SceneKit.swift
SwiftCompile normal arm64 /Users/admin/builder/spi-builder-workspace/ShapeScript/Scene.swift (in target 'ShapeScript' from project 'ShapeScript')
cd /Users/admin/builder/spi-builder-workspace/.swiftpm/xcode
builtin-SwiftPerFileCompile Scene.swift
SwiftEmitModule normal arm64_32 Emitting\ module\ for\ ShapeScript (in target 'ShapeScript' from project 'ShapeScript')
SwiftCompile normal arm64_32 (in target 'ShapeScript' from project 'ShapeScript')
cd /Users/admin/builder/spi-builder-workspace/.swiftpm/xcode
SwiftCompile normal arm64_32 Compiling\ Euclid+Extensions.swift,\ Euclid+SVGPath.swift,\ EvaluationContext.swift /Users/admin/builder/spi-builder-workspace/ShapeScript/Euclid+Extensions.swift /Users/admin/builder/spi-builder-workspace/ShapeScript/Euclid+SVGPath.swift /Users/admin/builder/spi-builder-workspace/ShapeScript/EvaluationContext.swift (in target 'ShapeScript' from project 'ShapeScript')
SwiftCompile normal arm64_32 /Users/admin/builder/spi-builder-workspace/ShapeScript/Euclid+Extensions.swift (in target 'ShapeScript' from project 'ShapeScript')
cd /Users/admin/builder/spi-builder-workspace/.swiftpm/xcode
builtin-SwiftPerFileCompile Euclid+Extensions.swift
SwiftCompile normal arm64_32 /Users/admin/builder/spi-builder-workspace/ShapeScript/Euclid+SVGPath.swift (in target 'ShapeScript' from project 'ShapeScript')
cd /Users/admin/builder/spi-builder-workspace/.swiftpm/xcode
builtin-SwiftPerFileCompile Euclid+SVGPath.swift
SwiftCompile normal arm64_32 /Users/admin/builder/spi-builder-workspace/ShapeScript/EvaluationContext.swift (in target 'ShapeScript' from project 'ShapeScript')
cd /Users/admin/builder/spi-builder-workspace/.swiftpm/xcode
builtin-SwiftPerFileCompile EvaluationContext.swift
SwiftDriverJobDiscovery normal arm64_32 Compiling Mesh+Inset.swift, Mesh+OBJ.swift, Mesh+OFF.swift, Mesh+STL.swift, Mesh+Shapes.swift (in target 'Euclid' from project 'Euclid')
SwiftCompile normal arm64_32 Compiling\ URL+DisplayName.swift,\ URL+FileType.swift,\ Value+JSON.swift /Users/admin/builder/spi-builder-workspace/ShapeScript/URL+DisplayName.swift /Users/admin/builder/spi-builder-workspace/ShapeScript/URL+FileType.swift /Users/admin/builder/spi-builder-workspace/ShapeScript/Value+JSON.swift (in target 'ShapeScript' from project 'ShapeScript')
SwiftCompile normal arm64_32 /Users/admin/builder/spi-builder-workspace/ShapeScript/URL+DisplayName.swift (in target 'ShapeScript' from project 'ShapeScript')
cd /Users/admin/builder/spi-builder-workspace/.swiftpm/xcode
builtin-SwiftPerFileCompile URL+DisplayName.swift
SwiftCompile normal arm64_32 /Users/admin/builder/spi-builder-workspace/ShapeScript/URL+FileType.swift (in target 'ShapeScript' from project 'ShapeScript')
cd /Users/admin/builder/spi-builder-workspace/.swiftpm/xcode
builtin-SwiftPerFileCompile URL+FileType.swift
SwiftCompile normal arm64_32 /Users/admin/builder/spi-builder-workspace/ShapeScript/Value+JSON.swift (in target 'ShapeScript' from project 'ShapeScript')
cd /Users/admin/builder/spi-builder-workspace/.swiftpm/xcode
builtin-SwiftPerFileCompile Value+JSON.swift
SwiftDriverJobDiscovery normal arm64_32 Compiling Mesh+Texcoords.swift, Mesh.swift, MiterLimit.swift, Path+CSG.swift, Path+Inset.swift (in target 'Euclid' from project 'Euclid')
SwiftCompile normal arm64_32 Compiling\ GeometryType.swift,\ Interpreter.swift,\ Lexer.swift /Users/admin/builder/spi-builder-workspace/ShapeScript/GeometryType.swift /Users/admin/builder/spi-builder-workspace/ShapeScript/Interpreter.swift /Users/admin/builder/spi-builder-workspace/ShapeScript/Lexer.swift (in target 'ShapeScript' from project 'ShapeScript')
SwiftCompile normal arm64_32 /Users/admin/builder/spi-builder-workspace/ShapeScript/GeometryType.swift (in target 'ShapeScript' from project 'ShapeScript')
cd /Users/admin/builder/spi-builder-workspace/.swiftpm/xcode
builtin-SwiftPerFileCompile GeometryType.swift
SwiftCompile normal arm64_32 /Users/admin/builder/spi-builder-workspace/ShapeScript/Interpreter.swift (in target 'ShapeScript' from project 'ShapeScript')
cd /Users/admin/builder/spi-builder-workspace/.swiftpm/xcode
builtin-SwiftPerFileCompile Interpreter.swift
SwiftCompile normal arm64_32 /Users/admin/builder/spi-builder-workspace/ShapeScript/Lexer.swift (in target 'ShapeScript' from project 'ShapeScript')
cd /Users/admin/builder/spi-builder-workspace/.swiftpm/xcode
builtin-SwiftPerFileCompile Lexer.swift
PruneExplicitPrecompiledModules /Users/admin/builder/spi-builder-workspace/.derivedData/SDKExplicitPrecompiledModules
PruneExplicitPrecompiledModules /Users/admin/builder/spi-builder-workspace/.derivedData/Build/Intermediates.noindex/ExplicitPrecompiledModules
PruneExplicitPrecompiledModules /Users/admin/builder/spi-builder-workspace/.derivedData/Build/Intermediates.noindex/SwiftExplicitPrecompiledModules
2026-09-30 04:48:53.867 xcodebuild[857:5143] [MT] IDERunDestination: Supported platforms for the buildables in the current scheme is empty.
** BUILD FAILED **
The following build commands failed:
SwiftCompile normal arm64 Compiling\ Material+Brightness.swift,\ Material+SceneKit.swift,\ Material.swift /Users/admin/builder/spi-builder-workspace/ShapeScript/Material+Brightness.swift /Users/admin/builder/spi-builder-workspace/ShapeScript/Material+SceneKit.swift /Users/admin/builder/spi-builder-workspace/ShapeScript/Material.swift (in target 'ShapeScript' from project 'ShapeScript')
SwiftCompile normal arm64 /Users/admin/builder/spi-builder-workspace/ShapeScript/Material+SceneKit.swift (in target 'ShapeScript' from project 'ShapeScript')
Building workspace ShapeScript with scheme ShapeScript-Package
(3 failures)
Command line invocation:
/Applications/Xcode-27.0.0-Release.Candidate.app/Contents/Developer/usr/bin/xcodebuild -IDEClonedSourcePackagesDirPathOverride=/Users/admin/builder/spi-builder-workspace/.dependencies -resolvePackageDependencies
Resolve Package Graph
Resolved source packages:
Euclid: https://github.com/nicklockwood/Euclid.git @ 0.9.6
ShapeScript: /Users/admin/builder/spi-builder-workspace
cmark-gfm: https://github.com/swiftlang/swift-cmark.git @ 0.9.0
SVGPath: https://github.com/nicklockwood/SVGPath.git @ 1.3.1
LRUCache: https://github.com/nicklockwood/LRUCache.git @ 1.3.0
swift-markdown: https://github.com/apple/swift-markdown.git @ 0.9.0
resolved source packages: Euclid, ShapeScript, cmark-gfm, SVGPath, LRUCache, swift-markdown
2026-09-30 04:49:08.641 xcodebuild[1243:7157] [MT] IDERunDestination: Supported platforms for the buildables in the current scheme is empty.
{
"dependencies" : [
{
"identity" : "euclid",
"requirement" : {
"range" : [
{
"lower_bound" : "0.9.6",
"upper_bound" : "0.10.0"
}
]
},
"type" : "sourceControl",
"url" : "https://github.com/nicklockwood/Euclid.git"
},
{
"identity" : "lrucache",
"requirement" : {
"range" : [
{
"lower_bound" : "1.3.0",
"upper_bound" : "1.4.0"
}
]
},
"type" : "sourceControl",
"url" : "https://github.com/nicklockwood/LRUCache.git"
},
{
"identity" : "svgpath",
"requirement" : {
"range" : [
{
"lower_bound" : "1.3.1",
"upper_bound" : "1.4.0"
}
]
},
"type" : "sourceControl",
"url" : "https://github.com/nicklockwood/SVGPath.git"
},
{
"identity" : "swift-markdown",
"requirement" : {
"range" : [
{
"lower_bound" : "0.6.0",
"upper_bound" : "1.0.0"
}
]
},
"type" : "sourceControl",
"url" : "https://github.com/apple/swift-markdown.git"
}
],
"manifest_display_name" : "ShapeScript",
"name" : "ShapeScript",
"path" : "/Users/admin/builder/spi-builder-workspace",
"platforms" : [
{
"name" : "macos",
"version" : "10.15"
},
{
"name" : "ios",
"version" : "14.0"
},
{
"name" : "tvos",
"version" : "14.0"
}
],
"products" : [
{
"name" : "ShapeScript",
"targets" : [
"ShapeScript"
],
"type" : {
"library" : [
"automatic"
]
}
},
{
"name" : "shapescript",
"targets" : [
"CLI"
],
"type" : {
"executable" : null
}
},
{
"name" : "helpbuilder",
"targets" : [
"HelpBuilder"
],
"type" : {
"executable" : null
}
}
],
"targets" : [
{
"c99name" : "ShapeScriptTests",
"module_type" : "SwiftTarget",
"name" : "ShapeScriptTests",
"path" : "ShapeScriptTests",
"sources" : [
"GeometryCacheTests.swift",
"GeometryTests.swift",
"ImportExportTests.swift",
"InterpreterTests.swift",
"LexerTests.swift",
"LoggingTests.swift",
"MemberTests.swift",
"MetadataTests.swift",
"ParserTests.swift",
"PlatformTests.swift",
"RegressionTests.swift",
"SVGPathTests.swift",
"StandardLibraryTests.swift",
"StringMatchingTests.swift",
"TestDelegate.swift",
"TypesystemTests.swift"
],
"target_dependencies" : [
"ShapeScript"
],
"type" : "test"
},
{
"c99name" : "ShapeScript",
"module_type" : "SwiftTarget",
"name" : "ShapeScript",
"path" : "ShapeScript",
"product_dependencies" : [
"Euclid",
"LRUCache",
"SVGPath"
],
"product_memberships" : [
"ShapeScript",
"shapescript",
"helpbuilder"
],
"sources" : [
"Euclid+Extensions.swift",
"Euclid+SVGPath.swift",
"EvaluationContext.swift",
"EvaluationDelegate.swift",
"Geometry.swift",
"GeometryCache.swift",
"GeometryType.swift",
"Interpreter.swift",
"Lexer.swift",
"Material+Brightness.swift",
"Material+SceneKit.swift",
"Material.swift",
"Members.swift",
"Parser.swift",
"ProgramError.swift",
"RandomSequence.swift",
"Scene+SceneKit.swift",
"Scene.swift",
"StandardLibrary.swift",
"String+Matching.swift",
"String+Ordinals.swift",
"Symbols.swift",
"Texture.swift",
"Types.swift",
"URL+DisplayName.swift",
"URL+FileType.swift",
"Value+JSON.swift",
"Value+Logging.swift",
"Values.swift"
],
"type" : "library"
},
{
"c99name" : "HelpBuilder",
"module_type" : "SwiftTarget",
"name" : "HelpBuilder",
"path" : "HelpBuilder",
"product_dependencies" : [
"Markdown"
],
"product_memberships" : [
"helpbuilder"
],
"sources" : [
"DocumentationOutputValidator.swift",
"DocumentationRenderer.swift",
"ShapeScriptSyntaxHighlighter.swift",
"main.swift"
],
"target_dependencies" : [
"ShapeScript"
],
"type" : "executable"
},
{
"c99name" : "CLI",
"module_type" : "SwiftTarget",
"name" : "CLI",
"path" : "Viewer/CLI",
"product_memberships" : [
"shapescript"
],
"sources" : [
"CLI+Export.swift",
"CLI.swift",
"Geometry+ModelInfo.swift",
"ProgramError+Formatting.swift",
"main.swift"
],
"target_dependencies" : [
"ShapeScript"
],
"type" : "executable"
}
],
"tools_version" : "5.10"
}
{
"workspace" : {
"name" : "ShapeScript",
"schemes" : [
"helpbuilder",
"shapescript",
"ShapeScript",
"ShapeScript-Package"
]
}
}
2026-09-30 04:49:10.756 xcodebuild[1251:7227] [MT] IDERunDestination: Supported platforms for the buildables in the current scheme is empty.
Running build ...
env DEVELOPER_DIR=/Applications/Xcode-27.0.0-Release.Candidate.app xcrun xcodebuild -IDEClonedSourcePackagesDirPathOverride=$PWD/.dependencies -skipMacroValidation -skipPackagePluginValidation -derivedDataPath $PWD/.derivedData build -scheme ShapeScript-Package -destination generic/platform=watchOS
Command line invocation:
/Applications/Xcode-27.0.0-Release.Candidate.app/Contents/Developer/usr/bin/xcodebuild -IDEClonedSourcePackagesDirPathOverride=/Users/admin/builder/spi-builder-workspace/.dependencies -skipMacroValidation -skipPackagePluginValidation -derivedDataPath /Users/admin/builder/spi-builder-workspace/.derivedData build -scheme ShapeScript-Package -destination generic/platform=watchOS
Resolve Package Graph
Resolved source packages:
cmark-gfm: https://github.com/swiftlang/swift-cmark.git @ 0.9.0
ShapeScript: /Users/admin/builder/spi-builder-workspace
SVGPath: https://github.com/nicklockwood/SVGPath.git @ 1.3.1
LRUCache: https://github.com/nicklockwood/LRUCache.git @ 1.3.0
Euclid: https://github.com/nicklockwood/Euclid.git @ 0.9.6
swift-markdown: https://github.com/apple/swift-markdown.git @ 0.9.0
ComputePackagePrebuildTargetDependencyGraph
Prepare packages
CreateBuildRequest
SendProjectDescription
CreateBuildOperation
ComputeTargetDependencyGraph
note: Building targets in dependency order
note: Target dependency graph (17 targets)
Target 'helpbuilder-product' in project 'ShapeScript'
➜ Explicit dependency on target 'ShapeScript' in project 'ShapeScript'
➜ Explicit dependency on target 'Euclid-product' in project 'Euclid'
➜ Explicit dependency on target 'LRUCache-product' in project 'LRUCache'
➜ Explicit dependency on target 'SVGPath-product' in project 'SVGPath'
➜ Explicit dependency on target 'Markdown-product' in project 'swift-markdown'
Target 'Markdown-product' in project 'swift-markdown'
➜ Explicit dependency on target 'Markdown' in project 'swift-markdown'
➜ Explicit dependency on target 'CAtomic' in project 'swift-markdown'
➜ Explicit dependency on target 'cmark-gfm-product' in project 'cmark-gfm'
➜ Explicit dependency on target 'cmark-gfm-extensions-product' in project 'cmark-gfm'
Target 'Markdown' in project 'swift-markdown'
➜ Explicit dependency on target 'CAtomic' in project 'swift-markdown'
➜ Explicit dependency on target 'cmark-gfm-product' in project 'cmark-gfm'
➜ Explicit dependency on target 'cmark-gfm-extensions-product' in project 'cmark-gfm'
Target 'cmark-gfm-extensions-product' in project 'cmark-gfm'
➜ Explicit dependency on target 'cmark-gfm-extensions' in project 'cmark-gfm'
➜ Explicit dependency on target 'cmark-gfm' in project 'cmark-gfm'
Target 'cmark-gfm-extensions' in project 'cmark-gfm'
➜ Explicit dependency on target 'cmark-gfm' in project 'cmark-gfm'
Target 'cmark-gfm-product' in project 'cmark-gfm'
➜ Explicit dependency on target 'cmark-gfm' in project 'cmark-gfm'
Target 'cmark-gfm' in project 'cmark-gfm' (no dependencies)
Target 'CAtomic' in project 'swift-markdown' (no dependencies)
Target 'shapescript-product' in project 'ShapeScript'
➜ Explicit dependency on target 'ShapeScript' in project 'ShapeScript'
➜ Explicit dependency on target 'Euclid-product' in project 'Euclid'
➜ Explicit dependency on target 'LRUCache-product' in project 'LRUCache'
➜ Explicit dependency on target 'SVGPath-product' in project 'SVGPath'
Target 'ShapeScript-product' in project 'ShapeScript'
➜ Explicit dependency on target 'ShapeScript' in project 'ShapeScript'
➜ Explicit dependency on target 'Euclid-product' in project 'Euclid'
➜ Explicit dependency on target 'LRUCache-product' in project 'LRUCache'
➜ Explicit dependency on target 'SVGPath-product' in project 'SVGPath'
Target 'ShapeScript' in project 'ShapeScript'
➜ Explicit dependency on target 'Euclid-product' in project 'Euclid'
➜ Explicit dependency on target 'LRUCache-product' in project 'LRUCache'
➜ Explicit dependency on target 'SVGPath-product' in project 'SVGPath'
Target 'SVGPath-product' in project 'SVGPath'
➜ Explicit dependency on target 'SVGPath' in project 'SVGPath'
Target 'SVGPath' in project 'SVGPath' (no dependencies)
Target 'LRUCache-product' in project 'LRUCache'
➜ Explicit dependency on target 'LRUCache' in project 'LRUCache'
Target 'LRUCache' in project 'LRUCache' (no dependencies)
Target 'Euclid-product' in project 'Euclid'
➜ Explicit dependency on target 'Euclid' in project 'Euclid'
Target 'Euclid' in project 'Euclid' (no dependencies)
GatherProvisioningInputs
CreateBuildDescription
ClangStatCache /Applications/Xcode-27.0.0-Release.Candidate.app/Contents/Developer/Toolchains/XcodeDefault.xctoolchain/usr/bin/clang-stat-cache /Applications/Xcode-27.0.0-Release.Candidate.app/Contents/Developer/Platforms/WatchOS.platform/Developer/SDKs/WatchOS27.0.sdk /Users/admin/builder/spi-builder-workspace/.derivedData/SDKStatCaches.noindex/watchos27.0-24R360-e829b21a6f8c9b70876ba0858053c04477534ef55a1706bf4c1112bbb242f0a2.sdkstatcache
cd /Users/admin/builder/spi-builder-workspace/.swiftpm/xcode
/Applications/Xcode-27.0.0-Release.Candidate.app/Contents/Developer/Toolchains/XcodeDefault.xctoolchain/usr/bin/clang-stat-cache /Applications/Xcode-27.0.0-Release.Candidate.app/Contents/Developer/Platforms/WatchOS.platform/Developer/SDKs/WatchOS27.0.sdk -o /Users/admin/builder/spi-builder-workspace/.derivedData/SDKStatCaches.noindex/watchos27.0-24R360-e829b21a6f8c9b70876ba0858053c04477534ef55a1706bf4c1112bbb242f0a2.sdkstatcache
SwiftDriver ShapeScript normal arm64_32 com.apple.xcode.tools.swift.compiler (in target 'ShapeScript' from project 'ShapeScript')
cd /Users/admin/builder/spi-builder-workspace/.swiftpm/xcode
builtin-SwiftDriver -- /Applications/Xcode-27.0.0-Release.Candidate.app/Contents/Developer/Toolchains/XcodeDefault.xctoolchain/usr/bin/swiftc -parse-as-library -module-name ShapeScript -Onone @/Users/admin/builder/spi-builder-workspace/.derivedData/Build/Intermediates.noindex/ShapeScript.build/Debug-watchos/ShapeScript-t.build/Objects-normal/arm64_32/ShapeScript.SwiftFileList -DSWIFT_PACKAGE -DDEBUG -DSWIFT_MODULE_RESOURCE_BUNDLE_UNAVAILABLE -DXcode -plugin-path /Applications/Xcode-27.0.0-Release.Candidate.app/Contents/Developer/Toolchains/XcodeDefault.xctoolchain/usr/lib/swift/host/plugins/testing -enable-experimental-feature DebugDescriptionMacro -sdk /Applications/Xcode-27.0.0-Release.Candidate.app/Contents/Developer/Platforms/WatchOS.platform/Developer/SDKs/WatchOS27.0.sdk -target arm64_32-apple-watchos9.0 -g -module-cache-path /Users/admin/builder/spi-builder-workspace/.derivedData/ModuleCache.noindex -Xfrontend -serialize-debugging-options -profile-coverage-mapping -profile-generate -enable-testing -index-store-path /Users/admin/builder/spi-builder-workspace/.derivedData/Index.noindex/DataStore -Xcc -D_LIBCPP_HARDENING_MODE\=_LIBCPP_HARDENING_MODE_DEBUG -swift-version 5 -I /Users/admin/builder/spi-builder-workspace/.derivedData/Build/Products/Debug-watchos -Isystem /Applications/Xcode-27.0.0-Release.Candidate.app/Contents/Developer/Platforms/WatchOS.platform/Developer/usr/lib -F /Users/admin/builder/spi-builder-workspace/.derivedData/Build/Products/Debug-watchos/PackageFrameworks -F /Users/admin/builder/spi-builder-workspace/.derivedData/Build/Products/Debug-watchos -F /Applications/Xcode-27.0.0-Release.Candidate.app/Contents/Developer/Platforms/WatchOS.platform/Developer/Library/Frameworks -F /Applications/Xcode-27.0.0-Release.Candidate.app/Contents/Developer/Platforms/WatchOS.platform/Developer/SDKs/WatchOS27.0.sdk/Developer/Library/Frameworks -c -j10 -enable-batch-mode -incremental -Xcc -ivfsstatcache -Xcc /Users/admin/builder/spi-builder-workspace/.derivedData/SDKStatCaches.noindex/watchos27.0-24R360-e829b21a6f8c9b70876ba0858053c04477534ef55a1706bf4c1112bbb242f0a2.sdkstatcache -output-file-map /Users/admin/builder/spi-builder-workspace/.derivedData/Build/Intermediates.noindex/ShapeScript.build/Debug-watchos/ShapeScript-t.build/Objects-normal/arm64_32/ShapeScript-OutputFileMap.json -save-temps -no-color-diagnostics -explicit-module-build -module-cache-path /Users/admin/builder/spi-builder-workspace/.derivedData/Build/Intermediates.noindex/SwiftExplicitPrecompiledModules -clang-scanner-module-cache-path /Users/admin/builder/spi-builder-workspace/.derivedData/ModuleCache.noindex -sdk-module-cache-path /Users/admin/builder/spi-builder-workspace/.derivedData/SDKExplicitPrecompiledModules -emit-dependencies -emit-module -emit-module-path /Users/admin/builder/spi-builder-workspace/.derivedData/Build/Intermediates.noindex/ShapeScript.build/Debug-watchos/ShapeScript-t.build/Objects-normal/arm64_32/ShapeScript.swiftmodule -serialize-diagnostics -dependency-scan-serialize-diagnostics-path /Users/admin/builder/spi-builder-workspace/.derivedData/Build/Intermediates.noindex/ShapeScript.build/Debug-watchos/ShapeScript-t.build/Objects-normal/arm64_32/ShapeScript-dependency-scan.dia -validate-clang-modules-once -clang-build-session-file /Users/admin/builder/spi-builder-workspace/.derivedData/ModuleCache.noindex/Session.modulevalidation -Xcc -fmodules-prune-interval\=86400 -Xcc -fmodules-prune-after\=345600 -package-name spi_builder_workspace -emit-const-values -const-gather-protocols-list /Users/admin/builder/spi-builder-workspace/.derivedData/Build/Intermediates.noindex/ShapeScript.build/Debug-watchos/ShapeScript-t.build/Objects-normal/arm64_32/ShapeScript_const_extract_protocols.json -Xcc -I/Users/admin/builder/spi-builder-workspace/.derivedData/Build/Products/Debug-watchos/include -Xcc -I/Users/admin/builder/spi-builder-workspace/.derivedData/Build/Intermediates.noindex/ShapeScript.build/Debug-watchos/ShapeScript-t.build/DerivedSources-normal/arm64_32 -Xcc -I/Users/admin/builder/spi-builder-workspace/.derivedData/Build/Intermediates.noindex/ShapeScript.build/Debug-watchos/ShapeScript-t.build/DerivedSources/arm64_32 -Xcc -I/Users/admin/builder/spi-builder-workspace/.derivedData/Build/Intermediates.noindex/ShapeScript.build/Debug-watchos/ShapeScript-t.build/DerivedSources -Xcc -DSWIFT_PACKAGE -Xcc -DDEBUG\=1 -emit-objc-header -emit-objc-header-path /Users/admin/builder/spi-builder-workspace/.derivedData/Build/Intermediates.noindex/ShapeScript.build/Debug-watchos/ShapeScript-t.build/Objects-normal/arm64_32/ShapeScript-Swift.h -working-directory /Users/admin/builder/spi-builder-workspace/.swiftpm/xcode -experimental-emit-module-separately -disable-cmo
SwiftDriver Euclid normal arm64_32 com.apple.xcode.tools.swift.compiler (in target 'Euclid' from project 'Euclid')
cd /Users/admin/builder/spi-builder-workspace/.swiftpm/xcode
builtin-SwiftDriver -- /Applications/Xcode-27.0.0-Release.Candidate.app/Contents/Developer/Toolchains/XcodeDefault.xctoolchain/usr/bin/swiftc -parse-as-library -module-name Euclid -Onone @/Users/admin/builder/spi-builder-workspace/.derivedData/Build/Intermediates.noindex/Euclid.build/Debug-watchos/Euclid-t.build/Objects-normal/arm64_32/Euclid.SwiftFileList -DSWIFT_PACKAGE -DDEBUG -DSWIFT_MODULE_RESOURCE_BUNDLE_UNAVAILABLE -DXcode -plugin-path /Applications/Xcode-27.0.0-Release.Candidate.app/Contents/Developer/Toolchains/XcodeDefault.xctoolchain/usr/lib/swift/host/plugins/testing -enable-experimental-feature DebugDescriptionMacro -sdk /Applications/Xcode-27.0.0-Release.Candidate.app/Contents/Developer/Platforms/WatchOS.platform/Developer/SDKs/WatchOS27.0.sdk -target arm64_32-apple-watchos9.0 -g -module-cache-path /Users/admin/builder/spi-builder-workspace/.derivedData/ModuleCache.noindex -Xfrontend -serialize-debugging-options -profile-coverage-mapping -profile-generate -enable-testing -suppress-warnings -index-store-path /Users/admin/builder/spi-builder-workspace/.derivedData/Index.noindex/DataStore -Xcc -D_LIBCPP_HARDENING_MODE\=_LIBCPP_HARDENING_MODE_DEBUG -swift-version 5 -I /Users/admin/builder/spi-builder-workspace/.derivedData/Build/Products/Debug-watchos -Isystem /Applications/Xcode-27.0.0-Release.Candidate.app/Contents/Developer/Platforms/WatchOS.platform/Developer/usr/lib -F /Users/admin/builder/spi-builder-workspace/.derivedData/Build/Products/Debug-watchos -F /Applications/Xcode-27.0.0-Release.Candidate.app/Contents/Developer/Platforms/WatchOS.platform/Developer/Library/Frameworks -F /Applications/Xcode-27.0.0-Release.Candidate.app/Contents/Developer/Platforms/WatchOS.platform/Developer/SDKs/WatchOS27.0.sdk/Developer/Library/Frameworks -c -j10 -enable-batch-mode -incremental -Xcc -ivfsstatcache -Xcc /Users/admin/builder/spi-builder-workspace/.derivedData/SDKStatCaches.noindex/watchos27.0-24R360-e829b21a6f8c9b70876ba0858053c04477534ef55a1706bf4c1112bbb242f0a2.sdkstatcache -output-file-map /Users/admin/builder/spi-builder-workspace/.derivedData/Build/Intermediates.noindex/Euclid.build/Debug-watchos/Euclid-t.build/Objects-normal/arm64_32/Euclid-OutputFileMap.json -save-temps -no-color-diagnostics -explicit-module-build -module-cache-path /Users/admin/builder/spi-builder-workspace/.derivedData/Build/Intermediates.noindex/SwiftExplicitPrecompiledModules -clang-scanner-module-cache-path /Users/admin/builder/spi-builder-workspace/.derivedData/ModuleCache.noindex -sdk-module-cache-path /Users/admin/builder/spi-builder-workspace/.derivedData/SDKExplicitPrecompiledModules -emit-dependencies -emit-module -emit-module-path /Users/admin/builder/spi-builder-workspace/.derivedData/Build/Intermediates.noindex/Euclid.build/Debug-watchos/Euclid-t.build/Objects-normal/arm64_32/Euclid.swiftmodule -serialize-diagnostics -dependency-scan-serialize-diagnostics-path /Users/admin/builder/spi-builder-workspace/.derivedData/Build/Intermediates.noindex/Euclid.build/Debug-watchos/Euclid-t.build/Objects-normal/arm64_32/Euclid-dependency-scan.dia -validate-clang-modules-once -clang-build-session-file /Users/admin/builder/spi-builder-workspace/.derivedData/ModuleCache.noindex/Session.modulevalidation -Xcc -fmodules-prune-interval\=86400 -Xcc -fmodules-prune-after\=345600 -package-name euclid -emit-const-values -const-gather-protocols-list /Users/admin/builder/spi-builder-workspace/.derivedData/Build/Intermediates.noindex/Euclid.build/Debug-watchos/Euclid-t.build/Objects-normal/arm64_32/Euclid_const_extract_protocols.json -Xcc -I/Users/admin/builder/spi-builder-workspace/.derivedData/Build/Products/Debug-watchos/include -Xcc -I/Users/admin/builder/spi-builder-workspace/.derivedData/Build/Intermediates.noindex/Euclid.build/Debug-watchos/Euclid-t.build/DerivedSources-normal/arm64_32 -Xcc -I/Users/admin/builder/spi-builder-workspace/.derivedData/Build/Intermediates.noindex/Euclid.build/Debug-watchos/Euclid-t.build/DerivedSources/arm64_32 -Xcc -I/Users/admin/builder/spi-builder-workspace/.derivedData/Build/Intermediates.noindex/Euclid.build/Debug-watchos/Euclid-t.build/DerivedSources -Xcc -DSWIFT_PACKAGE -Xcc -DDEBUG\=1 -emit-objc-header -emit-objc-header-path /Users/admin/builder/spi-builder-workspace/.derivedData/Build/Intermediates.noindex/Euclid.build/Debug-watchos/Euclid-t.build/Objects-normal/arm64_32/Euclid-Swift.h -working-directory /Users/admin/builder/spi-builder-workspace/.swiftpm/xcode -experimental-emit-module-separately -disable-cmo
SwiftDriver ShapeScript normal arm64 com.apple.xcode.tools.swift.compiler (in target 'ShapeScript' from project 'ShapeScript')
cd /Users/admin/builder/spi-builder-workspace/.swiftpm/xcode
builtin-SwiftDriver -- /Applications/Xcode-27.0.0-Release.Candidate.app/Contents/Developer/Toolchains/XcodeDefault.xctoolchain/usr/bin/swiftc -parse-as-library -module-name ShapeScript -Onone @/Users/admin/builder/spi-builder-workspace/.derivedData/Build/Intermediates.noindex/ShapeScript.build/Debug-watchos/ShapeScript-t.build/Objects-normal/arm64/ShapeScript.SwiftFileList -DSWIFT_PACKAGE -DDEBUG -DSWIFT_MODULE_RESOURCE_BUNDLE_UNAVAILABLE -DXcode -plugin-path /Applications/Xcode-27.0.0-Release.Candidate.app/Contents/Developer/Toolchains/XcodeDefault.xctoolchain/usr/lib/swift/host/plugins/testing -enable-experimental-feature DebugDescriptionMacro -sdk /Applications/Xcode-27.0.0-Release.Candidate.app/Contents/Developer/Platforms/WatchOS.platform/Developer/SDKs/WatchOS27.0.sdk -target arm64-apple-watchos9.0 -g -module-cache-path /Users/admin/builder/spi-builder-workspace/.derivedData/ModuleCache.noindex -Xfrontend -serialize-debugging-options -profile-coverage-mapping -profile-generate -enable-testing -index-store-path /Users/admin/builder/spi-builder-workspace/.derivedData/Index.noindex/DataStore -Xcc -D_LIBCPP_HARDENING_MODE\=_LIBCPP_HARDENING_MODE_DEBUG -swift-version 5 -I /Users/admin/builder/spi-builder-workspace/.derivedData/Build/Products/Debug-watchos -Isystem /Applications/Xcode-27.0.0-Release.Candidate.app/Contents/Developer/Platforms/WatchOS.platform/Developer/usr/lib -F /Users/admin/builder/spi-builder-workspace/.derivedData/Build/Products/Debug-watchos/PackageFrameworks -F /Users/admin/builder/spi-builder-workspace/.derivedData/Build/Products/Debug-watchos -F /Applications/Xcode-27.0.0-Release.Candidate.app/Contents/Developer/Platforms/WatchOS.platform/Developer/Library/Frameworks -F /Applications/Xcode-27.0.0-Release.Candidate.app/Contents/Developer/Platforms/WatchOS.platform/Developer/SDKs/WatchOS27.0.sdk/Developer/Library/Frameworks -c -j10 -enable-batch-mode -incremental -Xcc -ivfsstatcache -Xcc /Users/admin/builder/spi-builder-workspace/.derivedData/SDKStatCaches.noindex/watchos27.0-24R360-e829b21a6f8c9b70876ba0858053c04477534ef55a1706bf4c1112bbb242f0a2.sdkstatcache -output-file-map /Users/admin/builder/spi-builder-workspace/.derivedData/Build/Intermediates.noindex/ShapeScript.build/Debug-watchos/ShapeScript-t.build/Objects-normal/arm64/ShapeScript-OutputFileMap.json -save-temps -no-color-diagnostics -explicit-module-build -module-cache-path /Users/admin/builder/spi-builder-workspace/.derivedData/Build/Intermediates.noindex/SwiftExplicitPrecompiledModules -clang-scanner-module-cache-path /Users/admin/builder/spi-builder-workspace/.derivedData/ModuleCache.noindex -sdk-module-cache-path /Users/admin/builder/spi-builder-workspace/.derivedData/SDKExplicitPrecompiledModules -emit-dependencies -emit-module -emit-module-path /Users/admin/builder/spi-builder-workspace/.derivedData/Build/Intermediates.noindex/ShapeScript.build/Debug-watchos/ShapeScript-t.build/Objects-normal/arm64/ShapeScript.swiftmodule -serialize-diagnostics -dependency-scan-serialize-diagnostics-path /Users/admin/builder/spi-builder-workspace/.derivedData/Build/Intermediates.noindex/ShapeScript.build/Debug-watchos/ShapeScript-t.build/Objects-normal/arm64/ShapeScript-dependency-scan.dia -validate-clang-modules-once -clang-build-session-file /Users/admin/builder/spi-builder-workspace/.derivedData/ModuleCache.noindex/Session.modulevalidation -Xcc -fmodules-prune-interval\=86400 -Xcc -fmodules-prune-after\=345600 -package-name spi_builder_workspace -emit-const-values -const-gather-protocols-list /Users/admin/builder/spi-builder-workspace/.derivedData/Build/Intermediates.noindex/ShapeScript.build/Debug-watchos/ShapeScript-t.build/Objects-normal/arm64/ShapeScript_const_extract_protocols.json -Xcc -I/Users/admin/builder/spi-builder-workspace/.derivedData/Build/Products/Debug-watchos/include -Xcc -I/Users/admin/builder/spi-builder-workspace/.derivedData/Build/Intermediates.noindex/ShapeScript.build/Debug-watchos/ShapeScript-t.build/DerivedSources-normal/arm64 -Xcc -I/Users/admin/builder/spi-builder-workspace/.derivedData/Build/Intermediates.noindex/ShapeScript.build/Debug-watchos/ShapeScript-t.build/DerivedSources/arm64 -Xcc -I/Users/admin/builder/spi-builder-workspace/.derivedData/Build/Intermediates.noindex/ShapeScript.build/Debug-watchos/ShapeScript-t.build/DerivedSources -Xcc -DSWIFT_PACKAGE -Xcc -DDEBUG\=1 -emit-objc-header -emit-objc-header-path /Users/admin/builder/spi-builder-workspace/.derivedData/Build/Intermediates.noindex/ShapeScript.build/Debug-watchos/ShapeScript-t.build/Objects-normal/arm64/ShapeScript-Swift.h -working-directory /Users/admin/builder/spi-builder-workspace/.swiftpm/xcode -experimental-emit-module-separately -disable-cmo
SwiftEmitModule normal arm64_32 Emitting\ module\ for\ ShapeScript (in target 'ShapeScript' from project 'ShapeScript')
SwiftCompile normal arm64_32 (in target 'ShapeScript' from project 'ShapeScript')
cd /Users/admin/builder/spi-builder-workspace/.swiftpm/xcode
SwiftCompile normal arm64_32 Compiling\ EvaluationDelegate.swift,\ Geometry.swift,\ GeometryCache.swift /Users/admin/builder/spi-builder-workspace/ShapeScript/EvaluationDelegate.swift /Users/admin/builder/spi-builder-workspace/ShapeScript/Geometry.swift /Users/admin/builder/spi-builder-workspace/ShapeScript/GeometryCache.swift (in target 'ShapeScript' from project 'ShapeScript')
SwiftCompile normal arm64_32 /Users/admin/builder/spi-builder-workspace/ShapeScript/EvaluationDelegate.swift (in target 'ShapeScript' from project 'ShapeScript')
cd /Users/admin/builder/spi-builder-workspace/.swiftpm/xcode
builtin-SwiftPerFileCompile EvaluationDelegate.swift
SwiftCompile normal arm64_32 /Users/admin/builder/spi-builder-workspace/ShapeScript/Geometry.swift (in target 'ShapeScript' from project 'ShapeScript')
cd /Users/admin/builder/spi-builder-workspace/.swiftpm/xcode
builtin-SwiftPerFileCompile Geometry.swift
SwiftCompile normal arm64_32 /Users/admin/builder/spi-builder-workspace/ShapeScript/GeometryCache.swift (in target 'ShapeScript' from project 'ShapeScript')
cd /Users/admin/builder/spi-builder-workspace/.swiftpm/xcode
builtin-SwiftPerFileCompile GeometryCache.swift
SwiftCompile normal arm64_32 Compiling\ Euclid+Extensions.swift,\ Euclid+SVGPath.swift,\ EvaluationContext.swift /Users/admin/builder/spi-builder-workspace/ShapeScript/Euclid+Extensions.swift /Users/admin/builder/spi-builder-workspace/ShapeScript/Euclid+SVGPath.swift /Users/admin/builder/spi-builder-workspace/ShapeScript/EvaluationContext.swift (in target 'ShapeScript' from project 'ShapeScript')
SwiftCompile normal arm64_32 /Users/admin/builder/spi-builder-workspace/ShapeScript/Euclid+Extensions.swift (in target 'ShapeScript' from project 'ShapeScript')
cd /Users/admin/builder/spi-builder-workspace/.swiftpm/xcode
builtin-SwiftPerFileCompile Euclid+Extensions.swift
SwiftCompile normal arm64_32 /Users/admin/builder/spi-builder-workspace/ShapeScript/Euclid+SVGPath.swift (in target 'ShapeScript' from project 'ShapeScript')
cd /Users/admin/builder/spi-builder-workspace/.swiftpm/xcode
builtin-SwiftPerFileCompile Euclid+SVGPath.swift
SwiftCompile normal arm64_32 /Users/admin/builder/spi-builder-workspace/ShapeScript/EvaluationContext.swift (in target 'ShapeScript' from project 'ShapeScript')
cd /Users/admin/builder/spi-builder-workspace/.swiftpm/xcode
builtin-SwiftPerFileCompile EvaluationContext.swift
SwiftCompile normal arm64_32 Compiling\ GeometryType.swift,\ Interpreter.swift,\ Lexer.swift /Users/admin/builder/spi-builder-workspace/ShapeScript/GeometryType.swift /Users/admin/builder/spi-builder-workspace/ShapeScript/Interpreter.swift /Users/admin/builder/spi-builder-workspace/ShapeScript/Lexer.swift (in target 'ShapeScript' from project 'ShapeScript')
SwiftCompile normal arm64_32 /Users/admin/builder/spi-builder-workspace/ShapeScript/GeometryType.swift (in target 'ShapeScript' from project 'ShapeScript')
cd /Users/admin/builder/spi-builder-workspace/.swiftpm/xcode
builtin-SwiftPerFileCompile GeometryType.swift
SwiftCompile normal arm64_32 /Users/admin/builder/spi-builder-workspace/ShapeScript/Interpreter.swift (in target 'ShapeScript' from project 'ShapeScript')
cd /Users/admin/builder/spi-builder-workspace/.swiftpm/xcode
builtin-SwiftPerFileCompile Interpreter.swift
SwiftCompile normal arm64_32 /Users/admin/builder/spi-builder-workspace/ShapeScript/Lexer.swift (in target 'ShapeScript' from project 'ShapeScript')
cd /Users/admin/builder/spi-builder-workspace/.swiftpm/xcode
builtin-SwiftPerFileCompile Lexer.swift
SwiftCompile normal arm64_32 Compiling\ Members.swift,\ Parser.swift,\ ProgramError.swift /Users/admin/builder/spi-builder-workspace/ShapeScript/Members.swift /Users/admin/builder/spi-builder-workspace/ShapeScript/Parser.swift /Users/admin/builder/spi-builder-workspace/ShapeScript/ProgramError.swift (in target 'ShapeScript' from project 'ShapeScript')
SwiftCompile normal arm64_32 /Users/admin/builder/spi-builder-workspace/ShapeScript/Members.swift (in target 'ShapeScript' from project 'ShapeScript')
cd /Users/admin/builder/spi-builder-workspace/.swiftpm/xcode
builtin-SwiftPerFileCompile Members.swift
SwiftCompile normal arm64_32 /Users/admin/builder/spi-builder-workspace/ShapeScript/Parser.swift (in target 'ShapeScript' from project 'ShapeScript')
cd /Users/admin/builder/spi-builder-workspace/.swiftpm/xcode
builtin-SwiftPerFileCompile Parser.swift
SwiftCompile normal arm64_32 /Users/admin/builder/spi-builder-workspace/ShapeScript/ProgramError.swift (in target 'ShapeScript' from project 'ShapeScript')
cd /Users/admin/builder/spi-builder-workspace/.swiftpm/xcode
builtin-SwiftPerFileCompile ProgramError.swift
SwiftCompile normal arm64_32 Compiling\ Material+Brightness.swift,\ Material+SceneKit.swift,\ Material.swift /Users/admin/builder/spi-builder-workspace/ShapeScript/Material+Brightness.swift /Users/admin/builder/spi-builder-workspace/ShapeScript/Material+SceneKit.swift /Users/admin/builder/spi-builder-workspace/ShapeScript/Material.swift (in target 'ShapeScript' from project 'ShapeScript')
/Users/admin/builder/spi-builder-workspace/ShapeScript/Scene+SceneKit.swift:17:21: error: cannot find type 'UIImage' in scope
15 | #if canImport(UIKit)
16 | typealias OSColor = UIColor
17 | typealias OSImage = UIImage
| `- error: cannot find type 'UIImage' in scope
18 | #else
19 | typealias OSColor = NSColor
/Users/admin/builder/spi-builder-workspace/ShapeScript/Scene+SceneKit.swift:16:21: error: cannot find type 'UIColor' in scope
14 |
15 | #if canImport(UIKit)
16 | typealias OSColor = UIColor
| `- error: cannot find type 'UIColor' in scope
17 | typealias OSImage = UIImage
18 | #else
Failed frontend command:
/Applications/Xcode-27.0.0-Release.Candidate.app/Contents/Developer/Toolchains/XcodeDefault.xctoolchain/usr/bin/swift-frontend -frontend -c /Users/admin/builder/spi-builder-workspace/ShapeScript/Euclid+Extensions.swift /Users/admin/builder/spi-builder-workspace/ShapeScript/Euclid+SVGPath.swift /Users/admin/builder/spi-builder-workspace/ShapeScript/EvaluationContext.swift /Users/admin/builder/spi-builder-workspace/ShapeScript/EvaluationDelegate.swift /Users/admin/builder/spi-builder-workspace/ShapeScript/Geometry.swift /Users/admin/builder/spi-builder-workspace/ShapeScript/GeometryCache.swift /Users/admin/builder/spi-builder-workspace/ShapeScript/GeometryType.swift /Users/admin/builder/spi-builder-workspace/ShapeScript/Interpreter.swift /Users/admin/builder/spi-builder-workspace/ShapeScript/Lexer.swift -primary-file /Users/admin/builder/spi-builder-workspace/ShapeScript/Material+Brightness.swift -primary-file /Users/admin/builder/spi-builder-workspace/ShapeScript/Material+SceneKit.swift -primary-file /Users/admin/builder/spi-builder-workspace/ShapeScript/Material.swift /Users/admin/builder/spi-builder-workspace/ShapeScript/Members.swift /Users/admin/builder/spi-builder-workspace/ShapeScript/Parser.swift /Users/admin/builder/spi-builder-workspace/ShapeScript/ProgramError.swift /Users/admin/builder/spi-builder-workspace/ShapeScript/RandomSequence.swift /Users/admin/builder/spi-builder-workspace/ShapeScript/Scene+SceneKit.swift /Users/admin/builder/spi-builder-workspace/ShapeScript/Scene.swift /Users/admin/builder/spi-builder-workspace/ShapeScript/StandardLibrary.swift /Users/admin/builder/spi-builder-workspace/ShapeScript/String+Matching.swift /Users/admin/builder/spi-builder-workspace/ShapeScript/String+Ordinals.swift /Users/admin/builder/spi-builder-workspace/ShapeScript/Symbols.swift /Users/admin/builder/spi-builder-workspace/ShapeScript/Texture.swift /Users/admin/builder/spi-builder-workspace/ShapeScript/Types.swift /Users/admin/builder/spi-builder-workspace/ShapeScript/URL+DisplayName.swift /Users/admin/builder/spi-builder-workspace/ShapeScript/URL+FileType.swift /Users/admin/builder/spi-builder-workspace/ShapeScript/Value+JSON.swift /Users/admin/builder/spi-builder-workspace/ShapeScript/Value+Logging.swift /Users/admin/builder/spi-builder-workspace/ShapeScript/Values.swift -supplementary-output-file-map /Users/admin/builder/spi-builder-workspace/.derivedData/Build/Intermediates.noindex/ShapeScript.build/Debug-watchos/ShapeScript-t.build/Objects-normal/arm64_32/supplementaryOutputs-7 -target arm64_32-apple-watchos9.0 -module-can-import-version CoreGraphics 2049 2049.0.0 -module-can-import-version CoreText 904 904.0.0 -module-can-import-version ImageIO 2851 1.0.0 -module-can-import SVGPath -module-can-import-version SceneKit 1.2 612.0.0 -module-can-import-version UIKit 9127.0.84.1 9127.0.84 -module-can-import-version UniformTypeIdentifiers 919.0.1.101 709.0.0 -disable-cross-import-overlay-search -swift-module-cross-import SceneKit /Applications/Xcode-27.0.0-Release.Candidate.app/Contents/Developer/Platforms/WatchOS.platform/Developer/SDKs/WatchOS.sdk/System/Library/Frameworks/SceneKit.framework/Modules/SceneKit.swiftcrossimport/SwiftUI.swiftoverlay -load-resolved-plugin /Applications/Xcode-27.0.0-Release.Candidate.app/Contents/Developer/Platforms/WatchOS.platform/Developer/usr/lib/swift/host/plugins/libFoundationMacros.dylib\#/Applications/Xcode-27.0.0-Release.Candidate.app/Contents/Developer/Platforms/WatchOS.platform/Developer/usr/bin/swift-plugin-server\#FoundationMacros -load-resolved-plugin /Applications/Xcode-27.0.0-Release.Candidate.app/Contents/Developer/Platforms/WatchOS.platform/Developer/usr/lib/swift/host/plugins/libObservationMacros.dylib\#/Applications/Xcode-27.0.0-Release.Candidate.app/Contents/Developer/Platforms/WatchOS.platform/Developer/usr/bin/swift-plugin-server\#ObservationMacros -load-resolved-plugin /Applications/Xcode-27.0.0-Release.Candidate.app/Contents/Developer/Platforms/WatchOS.platform/Developer/usr/lib/swift/host/plugins/libPreviewsMacros.dylib\#/Applications/Xcode-27.0.0-Release.Candidate.app/Contents/Developer/Platforms/WatchOS.platform/Developer/usr/bin/swift-plugin-server\#PreviewsMacros -load-resolved-plugin /Applications/Xcode-27.0.0-Release.Candidate.app/Contents/Developer/Platforms/WatchOS.platform/Developer/usr/lib/swift/host/plugins/libSwiftMacros.dylib\#/Applications/Xcode-27.0.0-Release.Candidate.app/Contents/Developer/Platforms/WatchOS.platform/Developer/usr/bin/swift-plugin-server\#SwiftMacros -load-resolved-plugin /Applications/Xcode-27.0.0-Release.Candidate.app/Contents/Developer/Platforms/WatchOS.platform/Developer/usr/lib/swift/host/plugins/libSwiftUIMacros.dylib\#/Applications/Xcode-27.0.0-Release.Candidate.app/Contents/Developer/Platforms/WatchOS.platform/Developer/usr/bin/swift-plugin-server\#SwiftUIMacros -disable-implicit-swift-modules -Xcc -fno-implicit-modules -Xcc -fno-implicit-module-maps -explicit-swift-module-map-file /Users/admin/builder/spi-builder-workspace/.derivedData/Build/Intermediates.noindex/ShapeScript.build/Debug-watchos/ShapeScript-t.build/Objects-normal/arm64_32/ShapeScript-dependencies-2.json -enable-objc-interop -sdk /Applications/Xcode-27.0.0-Release.Candidate.app/Contents/Developer/Platforms/WatchOS.platform/Developer/SDKs/WatchOS27.0.sdk -I /Users/admin/builder/spi-builder-workspace/.derivedData/Build/Products/Debug-watchos -Isystem /Applications/Xcode-27.0.0-Release.Candidate.app/Contents/Developer/Platforms/WatchOS.platform/Developer/usr/lib -F /Users/admin/builder/spi-builder-workspace/.derivedData/Build/Products/Debug-watchos/PackageFrameworks -F /Users/admin/builder/spi-builder-workspace/.derivedData/Build/Products/Debug-watchos -F /Applications/Xcode-27.0.0-Release.Candidate.app/Contents/Developer/Platforms/WatchOS.platform/Developer/Library/Frameworks -F /Applications/Xcode-27.0.0-Release.Candidate.app/Contents/Developer/Platforms/WatchOS.platform/Developer/SDKs/WatchOS27.0.sdk/Developer/Library/Frameworks -module-cache-path /Users/admin/builder/spi-builder-workspace/.derivedData/Build/Intermediates.noindex/SwiftExplicitPrecompiledModules -no-color-diagnostics -Xcc -fno-color-diagnostics -enable-testing -g -debug-info-format\=dwarf -dwarf-version\=4 -profile-generate -profile-coverage-mapping -swift-version 5 -Onone -D SWIFT_PACKAGE -D DEBUG -D SWIFT_MODULE_RESOURCE_BUNDLE_UNAVAILABLE -D Xcode -serialize-debugging-options -enable-experimental-feature DebugDescriptionMacro -empty-abi-descriptor -validate-clang-modules-once -clang-build-session-file /Users/admin/builder/spi-builder-workspace/.derivedData/ModuleCache.noindex/Session.modulevalidation -Xcc -working-directory -Xcc /Users/admin/builder/spi-builder-workspace/.swiftpm/xcode -enable-anonymous-context-mangled-names -file-compilation-dir /Users/admin/builder/spi-builder-workspace/.swiftpm/xcode -Xcc -D_LIBCPP_HARDENING_MODE\=_LIBCPP_HARDENING_MODE_DEBUG -Xcc -ivfsstatcache -Xcc /Users/admin/builder/spi-builder-workspace/.derivedData/SDKStatCaches.noindex/watchos27.0-24R360-e829b21a6f8c9b70876ba0858053c04477534ef55a1706bf4c1112bbb242f0a2.sdkstatcache -Xcc -fmodules-prune-interval\=86400 -Xcc -fmodules-prune-after\=345600 -Xcc -I/Users/admin/builder/spi-builder-workspace/.derivedData/Build/Products/Debug-watchos/include -Xcc -I/Users/admin/builder/spi-builder-workspace/.derivedData/Build/Intermediates.noindex/ShapeScript.build/Debug-watchos/ShapeScript-t.build/DerivedSources-normal/arm64_32 -Xcc -I/Users/admin/builder/spi-builder-workspace/.derivedData/Build/Intermediates.noindex/ShapeScript.build/Debug-watchos/ShapeScript-t.build/DerivedSources/arm64_32 -Xcc -I/Users/admin/builder/spi-builder-workspace/.derivedData/Build/Intermediates.noindex/ShapeScript.build/Debug-watchos/ShapeScript-t.build/DerivedSources -Xcc -DSWIFT_PACKAGE -Xcc -DDEBUG\=1 -no-auto-bridging-header-chaining -module-name ShapeScript -package-name spi_builder_workspace -const-gather-protocols-file /Users/admin/builder/spi-builder-workspace/.derivedData/Build/Intermediates.noindex/ShapeScript.build/Debug-watchos/ShapeScript-t.build/Objects-normal/arm64_32/ShapeScript_const_extract_protocols.json -disable-clang-spi -clang-target arm64_32-apple-watchos27.0 -target-sdk-version 27.0 -target-sdk-name watchos27.0 -in-process-plugin-server-path /Applications/Xcode-27.0.0-Release.Candidate.app/Contents/Developer/Toolchains/XcodeDefault.xctoolchain/usr/lib/swift/host/libSwiftInProcPluginServer.dylib -parse-as-library -o /Users/admin/builder/spi-builder-workspace/.derivedData/Build/Intermediates.noindex/ShapeScript.build/Debug-watchos/ShapeScript-t.build/Objects-normal/arm64_32/Material+Brightness.o -o /Users/admin/builder/spi-builder-workspace/.derivedData/Build/Intermediates.noindex/ShapeScript.build/Debug-watchos/ShapeScript-t.build/Objects-normal/arm64_32/Material+SceneKit.o -o /Users/admin/builder/spi-builder-workspace/.derivedData/Build/Intermediates.noindex/ShapeScript.build/Debug-watchos/ShapeScript-t.build/Objects-normal/arm64_32/Material.o -debug-module-path /Users/admin/builder/spi-builder-workspace/.derivedData/Build/Intermediates.noindex/ShapeScript.build/Debug-watchos/ShapeScript-t.build/Objects-normal/arm64_32/ShapeScript.swiftmodule -index-unit-output-path /ShapeScript.build/Debug-watchos/ShapeScript-t.build/Objects-normal/arm64_32/Material+Brightness.o -index-unit-output-path /ShapeScript.build/Debug-watchos/ShapeScript-t.build/Objects-normal/arm64_32/Material+SceneKit.o -index-unit-output-path /ShapeScript.build/Debug-watchos/ShapeScript-t.build/Objects-normal/arm64_32/Material.o -index-store-path /Users/admin/builder/spi-builder-workspace/.derivedData/Index.noindex/DataStore -index-system-modules
SwiftCompile normal arm64_32 /Users/admin/builder/spi-builder-workspace/ShapeScript/Material+Brightness.swift (in target 'ShapeScript' from project 'ShapeScript')
cd /Users/admin/builder/spi-builder-workspace/.swiftpm/xcode
builtin-SwiftPerFileCompile Material+Brightness.swift
SwiftCompile normal arm64_32 /Users/admin/builder/spi-builder-workspace/ShapeScript/Material+SceneKit.swift (in target 'ShapeScript' from project 'ShapeScript')
cd /Users/admin/builder/spi-builder-workspace/.swiftpm/xcode
builtin-SwiftPerFileCompile Material+SceneKit.swift
SwiftCompile normal arm64_32 /Users/admin/builder/spi-builder-workspace/ShapeScript/Material.swift (in target 'ShapeScript' from project 'ShapeScript')
cd /Users/admin/builder/spi-builder-workspace/.swiftpm/xcode
builtin-SwiftPerFileCompile Material.swift
SwiftCompile normal arm64_32 Compiling\ RandomSequence.swift,\ Scene+SceneKit.swift,\ Scene.swift /Users/admin/builder/spi-builder-workspace/ShapeScript/RandomSequence.swift /Users/admin/builder/spi-builder-workspace/ShapeScript/Scene+SceneKit.swift /Users/admin/builder/spi-builder-workspace/ShapeScript/Scene.swift (in target 'ShapeScript' from project 'ShapeScript')
/Users/admin/builder/spi-builder-workspace/ShapeScript/Scene+SceneKit.swift:16:21: error: cannot find type 'UIColor' in scope
14 |
15 | #if canImport(UIKit)
16 | typealias OSColor = UIColor
| `- error: cannot find type 'UIColor' in scope
17 | typealias OSImage = UIImage
18 | #else
SwiftCompile normal arm64_32 /Users/admin/builder/spi-builder-workspace/ShapeScript/RandomSequence.swift (in target 'ShapeScript' from project 'ShapeScript')
cd /Users/admin/builder/spi-builder-workspace/.swiftpm/xcode
builtin-SwiftPerFileCompile RandomSequence.swift
SwiftCompile normal arm64_32 /Users/admin/builder/spi-builder-workspace/ShapeScript/Scene+SceneKit.swift (in target 'ShapeScript' from project 'ShapeScript')
cd /Users/admin/builder/spi-builder-workspace/.swiftpm/xcode
builtin-SwiftPerFileCompile Scene+SceneKit.swift
SwiftCompile normal arm64_32 /Users/admin/builder/spi-builder-workspace/ShapeScript/Scene.swift (in target 'ShapeScript' from project 'ShapeScript')
cd /Users/admin/builder/spi-builder-workspace/.swiftpm/xcode
builtin-SwiftPerFileCompile Scene.swift
SwiftCompile normal arm64_32 Compiling\ Symbols.swift,\ Texture.swift,\ Types.swift /Users/admin/builder/spi-builder-workspace/ShapeScript/Symbols.swift /Users/admin/builder/spi-builder-workspace/ShapeScript/Texture.swift /Users/admin/builder/spi-builder-workspace/ShapeScript/Types.swift (in target 'ShapeScript' from project 'ShapeScript')
SwiftCompile normal arm64_32 /Users/admin/builder/spi-builder-workspace/ShapeScript/Symbols.swift (in target 'ShapeScript' from project 'ShapeScript')
cd /Users/admin/builder/spi-builder-workspace/.swiftpm/xcode
builtin-SwiftPerFileCompile Symbols.swift
SwiftCompile normal arm64_32 /Users/admin/builder/spi-builder-workspace/ShapeScript/Texture.swift (in target 'ShapeScript' from project 'ShapeScript')
cd /Users/admin/builder/spi-builder-workspace/.swiftpm/xcode
builtin-SwiftPerFileCompile Texture.swift
SwiftCompile normal arm64_32 /Users/admin/builder/spi-builder-workspace/ShapeScript/Types.swift (in target 'ShapeScript' from project 'ShapeScript')
cd /Users/admin/builder/spi-builder-workspace/.swiftpm/xcode
builtin-SwiftPerFileCompile Types.swift
SwiftCompile normal arm64 Compiling\ Euclid+Extensions.swift,\ Euclid+SVGPath.swift,\ EvaluationContext.swift /Users/admin/builder/spi-builder-workspace/ShapeScript/Euclid+Extensions.swift /Users/admin/builder/spi-builder-workspace/ShapeScript/Euclid+SVGPath.swift /Users/admin/builder/spi-builder-workspace/ShapeScript/EvaluationContext.swift (in target 'ShapeScript' from project 'ShapeScript')
SwiftCompile normal arm64 /Users/admin/builder/spi-builder-workspace/ShapeScript/Euclid+Extensions.swift (in target 'ShapeScript' from project 'ShapeScript')
cd /Users/admin/builder/spi-builder-workspace/.swiftpm/xcode
builtin-SwiftPerFileCompile Euclid+Extensions.swift
SwiftCompile normal arm64 /Users/admin/builder/spi-builder-workspace/ShapeScript/Euclid+SVGPath.swift (in target 'ShapeScript' from project 'ShapeScript')
cd /Users/admin/builder/spi-builder-workspace/.swiftpm/xcode
builtin-SwiftPerFileCompile Euclid+SVGPath.swift
SwiftCompile normal arm64 /Users/admin/builder/spi-builder-workspace/ShapeScript/EvaluationContext.swift (in target 'ShapeScript' from project 'ShapeScript')
cd /Users/admin/builder/spi-builder-workspace/.swiftpm/xcode
builtin-SwiftPerFileCompile EvaluationContext.swift
SwiftEmitModule normal arm64 Emitting\ module\ for\ ShapeScript (in target 'ShapeScript' from project 'ShapeScript')
SwiftCompile normal arm64 (in target 'ShapeScript' from project 'ShapeScript')
cd /Users/admin/builder/spi-builder-workspace/.swiftpm/xcode
SwiftEmitModule normal arm64_32 Emitting\ module\ for\ Euclid (in target 'Euclid' from project 'Euclid')
SwiftCompile normal arm64_32 (in target 'Euclid' from project 'Euclid')
cd /Users/admin/builder/spi-builder-workspace/.swiftpm/xcode
PruneExplicitPrecompiledModules /Users/admin/builder/spi-builder-workspace/.derivedData/Build/Intermediates.noindex/ExplicitPrecompiledModules
PruneExplicitPrecompiledModules /Users/admin/builder/spi-builder-workspace/.derivedData/SDKExplicitPrecompiledModules
PruneExplicitPrecompiledModules /Users/admin/builder/spi-builder-workspace/.derivedData/Build/Intermediates.noindex/SwiftExplicitPrecompiledModules
2026-09-30 04:49:12.573 xcodebuild[1252:7250] [MT] IDERunDestination: Supported platforms for the buildables in the current scheme is empty.
** BUILD FAILED **
The following build commands failed:
SwiftCompile normal arm64_32 Compiling\ Material+Brightness.swift,\ Material+SceneKit.swift,\ Material.swift /Users/admin/builder/spi-builder-workspace/ShapeScript/Material+Brightness.swift /Users/admin/builder/spi-builder-workspace/ShapeScript/Material+SceneKit.swift /Users/admin/builder/spi-builder-workspace/ShapeScript/Material.swift (in target 'ShapeScript' from project 'ShapeScript')
SwiftCompile normal arm64_32 /Users/admin/builder/spi-builder-workspace/ShapeScript/Material+SceneKit.swift (in target 'ShapeScript' from project 'ShapeScript')
Building workspace ShapeScript with scheme ShapeScript-Package
(3 failures)
BUILD FAILURE 6.4 watchOS