The Swift Package Index logo.Swift Package Index

Build Information

Failed to build SwiftUIContactPicker, reference 1.1.0 (7a7a91), with Swift 6.4 for macOS (SPM) on 17 Sep 2026 13:56:29 UTC.

Build Command

env DEVELOPER_DIR=/Applications/Xcode-27.0.0-Release.Candidate.app xcrun swift build --arch arm64

Build Log

========================================
RunAll
========================================
Builder version: 5.1.0
Interrupt handler set up.
========================================
Checkout
========================================
Clone URL: https://github.com/pykaso/SwiftUI_ContactPicker.git
Reference: 1.1.0
Initialized empty Git repository in /Users/admin/builder/spi-builder-workspace/.git/
From https://github.com/pykaso/SwiftUI_ContactPicker
 * tag               1.1.0      -> FETCH_HEAD
HEAD is now at 7a7a914 Merge branch 'main' of github.com:pykaso/SwiftUI_ContactPicker into main
Cloned https://github.com/pykaso/SwiftUI_ContactPicker.git
Revision (git rev-parse @):
7a7a914cd5cab5d91135d1c2b3b497b3e44fc029
SUCCESS checkout https://github.com/pykaso/SwiftUI_ContactPicker.git at 1.1.0
========================================
Build
========================================
Selected platform:         macosSpm
Swift version:             6.4
Building package at path:  $PWD
https://github.com/pykaso/SwiftUI_ContactPicker.git
Running build ...
env DEVELOPER_DIR=/Applications/Xcode-27.0.0-Release.Candidate.app xcrun swift build --arch arm64
Building for debugging...
[Pre-planning 1 / 95]
[Planning deferred tasks]
[32 / 47] SwiftUIContactPicker_SwiftUIContactPicker
[37 / 47]
[38 / 48] SwiftUIContactPicker
[48 / 126]
[51 / 126]
[59 / 126]
[61 / 126]
[62 / 126]
[67 / 126]
[70 / 126]
[73 / 126]
[79 / 126]
[82 / 126]
[84 / 126]
[85 / 126]
[96 / 126]
[98 / 126]
[99 / 126]
[102 / 126]
[104 / 126]
warning: 'spi-builder-workspace': Invalid Exclude '/Users/admin/builder/spi-builder-workspace/SwiftUIContactPicker/SwiftUIContactPickerExample': File not found.
warning: 'spi-builder-workspace': Invalid Resource 'Resources': File not found.
warning: 'spi-builder-workspace': Invalid Exclude '/Users/admin/builder/spi-builder-workspace/SwiftUIContactPicker/SwiftUIContactPickerExample': File not found.
warning: 'spi-builder-workspace': Invalid Resource 'Resources': File not found.
warning: 'spi-builder-workspace': found 2 file(s) which are unhandled; explicitly declare them as resources or exclude from the target
    /Users/admin/builder/spi-builder-workspace/SwiftUIContactPicker/Info.plist
    /Users/admin/builder/spi-builder-workspace/SwiftUIContactPicker/README.md
error: SwiftCompile normal arm64 failed with a nonzero exit code. Command line:     cd /Users/admin/builder

/Users/admin/builder/spi-builder-workspace/SwiftUIContactPicker/Sources/SwiftUIContactPicker/Model/ContactStore.swift:29:28: error: cannot find type 'CNContact' in scope
27 |     }
28 |
29 |     func getContacts() -> [CNContact] {
   |                            `- error: cannot find type 'CNContact' in scope
30 |         let contactStore = CNContactStore()
31 |         let keysToFetch = [
/Users/admin/builder/spi-builder-workspace/SwiftUIContactPicker/Sources/SwiftUIContactPicker/Model/PhoneContact.swift:33:27: error: cannot find type 'CNContact' in scope
31 |     public var phoneNumber: [String] = [String]()
32 |     public var email: [String] = [String]()
33 |     public var cnContact: CNContact?
   |                           `- error: cannot find type 'CNContact' in scope
34 |
35 |     public var name: String? {
/Users/admin/builder/spi-builder-workspace/SwiftUIContactPicker/Sources/SwiftUIContactPicker/Model/PhoneContact.swift:50:19: error: cannot find type 'CNContact' in scope
48 |     }
49 |
50 |     init(contact: CNContact) {
   |                   `- error: cannot find type 'CNContact' in scope
51 |         id = contact.identifier
52 |         givenName = contact.givenName
/Users/admin/builder/spi-builder-workspace/SwiftUIContactPicker/Sources/SwiftUIContactPicker/Model/PhoneContact.swift:73:11: error: cannot find type 'CNContact' in scope
71 |
72 |
73 | extension CNContact {
   |           `- error: cannot find type 'CNContact' in scope
74 |     var fullName: String {
75 |         let safeName = [self.givenName, self.middleName , self.familyName].compactMap({ $0 }).joined(separator: " ")
Failed frontend command:
/Applications/Xcode-27.0.0-Release.Candidate.app/Contents/Developer/Toolchains/XcodeDefault.xctoolchain/usr/bin/swift-frontend -frontend -emit-module -experimental-skip-non-inlinable-function-bodies-without-types /Users/admin/builder/spi-builder-workspace/.build/out/Intermediates.noindex/SwiftUIContactPicker.build/Debug/SwiftUIContactPicker-t.build/DerivedSources/resource_bundle_accessor.swift /Users/admin/builder/spi-builder-workspace/SwiftUIContactPicker/Sources/SwiftUIContactPicker/ContactPickerView.swift /Users/admin/builder/spi-builder-workspace/SwiftUIContactPicker/Sources/SwiftUIContactPicker/ContactPickerViewModel.swift /Users/admin/builder/spi-builder-workspace/SwiftUIContactPicker/Sources/SwiftUIContactPicker/Extensions/Color+Extensions.swift /Users/admin/builder/spi-builder-workspace/SwiftUIContactPicker/Sources/SwiftUIContactPicker/Model/ContactStore.swift /Users/admin/builder/spi-builder-workspace/SwiftUIContactPicker/Sources/SwiftUIContactPicker/Model/PhoneContact.swift /Users/admin/builder/spi-builder-workspace/SwiftUIContactPicker/Sources/SwiftUIContactPicker/Views/CompactContactRow.swift /Users/admin/builder/spi-builder-workspace/SwiftUIContactPicker/Sources/SwiftUIContactPicker/Views/ContactPickerHeaderView.swift /Users/admin/builder/spi-builder-workspace/.build/out/Intermediates.noindex/SwiftUIContactPicker.build/Debug/SwiftUIContactPicker-t.build/DerivedSources/GeneratedAssetSymbols.swift -target arm64-apple-macos12.0 -module-can-import-version AppKit 2775.10.103.1 2775.10.103 -module-can-import-version DeveloperToolsSupport 24.0.24 24.0.24 -module-can-import-version SwiftUI 8.0.84.1 8.0.84 -disable-cross-import-overlay-search -swift-module-cross-import Contacts /Applications/Xcode-27.0.0-Release.Candidate.app/Contents/Developer/Platforms/MacOSX.platform/Developer/SDKs/MacOSX.sdk/System/Library/Frameworks/Contacts.framework/Modules/Contacts.swiftcrossimport/AppIntents.swiftoverlay -swift-module-cross-import Contacts /Applications/Xcode-27.0.0-Release.Candidate.app/Contents/Developer/Platforms/MacOSX.platform/Developer/SDKs/MacOSX27.0.sdk/System/Library/Frameworks/Contacts.framework/Modules/Contacts.swiftcrossimport/AppIntents.swiftoverlay -load-resolved-plugin /Applications/Xcode-27.0.0-Release.Candidate.app/Contents/Developer/Platforms/MacOSX.platform/Developer/usr/lib/swift/host/plugins/libFoundationMacros.dylib\#/Applications/Xcode-27.0.0-Release.Candidate.app/Contents/Developer/Platforms/MacOSX.platform/Developer/usr/bin/swift-plugin-server\#FoundationMacros -load-resolved-plugin /Applications/Xcode-27.0.0-Release.Candidate.app/Contents/Developer/Platforms/MacOSX.platform/Developer/usr/lib/swift/host/plugins/libObservationMacros.dylib\#/Applications/Xcode-27.0.0-Release.Candidate.app/Contents/Developer/Platforms/MacOSX.platform/Developer/usr/bin/swift-plugin-server\#ObservationMacros -load-resolved-plugin /Applications/Xcode-27.0.0-Release.Candidate.app/Contents/Developer/Platforms/MacOSX.platform/Developer/usr/lib/swift/host/plugins/libPreviewsMacros.dylib\#/Applications/Xcode-27.0.0-Release.Candidate.app/Contents/Developer/Platforms/MacOSX.platform/Developer/usr/bin/swift-plugin-server\#PreviewsMacros -load-resolved-plugin /Applications/Xcode-27.0.0-Release.Candidate.app/Contents/Developer/Platforms/MacOSX.platform/Developer/usr/lib/swift/host/plugins/libSwiftMacros.dylib\#/Applications/Xcode-27.0.0-Release.Candidate.app/Contents/Developer/Platforms/MacOSX.platform/Developer/usr/bin/swift-plugin-server\#SwiftMacros -load-resolved-plugin /Applications/Xcode-27.0.0-Release.Candidate.app/Contents/Developer/Platforms/MacOSX.platform/Developer/usr/lib/swift/host/plugins/libSwiftUIMacros.dylib\#/Applications/Xcode-27.0.0-Release.Candidate.app/Contents/Developer/Platforms/MacOSX.platform/Developer/usr/bin/swift-plugin-server\#SwiftUIMacros -disable-implicit-swift-modules -Xcc -fno-implicit-modules -Xcc -fno-implicit-module-maps -explicit-swift-module-map-file /Users/admin/builder/spi-builder-workspace/.build/out/Intermediates.noindex/SwiftUIContactPicker.build/Debug/SwiftUIContactPicker-t.build/Objects-normal/arm64/SwiftUIContactPicker-dependencies-1.json -Xllvm -aarch64-use-tbi -enable-objc-interop -stack-check -sdk /Applications/Xcode-27.0.0-Release.Candidate.app/Contents/Developer/Platforms/MacOSX.platform/Developer/SDKs/MacOSX27.0.sdk -I /Users/admin/builder/spi-builder-workspace/.build/out/Products/Debug -Isystem /Applications/Xcode-27.0.0-Release.Candidate.app/Contents/Developer/Platforms/MacOSX.platform/Developer/usr/lib -F /Users/admin/builder/spi-builder-workspace/.build/out/Products/Debug -F /Applications/Xcode-27.0.0-Release.Candidate.app/Contents/Developer/Platforms/MacOSX.platform/Developer/Library/Frameworks -module-cache-path /Users/admin/builder/spi-builder-workspace/.build/out/Intermediates.noindex/SwiftExplicitPrecompiledModules -color-diagnostics -Xcc -fcolor-diagnostics -enable-testing -g -debug-info-format\=dwarf -dwarf-version\=4 -swift-version 5 -Onone -D SWIFT_PACKAGE -D DEBUG -D SWIFT_MODULE_RESOURCE_BUNDLE_AVAILABLE -D Xcode -serialize-debugging-options -enable-experimental-feature DebugDescriptionMacro -empty-abi-descriptor -validate-clang-modules-once -clang-build-session-file /Users/admin/builder/spi-builder-workspace/.build/out/ModuleCache.noindex/Session.modulevalidation -Xcc -working-directory -Xcc /Users/admin/builder -enable-anonymous-context-mangled-names -file-compilation-dir /Users/admin/builder -Xcc -D_LIBCPP_HARDENING_MODE\=_LIBCPP_HARDENING_MODE_DEBUG -Xcc -ivfsstatcache -Xcc /Users/admin/builder/spi-builder-workspace/.build/out/SDKStatCaches.noindex/macosx27.0-26A425-80c5bbf1d171475443272936d42f90a36a22442a12e9d48fe1a705f55a1adfc4.sdkstatcache -Xcc -fmodules-prune-interval\=86400 -Xcc -fmodules-prune-after\=345600 -Xcc -I/Users/admin/builder/spi-builder-workspace/.build/out/Products/Debug/include -Xcc -I/Users/admin/builder/spi-builder-workspace/.build/out/Intermediates.noindex/SwiftUIContactPicker.build/Debug/SwiftUIContactPicker-t.build/DerivedSources-normal/arm64 -Xcc -I/Users/admin/builder/spi-builder-workspace/.build/out/Intermediates.noindex/SwiftUIContactPicker.build/Debug/SwiftUIContactPicker-t.build/DerivedSources/arm64 -Xcc -I/Users/admin/builder/spi-builder-workspace/.build/out/Intermediates.noindex/SwiftUIContactPicker.build/Debug/SwiftUIContactPicker-t.build/DerivedSources -Xcc -DSWIFT_PACKAGE -Xcc -DDEBUG\=1 -no-auto-bridging-header-chaining -module-name SwiftUIContactPicker -const-gather-protocols-file /Users/admin/builder/spi-builder-workspace/.build/out/Intermediates.noindex/SwiftUIContactPicker.build/Debug/SwiftUIContactPicker-t.build/Objects-normal/arm64/SwiftUIContactPicker_const_extract_protocols.json -disable-clang-spi -clang-target arm64-apple-macos27.0 -target-sdk-version 27.0 -target-sdk-name macosx27.0 -in-process-plugin-server-path /Applications/Xcode-27.0.0-Release.Candidate.app/Contents/Developer/Toolchains/XcodeDefault.xctoolchain/usr/lib/swift/host/libSwiftInProcPluginServer.dylib -emit-module-doc-path /Users/admin/builder/spi-builder-workspace/.build/out/Intermediates.noindex/SwiftUIContactPicker.build/Debug/SwiftUIContactPicker-t.build/Objects-normal/arm64/SwiftUIContactPicker.swiftdoc -emit-module-source-info-path /Users/admin/builder/spi-builder-workspace/.build/out/Intermediates.noindex/SwiftUIContactPicker.build/Debug/SwiftUIContactPicker-t.build/Objects-normal/arm64/SwiftUIContactPicker.swiftsourceinfo -emit-objc-header-path /Users/admin/builder/spi-builder-workspace/.build/out/Intermediates.noindex/SwiftUIContactPicker.build/Debug/SwiftUIContactPicker-t.build/Objects-normal/arm64/SwiftUIContactPicker-Swift.h -serialize-diagnostics-path /Users/admin/builder/spi-builder-workspace/.build/out/Intermediates.noindex/SwiftUIContactPicker.build/Debug/SwiftUIContactPicker-t.build/Objects-normal/arm64/SwiftUIContactPicker-primary-emit-module.dia -emit-dependencies-path /Users/admin/builder/spi-builder-workspace/.build/out/Intermediates.noindex/SwiftUIContactPicker.build/Debug/SwiftUIContactPicker-t.build/Objects-normal/arm64/SwiftUIContactPicker-primary-emit-module.d -parse-as-library -o /Users/admin/builder/spi-builder-workspace/.build/out/Intermediates.noindex/SwiftUIContactPicker.build/Debug/SwiftUIContactPicker-t.build/Objects-normal/arm64/SwiftUIContactPicker.swiftmodule -emit-abi-descriptor-path /Users/admin/builder/spi-builder-workspace/.build/out/Intermediates.noindex/SwiftUIContactPicker.build/Debug/SwiftUIContactPicker-t.build/Objects-normal/arm64/SwiftUIContactPicker.abi.json
error: Build failed
BUILD FAILURE 6.4 macosSpm