Build Information
Failed to build swift-speech-lanes, reference main (2c6aa9), with Swift 6.2 for tvOS using Xcode 26.3 on 22 Jul 2026 18:03:44 UTC.
Build Command
env DEVELOPER_DIR=/Applications/Xcode-26.3.0.app xcrun xcodebuild -IDEClonedSourcePackagesDirPathOverride=$PWD/.dependencies -skipMacroValidation -skipPackagePluginValidation -derivedDataPath $PWD/.derivedData build -scheme swift-speech-lanes -destination generic/platform=tvOSBuild Log
========================================
RunAll
========================================
Builder version: undefined version: run 'make version' to update
Interrupt handler set up.
========================================
Checkout
========================================
Clone URL: https://github.com/ivan-magda/swift-speech-lanes.git
Reference: main
Initialized empty Git repository in /Users/admin/builder/spi-builder-workspace/.git/
From https://github.com/ivan-magda/swift-speech-lanes
* branch main -> FETCH_HEAD
* [new branch] main -> origin/main
HEAD is now at 2c6aa99 Update image alignment in README
Cloned https://github.com/ivan-magda/swift-speech-lanes.git
Revision (git rev-parse @):
2c6aa99c4f4a01b06a3287834970a2ce6bd24d91
SPI manifest file found: $PWD/.spi.yml
SUCCESS checkout https://github.com/ivan-magda/swift-speech-lanes.git at main
========================================
Build
========================================
Selected platform: tvOS
Swift version: 6.2
Building package at path: $PWD
https://github.com/ivan-magda/swift-speech-lanes.git
Command line invocation:
/Applications/Xcode-26.3.0.app/Contents/Developer/usr/bin/xcodebuild -IDEClonedSourcePackagesDirPathOverride=/Users/admin/builder/spi-builder-workspace/.dependencies -resolvePackageDependencies
Resolve Package Graph
Fetching from https://github.com/swiftlang/swift-docc-plugin
Fetching from https://github.com/swiftlang/swift-docc-symbolkit
Creating working copy of package ‘swift-docc-plugin’
Checking out 1.5.0 of package ‘swift-docc-plugin’
Creating working copy of package ‘swift-docc-symbolkit’
Checking out 1.0.0 of package ‘swift-docc-symbolkit’
Resolve Package Graph
Resolved source packages:
swift-speech-lanes: /Users/admin/builder/spi-builder-workspace
SymbolKit: https://github.com/swiftlang/swift-docc-symbolkit @ 1.0.0
SwiftDocCPlugin: https://github.com/swiftlang/swift-docc-plugin @ 1.5.0
resolved source packages: swift-speech-lanes, SymbolKit, SwiftDocCPlugin
2026-07-22 14:02:39.550 xcodebuild[532:3045] [MT] IDERunDestination: Supported platforms for the buildables in the current scheme is empty.
{
"dependencies" : [
{
"identity" : "swift-docc-plugin",
"requirement" : {
"range" : [
{
"lower_bound" : "1.1.0",
"upper_bound" : "2.0.0"
}
]
},
"type" : "sourceControl",
"url" : "https://github.com/swiftlang/swift-docc-plugin"
}
],
"manifest_display_name" : "swift-speech-lanes",
"name" : "swift-speech-lanes",
"path" : "/Users/admin/builder/spi-builder-workspace",
"platforms" : [
{
"name" : "ios",
"version" : "26.0"
},
{
"name" : "macos",
"version" : "26.0"
},
{
"name" : "visionos",
"version" : "26.0"
}
],
"products" : [
{
"name" : "SpeechLanes",
"targets" : [
"SpeechLanes"
],
"type" : {
"library" : [
"automatic"
]
}
}
],
"targets" : [
{
"c99name" : "SpeechLanesTests",
"module_type" : "SwiftTarget",
"name" : "SpeechLanesTests",
"path" : "Tests/SpeechLanesTests",
"resources" : [
{
"path" : "/Users/admin/builder/spi-builder-workspace/Tests/SpeechLanesTests/Fixtures",
"rule" : {
"copy" : {
}
}
}
],
"sources" : [
"AssetReservationGateTests.swift",
"ConfigurationTests.swift",
"EarlyAcceptTests.swift",
"LaneArbiterTests.swift",
"LaneAssignmentTests.swift",
"LiveTranscriptionTests.swift",
"LocaleResolutionTests.swift",
"OggOpusDecodeTests.swift",
"SettlementTests.swift",
"TestHelpers.swift"
],
"target_dependencies" : [
"SpeechLanes"
],
"type" : "test"
},
{
"c99name" : "SpeechLanes",
"module_type" : "SwiftTarget",
"name" : "SpeechLanes",
"path" : "Sources/SpeechLanes",
"product_memberships" : [
"SpeechLanes"
],
"sources" : [
"Extensions/Locale+BCP47.swift",
"Lanes/AssetProvisioner.swift",
"Lanes/AssetReservationGate.swift",
"Lanes/DurationGuard.swift",
"Lanes/Lane.swift",
"Lanes/LaneArbiter.swift",
"Lanes/LaneExecutor.swift",
"Lanes/LaneResolver.swift",
"Model/Configuration.swift",
"Model/ScoredTranscript.swift",
"Model/TranscriberEngine.swift",
"Model/TranscriptionError.swift",
"Model/TranscriptionResult.swift",
"Transcriber/SpeechLaneTranscriber.swift",
"Transcriber/SpeechTranscribing.swift"
],
"type" : "library"
}
],
"tools_version" : "6.2"
}
{
"workspace" : {
"name" : "spi-builder-workspace",
"schemes" : [
"swift-speech-lanes"
]
}
}
2026-07-22 14:03:07.925 xcodebuild[847:5144] [MT] IDERunDestination: Supported platforms for the buildables in the current scheme is empty.
Running build ...
env DEVELOPER_DIR=/Applications/Xcode-26.3.0.app xcrun xcodebuild -IDEClonedSourcePackagesDirPathOverride=$PWD/.dependencies -skipMacroValidation -skipPackagePluginValidation -derivedDataPath $PWD/.derivedData build -scheme swift-speech-lanes -destination generic/platform=tvOS
Command line invocation:
/Applications/Xcode-26.3.0.app/Contents/Developer/usr/bin/xcodebuild -IDEClonedSourcePackagesDirPathOverride=/Users/admin/builder/spi-builder-workspace/.dependencies -skipMacroValidation -skipPackagePluginValidation -derivedDataPath /Users/admin/builder/spi-builder-workspace/.derivedData build -scheme swift-speech-lanes -destination generic/platform=tvOS
Resolve Package Graph
Resolve Package Graph
Resolved source packages:
SwiftDocCPlugin: https://github.com/swiftlang/swift-docc-plugin @ 1.5.0
SymbolKit: https://github.com/swiftlang/swift-docc-symbolkit @ 1.0.0
swift-speech-lanes: /Users/admin/builder/spi-builder-workspace
ComputePackagePrebuildTargetDependencyGraph
Prepare packages
CreateBuildRequest
SendProjectDescription
CreateBuildOperation
ComputeTargetDependencyGraph
note: Building targets in dependency order
note: Target dependency graph (2 targets)
Target 'SpeechLanes' in project 'swift-speech-lanes'
➜ Explicit dependency on target 'SpeechLanes' in project 'swift-speech-lanes'
Target 'SpeechLanes' in project 'swift-speech-lanes' (no dependencies)
GatherProvisioningInputs
CreateBuildDescription
ExecuteExternalTool /Applications/Xcode-26.3.0.app/Contents/Developer/Toolchains/XcodeDefault.xctoolchain/usr/bin/clang -v -E -dM -isysroot /Applications/Xcode-26.3.0.app/Contents/Developer/Platforms/AppleTVOS.platform/Developer/SDKs/AppleTVOS26.2.sdk -x c -c /dev/null
ExecuteExternalTool /Applications/Xcode-26.3.0.app/Contents/Developer/Toolchains/XcodeDefault.xctoolchain/usr/bin/swiftc --version
ExecuteExternalTool /Applications/Xcode-26.3.0.app/Contents/Developer/Toolchains/XcodeDefault.xctoolchain/usr/bin/ld -version_details
Build description signature: 75d57ef86d59098f8a33621c46959398
Build description path: /Users/admin/builder/spi-builder-workspace/.derivedData/Build/Intermediates.noindex/XCBuildData/75d57ef86d59098f8a33621c46959398.xcbuilddata
CreateBuildDirectory /Users/admin/builder/spi-builder-workspace/.derivedData/Build/Products
cd /Users/admin/builder/spi-builder-workspace/.swiftpm/xcode
builtin-create-build-directory /Users/admin/builder/spi-builder-workspace/.derivedData/Build/Products
CreateBuildDirectory /Users/admin/builder/spi-builder-workspace/.derivedData/Build/Intermediates.noindex
cd /Users/admin/builder/spi-builder-workspace/.swiftpm/xcode
builtin-create-build-directory /Users/admin/builder/spi-builder-workspace/.derivedData/Build/Intermediates.noindex
ClangStatCache /Applications/Xcode-26.3.0.app/Contents/Developer/Toolchains/XcodeDefault.xctoolchain/usr/bin/clang-stat-cache /Applications/Xcode-26.3.0.app/Contents/Developer/Platforms/AppleTVOS.platform/Developer/SDKs/AppleTVOS26.2.sdk /Users/admin/builder/spi-builder-workspace/.derivedData/SDKStatCaches.noindex/appletvos26.2-23K50-dc75598d0054f22ec865fa860f139d72c1feacec85df2e04b9fa10f95e757c08.sdkstatcache
cd /Users/admin/builder/spi-builder-workspace/.swiftpm/xcode
/Applications/Xcode-26.3.0.app/Contents/Developer/Toolchains/XcodeDefault.xctoolchain/usr/bin/clang-stat-cache /Applications/Xcode-26.3.0.app/Contents/Developer/Platforms/AppleTVOS.platform/Developer/SDKs/AppleTVOS26.2.sdk -o /Users/admin/builder/spi-builder-workspace/.derivedData/SDKStatCaches.noindex/appletvos26.2-23K50-dc75598d0054f22ec865fa860f139d72c1feacec85df2e04b9fa10f95e757c08.sdkstatcache
CreateBuildDirectory /Users/admin/builder/spi-builder-workspace/.derivedData/Build/Intermediates.noindex/SwiftExplicitPrecompiledModules
cd /Users/admin/builder/spi-builder-workspace/.swiftpm/xcode
builtin-create-build-directory /Users/admin/builder/spi-builder-workspace/.derivedData/Build/Intermediates.noindex/SwiftExplicitPrecompiledModules
CreateBuildDirectory /Users/admin/builder/spi-builder-workspace/.derivedData/Build/Intermediates.noindex/ExplicitPrecompiledModules
cd /Users/admin/builder/spi-builder-workspace/.swiftpm/xcode
builtin-create-build-directory /Users/admin/builder/spi-builder-workspace/.derivedData/Build/Intermediates.noindex/ExplicitPrecompiledModules
CreateBuildDirectory /Users/admin/builder/spi-builder-workspace/.derivedData/Build/Intermediates.noindex/EagerLinkingTBDs/Debug-appletvos
cd /Users/admin/builder/spi-builder-workspace/.swiftpm/xcode
builtin-create-build-directory /Users/admin/builder/spi-builder-workspace/.derivedData/Build/Intermediates.noindex/EagerLinkingTBDs/Debug-appletvos
CreateBuildDirectory /Users/admin/builder/spi-builder-workspace/.derivedData/Build/Products/Debug-appletvos
cd /Users/admin/builder/spi-builder-workspace/.swiftpm/xcode
builtin-create-build-directory /Users/admin/builder/spi-builder-workspace/.derivedData/Build/Products/Debug-appletvos
CreateBuildDirectory /Users/admin/builder/spi-builder-workspace/.derivedData/Build/Products/Debug-appletvos/PackageFrameworks
cd /Users/admin/builder/spi-builder-workspace/.swiftpm/xcode
builtin-create-build-directory /Users/admin/builder/spi-builder-workspace/.derivedData/Build/Products/Debug-appletvos/PackageFrameworks
WriteAuxiliaryFile /Users/admin/builder/spi-builder-workspace/.derivedData/Build/Intermediates.noindex/swift-speech-lanes.build/Debug-appletvos/SpeechLanes.build/SpeechLanes.DependencyMetadataFileList (in target 'SpeechLanes' from project 'swift-speech-lanes')
cd /Users/admin/builder/spi-builder-workspace
write-file /Users/admin/builder/spi-builder-workspace/.derivedData/Build/Intermediates.noindex/swift-speech-lanes.build/Debug-appletvos/SpeechLanes.build/SpeechLanes.DependencyMetadataFileList
WriteAuxiliaryFile /Users/admin/builder/spi-builder-workspace/.derivedData/Build/Intermediates.noindex/swift-speech-lanes.build/Debug-appletvos/SpeechLanes.build/SpeechLanes.DependencyStaticMetadataFileList (in target 'SpeechLanes' from project 'swift-speech-lanes')
cd /Users/admin/builder/spi-builder-workspace
write-file /Users/admin/builder/spi-builder-workspace/.derivedData/Build/Intermediates.noindex/swift-speech-lanes.build/Debug-appletvos/SpeechLanes.build/SpeechLanes.DependencyStaticMetadataFileList
WriteAuxiliaryFile /Users/admin/builder/spi-builder-workspace/.derivedData/Build/Intermediates.noindex/swift-speech-lanes.build/Debug-appletvos/SpeechLanes.build/SpeechLanes.modulemap (in target 'SpeechLanes' from project 'swift-speech-lanes')
cd /Users/admin/builder/spi-builder-workspace
write-file /Users/admin/builder/spi-builder-workspace/.derivedData/Build/Intermediates.noindex/swift-speech-lanes.build/Debug-appletvos/SpeechLanes.build/SpeechLanes.modulemap
WriteAuxiliaryFile /Users/admin/builder/spi-builder-workspace/.derivedData/Build/Intermediates.noindex/swift-speech-lanes.build/Debug-appletvos/SpeechLanes.build/Objects-normal/arm64/SpeechLanes_const_extract_protocols.json (in target 'SpeechLanes' from project 'swift-speech-lanes')
cd /Users/admin/builder/spi-builder-workspace
write-file /Users/admin/builder/spi-builder-workspace/.derivedData/Build/Intermediates.noindex/swift-speech-lanes.build/Debug-appletvos/SpeechLanes.build/Objects-normal/arm64/SpeechLanes_const_extract_protocols.json
WriteAuxiliaryFile /Users/admin/builder/spi-builder-workspace/.derivedData/Build/Intermediates.noindex/swift-speech-lanes.build/Debug-appletvos/SpeechLanes.build/Objects-normal/arm64/SpeechLanes-OutputFileMap.json (in target 'SpeechLanes' from project 'swift-speech-lanes')
cd /Users/admin/builder/spi-builder-workspace
write-file /Users/admin/builder/spi-builder-workspace/.derivedData/Build/Intermediates.noindex/swift-speech-lanes.build/Debug-appletvos/SpeechLanes.build/Objects-normal/arm64/SpeechLanes-OutputFileMap.json
WriteAuxiliaryFile /Users/admin/builder/spi-builder-workspace/.derivedData/Build/Intermediates.noindex/swift-speech-lanes.build/Debug-appletvos/SpeechLanes.build/Objects-normal/arm64/SpeechLanes.SwiftConstValuesFileList (in target 'SpeechLanes' from project 'swift-speech-lanes')
cd /Users/admin/builder/spi-builder-workspace
write-file /Users/admin/builder/spi-builder-workspace/.derivedData/Build/Intermediates.noindex/swift-speech-lanes.build/Debug-appletvos/SpeechLanes.build/Objects-normal/arm64/SpeechLanes.SwiftConstValuesFileList
WriteAuxiliaryFile /Users/admin/builder/spi-builder-workspace/.derivedData/Build/Intermediates.noindex/swift-speech-lanes.build/Debug-appletvos/SpeechLanes.build/Objects-normal/arm64/SpeechLanes.SwiftFileList (in target 'SpeechLanes' from project 'swift-speech-lanes')
cd /Users/admin/builder/spi-builder-workspace
write-file /Users/admin/builder/spi-builder-workspace/.derivedData/Build/Intermediates.noindex/swift-speech-lanes.build/Debug-appletvos/SpeechLanes.build/Objects-normal/arm64/SpeechLanes.SwiftFileList
WriteAuxiliaryFile /Users/admin/builder/spi-builder-workspace/.derivedData/Build/Intermediates.noindex/swift-speech-lanes.build/Debug-appletvos/SpeechLanes.build/Objects-normal/arm64/SpeechLanes.LinkFileList (in target 'SpeechLanes' from project 'swift-speech-lanes')
cd /Users/admin/builder/spi-builder-workspace
write-file /Users/admin/builder/spi-builder-workspace/.derivedData/Build/Intermediates.noindex/swift-speech-lanes.build/Debug-appletvos/SpeechLanes.build/Objects-normal/arm64/SpeechLanes.LinkFileList
Copy /Users/admin/builder/spi-builder-workspace/.derivedData/Build/Intermediates.noindex/GeneratedModuleMaps-appletvos/SpeechLanes.modulemap /Users/admin/builder/spi-builder-workspace/.derivedData/Build/Intermediates.noindex/swift-speech-lanes.build/Debug-appletvos/SpeechLanes.build/SpeechLanes.modulemap (in target 'SpeechLanes' from project 'swift-speech-lanes')
cd /Users/admin/builder/spi-builder-workspace
builtin-copy -exclude .DS_Store -exclude CVS -exclude .svn -exclude .git -exclude .hg -resolve-src-symlinks /Users/admin/builder/spi-builder-workspace/.derivedData/Build/Intermediates.noindex/swift-speech-lanes.build/Debug-appletvos/SpeechLanes.build/SpeechLanes.modulemap /Users/admin/builder/spi-builder-workspace/.derivedData/Build/Intermediates.noindex/GeneratedModuleMaps-appletvos
SwiftDriver SpeechLanes normal arm64 com.apple.xcode.tools.swift.compiler (in target 'SpeechLanes' from project 'swift-speech-lanes')
cd /Users/admin/builder/spi-builder-workspace/.swiftpm/xcode
builtin-SwiftDriver -- /Applications/Xcode-26.3.0.app/Contents/Developer/Toolchains/XcodeDefault.xctoolchain/usr/bin/swiftc -module-name SpeechLanes -Onone -enforce-exclusivity\=checked @/Users/admin/builder/spi-builder-workspace/.derivedData/Build/Intermediates.noindex/swift-speech-lanes.build/Debug-appletvos/SpeechLanes.build/Objects-normal/arm64/SpeechLanes.SwiftFileList -DSWIFT_PACKAGE -DDEBUG -DSWIFT_MODULE_RESOURCE_BUNDLE_UNAVAILABLE -DXcode -plugin-path /Applications/Xcode-26.3.0.app/Contents/Developer/Toolchains/XcodeDefault.xctoolchain/usr/lib/swift/host/plugins/testing -enable-experimental-feature DebugDescriptionMacro -sdk /Applications/Xcode-26.3.0.app/Contents/Developer/Platforms/AppleTVOS.platform/Developer/SDKs/AppleTVOS26.2.sdk -target arm64-apple-tvos26.0 -g -module-cache-path /Users/admin/builder/spi-builder-workspace/.derivedData/ModuleCache.noindex -Xfrontend -serialize-debugging-options -profile-coverage-mapping -profile-generate -enable-testing -index-store-path /Users/admin/builder/spi-builder-workspace/.derivedData/Index.noindex/DataStore -Xcc -D_LIBCPP_HARDENING_MODE\=_LIBCPP_HARDENING_MODE_DEBUG -swift-version 6 -I /Users/admin/builder/spi-builder-workspace/.derivedData/Build/Products/Debug-appletvos -Isystem /Applications/Xcode-26.3.0.app/Contents/Developer/Platforms/AppleTVOS.platform/Developer/usr/lib -F /Users/admin/builder/spi-builder-workspace/.derivedData/Build/Products/Debug-appletvos -F /Applications/Xcode-26.3.0.app/Contents/Developer/Platforms/AppleTVOS.platform/Developer/Library/Frameworks -F /Applications/Xcode-26.3.0.app/Contents/Developer/Platforms/AppleTVOS.platform/Developer/SDKs/AppleTVOS26.2.sdk/Developer/Library/Frameworks -c -j10 -enable-batch-mode -incremental -Xcc -ivfsstatcache -Xcc /Users/admin/builder/spi-builder-workspace/.derivedData/SDKStatCaches.noindex/appletvos26.2-23K50-dc75598d0054f22ec865fa860f139d72c1feacec85df2e04b9fa10f95e757c08.sdkstatcache -output-file-map /Users/admin/builder/spi-builder-workspace/.derivedData/Build/Intermediates.noindex/swift-speech-lanes.build/Debug-appletvos/SpeechLanes.build/Objects-normal/arm64/SpeechLanes-OutputFileMap.json -use-frontend-parseable-output -save-temps -no-color-diagnostics -explicit-module-build -module-cache-path /Users/admin/builder/spi-builder-workspace/.derivedData/Build/Intermediates.noindex/SwiftExplicitPrecompiledModules -clang-scanner-module-cache-path /Users/admin/builder/spi-builder-workspace/.derivedData/ModuleCache.noindex -sdk-module-cache-path /Users/admin/builder/spi-builder-workspace/.derivedData/ModuleCache.noindex -serialize-diagnostics -emit-dependencies -emit-module -emit-module-path /Users/admin/builder/spi-builder-workspace/.derivedData/Build/Intermediates.noindex/swift-speech-lanes.build/Debug-appletvos/SpeechLanes.build/Objects-normal/arm64/SpeechLanes.swiftmodule -validate-clang-modules-once -clang-build-session-file /Users/admin/builder/spi-builder-workspace/.derivedData/ModuleCache.noindex/Session.modulevalidation -package-name spi_builder_workspace -Xcc -I/Users/admin/builder/spi-builder-workspace/.derivedData/Build/Intermediates.noindex/swift-speech-lanes.build/Debug-appletvos/SpeechLanes.build/swift-overrides.hmap -emit-const-values -Xfrontend -const-gather-protocols-file -Xfrontend /Users/admin/builder/spi-builder-workspace/.derivedData/Build/Intermediates.noindex/swift-speech-lanes.build/Debug-appletvos/SpeechLanes.build/Objects-normal/arm64/SpeechLanes_const_extract_protocols.json -Xcc -I/Users/admin/builder/spi-builder-workspace/.derivedData/Build/Products/Debug-appletvos/include -Xcc -I/Users/admin/builder/spi-builder-workspace/.derivedData/Build/Intermediates.noindex/swift-speech-lanes.build/Debug-appletvos/SpeechLanes.build/DerivedSources-normal/arm64 -Xcc -I/Users/admin/builder/spi-builder-workspace/.derivedData/Build/Intermediates.noindex/swift-speech-lanes.build/Debug-appletvos/SpeechLanes.build/DerivedSources/arm64 -Xcc -I/Users/admin/builder/spi-builder-workspace/.derivedData/Build/Intermediates.noindex/swift-speech-lanes.build/Debug-appletvos/SpeechLanes.build/DerivedSources -Xcc -DSWIFT_PACKAGE -Xcc -DDEBUG\=1 -emit-objc-header -emit-objc-header-path /Users/admin/builder/spi-builder-workspace/.derivedData/Build/Intermediates.noindex/swift-speech-lanes.build/Debug-appletvos/SpeechLanes.build/Objects-normal/arm64/SpeechLanes-Swift.h -working-directory /Users/admin/builder/spi-builder-workspace/.swiftpm/xcode -experimental-emit-module-separately -disable-cmo
/Users/admin/builder/spi-builder-workspace/Sources/SpeechLanes/Lanes/AssetProvisioner.swift:2:8: error: Unable to find module dependency: 'Speech'
import Speech
^ (in target 'SpeechLanes' from project 'swift-speech-lanes')
/Users/admin/builder/spi-builder-workspace/Sources/SpeechLanes/Lanes/AssetProvisioner.swift:2:8: note: A dependency of main module 'SpeechLanes'
import Speech
^ (in target 'SpeechLanes' from project 'swift-speech-lanes')
/Users/admin/builder/spi-builder-workspace/Sources/SpeechLanes/Lanes/AssetReservationGate.swift:2:8: note: Also imported here
import Speech
^ (in target 'SpeechLanes' from project 'swift-speech-lanes')
/Users/admin/builder/spi-builder-workspace/Sources/SpeechLanes/Lanes/LaneExecutor.swift:3:8: note: Also imported here
import Speech
^ (in target 'SpeechLanes' from project 'swift-speech-lanes')
/Users/admin/builder/spi-builder-workspace/Sources/SpeechLanes/Lanes/LaneResolver.swift:2:8: note: Also imported here
import Speech
^ (in target 'SpeechLanes' from project 'swift-speech-lanes')
/Users/admin/builder/spi-builder-workspace/Sources/SpeechLanes/Transcriber/SpeechLaneTranscriber.swift:3:8: note: Also imported here
import Speech
^ (in target 'SpeechLanes' from project 'swift-speech-lanes')
2026-07-22 14:03:15.669 xcodebuild[905:5529] [MT] IDERunDestination: Supported platforms for the buildables in the current scheme is empty.
/Users/admin/builder/spi-builder-workspace/Sources/SpeechLanes/Lanes/AssetProvisioner.swift:2:8: error: Unable to find module dependency: 'Speech'
import Speech
^
/Users/admin/builder/spi-builder-workspace/Sources/SpeechLanes/Lanes/AssetProvisioner.swift:2:8: note: a dependency of main module 'SpeechLanes'
import Speech
^
/Users/admin/builder/spi-builder-workspace/Sources/SpeechLanes/Lanes/AssetReservationGate.swift:2:8: note: also imported here
import Speech
^
/Users/admin/builder/spi-builder-workspace/Sources/SpeechLanes/Lanes/LaneExecutor.swift:3:8: note: also imported here
import Speech
^
/Users/admin/builder/spi-builder-workspace/Sources/SpeechLanes/Lanes/LaneResolver.swift:2:8: note: also imported here
import Speech
^
/Users/admin/builder/spi-builder-workspace/Sources/SpeechLanes/Transcriber/SpeechLaneTranscriber.swift:3:8: note: also imported here
import Speech
^
** BUILD FAILED **
The following build commands failed:
SwiftDriver SpeechLanes normal arm64 com.apple.xcode.tools.swift.compiler (in target 'SpeechLanes' from project 'swift-speech-lanes')
Building workspace spi-builder-workspace with scheme swift-speech-lanes
(2 failures)
Command line invocation:
/Applications/Xcode-26.3.0.app/Contents/Developer/usr/bin/xcodebuild -IDEClonedSourcePackagesDirPathOverride=/Users/admin/builder/spi-builder-workspace/.dependencies -resolvePackageDependencies
Resolve Package Graph
Resolved source packages:
swift-speech-lanes: /Users/admin/builder/spi-builder-workspace
SymbolKit: https://github.com/swiftlang/swift-docc-symbolkit @ 1.0.0
SwiftDocCPlugin: https://github.com/swiftlang/swift-docc-plugin @ 1.5.0
resolved source packages: swift-speech-lanes, SymbolKit, SwiftDocCPlugin
2026-07-22 14:03:30.939 xcodebuild[1049:6482] [MT] IDERunDestination: Supported platforms for the buildables in the current scheme is empty.
{
"dependencies" : [
{
"identity" : "swift-docc-plugin",
"requirement" : {
"range" : [
{
"lower_bound" : "1.1.0",
"upper_bound" : "2.0.0"
}
]
},
"type" : "sourceControl",
"url" : "https://github.com/swiftlang/swift-docc-plugin"
}
],
"manifest_display_name" : "swift-speech-lanes",
"name" : "swift-speech-lanes",
"path" : "/Users/admin/builder/spi-builder-workspace",
"platforms" : [
{
"name" : "ios",
"version" : "26.0"
},
{
"name" : "macos",
"version" : "26.0"
},
{
"name" : "visionos",
"version" : "26.0"
}
],
"products" : [
{
"name" : "SpeechLanes",
"targets" : [
"SpeechLanes"
],
"type" : {
"library" : [
"automatic"
]
}
}
],
"targets" : [
{
"c99name" : "SpeechLanesTests",
"module_type" : "SwiftTarget",
"name" : "SpeechLanesTests",
"path" : "Tests/SpeechLanesTests",
"resources" : [
{
"path" : "/Users/admin/builder/spi-builder-workspace/Tests/SpeechLanesTests/Fixtures",
"rule" : {
"copy" : {
}
}
}
],
"sources" : [
"AssetReservationGateTests.swift",
"ConfigurationTests.swift",
"EarlyAcceptTests.swift",
"LaneArbiterTests.swift",
"LaneAssignmentTests.swift",
"LiveTranscriptionTests.swift",
"LocaleResolutionTests.swift",
"OggOpusDecodeTests.swift",
"SettlementTests.swift",
"TestHelpers.swift"
],
"target_dependencies" : [
"SpeechLanes"
],
"type" : "test"
},
{
"c99name" : "SpeechLanes",
"module_type" : "SwiftTarget",
"name" : "SpeechLanes",
"path" : "Sources/SpeechLanes",
"product_memberships" : [
"SpeechLanes"
],
"sources" : [
"Extensions/Locale+BCP47.swift",
"Lanes/AssetProvisioner.swift",
"Lanes/AssetReservationGate.swift",
"Lanes/DurationGuard.swift",
"Lanes/Lane.swift",
"Lanes/LaneArbiter.swift",
"Lanes/LaneExecutor.swift",
"Lanes/LaneResolver.swift",
"Model/Configuration.swift",
"Model/ScoredTranscript.swift",
"Model/TranscriberEngine.swift",
"Model/TranscriptionError.swift",
"Model/TranscriptionResult.swift",
"Transcriber/SpeechLaneTranscriber.swift",
"Transcriber/SpeechTranscribing.swift"
],
"type" : "library"
}
],
"tools_version" : "6.2"
}
{
"workspace" : {
"name" : "spi-builder-workspace",
"schemes" : [
"swift-speech-lanes"
]
}
}
2026-07-22 14:03:37.204 xcodebuild[1113:6894] [MT] IDERunDestination: Supported platforms for the buildables in the current scheme is empty.
Running build ...
env DEVELOPER_DIR=/Applications/Xcode-26.3.0.app xcrun xcodebuild -IDEClonedSourcePackagesDirPathOverride=$PWD/.dependencies -skipMacroValidation -skipPackagePluginValidation -derivedDataPath $PWD/.derivedData build -scheme swift-speech-lanes -destination generic/platform=tvOS
Command line invocation:
/Applications/Xcode-26.3.0.app/Contents/Developer/usr/bin/xcodebuild -IDEClonedSourcePackagesDirPathOverride=/Users/admin/builder/spi-builder-workspace/.dependencies -skipMacroValidation -skipPackagePluginValidation -derivedDataPath /Users/admin/builder/spi-builder-workspace/.derivedData build -scheme swift-speech-lanes -destination generic/platform=tvOS
Resolve Package Graph
Resolved source packages:
swift-speech-lanes: /Users/admin/builder/spi-builder-workspace
SwiftDocCPlugin: https://github.com/swiftlang/swift-docc-plugin @ 1.5.0
SymbolKit: https://github.com/swiftlang/swift-docc-symbolkit @ 1.0.0
ComputePackagePrebuildTargetDependencyGraph
Prepare packages
CreateBuildRequest
SendProjectDescription
CreateBuildOperation
ComputeTargetDependencyGraph
note: Building targets in dependency order
note: Target dependency graph (2 targets)
Target 'SpeechLanes' in project 'swift-speech-lanes'
➜ Explicit dependency on target 'SpeechLanes' in project 'swift-speech-lanes'
Target 'SpeechLanes' in project 'swift-speech-lanes' (no dependencies)
GatherProvisioningInputs
CreateBuildDescription
ClangStatCache /Applications/Xcode-26.3.0.app/Contents/Developer/Toolchains/XcodeDefault.xctoolchain/usr/bin/clang-stat-cache /Applications/Xcode-26.3.0.app/Contents/Developer/Platforms/AppleTVOS.platform/Developer/SDKs/AppleTVOS26.2.sdk /Users/admin/builder/spi-builder-workspace/.derivedData/SDKStatCaches.noindex/appletvos26.2-23K50-dc75598d0054f22ec865fa860f139d72c1feacec85df2e04b9fa10f95e757c08.sdkstatcache
cd /Users/admin/builder/spi-builder-workspace/.swiftpm/xcode
/Applications/Xcode-26.3.0.app/Contents/Developer/Toolchains/XcodeDefault.xctoolchain/usr/bin/clang-stat-cache /Applications/Xcode-26.3.0.app/Contents/Developer/Platforms/AppleTVOS.platform/Developer/SDKs/AppleTVOS26.2.sdk -o /Users/admin/builder/spi-builder-workspace/.derivedData/SDKStatCaches.noindex/appletvos26.2-23K50-dc75598d0054f22ec865fa860f139d72c1feacec85df2e04b9fa10f95e757c08.sdkstatcache
SwiftDriver SpeechLanes normal arm64 com.apple.xcode.tools.swift.compiler (in target 'SpeechLanes' from project 'swift-speech-lanes')
cd /Users/admin/builder/spi-builder-workspace/.swiftpm/xcode
builtin-SwiftDriver -- /Applications/Xcode-26.3.0.app/Contents/Developer/Toolchains/XcodeDefault.xctoolchain/usr/bin/swiftc -module-name SpeechLanes -Onone -enforce-exclusivity\=checked @/Users/admin/builder/spi-builder-workspace/.derivedData/Build/Intermediates.noindex/swift-speech-lanes.build/Debug-appletvos/SpeechLanes.build/Objects-normal/arm64/SpeechLanes.SwiftFileList -DSWIFT_PACKAGE -DDEBUG -DSWIFT_MODULE_RESOURCE_BUNDLE_UNAVAILABLE -DXcode -plugin-path /Applications/Xcode-26.3.0.app/Contents/Developer/Toolchains/XcodeDefault.xctoolchain/usr/lib/swift/host/plugins/testing -enable-experimental-feature DebugDescriptionMacro -sdk /Applications/Xcode-26.3.0.app/Contents/Developer/Platforms/AppleTVOS.platform/Developer/SDKs/AppleTVOS26.2.sdk -target arm64-apple-tvos26.0 -g -module-cache-path /Users/admin/builder/spi-builder-workspace/.derivedData/ModuleCache.noindex -Xfrontend -serialize-debugging-options -profile-coverage-mapping -profile-generate -enable-testing -index-store-path /Users/admin/builder/spi-builder-workspace/.derivedData/Index.noindex/DataStore -Xcc -D_LIBCPP_HARDENING_MODE\=_LIBCPP_HARDENING_MODE_DEBUG -swift-version 6 -I /Users/admin/builder/spi-builder-workspace/.derivedData/Build/Products/Debug-appletvos -Isystem /Applications/Xcode-26.3.0.app/Contents/Developer/Platforms/AppleTVOS.platform/Developer/usr/lib -F /Users/admin/builder/spi-builder-workspace/.derivedData/Build/Products/Debug-appletvos -F /Applications/Xcode-26.3.0.app/Contents/Developer/Platforms/AppleTVOS.platform/Developer/Library/Frameworks -F /Applications/Xcode-26.3.0.app/Contents/Developer/Platforms/AppleTVOS.platform/Developer/SDKs/AppleTVOS26.2.sdk/Developer/Library/Frameworks -c -j10 -enable-batch-mode -incremental -Xcc -ivfsstatcache -Xcc /Users/admin/builder/spi-builder-workspace/.derivedData/SDKStatCaches.noindex/appletvos26.2-23K50-dc75598d0054f22ec865fa860f139d72c1feacec85df2e04b9fa10f95e757c08.sdkstatcache -output-file-map /Users/admin/builder/spi-builder-workspace/.derivedData/Build/Intermediates.noindex/swift-speech-lanes.build/Debug-appletvos/SpeechLanes.build/Objects-normal/arm64/SpeechLanes-OutputFileMap.json -use-frontend-parseable-output -save-temps -no-color-diagnostics -explicit-module-build -module-cache-path /Users/admin/builder/spi-builder-workspace/.derivedData/Build/Intermediates.noindex/SwiftExplicitPrecompiledModules -clang-scanner-module-cache-path /Users/admin/builder/spi-builder-workspace/.derivedData/ModuleCache.noindex -sdk-module-cache-path /Users/admin/builder/spi-builder-workspace/.derivedData/ModuleCache.noindex -serialize-diagnostics -emit-dependencies -emit-module -emit-module-path /Users/admin/builder/spi-builder-workspace/.derivedData/Build/Intermediates.noindex/swift-speech-lanes.build/Debug-appletvos/SpeechLanes.build/Objects-normal/arm64/SpeechLanes.swiftmodule -validate-clang-modules-once -clang-build-session-file /Users/admin/builder/spi-builder-workspace/.derivedData/ModuleCache.noindex/Session.modulevalidation -package-name spi_builder_workspace -Xcc -I/Users/admin/builder/spi-builder-workspace/.derivedData/Build/Intermediates.noindex/swift-speech-lanes.build/Debug-appletvos/SpeechLanes.build/swift-overrides.hmap -emit-const-values -Xfrontend -const-gather-protocols-file -Xfrontend /Users/admin/builder/spi-builder-workspace/.derivedData/Build/Intermediates.noindex/swift-speech-lanes.build/Debug-appletvos/SpeechLanes.build/Objects-normal/arm64/SpeechLanes_const_extract_protocols.json -Xcc -I/Users/admin/builder/spi-builder-workspace/.derivedData/Build/Products/Debug-appletvos/include -Xcc -I/Users/admin/builder/spi-builder-workspace/.derivedData/Build/Intermediates.noindex/swift-speech-lanes.build/Debug-appletvos/SpeechLanes.build/DerivedSources-normal/arm64 -Xcc -I/Users/admin/builder/spi-builder-workspace/.derivedData/Build/Intermediates.noindex/swift-speech-lanes.build/Debug-appletvos/SpeechLanes.build/DerivedSources/arm64 -Xcc -I/Users/admin/builder/spi-builder-workspace/.derivedData/Build/Intermediates.noindex/swift-speech-lanes.build/Debug-appletvos/SpeechLanes.build/DerivedSources -Xcc -DSWIFT_PACKAGE -Xcc -DDEBUG\=1 -emit-objc-header -emit-objc-header-path /Users/admin/builder/spi-builder-workspace/.derivedData/Build/Intermediates.noindex/swift-speech-lanes.build/Debug-appletvos/SpeechLanes.build/Objects-normal/arm64/SpeechLanes-Swift.h -working-directory /Users/admin/builder/spi-builder-workspace/.swiftpm/xcode -experimental-emit-module-separately -disable-cmo
/Users/admin/builder/spi-builder-workspace/Sources/SpeechLanes/Lanes/AssetProvisioner.swift:2:8: error: Unable to find module dependency: 'Speech'
import Speech
^ (in target 'SpeechLanes' from project 'swift-speech-lanes')
/Users/admin/builder/spi-builder-workspace/Sources/SpeechLanes/Lanes/AssetProvisioner.swift:2:8: note: A dependency of main module 'SpeechLanes'
import Speech
^ (in target 'SpeechLanes' from project 'swift-speech-lanes')
/Users/admin/builder/spi-builder-workspace/Sources/SpeechLanes/Lanes/AssetReservationGate.swift:2:8: note: Also imported here
import Speech
^ (in target 'SpeechLanes' from project 'swift-speech-lanes')
/Users/admin/builder/spi-builder-workspace/Sources/SpeechLanes/Lanes/LaneExecutor.swift:3:8: note: Also imported here
import Speech
^ (in target 'SpeechLanes' from project 'swift-speech-lanes')
/Users/admin/builder/spi-builder-workspace/Sources/SpeechLanes/Lanes/LaneResolver.swift:2:8: note: Also imported here
import Speech
^ (in target 'SpeechLanes' from project 'swift-speech-lanes')
/Users/admin/builder/spi-builder-workspace/Sources/SpeechLanes/Transcriber/SpeechLaneTranscriber.swift:3:8: note: Also imported here
import Speech
^ (in target 'SpeechLanes' from project 'swift-speech-lanes')
2026-07-22 14:03:43.246 xcodebuild[1171:7268] [MT] IDERunDestination: Supported platforms for the buildables in the current scheme is empty.
/Users/admin/builder/spi-builder-workspace/Sources/SpeechLanes/Lanes/AssetProvisioner.swift:2:8: error: Unable to find module dependency: 'Speech'
import Speech
^
/Users/admin/builder/spi-builder-workspace/Sources/SpeechLanes/Lanes/AssetProvisioner.swift:2:8: note: a dependency of main module 'SpeechLanes'
import Speech
^
/Users/admin/builder/spi-builder-workspace/Sources/SpeechLanes/Lanes/AssetReservationGate.swift:2:8: note: also imported here
import Speech
^
/Users/admin/builder/spi-builder-workspace/Sources/SpeechLanes/Lanes/LaneExecutor.swift:3:8: note: also imported here
import Speech
^
/Users/admin/builder/spi-builder-workspace/Sources/SpeechLanes/Lanes/LaneResolver.swift:2:8: note: also imported here
import Speech
^
/Users/admin/builder/spi-builder-workspace/Sources/SpeechLanes/Transcriber/SpeechLaneTranscriber.swift:3:8: note: also imported here
import Speech
^
** BUILD FAILED **
The following build commands failed:
SwiftDriver SpeechLanes normal arm64 com.apple.xcode.tools.swift.compiler (in target 'SpeechLanes' from project 'swift-speech-lanes')
Building workspace spi-builder-workspace with scheme swift-speech-lanes
(2 failures)
BUILD FAILURE 6.2 tvOS