The Swift Package Index logo.Swift Package Index

Build Information

Failed to build Facebook, reference v18.1.1 (80d0ee), with Swift 6.3 for Linux on 28 Aug 2026 06:20:55 UTC.

Build Command

bash -c docker run --pull=always --rm -v "checkouts-54344843-0":/host -w "$PWD" -e JAVA_HOME="/root/.sdkman/candidates/java/current" -e SPI_BUILD="1" -e SPI_PROCESSING="1" registry.gitlab.com/saguaro1/spi-images:basic-6.3-latest swift build --triple x86_64-unknown-linux-gnu 2>&1

Build Log

========================================
RunAll
========================================
Builder version: 5.0.2
Interrupt handler set up.
========================================
Checkout
========================================
Clone URL: https://github.com/facebook/facebook-ios-sdk.git
Reference: v18.1.1
Initialized empty Git repository in /host/spi-builder-workspace/.git/
hint: Using 'master' as the name for the initial branch. This default branch name
hint: is subject to change. To configure the initial branch name to use in all
hint: of your new repositories, which will suppress this warning, call:
hint:
hint: 	git config --global init.defaultBranch <name>
hint:
hint: Names commonly chosen instead of 'master' are 'main', 'trunk' and
hint: 'development'. The just-created branch can be renamed via this command:
hint:
hint: 	git branch -m <name>
From https://github.com/facebook/facebook-ios-sdk
 * tag               v18.1.1    -> FETCH_HEAD
HEAD is now at 80d0ee8 Update podspec and Package.swift for v18.1.1
Cloned https://github.com/facebook/facebook-ios-sdk.git
Revision (git rev-parse @):
80d0ee82f6370d1bace1431a80cb80575f98ee90
SUCCESS checkout https://github.com/facebook/facebook-ios-sdk.git at v18.1.1
========================================
Build
========================================
Selected platform:         linux
Swift version:             6.3
Building package at path:  $PWD
https://github.com/facebook/facebook-ios-sdk.git
Running build ...
bash -c docker run --pull=always --rm -v "checkouts-54344843-0":/host -w "$PWD" -e JAVA_HOME="/root/.sdkman/candidates/java/current" -e SPI_BUILD="1" -e SPI_PROCESSING="1" registry.gitlab.com/saguaro1/spi-images:basic-6.3-latest swift build --triple x86_64-unknown-linux-gnu 2>&1
basic-6.3-latest: Pulling from saguaro1/spi-images
Digest: sha256:b82c9ac2aaad9c671b7a7653c8e6eeaf006cac60f6a8910901b9357c067e0892
Status: Image is up to date for registry.gitlab.com/saguaro1/spi-images:basic-6.3-latest
Downloading binary artifact https://github.com/facebook/facebook-ios-sdk/releases/download/v18.1.1/FBSDKCoreKit_Basics-Dynamic_XCFramework.zip
Downloading binary artifact https://github.com/facebook/facebook-ios-sdk/releases/download/v18.1.1/FBAEMKit-Dynamic_XCFramework.zip
Downloading binary artifact https://github.com/facebook/facebook-ios-sdk/releases/download/v18.1.1/FBSDKCoreKit-Dynamic_XCFramework.zip
Downloading binary artifact https://github.com/facebook/facebook-ios-sdk/releases/download/v18.1.1/FBSDKLoginKit-Dynamic_XCFramework.zip
Downloading binary artifact https://github.com/facebook/facebook-ios-sdk/releases/download/v18.1.1/FBSDKGamingServicesKit-Dynamic_XCFramework.zip
Downloading binary artifact https://github.com/facebook/facebook-ios-sdk/releases/download/v18.1.1/FBSDKShareKit-Dynamic_XCFramework.zip
[1369/9917707] Downloading https://github.com/facebook/facebook-ios-sdk/releases/download/v18.1.1/FBSDKGamingServicesKit-Dynamic_XCFramework.zip
[13650/36472000] Downloading https://github.com/facebook/facebook-ios-sdk/releases/download/v18.1.1/FBSDKGamingServicesKit-Dynamic_XCFramework.zip, https://github.com/facebook/facebook-ios-sdk/releases/download/v18.1.1/FBSDKCoreKit-Dynamic_XCFramework.zip
[35201/47313455] Downloading https://github.com/facebook/facebook-ios-sdk/releases/download/v18.1.1/FBSDKGamingServicesKit-Dynamic_XCFramework.zip, https://github.com/facebook/facebook-ios-sdk/releases/download/v18.1.1/FBSDKCoreKit-Dynamic_XCFramework.zip, https://github.com/facebook/facebook-ios-sdk/releases/download/v18.1.1/FBSDKLoginKit-Dynamic_XCFramework.zip
[40480/48120207] Downloading https://github.com/facebook/facebook-ios-sdk/releases/download/v18.1.1/FBSDKGamingServicesKit-Dynamic_XCFramework.zip, https://github.com/facebook/facebook-ios-sdk/releases/download/v18.1.1/FBSDKCoreKit-Dynamic_XCFramework.zip, https://github.com/facebook/facebook-ios-sdk/releases/download/v18.1.1/FBSDKLoginKit-Dynamic_XCFramework.zip, https://github.com/facebook/facebook-ios-sdk/releases/download/v18.1.1/FBSDKCoreKit_Basics-Dynamic_XCFramework.zip
[240599/51765101] Downloading https://github.com/facebook/facebook-ios-sdk/releases/download/v18.1.1/FBSDKGamingServicesKit-Dynamic_XCFramework.zip, https://github.com/facebook/facebook-ios-sdk/releases/download/v18.1.1/FBSDKCoreKit-Dynamic_XCFramework.zip, https://github.com/facebook/facebook-ios-sdk/releases/download/v18.1.1/FBSDKLoginKit-Dynamic_XCFramework.zip, https://github.com/facebook/facebook-ios-sdk/releases/download/v18.1.1/FBSDKCoreKit_Basics-Dynamic_XCFramework.zip, https://github.com/facebook/facebook-ios-sdk/releases/download/v18.1.1/FBAEMKit-Dynamic_XCFramework.zip
[605251/59428515] Downloading https://github.com/facebook/facebook-ios-sdk/releases/download/v18.1.1/FBSDKGamingServicesKit-Dynamic_XCFramework.zip, https://github.com/facebook/facebook-ios-sdk/releases/download/v18.1.1/FBSDKCoreKit-Dynamic_XCFramework.zip, https://github.com/facebook/facebook-ios-sdk/releases/download/v18.1.1/FBSDKLoginKit-Dynamic_XCFramework.zip, https://github.com/facebook/facebook-ios-sdk/releases/download/v18.1.1/FBSDKCoreKit_Basics-Dynamic_XCFramework.zip, https://github.com/facebook/facebook-ios-sdk/releases/download/v18.1.1/FBAEMKit-Dynamic_XCFramework.zip, https://github.com/facebook/facebook-ios-sdk/releases/download/v18.1.1/FBSDKShareKit-Dynamic_XCFramework.zip
Downloaded https://github.com/facebook/facebook-ios-sdk/releases/download/v18.1.1/FBSDKCoreKit_Basics-Dynamic_XCFramework.zip (0.73s)
[10033602/58621763] Downloading https://github.com/facebook/facebook-ios-sdk/releases/download/v18.1.1/FBSDKGamingServicesKit-Dynamic_XCFramework.zip, https://github.com/facebook/facebook-ios-sdk/releases/download/v18.1.1/FBSDKCoreKit-Dynamic_XCFramework.zip, https://github.com/facebook/facebook-ios-sdk/releases/download/v18.1.1/FBSDKLoginKit-Dynamic_XCFramework.zip, https://github.com/facebook/facebook-ios-sdk/releases/download/v18.1.1/FBAEMKit-Dynamic_XCFramework.zip, https://github.com/facebook/facebook-ios-sdk/releases/download/v18.1.1/FBSDKShareKit-Dynamic_XCFramework.zip
Downloaded https://github.com/facebook/facebook-ios-sdk/releases/download/v18.1.1/FBAEMKit-Dynamic_XCFramework.zip (1.04s)
[49162174/54976869] Downloading https://github.com/facebook/facebook-ios-sdk/releases/download/v18.1.1/FBSDKGamingServicesKit-Dynamic_XCFramework.zip, https://github.com/facebook/facebook-ios-sdk/releases/download/v18.1.1/FBSDKCoreKit-Dynamic_XCFramework.zip, https://github.com/facebook/facebook-ios-sdk/releases/download/v18.1.1/FBSDKLoginKit-Dynamic_XCFramework.zip, https://github.com/facebook/facebook-ios-sdk/releases/download/v18.1.1/FBSDKShareKit-Dynamic_XCFramework.zip
Downloaded https://github.com/facebook/facebook-ios-sdk/releases/download/v18.1.1/FBSDKShareKit-Dynamic_XCFramework.zip (1.38s)
Downloaded https://github.com/facebook/facebook-ios-sdk/releases/download/v18.1.1/FBSDKGamingServicesKit-Dynamic_XCFramework.zip (1.50s)
Downloaded https://github.com/facebook/facebook-ios-sdk/releases/download/v18.1.1/FBSDKLoginKit-Dynamic_XCFramework.zip (1.54s)
Downloaded https://github.com/facebook/facebook-ios-sdk/releases/download/v18.1.1/FBSDKCoreKit-Dynamic_XCFramework.zip (2.59s)
Building for debugging...
[0/12] Copying PrivacyInfo.xcprivacy
[5/12] Write sources
[11/12] Write swift-version-24593BA9C3E375BF.txt
[13/18] Compiling FacebookAEM resource_bundle_accessor.swift
[14/18] Emitting module FacebookAEM
[15/18] Compiling FacebookAEM Exports.swift
[17/23] Compiling FacebookCore resource_bundle_accessor.swift
/host/spi-builder-workspace/Sources/FacebookCore/Imports.swift:9:8: error: no such module 'Accelerate'
 7 |  */
 8 |
 9 | import Accelerate
   |        `- error: no such module 'Accelerate'
10 |
error: emit-module command failed with exit code 1 (use -v to see invocation)
[18/23] Emitting module FacebookCore
/host/spi-builder-workspace/Sources/FacebookCore/Imports.swift:9:8: error: no such module 'Accelerate'
 7 |  */
 8 |
 9 | import Accelerate
   |        `- error: no such module 'Accelerate'
10 |
[19/23] Compiling FacebookCore Imports.swift
/host/spi-builder-workspace/Sources/FacebookCore/Imports.swift:9:8: error: no such module 'Accelerate'
 7 |  */
 8 |
 9 | import Accelerate
   |        `- error: no such module 'Accelerate'
10 |
[20/23] Compiling FacebookCore Exports.swift
/host/spi-builder-workspace/Sources/FacebookCore/Imports.swift:9:8: error: no such module 'Accelerate'
 7 |  */
 8 |
 9 | import Accelerate
   |        `- error: no such module 'Accelerate'
10 |
[21/23] Emitting module FacebookBasics
[22/23] Compiling FacebookBasics Exports.swift
BUILD FAILURE 6.3 linux