The Swift Package Index logo.Swift Package Index

Build Information

Failed to build SACV, reference main (f8dff1), with Swift 6.4 for tvOS using Xcode 27.0 on 20 Sep 2026 16:51:04 UTC.

Build Command

env DEVELOPER_DIR=/Applications/Xcode-27.0.0-Release.Candidate.app xcrun xcodebuild -IDEClonedSourcePackagesDirPathOverride=$PWD/.dependencies -skipMacroValidation -skipPackagePluginValidation -derivedDataPath $PWD/.derivedData build -scheme SACV -destination generic/platform=tvOS

Build Log

========================================
RunAll
========================================
Builder version: 5.1.0
Interrupt handler set up.
========================================
Checkout
========================================
Clone URL: https://github.com/mash3l777/SACView.git
Reference: main
Initialized empty Git repository in /Users/admin/builder/spi-builder-workspace/.git/
From https://github.com/mash3l777/SACView
 * branch            main       -> FETCH_HEAD
 * [new branch]      main       -> origin/main
HEAD is now at f8dff14 Update README.md
Cloned https://github.com/mash3l777/SACView.git
Revision (git rev-parse @):
f8dff14f8fd45754b25e99347d28049f41c9310b
SUCCESS checkout https://github.com/mash3l777/SACView.git at main
========================================
Build
========================================
Selected platform:         tvOS
Swift version:             6.4
Building package at path:  $PWD
https://github.com/mash3l777/SACView.git
Command line invocation:
    /Applications/Xcode-27.0.0-Release.Candidate.app/Contents/Developer/usr/bin/xcodebuild -IDEClonedSourcePackagesDirPathOverride=/Users/admin/builder/spi-builder-workspace/.dependencies -resolvePackageDependencies
Resolve Package Graph
Resolve Package Graph
Resolved source packages:
  SACV: /Users/admin/builder/spi-builder-workspace
resolved source packages: SACV
2026-09-20 12:50:15.511 xcodebuild[529:3033] [MT] IDERunDestination: Supported platforms for the buildables in the current scheme is empty.
{
  "dependencies" : [
  ],
  "manifest_display_name" : "SACV",
  "name" : "SACV",
  "path" : "/Users/admin/builder/spi-builder-workspace",
  "platforms" : [
    {
      "name" : "ios",
      "version" : "13.0"
    }
  ],
  "products" : [
    {
      "name" : "SACV",
      "targets" : [
        "SACV"
      ],
      "type" : {
        "library" : [
          "automatic"
        ]
      }
    }
  ],
  "targets" : [
    {
      "c99name" : "SACVTests",
      "module_type" : "SwiftTarget",
      "name" : "SACVTests",
      "path" : "Tests/SACVTests",
      "sources" : [
        "SACVTests.swift",
        "XCTestManifests.swift"
      ],
      "target_dependencies" : [
        "SACV"
      ],
      "type" : "test"
    },
    {
      "c99name" : "SACV",
      "module_type" : "SwiftTarget",
      "name" : "SACV",
      "path" : "Sources/SACV",
      "product_memberships" : [
        "SACV"
      ],
      "resources" : [
        {
          "path" : "/Users/admin/builder/spi-builder-workspace/Sources/SACV/Resources/SACVCell.xib",
          "rule" : {
            "process" : {
            }
          }
        },
        {
          "path" : "/Users/admin/builder/spi-builder-workspace/Sources/SACV/Resources/SACVView.xib",
          "rule" : {
            "process" : {
            }
          }
        }
      ],
      "sources" : [
        "DataSource.swift",
        "Delegate.swift",
        "DragDelegate.swift",
        "PredefindSentence.swift",
        "SACVCell.swift",
        "SACVView.swift"
      ],
      "type" : "library"
    }
  ],
  "tools_version" : "5.3"
}
{
  "workspace" : {
    "name" : "SACV",
    "schemes" : [
      "SACV"
    ]
  }
}
2026-09-20 12:50:56.485 xcodebuild[647:4156] [MT] IDERunDestination: Supported platforms for the buildables in the current scheme is empty.
Running build ...
env DEVELOPER_DIR=/Applications/Xcode-27.0.0-Release.Candidate.app xcrun xcodebuild -IDEClonedSourcePackagesDirPathOverride=$PWD/.dependencies -skipMacroValidation -skipPackagePluginValidation -derivedDataPath $PWD/.derivedData build -scheme SACV -destination generic/platform=tvOS
Command line invocation:
    /Applications/Xcode-27.0.0-Release.Candidate.app/Contents/Developer/usr/bin/xcodebuild -IDEClonedSourcePackagesDirPathOverride=/Users/admin/builder/spi-builder-workspace/.dependencies -skipMacroValidation -skipPackagePluginValidation -derivedDataPath /Users/admin/builder/spi-builder-workspace/.derivedData build -scheme SACV -destination generic/platform=tvOS
Resolve Package Graph
Resolved source packages:
  SACV: /Users/admin/builder/spi-builder-workspace
ComputePackagePrebuildTargetDependencyGraph
Prepare packages
CreateBuildRequest
SendProjectDescription
CreateBuildOperation
ComputeTargetDependencyGraph
note: Building targets in dependency order
note: Target dependency graph (3 targets)
    Target 'SACV-product' in project 'SACV'
        ➜ Explicit dependency on target 'SACV' in project 'SACV'
        ➜ Explicit dependency on target 'SACV_SACV' in project 'SACV'
    Target 'SACV' in project 'SACV'
        ➜ Explicit dependency on target 'SACV_SACV' in project 'SACV'
    Target 'SACV_SACV' in project 'SACV' (no dependencies)
GatherProvisioningInputs
CreateBuildDescription
ExecuteExternalTool /Applications/Xcode-27.0.0-Release.Candidate.app/Contents/Developer/Toolchains/XcodeDefault.xctoolchain/usr/bin/clang -v -E -dM -isysroot /Applications/Xcode-27.0.0-Release.Candidate.app/Contents/Developer/Platforms/AppleTVOS.platform/Developer/SDKs/AppleTVOS27.0.sdk -x c -c /dev/null
ExecuteExternalTool /Applications/Xcode-27.0.0-Release.Candidate.app/Contents/Developer/usr/bin/ibtool --version --output-format xml1
ExecuteExternalTool /Applications/Xcode-27.0.0-Release.Candidate.app/Contents/Developer/Toolchains/XcodeDefault.xctoolchain/usr/bin/swiftc --version
ExecuteExternalTool /Applications/Xcode-27.0.0-Release.Candidate.app/Contents/Developer/Toolchains/XcodeDefault.xctoolchain/usr/bin/ld -version_details
Build description signature: 46ff78c7c40d18f4ddbcecb7a51a6bf8
Build description path: /Users/admin/builder/spi-builder-workspace/.derivedData/Build/Intermediates.noindex/XCBuildData/46ff78c7c40d18f4ddbcecb7a51a6bf8.xcbuilddata
CreateBuildDirectory /Users/admin/builder/spi-builder-workspace/.derivedData/CompilationCache.noindex
    cd /Users/admin/builder/spi-builder-workspace/.swiftpm/xcode
    builtin-create-build-directory /Users/admin/builder/spi-builder-workspace/.derivedData/CompilationCache.noindex
CreateBuildDirectory /Users/admin/builder/spi-builder-workspace/.derivedData/SDKExplicitPrecompiledModules
    cd /Users/admin/builder/spi-builder-workspace/.swiftpm/xcode
    builtin-create-build-directory /Users/admin/builder/spi-builder-workspace/.derivedData/SDKExplicitPrecompiledModules
CreateBuildDirectory /Users/admin/builder/spi-builder-workspace/.derivedData/ModuleCache.noindex
    cd /Users/admin/builder/spi-builder-workspace/.swiftpm/xcode
    builtin-create-build-directory /Users/admin/builder/spi-builder-workspace/.derivedData/ModuleCache.noindex
CreateBuildDirectory /Users/admin/builder/spi-builder-workspace/.derivedData/Build/Intermediates.noindex
    cd /Users/admin/builder/spi-builder-workspace/.swiftpm/xcode
    builtin-create-build-directory /Users/admin/builder/spi-builder-workspace/.derivedData/Build/Intermediates.noindex
ClangStatCache /Applications/Xcode-27.0.0-Release.Candidate.app/Contents/Developer/Toolchains/XcodeDefault.xctoolchain/usr/bin/clang-stat-cache /Applications/Xcode-27.0.0-Release.Candidate.app/Contents/Developer/Platforms/AppleTVOS.platform/Developer/SDKs/AppleTVOS27.0.sdk /Users/admin/builder/spi-builder-workspace/.derivedData/SDKStatCaches.noindex/appletvos27.0-24J360-e829b21a6f8c9b70876ba0858053c044b32bfd8d43560033f8d89884cdb90028.sdkstatcache
    cd /Users/admin/builder/spi-builder-workspace/.swiftpm/xcode
    /Applications/Xcode-27.0.0-Release.Candidate.app/Contents/Developer/Toolchains/XcodeDefault.xctoolchain/usr/bin/clang-stat-cache /Applications/Xcode-27.0.0-Release.Candidate.app/Contents/Developer/Platforms/AppleTVOS.platform/Developer/SDKs/AppleTVOS27.0.sdk -o /Users/admin/builder/spi-builder-workspace/.derivedData/SDKStatCaches.noindex/appletvos27.0-24J360-e829b21a6f8c9b70876ba0858053c044b32bfd8d43560033f8d89884cdb90028.sdkstatcache
CreateBuildDirectory /Users/admin/builder/spi-builder-workspace/.derivedData/Build/Products
    cd /Users/admin/builder/spi-builder-workspace/.swiftpm/xcode
    builtin-create-build-directory /Users/admin/builder/spi-builder-workspace/.derivedData/Build/Products
CreateBuildDirectory /Users/admin/builder/spi-builder-workspace/.derivedData/Build/Intermediates.noindex/SwiftExplicitPrecompiledModules
    cd /Users/admin/builder/spi-builder-workspace/.swiftpm/xcode
    builtin-create-build-directory /Users/admin/builder/spi-builder-workspace/.derivedData/Build/Intermediates.noindex/SwiftExplicitPrecompiledModules
CreateBuildDirectory /Users/admin/builder/spi-builder-workspace/.derivedData/Build/Intermediates.noindex/PrecompiledHeaders
    cd /Users/admin/builder/spi-builder-workspace/.swiftpm/xcode
    builtin-create-build-directory /Users/admin/builder/spi-builder-workspace/.derivedData/Build/Intermediates.noindex/PrecompiledHeaders
CreateBuildDirectory /Users/admin/builder/spi-builder-workspace/.derivedData/Build/Intermediates.noindex/ExplicitPrecompiledModules
    cd /Users/admin/builder/spi-builder-workspace/.swiftpm/xcode
    builtin-create-build-directory /Users/admin/builder/spi-builder-workspace/.derivedData/Build/Intermediates.noindex/ExplicitPrecompiledModules
CreateBuildDirectory /Users/admin/builder/spi-builder-workspace/.derivedData/Build/Intermediates.noindex/EagerLinkingTBDs/Debug-appletvos
    cd /Users/admin/builder/spi-builder-workspace/.swiftpm/xcode
    builtin-create-build-directory /Users/admin/builder/spi-builder-workspace/.derivedData/Build/Intermediates.noindex/EagerLinkingTBDs/Debug-appletvos
CreateBuildDirectory /Users/admin/builder/spi-builder-workspace/.derivedData/Build/Products/Debug-appletvos
    cd /Users/admin/builder/spi-builder-workspace/.swiftpm/xcode
    builtin-create-build-directory /Users/admin/builder/spi-builder-workspace/.derivedData/Build/Products/Debug-appletvos
CreateBuildDirectory /Users/admin/builder/spi-builder-workspace/.derivedData/Build/Products/Debug-appletvos/PackageFrameworks
    cd /Users/admin/builder/spi-builder-workspace/.swiftpm/xcode
    builtin-create-build-directory /Users/admin/builder/spi-builder-workspace/.derivedData/Build/Products/Debug-appletvos/PackageFrameworks
MkDir /Users/admin/builder/spi-builder-workspace/.derivedData/Build/Products/Debug-appletvos/SACV_SACV.bundle (in target 'SACV_SACV' from project 'SACV')
    cd /Users/admin/builder/spi-builder-workspace
    /bin/mkdir -p /Users/admin/builder/spi-builder-workspace/.derivedData/Build/Products/Debug-appletvos/SACV_SACV.bundle
WriteAuxiliaryFile /Users/admin/builder/spi-builder-workspace/.derivedData/Build/Intermediates.noindex/SACV.build/Debug-appletvos/SACV_SACV-b.build/SACV_SACV.DependencyStaticMetadataFileList (in target 'SACV_SACV' from project 'SACV')
    cd /Users/admin/builder/spi-builder-workspace
    write-file /Users/admin/builder/spi-builder-workspace/.derivedData/Build/Intermediates.noindex/SACV.build/Debug-appletvos/SACV_SACV-b.build/SACV_SACV.DependencyStaticMetadataFileList
WriteAuxiliaryFile /Users/admin/builder/spi-builder-workspace/.derivedData/Build/Intermediates.noindex/SACV.build/Debug-appletvos/SACV-t.build/SACV.modulemap (in target 'SACV' from project 'SACV')
    cd /Users/admin/builder/spi-builder-workspace
    write-file /Users/admin/builder/spi-builder-workspace/.derivedData/Build/Intermediates.noindex/SACV.build/Debug-appletvos/SACV-t.build/SACV.modulemap
WriteAuxiliaryFile /Users/admin/builder/spi-builder-workspace/.derivedData/Build/Intermediates.noindex/SACV.build/Debug-appletvos/SACV-t.build/SACV.DependencyMetadataFileList (in target 'SACV' from project 'SACV')
    cd /Users/admin/builder/spi-builder-workspace
    write-file /Users/admin/builder/spi-builder-workspace/.derivedData/Build/Intermediates.noindex/SACV.build/Debug-appletvos/SACV-t.build/SACV.DependencyMetadataFileList
WriteAuxiliaryFile /Users/admin/builder/spi-builder-workspace/.derivedData/Build/Intermediates.noindex/SACV.build/Debug-appletvos/SACV_SACV-b.build/empty-SACV_SACV.plist (in target 'SACV_SACV' from project 'SACV')
    cd /Users/admin/builder/spi-builder-workspace
    write-file /Users/admin/builder/spi-builder-workspace/.derivedData/Build/Intermediates.noindex/SACV.build/Debug-appletvos/SACV_SACV-b.build/empty-SACV_SACV.plist
WriteAuxiliaryFile /Users/admin/builder/spi-builder-workspace/.derivedData/Build/Intermediates.noindex/SACV.build/Debug-appletvos/SACV_SACV-b.build/SACV_SACV.DependencyMetadataFileList (in target 'SACV_SACV' from project 'SACV')
    cd /Users/admin/builder/spi-builder-workspace
    write-file /Users/admin/builder/spi-builder-workspace/.derivedData/Build/Intermediates.noindex/SACV.build/Debug-appletvos/SACV_SACV-b.build/SACV_SACV.DependencyMetadataFileList
WriteAuxiliaryFile /Users/admin/builder/spi-builder-workspace/.derivedData/Build/Intermediates.noindex/SACV.build/Debug-appletvos/SACV-t.build/SACV.DependencyStaticMetadataFileList (in target 'SACV' from project 'SACV')
    cd /Users/admin/builder/spi-builder-workspace
    write-file /Users/admin/builder/spi-builder-workspace/.derivedData/Build/Intermediates.noindex/SACV.build/Debug-appletvos/SACV-t.build/SACV.DependencyStaticMetadataFileList
WriteAuxiliaryFile /Users/admin/builder/spi-builder-workspace/.derivedData/Build/Intermediates.noindex/SACV.build/Debug-appletvos/SACV-t.build/Objects-normal/arm64/SACV_const_extract_protocols.json (in target 'SACV' from project 'SACV')
    cd /Users/admin/builder/spi-builder-workspace
    write-file /Users/admin/builder/spi-builder-workspace/.derivedData/Build/Intermediates.noindex/SACV.build/Debug-appletvos/SACV-t.build/Objects-normal/arm64/SACV_const_extract_protocols.json
WriteAuxiliaryFile /Users/admin/builder/spi-builder-workspace/.derivedData/Build/Intermediates.noindex/SACV.build/Debug-appletvos/SACV-t.build/Objects-normal/arm64/SACV.SwiftFileList (in target 'SACV' from project 'SACV')
    cd /Users/admin/builder/spi-builder-workspace
    write-file /Users/admin/builder/spi-builder-workspace/.derivedData/Build/Intermediates.noindex/SACV.build/Debug-appletvos/SACV-t.build/Objects-normal/arm64/SACV.SwiftFileList
WriteAuxiliaryFile /Users/admin/builder/spi-builder-workspace/.derivedData/Build/Intermediates.noindex/SACV.build/Debug-appletvos/SACV-t.build/Objects-normal/arm64/SACV.SwiftConstValuesFileList (in target 'SACV' from project 'SACV')
    cd /Users/admin/builder/spi-builder-workspace
    write-file /Users/admin/builder/spi-builder-workspace/.derivedData/Build/Intermediates.noindex/SACV.build/Debug-appletvos/SACV-t.build/Objects-normal/arm64/SACV.SwiftConstValuesFileList
WriteAuxiliaryFile /Users/admin/builder/spi-builder-workspace/.derivedData/Build/Intermediates.noindex/SACV.build/Debug-appletvos/SACV-t.build/Objects-normal/arm64/SACV.LinkFileList (in target 'SACV' from project 'SACV')
    cd /Users/admin/builder/spi-builder-workspace
    write-file /Users/admin/builder/spi-builder-workspace/.derivedData/Build/Intermediates.noindex/SACV.build/Debug-appletvos/SACV-t.build/Objects-normal/arm64/SACV.LinkFileList
WriteAuxiliaryFile /Users/admin/builder/spi-builder-workspace/.derivedData/Build/Intermediates.noindex/SACV.build/Debug-appletvos/SACV-t.build/Objects-normal/arm64/SACV-OutputFileMap.json (in target 'SACV' from project 'SACV')
    cd /Users/admin/builder/spi-builder-workspace
    write-file /Users/admin/builder/spi-builder-workspace/.derivedData/Build/Intermediates.noindex/SACV.build/Debug-appletvos/SACV-t.build/Objects-normal/arm64/SACV-OutputFileMap.json
WriteAuxiliaryFile /Users/admin/builder/spi-builder-workspace/.derivedData/Build/Intermediates.noindex/SACV.build/Debug-appletvos/SACV-t.build/DerivedSources/resource_bundle_accessor.swift (in target 'SACV' from project 'SACV')
    cd /Users/admin/builder/spi-builder-workspace
    write-file /Users/admin/builder/spi-builder-workspace/.derivedData/Build/Intermediates.noindex/SACV.build/Debug-appletvos/SACV-t.build/DerivedSources/resource_bundle_accessor.swift
Copy /Users/admin/builder/spi-builder-workspace/.derivedData/Build/Intermediates.noindex/GeneratedModuleMaps-appletvos/SACV.modulemap /Users/admin/builder/spi-builder-workspace/.derivedData/Build/Intermediates.noindex/SACV.build/Debug-appletvos/SACV-t.build/SACV.modulemap (in target 'SACV' from project 'SACV')
    cd /Users/admin/builder/spi-builder-workspace
    builtin-copy -exclude .DS_Store -exclude CVS -exclude .svn -exclude .git -exclude .hg -resolve-src-symlinks /Users/admin/builder/spi-builder-workspace/.derivedData/Build/Intermediates.noindex/SACV.build/Debug-appletvos/SACV-t.build/SACV.modulemap /Users/admin/builder/spi-builder-workspace/.derivedData/Build/Intermediates.noindex/GeneratedModuleMaps-appletvos
CompileXIB /Users/admin/builder/spi-builder-workspace/Sources/SACV/Resources/SACVCell.xib (in target 'SACV_SACV' from project 'SACV')
    cd /Users/admin/builder/spi-builder-workspace
    /Applications/Xcode-27.0.0-Release.Candidate.app/Contents/Developer/usr/bin/ibtool --errors --warnings --notices --module SACV_SACV --output-partial-info-plist /Users/admin/builder/spi-builder-workspace/.derivedData/Build/Intermediates.noindex/SACV.build/Debug-appletvos/SACV_SACV-b.build/SACVCell-PartialInfo.plist --auto-activate-custom-fonts --target-device tv --minimum-deployment-target 15.0 --output-format human-readable-text --compile /Users/admin/builder/spi-builder-workspace/.derivedData/Build/Products/Debug-appletvos/SACV_SACV.bundle/SACVCell.nib /Users/admin/builder/spi-builder-workspace/Sources/SACV/Resources/SACVCell.xib
/* com.apple.ibtool.errors */
/Users/admin/builder/spi-builder-workspace/Sources/SACV/Resources/SACVCell.xib: error: iOS xibs do not support target device type "tv".
CompileXIB /Users/admin/builder/spi-builder-workspace/Sources/SACV/Resources/SACVView.xib (in target 'SACV_SACV' from project 'SACV')
    cd /Users/admin/builder/spi-builder-workspace
    /Applications/Xcode-27.0.0-Release.Candidate.app/Contents/Developer/usr/bin/ibtool --errors --warnings --notices --module SACV_SACV --output-partial-info-plist /Users/admin/builder/spi-builder-workspace/.derivedData/Build/Intermediates.noindex/SACV.build/Debug-appletvos/SACV_SACV-b.build/SACVView-PartialInfo.plist --auto-activate-custom-fonts --target-device tv --minimum-deployment-target 15.0 --output-format human-readable-text --compile /Users/admin/builder/spi-builder-workspace/.derivedData/Build/Products/Debug-appletvos/SACV_SACV.bundle/SACVView.nib /Users/admin/builder/spi-builder-workspace/Sources/SACV/Resources/SACVView.xib
PruneExplicitPrecompiledModules /Users/admin/builder/spi-builder-workspace/.derivedData/Build/Intermediates.noindex/ExplicitPrecompiledModules
PruneExplicitPrecompiledModules /Users/admin/builder/spi-builder-workspace/.derivedData/SDKExplicitPrecompiledModules
PruneExplicitPrecompiledModules /Users/admin/builder/spi-builder-workspace/.derivedData/Build/Intermediates.noindex/SwiftExplicitPrecompiledModules
2026-09-20 12:50:58.018 xcodebuild[648:4198] [MT] IDERunDestination: Supported platforms for the buildables in the current scheme is empty.
** BUILD FAILED **
The following build commands failed:
	CompileXIB /Users/admin/builder/spi-builder-workspace/Sources/SACV/Resources/SACVCell.xib (in target 'SACV_SACV' from project 'SACV')
	Building workspace SACV with scheme SACV
(2 failures)
Command line invocation:
    /Applications/Xcode-27.0.0-Release.Candidate.app/Contents/Developer/usr/bin/xcodebuild -IDEClonedSourcePackagesDirPathOverride=/Users/admin/builder/spi-builder-workspace/.dependencies -resolvePackageDependencies
Resolve Package Graph
Resolved source packages:
  SACV: /Users/admin/builder/spi-builder-workspace
resolved source packages: SACV
2026-09-20 12:51:01.664 xcodebuild[669:4350] [MT] IDERunDestination: Supported platforms for the buildables in the current scheme is empty.
{
  "dependencies" : [
  ],
  "manifest_display_name" : "SACV",
  "name" : "SACV",
  "path" : "/Users/admin/builder/spi-builder-workspace",
  "platforms" : [
    {
      "name" : "ios",
      "version" : "13.0"
    }
  ],
  "products" : [
    {
      "name" : "SACV",
      "targets" : [
        "SACV"
      ],
      "type" : {
        "library" : [
          "automatic"
        ]
      }
    }
  ],
  "targets" : [
    {
      "c99name" : "SACVTests",
      "module_type" : "SwiftTarget",
      "name" : "SACVTests",
      "path" : "Tests/SACVTests",
      "sources" : [
        "SACVTests.swift",
        "XCTestManifests.swift"
      ],
      "target_dependencies" : [
        "SACV"
      ],
      "type" : "test"
    },
    {
      "c99name" : "SACV",
      "module_type" : "SwiftTarget",
      "name" : "SACV",
      "path" : "Sources/SACV",
      "product_memberships" : [
        "SACV"
      ],
      "resources" : [
        {
          "path" : "/Users/admin/builder/spi-builder-workspace/Sources/SACV/Resources/SACVCell.xib",
          "rule" : {
            "process" : {
            }
          }
        },
        {
          "path" : "/Users/admin/builder/spi-builder-workspace/Sources/SACV/Resources/SACVView.xib",
          "rule" : {
            "process" : {
            }
          }
        }
      ],
      "sources" : [
        "DataSource.swift",
        "Delegate.swift",
        "DragDelegate.swift",
        "PredefindSentence.swift",
        "SACVCell.swift",
        "SACVView.swift"
      ],
      "type" : "library"
    }
  ],
  "tools_version" : "5.3"
}
{
  "workspace" : {
    "name" : "SACV",
    "schemes" : [
      "SACV"
    ]
  }
}
2026-09-20 12:51:02.888 xcodebuild[677:4423] [MT] IDERunDestination: Supported platforms for the buildables in the current scheme is empty.
Running build ...
env DEVELOPER_DIR=/Applications/Xcode-27.0.0-Release.Candidate.app xcrun xcodebuild -IDEClonedSourcePackagesDirPathOverride=$PWD/.dependencies -skipMacroValidation -skipPackagePluginValidation -derivedDataPath $PWD/.derivedData build -scheme SACV -destination generic/platform=tvOS
Command line invocation:
    /Applications/Xcode-27.0.0-Release.Candidate.app/Contents/Developer/usr/bin/xcodebuild -IDEClonedSourcePackagesDirPathOverride=/Users/admin/builder/spi-builder-workspace/.dependencies -skipMacroValidation -skipPackagePluginValidation -derivedDataPath /Users/admin/builder/spi-builder-workspace/.derivedData build -scheme SACV -destination generic/platform=tvOS
Resolve Package Graph
Resolved source packages:
  SACV: /Users/admin/builder/spi-builder-workspace
ComputePackagePrebuildTargetDependencyGraph
Prepare packages
CreateBuildRequest
SendProjectDescription
CreateBuildOperation
ComputeTargetDependencyGraph
note: Building targets in dependency order
note: Target dependency graph (3 targets)
    Target 'SACV-product' in project 'SACV'
        ➜ Explicit dependency on target 'SACV' in project 'SACV'
        ➜ Explicit dependency on target 'SACV_SACV' in project 'SACV'
    Target 'SACV' in project 'SACV'
        ➜ Explicit dependency on target 'SACV_SACV' in project 'SACV'
    Target 'SACV_SACV' in project 'SACV' (no dependencies)
GatherProvisioningInputs
CreateBuildDescription
ClangStatCache /Applications/Xcode-27.0.0-Release.Candidate.app/Contents/Developer/Toolchains/XcodeDefault.xctoolchain/usr/bin/clang-stat-cache /Applications/Xcode-27.0.0-Release.Candidate.app/Contents/Developer/Platforms/AppleTVOS.platform/Developer/SDKs/AppleTVOS27.0.sdk /Users/admin/builder/spi-builder-workspace/.derivedData/SDKStatCaches.noindex/appletvos27.0-24J360-e829b21a6f8c9b70876ba0858053c044b32bfd8d43560033f8d89884cdb90028.sdkstatcache
    cd /Users/admin/builder/spi-builder-workspace/.swiftpm/xcode
    /Applications/Xcode-27.0.0-Release.Candidate.app/Contents/Developer/Toolchains/XcodeDefault.xctoolchain/usr/bin/clang-stat-cache /Applications/Xcode-27.0.0-Release.Candidate.app/Contents/Developer/Platforms/AppleTVOS.platform/Developer/SDKs/AppleTVOS27.0.sdk -o /Users/admin/builder/spi-builder-workspace/.derivedData/SDKStatCaches.noindex/appletvos27.0-24J360-e829b21a6f8c9b70876ba0858053c044b32bfd8d43560033f8d89884cdb90028.sdkstatcache
CompileXIB /Users/admin/builder/spi-builder-workspace/Sources/SACV/Resources/SACVView.xib (in target 'SACV_SACV' from project 'SACV')
    cd /Users/admin/builder/spi-builder-workspace
    /Applications/Xcode-27.0.0-Release.Candidate.app/Contents/Developer/usr/bin/ibtool --errors --warnings --notices --module SACV_SACV --output-partial-info-plist /Users/admin/builder/spi-builder-workspace/.derivedData/Build/Intermediates.noindex/SACV.build/Debug-appletvos/SACV_SACV-b.build/SACVView-PartialInfo.plist --auto-activate-custom-fonts --target-device tv --minimum-deployment-target 15.0 --output-format human-readable-text --compile /Users/admin/builder/spi-builder-workspace/.derivedData/Build/Products/Debug-appletvos/SACV_SACV.bundle/SACVView.nib /Users/admin/builder/spi-builder-workspace/Sources/SACV/Resources/SACVView.xib
CompileXIB /Users/admin/builder/spi-builder-workspace/Sources/SACV/Resources/SACVCell.xib (in target 'SACV_SACV' from project 'SACV')
    cd /Users/admin/builder/spi-builder-workspace
    /Applications/Xcode-27.0.0-Release.Candidate.app/Contents/Developer/usr/bin/ibtool --errors --warnings --notices --module SACV_SACV --output-partial-info-plist /Users/admin/builder/spi-builder-workspace/.derivedData/Build/Intermediates.noindex/SACV.build/Debug-appletvos/SACV_SACV-b.build/SACVCell-PartialInfo.plist --auto-activate-custom-fonts --target-device tv --minimum-deployment-target 15.0 --output-format human-readable-text --compile /Users/admin/builder/spi-builder-workspace/.derivedData/Build/Products/Debug-appletvos/SACV_SACV.bundle/SACVCell.nib /Users/admin/builder/spi-builder-workspace/Sources/SACV/Resources/SACVCell.xib
/* com.apple.ibtool.errors */
/Users/admin/builder/spi-builder-workspace/Sources/SACV/Resources/SACVCell.xib: error: iOS xibs do not support target device type "tv".
PruneExplicitPrecompiledModules /Users/admin/builder/spi-builder-workspace/.derivedData/SDKExplicitPrecompiledModules
PruneExplicitPrecompiledModules /Users/admin/builder/spi-builder-workspace/.derivedData/Build/Intermediates.noindex/ExplicitPrecompiledModules
PruneExplicitPrecompiledModules /Users/admin/builder/spi-builder-workspace/.derivedData/Build/Intermediates.noindex/SwiftExplicitPrecompiledModules
2026-09-20 12:51:03.833 xcodebuild[678:4447] [MT] IDERunDestination: Supported platforms for the buildables in the current scheme is empty.
** BUILD FAILED **
The following build commands failed:
	CompileXIB /Users/admin/builder/spi-builder-workspace/Sources/SACV/Resources/SACVCell.xib (in target 'SACV_SACV' from project 'SACV')
	Building workspace SACV with scheme SACV
(2 failures)
BUILD FAILURE 6.4 tvOS