Build Information
Failed to build SwiftChessTools, reference v1.4.0 (7dae02), with Swift 6.2 for watchOS using Xcode 26.3 on 12 Oct 2026 06:11:13 UTC.
Build Command
env DEVELOPER_DIR=/Applications/Xcode-26.3.0.app xcrun xcodebuild -IDEClonedSourcePackagesDirPathOverride=$PWD/.dependencies -skipMacroValidation -skipPackagePluginValidation -derivedDataPath $PWD/.derivedData build -scheme SwiftChessTools-Package -destination generic/platform=watchOSBuild Log
SwiftExplicitDependencyGeneratePcm arm64 /Users/admin/builder/spi-builder-workspace/.derivedData/ModuleCache.noindex/_DarwinFoundation3-5VMZVD9RI030DGKFFW74MIHMQ.pcm
SwiftExplicitDependencyGeneratePcm arm64_32 /Users/admin/builder/spi-builder-workspace/.derivedData/ModuleCache.noindex/sys_types-5220JAOP6QAKP1ZZSQXQIGT3N.pcm
SwiftExplicitDependencyGeneratePcm arm64_32 /Users/admin/builder/spi-builder-workspace/.derivedData/ModuleCache.noindex/_Builtin_stdint-DHK9W4154W1VADFICW26EF51A.pcm
SwiftExplicitDependencyGeneratePcm arm64_32 /Users/admin/builder/spi-builder-workspace/.derivedData/ModuleCache.noindex/_DarwinFoundation3-ECPZQXPEKKE17FVBYD1POXRMU.pcm
SwiftExplicitDependencyGeneratePcm arm64 /Users/admin/builder/spi-builder-workspace/.derivedData/ModuleCache.noindex/_Builtin_inttypes-EAYG1OYRDQ7HO6J9WI6WA5Y2M.pcm
SwiftExplicitDependencyGeneratePcm arm64 /Users/admin/builder/spi-builder-workspace/.derivedData/ModuleCache.noindex/Darwin-E1ZCMHXYOAUQKSA4QO0SMGPXA.pcm
SwiftExplicitDependencyGeneratePcm arm64_32 /Users/admin/builder/spi-builder-workspace/.derivedData/ModuleCache.noindex/_Builtin_inttypes-DVW4DAGN9X56OUK4E1BD9DBZ7.pcm
SwiftExplicitDependencyGeneratePcm arm64_32 /Users/admin/builder/spi-builder-workspace/.derivedData/ModuleCache.noindex/Darwin-C8WYVRDE1BASWGOHXGC15GM9F.pcm
SwiftExplicitDependencyGeneratePcm arm64 /Users/admin/builder/spi-builder-workspace/.derivedData/ModuleCache.noindex/ObjectiveC-2PU9OT47G6RBOHSXQR2STMWWR.pcm
SwiftExplicitDependencyGeneratePcm arm64 /Users/admin/builder/spi-builder-workspace/.derivedData/ModuleCache.noindex/os_object-CIUJ5N1V1HWSGEK024IV96R1M.pcm
SwiftExplicitDependencyGeneratePcm arm64_32 /Users/admin/builder/spi-builder-workspace/.derivedData/ModuleCache.noindex/ObjectiveC-AVYBQYXS0QCLOEQGWXNFUFJ0V.pcm
SwiftExplicitDependencyGeneratePcm arm64 /Users/admin/builder/spi-builder-workspace/.derivedData/ModuleCache.noindex/os_workgroup-5S02ISLSMHO6BA5HLY5UNJ6A3.pcm
SwiftExplicitDependencyGeneratePcm arm64_32 /Users/admin/builder/spi-builder-workspace/.derivedData/ModuleCache.noindex/os_object-8N6RR4J5VVS62U9VXHR1297AW.pcm
SwiftExplicitDependencyGeneratePcm arm64 /Users/admin/builder/spi-builder-workspace/.derivedData/ModuleCache.noindex/Dispatch-4KQN7RRX0L9C07MGTWHYRJGYM.pcm
SwiftExplicitDependencyGeneratePcm arm64_32 /Users/admin/builder/spi-builder-workspace/.derivedData/ModuleCache.noindex/os_workgroup-EGGSTWNSSUGG124AQRBUF2J85.pcm
SwiftExplicitDependencyGeneratePcm arm64 /Users/admin/builder/spi-builder-workspace/.derivedData/ModuleCache.noindex/CoreFoundation-C0JIKJUNM7J0IFUIZ8S5RWP5A.pcm
SwiftExplicitDependencyGeneratePcm arm64_32 /Users/admin/builder/spi-builder-workspace/.derivedData/ModuleCache.noindex/Dispatch-DV1SP0JEXVJ6MTIWZ3XCJTXSW.pcm
SwiftExplicitDependencyGeneratePcm arm64_32 /Users/admin/builder/spi-builder-workspace/.derivedData/ModuleCache.noindex/CoreFoundation-EN8GNA4ERP0UOK1XPZ1YRZKGF.pcm
SwiftExplicitDependencyGeneratePcm arm64 /Users/admin/builder/spi-builder-workspace/.derivedData/ModuleCache.noindex/Security-8WXKZYCC8N3IYZ7GEEYK1LTTC.pcm
SwiftExplicitDependencyGeneratePcm arm64_32 /Users/admin/builder/spi-builder-workspace/.derivedData/ModuleCache.noindex/Security-8KJEGVX0ECINJU374GLCNITFA.pcm
SwiftExplicitDependencyGeneratePcm arm64 /Users/admin/builder/spi-builder-workspace/.derivedData/ModuleCache.noindex/Foundation-188QGUU7PNEMS0JL2JNA4L9D.pcm
SwiftExplicitDependencyGeneratePcm arm64_32 /Users/admin/builder/spi-builder-workspace/.derivedData/ModuleCache.noindex/Foundation-1ZQJQ54U4TUPUQFY2U9YK0983.pcm
SwiftEmitModule normal arm64 Emitting\ module\ for\ ChessCore (in target 'ChessCore' from project 'SwiftChessTools')
EmitSwiftModule normal arm64 (in target 'ChessCore' from project 'SwiftChessTools')
cd /Users/admin/builder/spi-builder-workspace/.swiftpm/xcode
SwiftCompile normal arm64 Compiling\ PieceMoveGenerator.swift,\ QueenMoveGenerator.swift,\ RangeMoveGenerator.swift /Users/admin/builder/spi-builder-workspace/Sources/ChessCore/Rules/MoveGeneration/PieceMoveGenerator.swift /Users/admin/builder/spi-builder-workspace/Sources/ChessCore/Rules/MoveGeneration/QueenMoveGenerator.swift /Users/admin/builder/spi-builder-workspace/Sources/ChessCore/Rules/MoveGeneration/RangeMoveGenerator.swift (in target 'ChessCore' from project 'SwiftChessTools')
SwiftCompile normal arm64 /Users/admin/builder/spi-builder-workspace/Sources/ChessCore/Rules/MoveGeneration/PieceMoveGenerator.swift (in target 'ChessCore' from project 'SwiftChessTools')
cd /Users/admin/builder/spi-builder-workspace/.swiftpm/xcode
SwiftCompile normal arm64 /Users/admin/builder/spi-builder-workspace/Sources/ChessCore/Rules/MoveGeneration/QueenMoveGenerator.swift (in target 'ChessCore' from project 'SwiftChessTools')
cd /Users/admin/builder/spi-builder-workspace/.swiftpm/xcode
SwiftCompile normal arm64 /Users/admin/builder/spi-builder-workspace/Sources/ChessCore/Rules/MoveGeneration/RangeMoveGenerator.swift (in target 'ChessCore' from project 'SwiftChessTools')
cd /Users/admin/builder/spi-builder-workspace/.swiftpm/xcode
SwiftCompile normal arm64 Compiling\ Rays.swift,\ BishopMoveGenerator.swift,\ KingMoveGenerator.swift /Users/admin/builder/spi-builder-workspace/Sources/ChessCore/Rays.swift /Users/admin/builder/spi-builder-workspace/Sources/ChessCore/Rules/MoveGeneration/BishopMoveGenerator.swift /Users/admin/builder/spi-builder-workspace/Sources/ChessCore/Rules/MoveGeneration/KingMoveGenerator.swift (in target 'ChessCore' from project 'SwiftChessTools')
SwiftCompile normal arm64 /Users/admin/builder/spi-builder-workspace/Sources/ChessCore/Rays.swift (in target 'ChessCore' from project 'SwiftChessTools')
cd /Users/admin/builder/spi-builder-workspace/.swiftpm/xcode
SwiftCompile normal arm64 /Users/admin/builder/spi-builder-workspace/Sources/ChessCore/Rules/MoveGeneration/BishopMoveGenerator.swift (in target 'ChessCore' from project 'SwiftChessTools')
cd /Users/admin/builder/spi-builder-workspace/.swiftpm/xcode
SwiftCompile normal arm64 /Users/admin/builder/spi-builder-workspace/Sources/ChessCore/Rules/MoveGeneration/KingMoveGenerator.swift (in target 'ChessCore' from project 'SwiftChessTools')
cd /Users/admin/builder/spi-builder-workspace/.swiftpm/xcode
SwiftCompile normal arm64 Compiling\ PieceKind.swift,\ Position.swift,\ PositionValidator.swift /Users/admin/builder/spi-builder-workspace/Sources/ChessCore/Piece/PieceKind.swift /Users/admin/builder/spi-builder-workspace/Sources/ChessCore/Position.swift /Users/admin/builder/spi-builder-workspace/Sources/ChessCore/PositionValidator.swift (in target 'ChessCore' from project 'SwiftChessTools')
SwiftCompile normal arm64 /Users/admin/builder/spi-builder-workspace/Sources/ChessCore/Piece/PieceKind.swift (in target 'ChessCore' from project 'SwiftChessTools')
cd /Users/admin/builder/spi-builder-workspace/.swiftpm/xcode
SwiftCompile normal arm64 /Users/admin/builder/spi-builder-workspace/Sources/ChessCore/Position.swift (in target 'ChessCore' from project 'SwiftChessTools')
cd /Users/admin/builder/spi-builder-workspace/.swiftpm/xcode
SwiftCompile normal arm64 /Users/admin/builder/spi-builder-workspace/Sources/ChessCore/PositionValidator.swift (in target 'ChessCore' from project 'SwiftChessTools')
cd /Users/admin/builder/spi-builder-workspace/.swiftpm/xcode
SwiftCompile normal arm64 Compiling\ KnightMoveGenerator.swift,\ MoveOffsets.swift,\ PawnMoveGenerator.swift /Users/admin/builder/spi-builder-workspace/Sources/ChessCore/Rules/MoveGeneration/KnightMoveGenerator.swift /Users/admin/builder/spi-builder-workspace/Sources/ChessCore/Rules/MoveGeneration/MoveOffsets.swift /Users/admin/builder/spi-builder-workspace/Sources/ChessCore/Rules/MoveGeneration/PawnMoveGenerator.swift (in target 'ChessCore' from project 'SwiftChessTools')
SwiftCompile normal arm64 /Users/admin/builder/spi-builder-workspace/Sources/ChessCore/Rules/MoveGeneration/KnightMoveGenerator.swift (in target 'ChessCore' from project 'SwiftChessTools')
cd /Users/admin/builder/spi-builder-workspace/.swiftpm/xcode
SwiftCompile normal arm64 /Users/admin/builder/spi-builder-workspace/Sources/ChessCore/Rules/MoveGeneration/MoveOffsets.swift (in target 'ChessCore' from project 'SwiftChessTools')
cd /Users/admin/builder/spi-builder-workspace/.swiftpm/xcode
SwiftCompile normal arm64 /Users/admin/builder/spi-builder-workspace/Sources/ChessCore/Rules/MoveGeneration/PawnMoveGenerator.swift (in target 'ChessCore' from project 'SwiftChessTools')
cd /Users/admin/builder/spi-builder-workspace/.swiftpm/xcode
SwiftCompile normal arm64 Compiling\ RookMoveGenerator.swift,\ SlidingMoveGenerator.swift,\ StepMoveGenerator.swift /Users/admin/builder/spi-builder-workspace/Sources/ChessCore/Rules/MoveGeneration/RookMoveGenerator.swift /Users/admin/builder/spi-builder-workspace/Sources/ChessCore/Rules/MoveGeneration/SlidingMoveGenerator.swift /Users/admin/builder/spi-builder-workspace/Sources/ChessCore/Rules/MoveGeneration/StepMoveGenerator.swift (in target 'ChessCore' from project 'SwiftChessTools')
SwiftCompile normal arm64 /Users/admin/builder/spi-builder-workspace/Sources/ChessCore/Rules/MoveGeneration/RookMoveGenerator.swift (in target 'ChessCore' from project 'SwiftChessTools')
cd /Users/admin/builder/spi-builder-workspace/.swiftpm/xcode
SwiftCompile normal arm64 /Users/admin/builder/spi-builder-workspace/Sources/ChessCore/Rules/MoveGeneration/SlidingMoveGenerator.swift (in target 'ChessCore' from project 'SwiftChessTools')
cd /Users/admin/builder/spi-builder-workspace/.swiftpm/xcode
SwiftCompile normal arm64 /Users/admin/builder/spi-builder-workspace/Sources/ChessCore/Rules/MoveGeneration/StepMoveGenerator.swift (in target 'ChessCore' from project 'SwiftChessTools')
cd /Users/admin/builder/spi-builder-workspace/.swiftpm/xcode
SwiftCompile normal arm64 Compiling\ PGNSerializer.swift,\ Piece.swift,\ PieceColor.swift /Users/admin/builder/spi-builder-workspace/Sources/ChessCore/PGNSerializer.swift /Users/admin/builder/spi-builder-workspace/Sources/ChessCore/Piece/Piece.swift /Users/admin/builder/spi-builder-workspace/Sources/ChessCore/Piece/PieceColor.swift (in target 'ChessCore' from project 'SwiftChessTools')
SwiftCompile normal arm64 /Users/admin/builder/spi-builder-workspace/Sources/ChessCore/PGNSerializer.swift (in target 'ChessCore' from project 'SwiftChessTools')
cd /Users/admin/builder/spi-builder-workspace/.swiftpm/xcode
SwiftCompile normal arm64 /Users/admin/builder/spi-builder-workspace/Sources/ChessCore/Piece/Piece.swift (in target 'ChessCore' from project 'SwiftChessTools')
cd /Users/admin/builder/spi-builder-workspace/.swiftpm/xcode
SwiftCompile normal arm64 /Users/admin/builder/spi-builder-workspace/Sources/ChessCore/Piece/PieceColor.swift (in target 'ChessCore' from project 'SwiftChessTools')
cd /Users/admin/builder/spi-builder-workspace/.swiftpm/xcode
SwiftCompile normal arm64 Compiling\ Bitboards.swift,\ Board.swift,\ Square.swift,\ ChessMoveRecord.swift /Users/admin/builder/spi-builder-workspace/Sources/ChessCore/Board/Bitboards.swift /Users/admin/builder/spi-builder-workspace/Sources/ChessCore/Board/Board.swift /Users/admin/builder/spi-builder-workspace/Sources/ChessCore/Board/Square.swift /Users/admin/builder/spi-builder-workspace/Sources/ChessCore/ChessMoveRecord.swift (in target 'ChessCore' from project 'SwiftChessTools')
SwiftCompile normal arm64 /Users/admin/builder/spi-builder-workspace/Sources/ChessCore/Board/Bitboards.swift (in target 'ChessCore' from project 'SwiftChessTools')
cd /Users/admin/builder/spi-builder-workspace/.swiftpm/xcode
SwiftCompile normal arm64 /Users/admin/builder/spi-builder-workspace/Sources/ChessCore/Board/Board.swift (in target 'ChessCore' from project 'SwiftChessTools')
cd /Users/admin/builder/spi-builder-workspace/.swiftpm/xcode
SwiftCompile normal arm64 /Users/admin/builder/spi-builder-workspace/Sources/ChessCore/Board/Square.swift (in target 'ChessCore' from project 'SwiftChessTools')
cd /Users/admin/builder/spi-builder-workspace/.swiftpm/xcode
SwiftCompile normal arm64 /Users/admin/builder/spi-builder-workspace/Sources/ChessCore/ChessMoveRecord.swift (in target 'ChessCore' from project 'SwiftChessTools')
cd /Users/admin/builder/spi-builder-workspace/.swiftpm/xcode
SwiftCompile normal arm64 Compiling\ GameStatus.swift,\ GameTimeline.swift,\ Move.swift /Users/admin/builder/spi-builder-workspace/Sources/ChessCore/GameStatus.swift /Users/admin/builder/spi-builder-workspace/Sources/ChessCore/GameTimeline.swift /Users/admin/builder/spi-builder-workspace/Sources/ChessCore/Move.swift (in target 'ChessCore' from project 'SwiftChessTools')
SwiftCompile normal arm64 /Users/admin/builder/spi-builder-workspace/Sources/ChessCore/GameStatus.swift (in target 'ChessCore' from project 'SwiftChessTools')
cd /Users/admin/builder/spi-builder-workspace/.swiftpm/xcode
SwiftCompile normal arm64 /Users/admin/builder/spi-builder-workspace/Sources/ChessCore/GameTimeline.swift (in target 'ChessCore' from project 'SwiftChessTools')
cd /Users/admin/builder/spi-builder-workspace/.swiftpm/xcode
SwiftCompile normal arm64 /Users/admin/builder/spi-builder-workspace/Sources/ChessCore/Move.swift (in target 'ChessCore' from project 'SwiftChessTools')
cd /Users/admin/builder/spi-builder-workspace/.swiftpm/xcode
SwiftEmitModule normal arm64_32 Emitting\ module\ for\ ChessCore (in target 'ChessCore' from project 'SwiftChessTools')
EmitSwiftModule normal arm64_32 (in target 'ChessCore' from project 'SwiftChessTools')
cd /Users/admin/builder/spi-builder-workspace/.swiftpm/xcode
SwiftDriverJobDiscovery normal arm64 Emitting module for ChessCore (in target 'ChessCore' from project 'SwiftChessTools')
SwiftDriver\ Compilation\ Requirements ChessCore normal arm64 com.apple.xcode.tools.swift.compiler (in target 'ChessCore' from project 'SwiftChessTools')
cd /Users/admin/builder/spi-builder-workspace/.swiftpm/xcode
builtin-Swift-Compilation-Requirements -- /Applications/Xcode-26.3.0.app/Contents/Developer/Toolchains/XcodeDefault.xctoolchain/usr/bin/swiftc -module-name ChessCore -Onone -enforce-exclusivity\=checked @/Users/admin/builder/spi-builder-workspace/.derivedData/Build/Intermediates.noindex/SwiftChessTools.build/Debug-watchos/ChessCore.build/Objects-normal/arm64/ChessCore.SwiftFileList -DSWIFT_PACKAGE -DDEBUG -DSWIFT_MODULE_RESOURCE_BUNDLE_UNAVAILABLE -DXcode -plugin-path /Applications/Xcode-26.3.0.app/Contents/Developer/Toolchains/XcodeDefault.xctoolchain/usr/lib/swift/host/plugins/testing -enable-experimental-feature DebugDescriptionMacro -sdk /Applications/Xcode-26.3.0.app/Contents/Developer/Platforms/WatchOS.platform/Developer/SDKs/WatchOS26.2.sdk -target arm64-apple-watchos26.0 -g -module-cache-path /Users/admin/builder/spi-builder-workspace/.derivedData/ModuleCache.noindex -Xfrontend -serialize-debugging-options -profile-coverage-mapping -profile-generate -enable-testing -index-store-path /Users/admin/builder/spi-builder-workspace/.derivedData/Index.noindex/DataStore -Xcc -D_LIBCPP_HARDENING_MODE\=_LIBCPP_HARDENING_MODE_DEBUG -swift-version 6 -I /Users/admin/builder/spi-builder-workspace/.derivedData/Build/Products/Debug-watchos -Isystem /Applications/Xcode-26.3.0.app/Contents/Developer/Platforms/WatchOS.platform/Developer/usr/lib -F /Users/admin/builder/spi-builder-workspace/.derivedData/Build/Products/Debug-watchos -F /Applications/Xcode-26.3.0.app/Contents/Developer/Platforms/WatchOS.platform/Developer/Library/Frameworks -F /Applications/Xcode-26.3.0.app/Contents/Developer/Platforms/WatchOS.platform/Developer/SDKs/WatchOS26.2.sdk/Developer/Library/Frameworks -c -j10 -enable-batch-mode -incremental -Xcc -ivfsstatcache -Xcc /Users/admin/builder/spi-builder-workspace/.derivedData/SDKStatCaches.noindex/watchos26.2-23S303-dc75598d0054f22ec865fa860f139d721753b489057de6bda919edfa1c59a62b.sdkstatcache -output-file-map /Users/admin/builder/spi-builder-workspace/.derivedData/Build/Intermediates.noindex/SwiftChessTools.build/Debug-watchos/ChessCore.build/Objects-normal/arm64/ChessCore-OutputFileMap.json -use-frontend-parseable-output -save-temps -no-color-diagnostics -explicit-module-build -module-cache-path /Users/admin/builder/spi-builder-workspace/.derivedData/Build/Intermediates.noindex/SwiftExplicitPrecompiledModules -clang-scanner-module-cache-path /Users/admin/builder/spi-builder-workspace/.derivedData/ModuleCache.noindex -sdk-module-cache-path /Users/admin/builder/spi-builder-workspace/.derivedData/ModuleCache.noindex -serialize-diagnostics -emit-dependencies -emit-module -emit-module-path /Users/admin/builder/spi-builder-workspace/.derivedData/Build/Intermediates.noindex/SwiftChessTools.build/Debug-watchos/ChessCore.build/Objects-normal/arm64/ChessCore.swiftmodule -validate-clang-modules-once -clang-build-session-file /Users/admin/builder/spi-builder-workspace/.derivedData/ModuleCache.noindex/Session.modulevalidation -package-name spi_builder_workspace -Xcc -I/Users/admin/builder/spi-builder-workspace/.derivedData/Build/Intermediates.noindex/SwiftChessTools.build/Debug-watchos/ChessCore.build/swift-overrides.hmap -emit-const-values -Xfrontend -const-gather-protocols-file -Xfrontend /Users/admin/builder/spi-builder-workspace/.derivedData/Build/Intermediates.noindex/SwiftChessTools.build/Debug-watchos/ChessCore.build/Objects-normal/arm64/ChessCore_const_extract_protocols.json -Xcc -I/Users/admin/builder/spi-builder-workspace/.derivedData/Build/Products/Debug-watchos/include -Xcc -I/Users/admin/builder/spi-builder-workspace/.derivedData/Build/Intermediates.noindex/SwiftChessTools.build/Debug-watchos/ChessCore.build/DerivedSources-normal/arm64 -Xcc -I/Users/admin/builder/spi-builder-workspace/.derivedData/Build/Intermediates.noindex/SwiftChessTools.build/Debug-watchos/ChessCore.build/DerivedSources/arm64 -Xcc -I/Users/admin/builder/spi-builder-workspace/.derivedData/Build/Intermediates.noindex/SwiftChessTools.build/Debug-watchos/ChessCore.build/DerivedSources -Xcc -DSWIFT_PACKAGE -Xcc -DDEBUG\=1 -emit-objc-header -emit-objc-header-path /Users/admin/builder/spi-builder-workspace/.derivedData/Build/Intermediates.noindex/SwiftChessTools.build/Debug-watchos/ChessCore.build/Objects-normal/arm64/ChessCore-Swift.h -working-directory /Users/admin/builder/spi-builder-workspace/.swiftpm/xcode -experimental-emit-module-separately -disable-cmo
SwiftDriverJobDiscovery normal arm64_32 Emitting module for ChessCore (in target 'ChessCore' from project 'SwiftChessTools')
SwiftCompile normal arm64_32 Compiling\ PGNSerializer.swift,\ Piece.swift,\ PieceColor.swift /Users/admin/builder/spi-builder-workspace/Sources/ChessCore/PGNSerializer.swift /Users/admin/builder/spi-builder-workspace/Sources/ChessCore/Piece/Piece.swift /Users/admin/builder/spi-builder-workspace/Sources/ChessCore/Piece/PieceColor.swift (in target 'ChessCore' from project 'SwiftChessTools')
SwiftCompile normal arm64_32 /Users/admin/builder/spi-builder-workspace/Sources/ChessCore/PGNSerializer.swift (in target 'ChessCore' from project 'SwiftChessTools')
cd /Users/admin/builder/spi-builder-workspace/.swiftpm/xcode
SwiftCompile normal arm64_32 /Users/admin/builder/spi-builder-workspace/Sources/ChessCore/Piece/Piece.swift (in target 'ChessCore' from project 'SwiftChessTools')
cd /Users/admin/builder/spi-builder-workspace/.swiftpm/xcode
SwiftCompile normal arm64_32 /Users/admin/builder/spi-builder-workspace/Sources/ChessCore/Piece/PieceColor.swift (in target 'ChessCore' from project 'SwiftChessTools')
cd /Users/admin/builder/spi-builder-workspace/.swiftpm/xcode
SwiftDriver\ Compilation\ Requirements ChessCore normal arm64_32 com.apple.xcode.tools.swift.compiler (in target 'ChessCore' from project 'SwiftChessTools')
cd /Users/admin/builder/spi-builder-workspace/.swiftpm/xcode
builtin-Swift-Compilation-Requirements -- /Applications/Xcode-26.3.0.app/Contents/Developer/Toolchains/XcodeDefault.xctoolchain/usr/bin/swiftc -module-name ChessCore -Onone -enforce-exclusivity\=checked @/Users/admin/builder/spi-builder-workspace/.derivedData/Build/Intermediates.noindex/SwiftChessTools.build/Debug-watchos/ChessCore.build/Objects-normal/arm64_32/ChessCore.SwiftFileList -DSWIFT_PACKAGE -DDEBUG -DSWIFT_MODULE_RESOURCE_BUNDLE_UNAVAILABLE -DXcode -plugin-path /Applications/Xcode-26.3.0.app/Contents/Developer/Toolchains/XcodeDefault.xctoolchain/usr/lib/swift/host/plugins/testing -enable-experimental-feature DebugDescriptionMacro -sdk /Applications/Xcode-26.3.0.app/Contents/Developer/Platforms/WatchOS.platform/Developer/SDKs/WatchOS26.2.sdk -target arm64_32-apple-watchos26.0 -g -module-cache-path /Users/admin/builder/spi-builder-workspace/.derivedData/ModuleCache.noindex -Xfrontend -serialize-debugging-options -profile-coverage-mapping -profile-generate -enable-testing -index-store-path /Users/admin/builder/spi-builder-workspace/.derivedData/Index.noindex/DataStore -Xcc -D_LIBCPP_HARDENING_MODE\=_LIBCPP_HARDENING_MODE_DEBUG -swift-version 6 -I /Users/admin/builder/spi-builder-workspace/.derivedData/Build/Products/Debug-watchos -Isystem /Applications/Xcode-26.3.0.app/Contents/Developer/Platforms/WatchOS.platform/Developer/usr/lib -F /Users/admin/builder/spi-builder-workspace/.derivedData/Build/Products/Debug-watchos -F /Applications/Xcode-26.3.0.app/Contents/Developer/Platforms/WatchOS.platform/Developer/Library/Frameworks -F /Applications/Xcode-26.3.0.app/Contents/Developer/Platforms/WatchOS.platform/Developer/SDKs/WatchOS26.2.sdk/Developer/Library/Frameworks -c -j10 -enable-batch-mode -incremental -Xcc -ivfsstatcache -Xcc /Users/admin/builder/spi-builder-workspace/.derivedData/SDKStatCaches.noindex/watchos26.2-23S303-dc75598d0054f22ec865fa860f139d721753b489057de6bda919edfa1c59a62b.sdkstatcache -output-file-map /Users/admin/builder/spi-builder-workspace/.derivedData/Build/Intermediates.noindex/SwiftChessTools.build/Debug-watchos/ChessCore.build/Objects-normal/arm64_32/ChessCore-OutputFileMap.json -use-frontend-parseable-output -save-temps -no-color-diagnostics -explicit-module-build -module-cache-path /Users/admin/builder/spi-builder-workspace/.derivedData/Build/Intermediates.noindex/SwiftExplicitPrecompiledModules -clang-scanner-module-cache-path /Users/admin/builder/spi-builder-workspace/.derivedData/ModuleCache.noindex -sdk-module-cache-path /Users/admin/builder/spi-builder-workspace/.derivedData/ModuleCache.noindex -serialize-diagnostics -emit-dependencies -emit-module -emit-module-path /Users/admin/builder/spi-builder-workspace/.derivedData/Build/Intermediates.noindex/SwiftChessTools.build/Debug-watchos/ChessCore.build/Objects-normal/arm64_32/ChessCore.swiftmodule -validate-clang-modules-once -clang-build-session-file /Users/admin/builder/spi-builder-workspace/.derivedData/ModuleCache.noindex/Session.modulevalidation -package-name spi_builder_workspace -Xcc -I/Users/admin/builder/spi-builder-workspace/.derivedData/Build/Intermediates.noindex/SwiftChessTools.build/Debug-watchos/ChessCore.build/swift-overrides.hmap -emit-const-values -Xfrontend -const-gather-protocols-file -Xfrontend /Users/admin/builder/spi-builder-workspace/.derivedData/Build/Intermediates.noindex/SwiftChessTools.build/Debug-watchos/ChessCore.build/Objects-normal/arm64_32/ChessCore_const_extract_protocols.json -Xcc -I/Users/admin/builder/spi-builder-workspace/.derivedData/Build/Products/Debug-watchos/include -Xcc -I/Users/admin/builder/spi-builder-workspace/.derivedData/Build/Intermediates.noindex/SwiftChessTools.build/Debug-watchos/ChessCore.build/DerivedSources-normal/arm64_32 -Xcc -I/Users/admin/builder/spi-builder-workspace/.derivedData/Build/Intermediates.noindex/SwiftChessTools.build/Debug-watchos/ChessCore.build/DerivedSources/arm64_32 -Xcc -I/Users/admin/builder/spi-builder-workspace/.derivedData/Build/Intermediates.noindex/SwiftChessTools.build/Debug-watchos/ChessCore.build/DerivedSources -Xcc -DSWIFT_PACKAGE -Xcc -DDEBUG\=1 -emit-objc-header -emit-objc-header-path /Users/admin/builder/spi-builder-workspace/.derivedData/Build/Intermediates.noindex/SwiftChessTools.build/Debug-watchos/ChessCore.build/Objects-normal/arm64_32/ChessCore-Swift.h -working-directory /Users/admin/builder/spi-builder-workspace/.swiftpm/xcode -experimental-emit-module-separately -disable-cmo
SwiftDriverJobDiscovery normal arm64 Compiling PieceMoveGenerator.swift, QueenMoveGenerator.swift, RangeMoveGenerator.swift (in target 'ChessCore' from project 'SwiftChessTools')
Copy /Users/admin/builder/spi-builder-workspace/.derivedData/Build/Products/Debug-watchos/ChessCore.swiftmodule/arm64-apple-watchos.swiftmodule /Users/admin/builder/spi-builder-workspace/.derivedData/Build/Intermediates.noindex/SwiftChessTools.build/Debug-watchos/ChessCore.build/Objects-normal/arm64/ChessCore.swiftmodule (in target 'ChessCore' from project 'SwiftChessTools')
cd /Users/admin/builder/spi-builder-workspace
builtin-copy -exclude .DS_Store -exclude CVS -exclude .svn -exclude .git -exclude .hg -resolve-src-symlinks -rename /Users/admin/builder/spi-builder-workspace/.derivedData/Build/Intermediates.noindex/SwiftChessTools.build/Debug-watchos/ChessCore.build/Objects-normal/arm64/ChessCore.swiftmodule /Users/admin/builder/spi-builder-workspace/.derivedData/Build/Products/Debug-watchos/ChessCore.swiftmodule/arm64-apple-watchos.swiftmodule
SwiftMergeGeneratedHeaders /Users/admin/builder/spi-builder-workspace/.derivedData/Build/Intermediates.noindex/GeneratedModuleMaps-watchos/ChessCore-Swift.h /Users/admin/builder/spi-builder-workspace/.derivedData/Build/Intermediates.noindex/SwiftChessTools.build/Debug-watchos/ChessCore.build/Objects-normal/arm64/ChessCore-Swift.h /Users/admin/builder/spi-builder-workspace/.derivedData/Build/Intermediates.noindex/SwiftChessTools.build/Debug-watchos/ChessCore.build/Objects-normal/arm64_32/ChessCore-Swift.h (in target 'ChessCore' from project 'SwiftChessTools')
cd /Users/admin/builder/spi-builder-workspace
builtin-swiftHeaderTool -arch arm64 /Users/admin/builder/spi-builder-workspace/.derivedData/Build/Intermediates.noindex/SwiftChessTools.build/Debug-watchos/ChessCore.build/Objects-normal/arm64/ChessCore-Swift.h -arch arm64_32 /Users/admin/builder/spi-builder-workspace/.derivedData/Build/Intermediates.noindex/SwiftChessTools.build/Debug-watchos/ChessCore.build/Objects-normal/arm64_32/ChessCore-Swift.h -o /Users/admin/builder/spi-builder-workspace/.derivedData/Build/Intermediates.noindex/GeneratedModuleMaps-watchos/ChessCore-Swift.h
Copy /Users/admin/builder/spi-builder-workspace/.derivedData/Build/Products/Debug-watchos/ChessCore.swiftmodule/arm64_32-apple-watchos.swiftmodule /Users/admin/builder/spi-builder-workspace/.derivedData/Build/Intermediates.noindex/SwiftChessTools.build/Debug-watchos/ChessCore.build/Objects-normal/arm64_32/ChessCore.swiftmodule (in target 'ChessCore' from project 'SwiftChessTools')
cd /Users/admin/builder/spi-builder-workspace
builtin-copy -exclude .DS_Store -exclude CVS -exclude .svn -exclude .git -exclude .hg -resolve-src-symlinks -rename /Users/admin/builder/spi-builder-workspace/.derivedData/Build/Intermediates.noindex/SwiftChessTools.build/Debug-watchos/ChessCore.build/Objects-normal/arm64_32/ChessCore.swiftmodule /Users/admin/builder/spi-builder-workspace/.derivedData/Build/Products/Debug-watchos/ChessCore.swiftmodule/arm64_32-apple-watchos.swiftmodule
Copy /Users/admin/builder/spi-builder-workspace/.derivedData/Build/Products/Debug-watchos/ChessCore.swiftmodule/arm64_32-apple-watchos.swiftdoc /Users/admin/builder/spi-builder-workspace/.derivedData/Build/Intermediates.noindex/SwiftChessTools.build/Debug-watchos/ChessCore.build/Objects-normal/arm64_32/ChessCore.swiftdoc (in target 'ChessCore' from project 'SwiftChessTools')
cd /Users/admin/builder/spi-builder-workspace
builtin-copy -exclude .DS_Store -exclude CVS -exclude .svn -exclude .git -exclude .hg -resolve-src-symlinks -rename /Users/admin/builder/spi-builder-workspace/.derivedData/Build/Intermediates.noindex/SwiftChessTools.build/Debug-watchos/ChessCore.build/Objects-normal/arm64_32/ChessCore.swiftdoc /Users/admin/builder/spi-builder-workspace/.derivedData/Build/Products/Debug-watchos/ChessCore.swiftmodule/arm64_32-apple-watchos.swiftdoc
Copy /Users/admin/builder/spi-builder-workspace/.derivedData/Build/Products/Debug-watchos/ChessCore.swiftmodule/arm64_32-apple-watchos.abi.json /Users/admin/builder/spi-builder-workspace/.derivedData/Build/Intermediates.noindex/SwiftChessTools.build/Debug-watchos/ChessCore.build/Objects-normal/arm64_32/ChessCore.abi.json (in target 'ChessCore' from project 'SwiftChessTools')
cd /Users/admin/builder/spi-builder-workspace
builtin-copy -exclude .DS_Store -exclude CVS -exclude .svn -exclude .git -exclude .hg -resolve-src-symlinks -rename /Users/admin/builder/spi-builder-workspace/.derivedData/Build/Intermediates.noindex/SwiftChessTools.build/Debug-watchos/ChessCore.build/Objects-normal/arm64_32/ChessCore.abi.json /Users/admin/builder/spi-builder-workspace/.derivedData/Build/Products/Debug-watchos/ChessCore.swiftmodule/arm64_32-apple-watchos.abi.json
SwiftDriverJobDiscovery normal arm64 Compiling RookMoveGenerator.swift, SlidingMoveGenerator.swift, StepMoveGenerator.swift (in target 'ChessCore' from project 'SwiftChessTools')
Copy /Users/admin/builder/spi-builder-workspace/.derivedData/Build/Products/Debug-watchos/ChessCore.swiftmodule/arm64-apple-watchos.swiftdoc /Users/admin/builder/spi-builder-workspace/.derivedData/Build/Intermediates.noindex/SwiftChessTools.build/Debug-watchos/ChessCore.build/Objects-normal/arm64/ChessCore.swiftdoc (in target 'ChessCore' from project 'SwiftChessTools')
cd /Users/admin/builder/spi-builder-workspace
builtin-copy -exclude .DS_Store -exclude CVS -exclude .svn -exclude .git -exclude .hg -resolve-src-symlinks -rename /Users/admin/builder/spi-builder-workspace/.derivedData/Build/Intermediates.noindex/SwiftChessTools.build/Debug-watchos/ChessCore.build/Objects-normal/arm64/ChessCore.swiftdoc /Users/admin/builder/spi-builder-workspace/.derivedData/Build/Products/Debug-watchos/ChessCore.swiftmodule/arm64-apple-watchos.swiftdoc
Copy /Users/admin/builder/spi-builder-workspace/.derivedData/Build/Products/Debug-watchos/ChessCore.swiftmodule/arm64-apple-watchos.abi.json /Users/admin/builder/spi-builder-workspace/.derivedData/Build/Intermediates.noindex/SwiftChessTools.build/Debug-watchos/ChessCore.build/Objects-normal/arm64/ChessCore.abi.json (in target 'ChessCore' from project 'SwiftChessTools')
cd /Users/admin/builder/spi-builder-workspace
builtin-copy -exclude .DS_Store -exclude CVS -exclude .svn -exclude .git -exclude .hg -resolve-src-symlinks -rename /Users/admin/builder/spi-builder-workspace/.derivedData/Build/Intermediates.noindex/SwiftChessTools.build/Debug-watchos/ChessCore.build/Objects-normal/arm64/ChessCore.abi.json /Users/admin/builder/spi-builder-workspace/.derivedData/Build/Products/Debug-watchos/ChessCore.swiftmodule/arm64-apple-watchos.abi.json
Copy /Users/admin/builder/spi-builder-workspace/.derivedData/Build/Products/Debug-watchos/ChessCore.swiftmodule/Project/arm64_32-apple-watchos.swiftsourceinfo /Users/admin/builder/spi-builder-workspace/.derivedData/Build/Intermediates.noindex/SwiftChessTools.build/Debug-watchos/ChessCore.build/Objects-normal/arm64_32/ChessCore.swiftsourceinfo (in target 'ChessCore' from project 'SwiftChessTools')
cd /Users/admin/builder/spi-builder-workspace
builtin-copy -exclude .DS_Store -exclude CVS -exclude .svn -exclude .git -exclude .hg -resolve-src-symlinks -rename /Users/admin/builder/spi-builder-workspace/.derivedData/Build/Intermediates.noindex/SwiftChessTools.build/Debug-watchos/ChessCore.build/Objects-normal/arm64_32/ChessCore.swiftsourceinfo /Users/admin/builder/spi-builder-workspace/.derivedData/Build/Products/Debug-watchos/ChessCore.swiftmodule/Project/arm64_32-apple-watchos.swiftsourceinfo
Copy /Users/admin/builder/spi-builder-workspace/.derivedData/Build/Products/Debug-watchos/ChessCore.swiftmodule/Project/arm64-apple-watchos.swiftsourceinfo /Users/admin/builder/spi-builder-workspace/.derivedData/Build/Intermediates.noindex/SwiftChessTools.build/Debug-watchos/ChessCore.build/Objects-normal/arm64/ChessCore.swiftsourceinfo (in target 'ChessCore' from project 'SwiftChessTools')
cd /Users/admin/builder/spi-builder-workspace
builtin-copy -exclude .DS_Store -exclude CVS -exclude .svn -exclude .git -exclude .hg -resolve-src-symlinks -rename /Users/admin/builder/spi-builder-workspace/.derivedData/Build/Intermediates.noindex/SwiftChessTools.build/Debug-watchos/ChessCore.build/Objects-normal/arm64/ChessCore.swiftsourceinfo /Users/admin/builder/spi-builder-workspace/.derivedData/Build/Products/Debug-watchos/ChessCore.swiftmodule/Project/arm64-apple-watchos.swiftsourceinfo
SwiftCompile normal arm64_32 Compiling\ KnightMoveGenerator.swift,\ MoveOffsets.swift,\ PawnMoveGenerator.swift /Users/admin/builder/spi-builder-workspace/Sources/ChessCore/Rules/MoveGeneration/KnightMoveGenerator.swift /Users/admin/builder/spi-builder-workspace/Sources/ChessCore/Rules/MoveGeneration/MoveOffsets.swift /Users/admin/builder/spi-builder-workspace/Sources/ChessCore/Rules/MoveGeneration/PawnMoveGenerator.swift (in target 'ChessCore' from project 'SwiftChessTools')
SwiftCompile normal arm64_32 /Users/admin/builder/spi-builder-workspace/Sources/ChessCore/Rules/MoveGeneration/KnightMoveGenerator.swift (in target 'ChessCore' from project 'SwiftChessTools')
cd /Users/admin/builder/spi-builder-workspace/.swiftpm/xcode
SwiftCompile normal arm64_32 /Users/admin/builder/spi-builder-workspace/Sources/ChessCore/Rules/MoveGeneration/MoveOffsets.swift (in target 'ChessCore' from project 'SwiftChessTools')
cd /Users/admin/builder/spi-builder-workspace/.swiftpm/xcode
SwiftCompile normal arm64_32 /Users/admin/builder/spi-builder-workspace/Sources/ChessCore/Rules/MoveGeneration/PawnMoveGenerator.swift (in target 'ChessCore' from project 'SwiftChessTools')
cd /Users/admin/builder/spi-builder-workspace/.swiftpm/xcode
SwiftCompile normal arm64_32 Compiling\ Rules.swift,\ StandardRules.swift,\ SANSerializer.swift /Users/admin/builder/spi-builder-workspace/Sources/ChessCore/Rules/Rules.swift /Users/admin/builder/spi-builder-workspace/Sources/ChessCore/Rules/StandardRules.swift /Users/admin/builder/spi-builder-workspace/Sources/ChessCore/SANSerializer.swift (in target 'ChessCore' from project 'SwiftChessTools')
SwiftCompile normal arm64_32 /Users/admin/builder/spi-builder-workspace/Sources/ChessCore/Rules/Rules.swift (in target 'ChessCore' from project 'SwiftChessTools')
cd /Users/admin/builder/spi-builder-workspace/.swiftpm/xcode
SwiftCompile normal arm64_32 /Users/admin/builder/spi-builder-workspace/Sources/ChessCore/Rules/StandardRules.swift (in target 'ChessCore' from project 'SwiftChessTools')
cd /Users/admin/builder/spi-builder-workspace/.swiftpm/xcode
SwiftCompile normal arm64_32 /Users/admin/builder/spi-builder-workspace/Sources/ChessCore/SANSerializer.swift (in target 'ChessCore' from project 'SwiftChessTools')
cd /Users/admin/builder/spi-builder-workspace/.swiftpm/xcode
SwiftDriverJobDiscovery normal arm64 Compiling KnightMoveGenerator.swift, MoveOffsets.swift, PawnMoveGenerator.swift (in target 'ChessCore' from project 'SwiftChessTools')
SwiftCompile normal arm64 Compiling\ DeadPositionAnalyzer.swift,\ FENSerializer.swift,\ Game.swift /Users/admin/builder/spi-builder-workspace/Sources/ChessCore/DeadPositionAnalyzer.swift /Users/admin/builder/spi-builder-workspace/Sources/ChessCore/FENSerializer.swift /Users/admin/builder/spi-builder-workspace/Sources/ChessCore/Game.swift (in target 'ChessCore' from project 'SwiftChessTools')
SwiftCompile normal arm64 /Users/admin/builder/spi-builder-workspace/Sources/ChessCore/DeadPositionAnalyzer.swift (in target 'ChessCore' from project 'SwiftChessTools')
cd /Users/admin/builder/spi-builder-workspace/.swiftpm/xcode
SwiftCompile normal arm64 /Users/admin/builder/spi-builder-workspace/Sources/ChessCore/FENSerializer.swift (in target 'ChessCore' from project 'SwiftChessTools')
cd /Users/admin/builder/spi-builder-workspace/.swiftpm/xcode
SwiftCompile normal arm64 /Users/admin/builder/spi-builder-workspace/Sources/ChessCore/Game.swift (in target 'ChessCore' from project 'SwiftChessTools')
cd /Users/admin/builder/spi-builder-workspace/.swiftpm/xcode
SwiftDriverJobDiscovery normal arm64_32 Compiling KnightMoveGenerator.swift, MoveOffsets.swift, PawnMoveGenerator.swift (in target 'ChessCore' from project 'SwiftChessTools')
SwiftCompile normal arm64_32 Compiling\ PieceMoveGenerator.swift,\ QueenMoveGenerator.swift,\ RangeMoveGenerator.swift /Users/admin/builder/spi-builder-workspace/Sources/ChessCore/Rules/MoveGeneration/PieceMoveGenerator.swift /Users/admin/builder/spi-builder-workspace/Sources/ChessCore/Rules/MoveGeneration/QueenMoveGenerator.swift /Users/admin/builder/spi-builder-workspace/Sources/ChessCore/Rules/MoveGeneration/RangeMoveGenerator.swift (in target 'ChessCore' from project 'SwiftChessTools')
SwiftCompile normal arm64_32 /Users/admin/builder/spi-builder-workspace/Sources/ChessCore/Rules/MoveGeneration/PieceMoveGenerator.swift (in target 'ChessCore' from project 'SwiftChessTools')
cd /Users/admin/builder/spi-builder-workspace/.swiftpm/xcode
SwiftCompile normal arm64_32 /Users/admin/builder/spi-builder-workspace/Sources/ChessCore/Rules/MoveGeneration/QueenMoveGenerator.swift (in target 'ChessCore' from project 'SwiftChessTools')
cd /Users/admin/builder/spi-builder-workspace/.swiftpm/xcode
SwiftCompile normal arm64_32 /Users/admin/builder/spi-builder-workspace/Sources/ChessCore/Rules/MoveGeneration/RangeMoveGenerator.swift (in target 'ChessCore' from project 'SwiftChessTools')
cd /Users/admin/builder/spi-builder-workspace/.swiftpm/xcode
SwiftDriverJobDiscovery normal arm64_32 Compiling PieceMoveGenerator.swift, QueenMoveGenerator.swift, RangeMoveGenerator.swift (in target 'ChessCore' from project 'SwiftChessTools')
SwiftCompile normal arm64_32 Compiling\ Bitboards.swift,\ Board.swift,\ Square.swift,\ ChessMoveRecord.swift /Users/admin/builder/spi-builder-workspace/Sources/ChessCore/Board/Bitboards.swift /Users/admin/builder/spi-builder-workspace/Sources/ChessCore/Board/Board.swift /Users/admin/builder/spi-builder-workspace/Sources/ChessCore/Board/Square.swift /Users/admin/builder/spi-builder-workspace/Sources/ChessCore/ChessMoveRecord.swift (in target 'ChessCore' from project 'SwiftChessTools')
SwiftCompile normal arm64_32 /Users/admin/builder/spi-builder-workspace/Sources/ChessCore/Board/Bitboards.swift (in target 'ChessCore' from project 'SwiftChessTools')
cd /Users/admin/builder/spi-builder-workspace/.swiftpm/xcode
SwiftCompile normal arm64_32 /Users/admin/builder/spi-builder-workspace/Sources/ChessCore/Board/Board.swift (in target 'ChessCore' from project 'SwiftChessTools')
cd /Users/admin/builder/spi-builder-workspace/.swiftpm/xcode
SwiftCompile normal arm64_32 /Users/admin/builder/spi-builder-workspace/Sources/ChessCore/Board/Square.swift (in target 'ChessCore' from project 'SwiftChessTools')
cd /Users/admin/builder/spi-builder-workspace/.swiftpm/xcode
SwiftCompile normal arm64_32 /Users/admin/builder/spi-builder-workspace/Sources/ChessCore/ChessMoveRecord.swift (in target 'ChessCore' from project 'SwiftChessTools')
cd /Users/admin/builder/spi-builder-workspace/.swiftpm/xcode
SwiftCompile normal arm64_32 Compiling\ GameStatus.swift,\ GameTimeline.swift,\ Move.swift /Users/admin/builder/spi-builder-workspace/Sources/ChessCore/GameStatus.swift /Users/admin/builder/spi-builder-workspace/Sources/ChessCore/GameTimeline.swift /Users/admin/builder/spi-builder-workspace/Sources/ChessCore/Move.swift (in target 'ChessCore' from project 'SwiftChessTools')
SwiftCompile normal arm64_32 /Users/admin/builder/spi-builder-workspace/Sources/ChessCore/GameStatus.swift (in target 'ChessCore' from project 'SwiftChessTools')
cd /Users/admin/builder/spi-builder-workspace/.swiftpm/xcode
SwiftCompile normal arm64_32 /Users/admin/builder/spi-builder-workspace/Sources/ChessCore/GameTimeline.swift (in target 'ChessCore' from project 'SwiftChessTools')
cd /Users/admin/builder/spi-builder-workspace/.swiftpm/xcode
SwiftCompile normal arm64_32 /Users/admin/builder/spi-builder-workspace/Sources/ChessCore/Move.swift (in target 'ChessCore' from project 'SwiftChessTools')
cd /Users/admin/builder/spi-builder-workspace/.swiftpm/xcode
SwiftDriverJobDiscovery normal arm64 Compiling Bitboards.swift, Board.swift, Square.swift, ChessMoveRecord.swift (in target 'ChessCore' from project 'SwiftChessTools')
SwiftCompile normal arm64_32 Compiling\ RookMoveGenerator.swift,\ SlidingMoveGenerator.swift,\ StepMoveGenerator.swift /Users/admin/builder/spi-builder-workspace/Sources/ChessCore/Rules/MoveGeneration/RookMoveGenerator.swift /Users/admin/builder/spi-builder-workspace/Sources/ChessCore/Rules/MoveGeneration/SlidingMoveGenerator.swift /Users/admin/builder/spi-builder-workspace/Sources/ChessCore/Rules/MoveGeneration/StepMoveGenerator.swift (in target 'ChessCore' from project 'SwiftChessTools')
SwiftCompile normal arm64_32 /Users/admin/builder/spi-builder-workspace/Sources/ChessCore/Rules/MoveGeneration/RookMoveGenerator.swift (in target 'ChessCore' from project 'SwiftChessTools')
cd /Users/admin/builder/spi-builder-workspace/.swiftpm/xcode
SwiftCompile normal arm64_32 /Users/admin/builder/spi-builder-workspace/Sources/ChessCore/Rules/MoveGeneration/SlidingMoveGenerator.swift (in target 'ChessCore' from project 'SwiftChessTools')
cd /Users/admin/builder/spi-builder-workspace/.swiftpm/xcode
SwiftCompile normal arm64_32 /Users/admin/builder/spi-builder-workspace/Sources/ChessCore/Rules/MoveGeneration/StepMoveGenerator.swift (in target 'ChessCore' from project 'SwiftChessTools')
cd /Users/admin/builder/spi-builder-workspace/.swiftpm/xcode
SwiftCompile normal arm64_32 Compiling\ Rays.swift,\ BishopMoveGenerator.swift,\ KingMoveGenerator.swift /Users/admin/builder/spi-builder-workspace/Sources/ChessCore/Rays.swift /Users/admin/builder/spi-builder-workspace/Sources/ChessCore/Rules/MoveGeneration/BishopMoveGenerator.swift /Users/admin/builder/spi-builder-workspace/Sources/ChessCore/Rules/MoveGeneration/KingMoveGenerator.swift (in target 'ChessCore' from project 'SwiftChessTools')
SwiftCompile normal arm64_32 /Users/admin/builder/spi-builder-workspace/Sources/ChessCore/Rays.swift (in target 'ChessCore' from project 'SwiftChessTools')
cd /Users/admin/builder/spi-builder-workspace/.swiftpm/xcode
SwiftCompile normal arm64_32 /Users/admin/builder/spi-builder-workspace/Sources/ChessCore/Rules/MoveGeneration/BishopMoveGenerator.swift (in target 'ChessCore' from project 'SwiftChessTools')
cd /Users/admin/builder/spi-builder-workspace/.swiftpm/xcode
SwiftCompile normal arm64_32 /Users/admin/builder/spi-builder-workspace/Sources/ChessCore/Rules/MoveGeneration/KingMoveGenerator.swift (in target 'ChessCore' from project 'SwiftChessTools')
cd /Users/admin/builder/spi-builder-workspace/.swiftpm/xcode
SwiftDriverJobDiscovery normal arm64 Compiling PieceKind.swift, Position.swift, PositionValidator.swift (in target 'ChessCore' from project 'SwiftChessTools')
SwiftDriverJobDiscovery normal arm64 Compiling Rays.swift, BishopMoveGenerator.swift, KingMoveGenerator.swift (in target 'ChessCore' from project 'SwiftChessTools')
SwiftCompile normal arm64 Compiling\ Rules.swift,\ StandardRules.swift,\ SANSerializer.swift /Users/admin/builder/spi-builder-workspace/Sources/ChessCore/Rules/Rules.swift /Users/admin/builder/spi-builder-workspace/Sources/ChessCore/Rules/StandardRules.swift /Users/admin/builder/spi-builder-workspace/Sources/ChessCore/SANSerializer.swift (in target 'ChessCore' from project 'SwiftChessTools')
SwiftCompile normal arm64 /Users/admin/builder/spi-builder-workspace/Sources/ChessCore/Rules/Rules.swift (in target 'ChessCore' from project 'SwiftChessTools')
cd /Users/admin/builder/spi-builder-workspace/.swiftpm/xcode
SwiftCompile normal arm64 /Users/admin/builder/spi-builder-workspace/Sources/ChessCore/Rules/StandardRules.swift (in target 'ChessCore' from project 'SwiftChessTools')
cd /Users/admin/builder/spi-builder-workspace/.swiftpm/xcode
SwiftCompile normal arm64 /Users/admin/builder/spi-builder-workspace/Sources/ChessCore/SANSerializer.swift (in target 'ChessCore' from project 'SwiftChessTools')
cd /Users/admin/builder/spi-builder-workspace/.swiftpm/xcode
SwiftCompile normal arm64_32 Compiling\ DeadPositionAnalyzer.swift,\ FENSerializer.swift,\ Game.swift /Users/admin/builder/spi-builder-workspace/Sources/ChessCore/DeadPositionAnalyzer.swift /Users/admin/builder/spi-builder-workspace/Sources/ChessCore/FENSerializer.swift /Users/admin/builder/spi-builder-workspace/Sources/ChessCore/Game.swift (in target 'ChessCore' from project 'SwiftChessTools')
SwiftCompile normal arm64_32 /Users/admin/builder/spi-builder-workspace/Sources/ChessCore/DeadPositionAnalyzer.swift (in target 'ChessCore' from project 'SwiftChessTools')
cd /Users/admin/builder/spi-builder-workspace/.swiftpm/xcode
SwiftCompile normal arm64_32 /Users/admin/builder/spi-builder-workspace/Sources/ChessCore/FENSerializer.swift (in target 'ChessCore' from project 'SwiftChessTools')
cd /Users/admin/builder/spi-builder-workspace/.swiftpm/xcode
SwiftCompile normal arm64_32 /Users/admin/builder/spi-builder-workspace/Sources/ChessCore/Game.swift (in target 'ChessCore' from project 'SwiftChessTools')
cd /Users/admin/builder/spi-builder-workspace/.swiftpm/xcode
SwiftDriverJobDiscovery normal arm64 Compiling GameStatus.swift, GameTimeline.swift, Move.swift (in target 'ChessCore' from project 'SwiftChessTools')
SwiftDriverJobDiscovery normal arm64 Compiling PGNSerializer.swift, Piece.swift, PieceColor.swift (in target 'ChessCore' from project 'SwiftChessTools')
SwiftCompile normal arm64_32 Compiling\ PieceKind.swift,\ Position.swift,\ PositionValidator.swift /Users/admin/builder/spi-builder-workspace/Sources/ChessCore/Piece/PieceKind.swift /Users/admin/builder/spi-builder-workspace/Sources/ChessCore/Position.swift /Users/admin/builder/spi-builder-workspace/Sources/ChessCore/PositionValidator.swift (in target 'ChessCore' from project 'SwiftChessTools')
SwiftCompile normal arm64_32 /Users/admin/builder/spi-builder-workspace/Sources/ChessCore/Piece/PieceKind.swift (in target 'ChessCore' from project 'SwiftChessTools')
cd /Users/admin/builder/spi-builder-workspace/.swiftpm/xcode
SwiftCompile normal arm64_32 /Users/admin/builder/spi-builder-workspace/Sources/ChessCore/Position.swift (in target 'ChessCore' from project 'SwiftChessTools')
cd /Users/admin/builder/spi-builder-workspace/.swiftpm/xcode
SwiftCompile normal arm64_32 /Users/admin/builder/spi-builder-workspace/Sources/ChessCore/PositionValidator.swift (in target 'ChessCore' from project 'SwiftChessTools')
cd /Users/admin/builder/spi-builder-workspace/.swiftpm/xcode
SwiftDriverJobDiscovery normal arm64 Compiling DeadPositionAnalyzer.swift, FENSerializer.swift, Game.swift (in target 'ChessCore' from project 'SwiftChessTools')
SwiftDriverJobDiscovery normal arm64_32 Compiling RookMoveGenerator.swift, SlidingMoveGenerator.swift, StepMoveGenerator.swift (in target 'ChessCore' from project 'SwiftChessTools')
GenerateAssetSymbols /Users/admin/builder/spi-builder-workspace/Sources/ChessUI/Assets/Pieces.xcassets (in target 'ChessUI' from project 'SwiftChessTools')
cd /Users/admin/builder/spi-builder-workspace
/Applications/Xcode-26.3.0.app/Contents/Developer/usr/bin/actool /Users/admin/builder/spi-builder-workspace/Sources/ChessUI/Assets/Pieces.xcassets --compile /Users/admin/builder/spi-builder-workspace/.derivedData/Build/Products/Debug-watchos --output-format human-readable-text --notices --warnings --export-dependency-info /Users/admin/builder/spi-builder-workspace/.derivedData/Build/Intermediates.noindex/SwiftChessTools.build/Debug-watchos/ChessUI.build/assetcatalog_dependencies --output-partial-info-plist /Users/admin/builder/spi-builder-workspace/.derivedData/Build/Intermediates.noindex/SwiftChessTools.build/Debug-watchos/ChessUI.build/assetcatalog_generated_info.plist --compress-pngs --enable-on-demand-resources NO --development-region en --target-device watch --minimum-deployment-target 26.0 --platform watchos --bundle-identifier spi-builder-workspace.ChessUI --generate-swift-asset-symbol-extensions NO --generate-swift-asset-symbols /Users/admin/builder/spi-builder-workspace/.derivedData/Build/Intermediates.noindex/SwiftChessTools.build/Debug-watchos/ChessUI.build/DerivedSources/GeneratedAssetSymbols.swift --generate-objc-asset-symbols /Users/admin/builder/spi-builder-workspace/.derivedData/Build/Intermediates.noindex/SwiftChessTools.build/Debug-watchos/ChessUI.build/DerivedSources/GeneratedAssetSymbols.h --generate-asset-symbol-index /Users/admin/builder/spi-builder-workspace/.derivedData/Build/Intermediates.noindex/SwiftChessTools.build/Debug-watchos/ChessUI.build/DerivedSources/GeneratedAssetSymbols-Index.plist
/* com.apple.actool.compilation-results */
/Users/admin/builder/spi-builder-workspace/.derivedData/Build/Intermediates.noindex/SwiftChessTools.build/Debug-watchos/ChessUI.build/DerivedSources/GeneratedAssetSymbols-Index.plist
/Users/admin/builder/spi-builder-workspace/.derivedData/Build/Intermediates.noindex/SwiftChessTools.build/Debug-watchos/ChessUI.build/DerivedSources/GeneratedAssetSymbols.h
/Users/admin/builder/spi-builder-workspace/.derivedData/Build/Intermediates.noindex/SwiftChessTools.build/Debug-watchos/ChessUI.build/DerivedSources/GeneratedAssetSymbols.swift
SwiftDriverJobDiscovery normal arm64_32 Compiling Rules.swift, StandardRules.swift, SANSerializer.swift (in target 'ChessCore' from project 'SwiftChessTools')
SwiftDriverJobDiscovery normal arm64_32 Compiling PGNSerializer.swift, Piece.swift, PieceColor.swift (in target 'ChessCore' from project 'SwiftChessTools')
SwiftDriver ChessUCI normal arm64 com.apple.xcode.tools.swift.compiler (in target 'ChessUCI' from project 'SwiftChessTools')
cd /Users/admin/builder/spi-builder-workspace/.swiftpm/xcode
builtin-SwiftDriver -- /Applications/Xcode-26.3.0.app/Contents/Developer/Toolchains/XcodeDefault.xctoolchain/usr/bin/swiftc -module-name ChessUCI -Onone -enforce-exclusivity\=checked @/Users/admin/builder/spi-builder-workspace/.derivedData/Build/Intermediates.noindex/SwiftChessTools.build/Debug-watchos/ChessUCI.build/Objects-normal/arm64/ChessUCI.SwiftFileList -DSWIFT_PACKAGE -DDEBUG -DSWIFT_MODULE_RESOURCE_BUNDLE_UNAVAILABLE -DXcode -plugin-path /Applications/Xcode-26.3.0.app/Contents/Developer/Toolchains/XcodeDefault.xctoolchain/usr/lib/swift/host/plugins/testing -enable-experimental-feature DebugDescriptionMacro -sdk /Applications/Xcode-26.3.0.app/Contents/Developer/Platforms/WatchOS.platform/Developer/SDKs/WatchOS26.2.sdk -target arm64-apple-watchos26.0 -g -module-cache-path /Users/admin/builder/spi-builder-workspace/.derivedData/ModuleCache.noindex -Xfrontend -serialize-debugging-options -profile-coverage-mapping -profile-generate -enable-testing -index-store-path /Users/admin/builder/spi-builder-workspace/.derivedData/Index.noindex/DataStore -Xcc -D_LIBCPP_HARDENING_MODE\=_LIBCPP_HARDENING_MODE_DEBUG -swift-version 6 -I /Users/admin/builder/spi-builder-workspace/.derivedData/Build/Products/Debug-watchos -Isystem /Applications/Xcode-26.3.0.app/Contents/Developer/Platforms/WatchOS.platform/Developer/usr/lib -F /Users/admin/builder/spi-builder-workspace/.derivedData/Build/Products/Debug-watchos/PackageFrameworks -F /Users/admin/builder/spi-builder-workspace/.derivedData/Build/Products/Debug-watchos -F /Applications/Xcode-26.3.0.app/Contents/Developer/Platforms/WatchOS.platform/Developer/Library/Frameworks -F /Applications/Xcode-26.3.0.app/Contents/Developer/Platforms/WatchOS.platform/Developer/SDKs/WatchOS26.2.sdk/Developer/Library/Frameworks -c -j10 -enable-batch-mode -incremental -Xcc -ivfsstatcache -Xcc /Users/admin/builder/spi-builder-workspace/.derivedData/SDKStatCaches.noindex/watchos26.2-23S303-dc75598d0054f22ec865fa860f139d721753b489057de6bda919edfa1c59a62b.sdkstatcache -output-file-map /Users/admin/builder/spi-builder-workspace/.derivedData/Build/Intermediates.noindex/SwiftChessTools.build/Debug-watchos/ChessUCI.build/Objects-normal/arm64/ChessUCI-OutputFileMap.json -use-frontend-parseable-output -save-temps -no-color-diagnostics -explicit-module-build -module-cache-path /Users/admin/builder/spi-builder-workspace/.derivedData/Build/Intermediates.noindex/SwiftExplicitPrecompiledModules -clang-scanner-module-cache-path /Users/admin/builder/spi-builder-workspace/.derivedData/ModuleCache.noindex -sdk-module-cache-path /Users/admin/builder/spi-builder-workspace/.derivedData/ModuleCache.noindex -serialize-diagnostics -emit-dependencies -emit-module -emit-module-path /Users/admin/builder/spi-builder-workspace/.derivedData/Build/Intermediates.noindex/SwiftChessTools.build/Debug-watchos/ChessUCI.build/Objects-normal/arm64/ChessUCI.swiftmodule -validate-clang-modules-once -clang-build-session-file /Users/admin/builder/spi-builder-workspace/.derivedData/ModuleCache.noindex/Session.modulevalidation -package-name spi_builder_workspace -Xcc -I/Users/admin/builder/spi-builder-workspace/.derivedData/Build/Intermediates.noindex/SwiftChessTools.build/Debug-watchos/ChessUCI.build/swift-overrides.hmap -emit-const-values -Xfrontend -const-gather-protocols-file -Xfrontend /Users/admin/builder/spi-builder-workspace/.derivedData/Build/Intermediates.noindex/SwiftChessTools.build/Debug-watchos/ChessUCI.build/Objects-normal/arm64/ChessUCI_const_extract_protocols.json -Xcc -I/Users/admin/builder/spi-builder-workspace/.derivedData/Build/Products/Debug-watchos/include -Xcc -I/Users/admin/builder/spi-builder-workspace/.derivedData/Build/Intermediates.noindex/SwiftChessTools.build/Debug-watchos/ChessUCI.build/DerivedSources-normal/arm64 -Xcc -I/Users/admin/builder/spi-builder-workspace/.derivedData/Build/Intermediates.noindex/SwiftChessTools.build/Debug-watchos/ChessUCI.build/DerivedSources/arm64 -Xcc -I/Users/admin/builder/spi-builder-workspace/.derivedData/Build/Intermediates.noindex/SwiftChessTools.build/Debug-watchos/ChessUCI.build/DerivedSources -Xcc -DSWIFT_PACKAGE -Xcc -DDEBUG\=1 -emit-objc-header -emit-objc-header-path /Users/admin/builder/spi-builder-workspace/.derivedData/Build/Intermediates.noindex/SwiftChessTools.build/Debug-watchos/ChessUCI.build/Objects-normal/arm64/ChessUCI-Swift.h -working-directory /Users/admin/builder/spi-builder-workspace/.swiftpm/xcode -experimental-emit-module-separately -disable-cmo
SwiftDriver ChessUCI normal arm64_32 com.apple.xcode.tools.swift.compiler (in target 'ChessUCI' from project 'SwiftChessTools')
cd /Users/admin/builder/spi-builder-workspace/.swiftpm/xcode
builtin-SwiftDriver -- /Applications/Xcode-26.3.0.app/Contents/Developer/Toolchains/XcodeDefault.xctoolchain/usr/bin/swiftc -module-name ChessUCI -Onone -enforce-exclusivity\=checked @/Users/admin/builder/spi-builder-workspace/.derivedData/Build/Intermediates.noindex/SwiftChessTools.build/Debug-watchos/ChessUCI.build/Objects-normal/arm64_32/ChessUCI.SwiftFileList -DSWIFT_PACKAGE -DDEBUG -DSWIFT_MODULE_RESOURCE_BUNDLE_UNAVAILABLE -DXcode -plugin-path /Applications/Xcode-26.3.0.app/Contents/Developer/Toolchains/XcodeDefault.xctoolchain/usr/lib/swift/host/plugins/testing -enable-experimental-feature DebugDescriptionMacro -sdk /Applications/Xcode-26.3.0.app/Contents/Developer/Platforms/WatchOS.platform/Developer/SDKs/WatchOS26.2.sdk -target arm64_32-apple-watchos26.0 -g -module-cache-path /Users/admin/builder/spi-builder-workspace/.derivedData/ModuleCache.noindex -Xfrontend -serialize-debugging-options -profile-coverage-mapping -profile-generate -enable-testing -index-store-path /Users/admin/builder/spi-builder-workspace/.derivedData/Index.noindex/DataStore -Xcc -D_LIBCPP_HARDENING_MODE\=_LIBCPP_HARDENING_MODE_DEBUG -swift-version 6 -I /Users/admin/builder/spi-builder-workspace/.derivedData/Build/Products/Debug-watchos -Isystem /Applications/Xcode-26.3.0.app/Contents/Developer/Platforms/WatchOS.platform/Developer/usr/lib -F /Users/admin/builder/spi-builder-workspace/.derivedData/Build/Products/Debug-watchos/PackageFrameworks -F /Users/admin/builder/spi-builder-workspace/.derivedData/Build/Products/Debug-watchos -F /Applications/Xcode-26.3.0.app/Contents/Developer/Platforms/WatchOS.platform/Developer/Library/Frameworks -F /Applications/Xcode-26.3.0.app/Contents/Developer/Platforms/WatchOS.platform/Developer/SDKs/WatchOS26.2.sdk/Developer/Library/Frameworks -c -j10 -enable-batch-mode -incremental -Xcc -ivfsstatcache -Xcc /Users/admin/builder/spi-builder-workspace/.derivedData/SDKStatCaches.noindex/watchos26.2-23S303-dc75598d0054f22ec865fa860f139d721753b489057de6bda919edfa1c59a62b.sdkstatcache -output-file-map /Users/admin/builder/spi-builder-workspace/.derivedData/Build/Intermediates.noindex/SwiftChessTools.build/Debug-watchos/ChessUCI.build/Objects-normal/arm64_32/ChessUCI-OutputFileMap.json -use-frontend-parseable-output -save-temps -no-color-diagnostics -explicit-module-build -module-cache-path /Users/admin/builder/spi-builder-workspace/.derivedData/Build/Intermediates.noindex/SwiftExplicitPrecompiledModules -clang-scanner-module-cache-path /Users/admin/builder/spi-builder-workspace/.derivedData/ModuleCache.noindex -sdk-module-cache-path /Users/admin/builder/spi-builder-workspace/.derivedData/ModuleCache.noindex -serialize-diagnostics -emit-dependencies -emit-module -emit-module-path /Users/admin/builder/spi-builder-workspace/.derivedData/Build/Intermediates.noindex/SwiftChessTools.build/Debug-watchos/ChessUCI.build/Objects-normal/arm64_32/ChessUCI.swiftmodule -validate-clang-modules-once -clang-build-session-file /Users/admin/builder/spi-builder-workspace/.derivedData/ModuleCache.noindex/Session.modulevalidation -package-name spi_builder_workspace -Xcc -I/Users/admin/builder/spi-builder-workspace/.derivedData/Build/Intermediates.noindex/SwiftChessTools.build/Debug-watchos/ChessUCI.build/swift-overrides.hmap -emit-const-values -Xfrontend -const-gather-protocols-file -Xfrontend /Users/admin/builder/spi-builder-workspace/.derivedData/Build/Intermediates.noindex/SwiftChessTools.build/Debug-watchos/ChessUCI.build/Objects-normal/arm64_32/ChessUCI_const_extract_protocols.json -Xcc -I/Users/admin/builder/spi-builder-workspace/.derivedData/Build/Products/Debug-watchos/include -Xcc -I/Users/admin/builder/spi-builder-workspace/.derivedData/Build/Intermediates.noindex/SwiftChessTools.build/Debug-watchos/ChessUCI.build/DerivedSources-normal/arm64_32 -Xcc -I/Users/admin/builder/spi-builder-workspace/.derivedData/Build/Intermediates.noindex/SwiftChessTools.build/Debug-watchos/ChessUCI.build/DerivedSources/arm64_32 -Xcc -I/Users/admin/builder/spi-builder-workspace/.derivedData/Build/Intermediates.noindex/SwiftChessTools.build/Debug-watchos/ChessUCI.build/DerivedSources -Xcc -DSWIFT_PACKAGE -Xcc -DDEBUG\=1 -emit-objc-header -emit-objc-header-path /Users/admin/builder/spi-builder-workspace/.derivedData/Build/Intermediates.noindex/SwiftChessTools.build/Debug-watchos/ChessUCI.build/Objects-normal/arm64_32/ChessUCI-Swift.h -working-directory /Users/admin/builder/spi-builder-workspace/.swiftpm/xcode -experimental-emit-module-separately -disable-cmo
SwiftDriverJobDiscovery normal arm64_32 Compiling Rays.swift, BishopMoveGenerator.swift, KingMoveGenerator.swift (in target 'ChessCore' from project 'SwiftChessTools')
SwiftDriverJobDiscovery normal arm64_32 Compiling Bitboards.swift, Board.swift, Square.swift, ChessMoveRecord.swift (in target 'ChessCore' from project 'SwiftChessTools')
SwiftDriverJobDiscovery normal arm64_32 Compiling PieceKind.swift, Position.swift, PositionValidator.swift (in target 'ChessCore' from project 'SwiftChessTools')
SwiftDriverJobDiscovery normal arm64 Compiling Rules.swift, StandardRules.swift, SANSerializer.swift (in target 'ChessCore' from project 'SwiftChessTools')
SwiftDriver\ Compilation ChessCore normal arm64 com.apple.xcode.tools.swift.compiler (in target 'ChessCore' from project 'SwiftChessTools')
cd /Users/admin/builder/spi-builder-workspace/.swiftpm/xcode
builtin-Swift-Compilation -- /Applications/Xcode-26.3.0.app/Contents/Developer/Toolchains/XcodeDefault.xctoolchain/usr/bin/swiftc -module-name ChessCore -Onone -enforce-exclusivity\=checked @/Users/admin/builder/spi-builder-workspace/.derivedData/Build/Intermediates.noindex/SwiftChessTools.build/Debug-watchos/ChessCore.build/Objects-normal/arm64/ChessCore.SwiftFileList -DSWIFT_PACKAGE -DDEBUG -DSWIFT_MODULE_RESOURCE_BUNDLE_UNAVAILABLE -DXcode -plugin-path /Applications/Xcode-26.3.0.app/Contents/Developer/Toolchains/XcodeDefault.xctoolchain/usr/lib/swift/host/plugins/testing -enable-experimental-feature DebugDescriptionMacro -sdk /Applications/Xcode-26.3.0.app/Contents/Developer/Platforms/WatchOS.platform/Developer/SDKs/WatchOS26.2.sdk -target arm64-apple-watchos26.0 -g -module-cache-path /Users/admin/builder/spi-builder-workspace/.derivedData/ModuleCache.noindex -Xfrontend -serialize-debugging-options -profile-coverage-mapping -profile-generate -enable-testing -index-store-path /Users/admin/builder/spi-builder-workspace/.derivedData/Index.noindex/DataStore -Xcc -D_LIBCPP_HARDENING_MODE\=_LIBCPP_HARDENING_MODE_DEBUG -swift-version 6 -I /Users/admin/builder/spi-builder-workspace/.derivedData/Build/Products/Debug-watchos -Isystem /Applications/Xcode-26.3.0.app/Contents/Developer/Platforms/WatchOS.platform/Developer/usr/lib -F /Users/admin/builder/spi-builder-workspace/.derivedData/Build/Products/Debug-watchos -F /Applications/Xcode-26.3.0.app/Contents/Developer/Platforms/WatchOS.platform/Developer/Library/Frameworks -F /Applications/Xcode-26.3.0.app/Contents/Developer/Platforms/WatchOS.platform/Developer/SDKs/WatchOS26.2.sdk/Developer/Library/Frameworks -c -j10 -enable-batch-mode -incremental -Xcc -ivfsstatcache -Xcc /Users/admin/builder/spi-builder-workspace/.derivedData/SDKStatCaches.noindex/watchos26.2-23S303-dc75598d0054f22ec865fa860f139d721753b489057de6bda919edfa1c59a62b.sdkstatcache -output-file-map /Users/admin/builder/spi-builder-workspace/.derivedData/Build/Intermediates.noindex/SwiftChessTools.build/Debug-watchos/ChessCore.build/Objects-normal/arm64/ChessCore-OutputFileMap.json -use-frontend-parseable-output -save-temps -no-color-diagnostics -explicit-module-build -module-cache-path /Users/admin/builder/spi-builder-workspace/.derivedData/Build/Intermediates.noindex/SwiftExplicitPrecompiledModules -clang-scanner-module-cache-path /Users/admin/builder/spi-builder-workspace/.derivedData/ModuleCache.noindex -sdk-module-cache-path /Users/admin/builder/spi-builder-workspace/.derivedData/ModuleCache.noindex -serialize-diagnostics -emit-dependencies -emit-module -emit-module-path /Users/admin/builder/spi-builder-workspace/.derivedData/Build/Intermediates.noindex/SwiftChessTools.build/Debug-watchos/ChessCore.build/Objects-normal/arm64/ChessCore.swiftmodule -validate-clang-modules-once -clang-build-session-file /Users/admin/builder/spi-builder-workspace/.derivedData/ModuleCache.noindex/Session.modulevalidation -package-name spi_builder_workspace -Xcc -I/Users/admin/builder/spi-builder-workspace/.derivedData/Build/Intermediates.noindex/SwiftChessTools.build/Debug-watchos/ChessCore.build/swift-overrides.hmap -emit-const-values -Xfrontend -const-gather-protocols-file -Xfrontend /Users/admin/builder/spi-builder-workspace/.derivedData/Build/Intermediates.noindex/SwiftChessTools.build/Debug-watchos/ChessCore.build/Objects-normal/arm64/ChessCore_const_extract_protocols.json -Xcc -I/Users/admin/builder/spi-builder-workspace/.derivedData/Build/Products/Debug-watchos/include -Xcc -I/Users/admin/builder/spi-builder-workspace/.derivedData/Build/Intermediates.noindex/SwiftChessTools.build/Debug-watchos/ChessCore.build/DerivedSources-normal/arm64 -Xcc -I/Users/admin/builder/spi-builder-workspace/.derivedData/Build/Intermediates.noindex/SwiftChessTools.build/Debug-watchos/ChessCore.build/DerivedSources/arm64 -Xcc -I/Users/admin/builder/spi-builder-workspace/.derivedData/Build/Intermediates.noindex/SwiftChessTools.build/Debug-watchos/ChessCore.build/DerivedSources -Xcc -DSWIFT_PACKAGE -Xcc -DDEBUG\=1 -emit-objc-header -emit-objc-header-path /Users/admin/builder/spi-builder-workspace/.derivedData/Build/Intermediates.noindex/SwiftChessTools.build/Debug-watchos/ChessCore.build/Objects-normal/arm64/ChessCore-Swift.h -working-directory /Users/admin/builder/spi-builder-workspace/.swiftpm/xcode -experimental-emit-module-separately -disable-cmo
Ld /Users/admin/builder/spi-builder-workspace/.derivedData/Build/Intermediates.noindex/SwiftChessTools.build/Debug-watchos/ChessCore.build/Objects-normal/arm64/Binary/ChessCore.o normal arm64 (in target 'ChessCore' from project 'SwiftChessTools')
cd /Users/admin/builder/spi-builder-workspace
/Applications/Xcode-26.3.0.app/Contents/Developer/Toolchains/XcodeDefault.xctoolchain/usr/bin/clang -Xlinker -reproducible -target arm64-apple-watchos26.0 -r -isysroot /Applications/Xcode-26.3.0.app/Contents/Developer/Platforms/WatchOS.platform/Developer/SDKs/WatchOS26.2.sdk -O0 -L/Users/admin/builder/spi-builder-workspace/.derivedData/Build/Intermediates.noindex/EagerLinkingTBDs/Debug-watchos -L/Users/admin/builder/spi-builder-workspace/.derivedData/Build/Products/Debug-watchos -L/Applications/Xcode-26.3.0.app/Contents/Developer/Platforms/WatchOS.platform/Developer/usr/lib -F/Users/admin/builder/spi-builder-workspace/.derivedData/Build/Intermediates.noindex/EagerLinkingTBDs/Debug-watchos -F/Users/admin/builder/spi-builder-workspace/.derivedData/Build/Products/Debug-watchos -iframework /Applications/Xcode-26.3.0.app/Contents/Developer/Platforms/WatchOS.platform/Developer/Library/Frameworks -iframework /Applications/Xcode-26.3.0.app/Contents/Developer/Platforms/WatchOS.platform/Developer/SDKs/WatchOS26.2.sdk/Developer/Library/Frameworks -filelist /Users/admin/builder/spi-builder-workspace/.derivedData/Build/Intermediates.noindex/SwiftChessTools.build/Debug-watchos/ChessCore.build/Objects-normal/arm64/ChessCore.LinkFileList -nostdlib -Xlinker -object_path_lto -Xlinker /Users/admin/builder/spi-builder-workspace/.derivedData/Build/Intermediates.noindex/SwiftChessTools.build/Debug-watchos/ChessCore.build/Objects-normal/arm64/ChessCore_lto.o -rdynamic -Xlinker -no_deduplicate -Xlinker -debug_variant -Xlinker -dependency_info -Xlinker /Users/admin/builder/spi-builder-workspace/.derivedData/Build/Intermediates.noindex/SwiftChessTools.build/Debug-watchos/ChessCore.build/Objects-normal/arm64/ChessCore_dependency_info.dat -fobjc-link-runtime -L/Applications/Xcode-26.3.0.app/Contents/Developer/Toolchains/XcodeDefault.xctoolchain/usr/lib/swift/watchos -L/usr/lib/swift -Xlinker -add_ast_path -Xlinker /Users/admin/builder/spi-builder-workspace/.derivedData/Build/Intermediates.noindex/SwiftChessTools.build/Debug-watchos/ChessCore.build/Objects-normal/arm64/ChessCore.swiftmodule @/Users/admin/builder/spi-builder-workspace/.derivedData/Build/Intermediates.noindex/SwiftChessTools.build/Debug-watchos/ChessCore.build/Objects-normal/arm64/ChessCore-linker-args.resp -o /Users/admin/builder/spi-builder-workspace/.derivedData/Build/Intermediates.noindex/SwiftChessTools.build/Debug-watchos/ChessCore.build/Objects-normal/arm64/Binary/ChessCore.o
SwiftDriverJobDiscovery normal arm64_32 Compiling GameStatus.swift, GameTimeline.swift, Move.swift (in target 'ChessCore' from project 'SwiftChessTools')
SwiftCompile normal arm64 Compiling\ UCIParser.swift /Users/admin/builder/spi-builder-workspace/Sources/ChessUCI/UCIParser.swift (in target 'ChessUCI' from project 'SwiftChessTools')
SwiftCompile normal arm64 /Users/admin/builder/spi-builder-workspace/Sources/ChessUCI/UCIParser.swift (in target 'ChessUCI' from project 'SwiftChessTools')
cd /Users/admin/builder/spi-builder-workspace/.swiftpm/xcode
SwiftCompile normal arm64 Compiling\ UCICommand.swift /Users/admin/builder/spi-builder-workspace/Sources/ChessUCI/UCICommand.swift (in target 'ChessUCI' from project 'SwiftChessTools')
SwiftCompile normal arm64 /Users/admin/builder/spi-builder-workspace/Sources/ChessUCI/UCICommand.swift (in target 'ChessUCI' from project 'SwiftChessTools')
cd /Users/admin/builder/spi-builder-workspace/.swiftpm/xcode
SwiftEmitModule normal arm64 Emitting\ module\ for\ ChessUCI (in target 'ChessUCI' from project 'SwiftChessTools')
EmitSwiftModule normal arm64 (in target 'ChessUCI' from project 'SwiftChessTools')
cd /Users/admin/builder/spi-builder-workspace/.swiftpm/xcode
SwiftCompile normal arm64_32 Compiling\ UCIParser.swift /Users/admin/builder/spi-builder-workspace/Sources/ChessUCI/UCIParser.swift (in target 'ChessUCI' from project 'SwiftChessTools')
SwiftCompile normal arm64_32 /Users/admin/builder/spi-builder-workspace/Sources/ChessUCI/UCIParser.swift (in target 'ChessUCI' from project 'SwiftChessTools')
cd /Users/admin/builder/spi-builder-workspace/.swiftpm/xcode
SwiftEmitModule normal arm64_32 Emitting\ module\ for\ ChessUCI (in target 'ChessUCI' from project 'SwiftChessTools')
EmitSwiftModule normal arm64_32 (in target 'ChessUCI' from project 'SwiftChessTools')
cd /Users/admin/builder/spi-builder-workspace/.swiftpm/xcode
SwiftCompile normal arm64_32 Compiling\ UCICommand.swift /Users/admin/builder/spi-builder-workspace/Sources/ChessUCI/UCICommand.swift (in target 'ChessUCI' from project 'SwiftChessTools')
SwiftCompile normal arm64_32 /Users/admin/builder/spi-builder-workspace/Sources/ChessUCI/UCICommand.swift (in target 'ChessUCI' from project 'SwiftChessTools')
cd /Users/admin/builder/spi-builder-workspace/.swiftpm/xcode
SwiftDriverJobDiscovery normal arm64 Emitting module for ChessUCI (in target 'ChessUCI' from project 'SwiftChessTools')
SwiftDriver\ Compilation\ Requirements ChessUCI normal arm64 com.apple.xcode.tools.swift.compiler (in target 'ChessUCI' from project 'SwiftChessTools')
cd /Users/admin/builder/spi-builder-workspace/.swiftpm/xcode
builtin-Swift-Compilation-Requirements -- /Applications/Xcode-26.3.0.app/Contents/Developer/Toolchains/XcodeDefault.xctoolchain/usr/bin/swiftc -module-name ChessUCI -Onone -enforce-exclusivity\=checked @/Users/admin/builder/spi-builder-workspace/.derivedData/Build/Intermediates.noindex/SwiftChessTools.build/Debug-watchos/ChessUCI.build/Objects-normal/arm64/ChessUCI.SwiftFileList -DSWIFT_PACKAGE -DDEBUG -DSWIFT_MODULE_RESOURCE_BUNDLE_UNAVAILABLE -DXcode -plugin-path /Applications/Xcode-26.3.0.app/Contents/Developer/Toolchains/XcodeDefault.xctoolchain/usr/lib/swift/host/plugins/testing -enable-experimental-feature DebugDescriptionMacro -sdk /Applications/Xcode-26.3.0.app/Contents/Developer/Platforms/WatchOS.platform/Developer/SDKs/WatchOS26.2.sdk -target arm64-apple-watchos26.0 -g -module-cache-path /Users/admin/builder/spi-builder-workspace/.derivedData/ModuleCache.noindex -Xfrontend -serialize-debugging-options -profile-coverage-mapping -profile-generate -enable-testing -index-store-path /Users/admin/builder/spi-builder-workspace/.derivedData/Index.noindex/DataStore -Xcc -D_LIBCPP_HARDENING_MODE\=_LIBCPP_HARDENING_MODE_DEBUG -swift-version 6 -I /Users/admin/builder/spi-builder-workspace/.derivedData/Build/Products/Debug-watchos -Isystem /Applications/Xcode-26.3.0.app/Contents/Developer/Platforms/WatchOS.platform/Developer/usr/lib -F /Users/admin/builder/spi-builder-workspace/.derivedData/Build/Products/Debug-watchos/PackageFrameworks -F /Users/admin/builder/spi-builder-workspace/.derivedData/Build/Products/Debug-watchos -F /Applications/Xcode-26.3.0.app/Contents/Developer/Platforms/WatchOS.platform/Developer/Library/Frameworks -F /Applications/Xcode-26.3.0.app/Contents/Developer/Platforms/WatchOS.platform/Developer/SDKs/WatchOS26.2.sdk/Developer/Library/Frameworks -c -j10 -enable-batch-mode -incremental -Xcc -ivfsstatcache -Xcc /Users/admin/builder/spi-builder-workspace/.derivedData/SDKStatCaches.noindex/watchos26.2-23S303-dc75598d0054f22ec865fa860f139d721753b489057de6bda919edfa1c59a62b.sdkstatcache -output-file-map /Users/admin/builder/spi-builder-workspace/.derivedData/Build/Intermediates.noindex/SwiftChessTools.build/Debug-watchos/ChessUCI.build/Objects-normal/arm64/ChessUCI-OutputFileMap.json -use-frontend-parseable-output -save-temps -no-color-diagnostics -explicit-module-build -module-cache-path /Users/admin/builder/spi-builder-workspace/.derivedData/Build/Intermediates.noindex/SwiftExplicitPrecompiledModules -clang-scanner-module-cache-path /Users/admin/builder/spi-builder-workspace/.derivedData/ModuleCache.noindex -sdk-module-cache-path /Users/admin/builder/spi-builder-workspace/.derivedData/ModuleCache.noindex -serialize-diagnostics -emit-dependencies -emit-module -emit-module-path /Users/admin/builder/spi-builder-workspace/.derivedData/Build/Intermediates.noindex/SwiftChessTools.build/Debug-watchos/ChessUCI.build/Objects-normal/arm64/ChessUCI.swiftmodule -validate-clang-modules-once -clang-build-session-file /Users/admin/builder/spi-builder-workspace/.derivedData/ModuleCache.noindex/Session.modulevalidation -package-name spi_builder_workspace -Xcc -I/Users/admin/builder/spi-builder-workspace/.derivedData/Build/Intermediates.noindex/SwiftChessTools.build/Debug-watchos/ChessUCI.build/swift-overrides.hmap -emit-const-values -Xfrontend -const-gather-protocols-file -Xfrontend /Users/admin/builder/spi-builder-workspace/.derivedData/Build/Intermediates.noindex/SwiftChessTools.build/Debug-watchos/ChessUCI.build/Objects-normal/arm64/ChessUCI_const_extract_protocols.json -Xcc -I/Users/admin/builder/spi-builder-workspace/.derivedData/Build/Products/Debug-watchos/include -Xcc -I/Users/admin/builder/spi-builder-workspace/.derivedData/Build/Intermediates.noindex/SwiftChessTools.build/Debug-watchos/ChessUCI.build/DerivedSources-normal/arm64 -Xcc -I/Users/admin/builder/spi-builder-workspace/.derivedData/Build/Intermediates.noindex/SwiftChessTools.build/Debug-watchos/ChessUCI.build/DerivedSources/arm64 -Xcc -I/Users/admin/builder/spi-builder-workspace/.derivedData/Build/Intermediates.noindex/SwiftChessTools.build/Debug-watchos/ChessUCI.build/DerivedSources -Xcc -DSWIFT_PACKAGE -Xcc -DDEBUG\=1 -emit-objc-header -emit-objc-header-path /Users/admin/builder/spi-builder-workspace/.derivedData/Build/Intermediates.noindex/SwiftChessTools.build/Debug-watchos/ChessUCI.build/Objects-normal/arm64/ChessUCI-Swift.h -working-directory /Users/admin/builder/spi-builder-workspace/.swiftpm/xcode -experimental-emit-module-separately -disable-cmo
Copy /Users/admin/builder/spi-builder-workspace/.derivedData/Build/Products/Debug-watchos/ChessUCI.swiftmodule/arm64-apple-watchos.swiftmodule /Users/admin/builder/spi-builder-workspace/.derivedData/Build/Intermediates.noindex/SwiftChessTools.build/Debug-watchos/ChessUCI.build/Objects-normal/arm64/ChessUCI.swiftmodule (in target 'ChessUCI' from project 'SwiftChessTools')
cd /Users/admin/builder/spi-builder-workspace
builtin-copy -exclude .DS_Store -exclude CVS -exclude .svn -exclude .git -exclude .hg -resolve-src-symlinks -rename /Users/admin/builder/spi-builder-workspace/.derivedData/Build/Intermediates.noindex/SwiftChessTools.build/Debug-watchos/ChessUCI.build/Objects-normal/arm64/ChessUCI.swiftmodule /Users/admin/builder/spi-builder-workspace/.derivedData/Build/Products/Debug-watchos/ChessUCI.swiftmodule/arm64-apple-watchos.swiftmodule
Copy /Users/admin/builder/spi-builder-workspace/.derivedData/Build/Products/Debug-watchos/ChessUCI.swiftmodule/arm64-apple-watchos.swiftdoc /Users/admin/builder/spi-builder-workspace/.derivedData/Build/Intermediates.noindex/SwiftChessTools.build/Debug-watchos/ChessUCI.build/Objects-normal/arm64/ChessUCI.swiftdoc (in target 'ChessUCI' from project 'SwiftChessTools')
cd /Users/admin/builder/spi-builder-workspace
builtin-copy -exclude .DS_Store -exclude CVS -exclude .svn -exclude .git -exclude .hg -resolve-src-symlinks -rename /Users/admin/builder/spi-builder-workspace/.derivedData/Build/Intermediates.noindex/SwiftChessTools.build/Debug-watchos/ChessUCI.build/Objects-normal/arm64/ChessUCI.swiftdoc /Users/admin/builder/spi-builder-workspace/.derivedData/Build/Products/Debug-watchos/ChessUCI.swiftmodule/arm64-apple-watchos.swiftdoc
Copy /Users/admin/builder/spi-builder-workspace/.derivedData/Build/Products/Debug-watchos/ChessUCI.swiftmodule/arm64-apple-watchos.abi.json /Users/admin/builder/spi-builder-workspace/.derivedData/Build/Intermediates.noindex/SwiftChessTools.build/Debug-watchos/ChessUCI.build/Objects-normal/arm64/ChessUCI.abi.json (in target 'ChessUCI' from project 'SwiftChessTools')
cd /Users/admin/builder/spi-builder-workspace
builtin-copy -exclude .DS_Store -exclude CVS -exclude .svn -exclude .git -exclude .hg -resolve-src-symlinks -rename /Users/admin/builder/spi-builder-workspace/.derivedData/Build/Intermediates.noindex/SwiftChessTools.build/Debug-watchos/ChessUCI.build/Objects-normal/arm64/ChessUCI.abi.json /Users/admin/builder/spi-builder-workspace/.derivedData/Build/Products/Debug-watchos/ChessUCI.swiftmodule/arm64-apple-watchos.abi.json
SwiftDriverJobDiscovery normal arm64_32 Emitting module for ChessUCI (in target 'ChessUCI' from project 'SwiftChessTools')
SwiftDriver\ Compilation\ Requirements ChessUCI normal arm64_32 com.apple.xcode.tools.swift.compiler (in target 'ChessUCI' from project 'SwiftChessTools')
cd /Users/admin/builder/spi-builder-workspace/.swiftpm/xcode
builtin-Swift-Compilation-Requirements -- /Applications/Xcode-26.3.0.app/Contents/Developer/Toolchains/XcodeDefault.xctoolchain/usr/bin/swiftc -module-name ChessUCI -Onone -enforce-exclusivity\=checked @/Users/admin/builder/spi-builder-workspace/.derivedData/Build/Intermediates.noindex/SwiftChessTools.build/Debug-watchos/ChessUCI.build/Objects-normal/arm64_32/ChessUCI.SwiftFileList -DSWIFT_PACKAGE -DDEBUG -DSWIFT_MODULE_RESOURCE_BUNDLE_UNAVAILABLE -DXcode -plugin-path /Applications/Xcode-26.3.0.app/Contents/Developer/Toolchains/XcodeDefault.xctoolchain/usr/lib/swift/host/plugins/testing -enable-experimental-feature DebugDescriptionMacro -sdk /Applications/Xcode-26.3.0.app/Contents/Developer/Platforms/WatchOS.platform/Developer/SDKs/WatchOS26.2.sdk -target arm64_32-apple-watchos26.0 -g -module-cache-path /Users/admin/builder/spi-builder-workspace/.derivedData/ModuleCache.noindex -Xfrontend -serialize-debugging-options -profile-coverage-mapping -profile-generate -enable-testing -index-store-path /Users/admin/builder/spi-builder-workspace/.derivedData/Index.noindex/DataStore -Xcc -D_LIBCPP_HARDENING_MODE\=_LIBCPP_HARDENING_MODE_DEBUG -swift-version 6 -I /Users/admin/builder/spi-builder-workspace/.derivedData/Build/Products/Debug-watchos -Isystem /Applications/Xcode-26.3.0.app/Contents/Developer/Platforms/WatchOS.platform/Developer/usr/lib -F /Users/admin/builder/spi-builder-workspace/.derivedData/Build/Products/Debug-watchos/PackageFrameworks -F /Users/admin/builder/spi-builder-workspace/.derivedData/Build/Products/Debug-watchos -F /Applications/Xcode-26.3.0.app/Contents/Developer/Platforms/WatchOS.platform/Developer/Library/Frameworks -F /Applications/Xcode-26.3.0.app/Contents/Developer/Platforms/WatchOS.platform/Developer/SDKs/WatchOS26.2.sdk/Developer/Library/Frameworks -c -j10 -enable-batch-mode -incremental -Xcc -ivfsstatcache -Xcc /Users/admin/builder/spi-builder-workspace/.derivedData/SDKStatCaches.noindex/watchos26.2-23S303-dc75598d0054f22ec865fa860f139d721753b489057de6bda919edfa1c59a62b.sdkstatcache -output-file-map /Users/admin/builder/spi-builder-workspace/.derivedData/Build/Intermediates.noindex/SwiftChessTools.build/Debug-watchos/ChessUCI.build/Objects-normal/arm64_32/ChessUCI-OutputFileMap.json -use-frontend-parseable-output -save-temps -no-color-diagnostics -explicit-module-build -module-cache-path /Users/admin/builder/spi-builder-workspace/.derivedData/Build/Intermediates.noindex/SwiftExplicitPrecompiledModules -clang-scanner-module-cache-path /Users/admin/builder/spi-builder-workspace/.derivedData/ModuleCache.noindex -sdk-module-cache-path /Users/admin/builder/spi-builder-workspace/.derivedData/ModuleCache.noindex -serialize-diagnostics -emit-dependencies -emit-module -emit-module-path /Users/admin/builder/spi-builder-workspace/.derivedData/Build/Intermediates.noindex/SwiftChessTools.build/Debug-watchos/ChessUCI.build/Objects-normal/arm64_32/ChessUCI.swiftmodule -validate-clang-modules-once -clang-build-session-file /Users/admin/builder/spi-builder-workspace/.derivedData/ModuleCache.noindex/Session.modulevalidation -package-name spi_builder_workspace -Xcc -I/Users/admin/builder/spi-builder-workspace/.derivedData/Build/Intermediates.noindex/SwiftChessTools.build/Debug-watchos/ChessUCI.build/swift-overrides.hmap -emit-const-values -Xfrontend -const-gather-protocols-file -Xfrontend /Users/admin/builder/spi-builder-workspace/.derivedData/Build/Intermediates.noindex/SwiftChessTools.build/Debug-watchos/ChessUCI.build/Objects-normal/arm64_32/ChessUCI_const_extract_protocols.json -Xcc -I/Users/admin/builder/spi-builder-workspace/.derivedData/Build/Products/Debug-watchos/include -Xcc -I/Users/admin/builder/spi-builder-workspace/.derivedData/Build/Intermediates.noindex/SwiftChessTools.build/Debug-watchos/ChessUCI.build/DerivedSources-normal/arm64_32 -Xcc -I/Users/admin/builder/spi-builder-workspace/.derivedData/Build/Intermediates.noindex/SwiftChessTools.build/Debug-watchos/ChessUCI.build/DerivedSources/arm64_32 -Xcc -I/Users/admin/builder/spi-builder-workspace/.derivedData/Build/Intermediates.noindex/SwiftChessTools.build/Debug-watchos/ChessUCI.build/DerivedSources -Xcc -DSWIFT_PACKAGE -Xcc -DDEBUG\=1 -emit-objc-header -emit-objc-header-path /Users/admin/builder/spi-builder-workspace/.derivedData/Build/Intermediates.noindex/SwiftChessTools.build/Debug-watchos/ChessUCI.build/Objects-normal/arm64_32/ChessUCI-Swift.h -working-directory /Users/admin/builder/spi-builder-workspace/.swiftpm/xcode -experimental-emit-module-separately -disable-cmo
Copy /Users/admin/builder/spi-builder-workspace/.derivedData/Build/Products/Debug-watchos/ChessUCI.swiftmodule/Project/arm64-apple-watchos.swiftsourceinfo /Users/admin/builder/spi-builder-workspace/.derivedData/Build/Intermediates.noindex/SwiftChessTools.build/Debug-watchos/ChessUCI.build/Objects-normal/arm64/ChessUCI.swiftsourceinfo (in target 'ChessUCI' from project 'SwiftChessTools')
cd /Users/admin/builder/spi-builder-workspace
builtin-copy -exclude .DS_Store -exclude CVS -exclude .svn -exclude .git -exclude .hg -resolve-src-symlinks -rename /Users/admin/builder/spi-builder-workspace/.derivedData/Build/Intermediates.noindex/SwiftChessTools.build/Debug-watchos/ChessUCI.build/Objects-normal/arm64/ChessUCI.swiftsourceinfo /Users/admin/builder/spi-builder-workspace/.derivedData/Build/Products/Debug-watchos/ChessUCI.swiftmodule/Project/arm64-apple-watchos.swiftsourceinfo
SwiftMergeGeneratedHeaders /Users/admin/builder/spi-builder-workspace/.derivedData/Build/Intermediates.noindex/GeneratedModuleMaps-watchos/ChessUCI-Swift.h /Users/admin/builder/spi-builder-workspace/.derivedData/Build/Intermediates.noindex/SwiftChessTools.build/Debug-watchos/ChessUCI.build/Objects-normal/arm64/ChessUCI-Swift.h /Users/admin/builder/spi-builder-workspace/.derivedData/Build/Intermediates.noindex/SwiftChessTools.build/Debug-watchos/ChessUCI.build/Objects-normal/arm64_32/ChessUCI-Swift.h (in target 'ChessUCI' from project 'SwiftChessTools')
cd /Users/admin/builder/spi-builder-workspace
builtin-swiftHeaderTool -arch arm64 /Users/admin/builder/spi-builder-workspace/.derivedData/Build/Intermediates.noindex/SwiftChessTools.build/Debug-watchos/ChessUCI.build/Objects-normal/arm64/ChessUCI-Swift.h -arch arm64_32 /Users/admin/builder/spi-builder-workspace/.derivedData/Build/Intermediates.noindex/SwiftChessTools.build/Debug-watchos/ChessUCI.build/Objects-normal/arm64_32/ChessUCI-Swift.h -o /Users/admin/builder/spi-builder-workspace/.derivedData/Build/Intermediates.noindex/GeneratedModuleMaps-watchos/ChessUCI-Swift.h
Copy /Users/admin/builder/spi-builder-workspace/.derivedData/Build/Products/Debug-watchos/ChessUCI.swiftmodule/arm64_32-apple-watchos.swiftmodule /Users/admin/builder/spi-builder-workspace/.derivedData/Build/Intermediates.noindex/SwiftChessTools.build/Debug-watchos/ChessUCI.build/Objects-normal/arm64_32/ChessUCI.swiftmodule (in target 'ChessUCI' from project 'SwiftChessTools')
cd /Users/admin/builder/spi-builder-workspace
builtin-copy -exclude .DS_Store -exclude CVS -exclude .svn -exclude .git -exclude .hg -resolve-src-symlinks -rename /Users/admin/builder/spi-builder-workspace/.derivedData/Build/Intermediates.noindex/SwiftChessTools.build/Debug-watchos/ChessUCI.build/Objects-normal/arm64_32/ChessUCI.swiftmodule /Users/admin/builder/spi-builder-workspace/.derivedData/Build/Products/Debug-watchos/ChessUCI.swiftmodule/arm64_32-apple-watchos.swiftmodule
Copy /Users/admin/builder/spi-builder-workspace/.derivedData/Build/Products/Debug-watchos/ChessUCI.swiftmodule/arm64_32-apple-watchos.swiftdoc /Users/admin/builder/spi-builder-workspace/.derivedData/Build/Intermediates.noindex/SwiftChessTools.build/Debug-watchos/ChessUCI.build/Objects-normal/arm64_32/ChessUCI.swiftdoc (in target 'ChessUCI' from project 'SwiftChessTools')
cd /Users/admin/builder/spi-builder-workspace
builtin-copy -exclude .DS_Store -exclude CVS -exclude .svn -exclude .git -exclude .hg -resolve-src-symlinks -rename /Users/admin/builder/spi-builder-workspace/.derivedData/Build/Intermediates.noindex/SwiftChessTools.build/Debug-watchos/ChessUCI.build/Objects-normal/arm64_32/ChessUCI.swiftdoc /Users/admin/builder/spi-builder-workspace/.derivedData/Build/Products/Debug-watchos/ChessUCI.swiftmodule/arm64_32-apple-watchos.swiftdoc
Copy /Users/admin/builder/spi-builder-workspace/.derivedData/Build/Products/Debug-watchos/ChessUCI.swiftmodule/arm64_32-apple-watchos.abi.json /Users/admin/builder/spi-builder-workspace/.derivedData/Build/Intermediates.noindex/SwiftChessTools.build/Debug-watchos/ChessUCI.build/Objects-normal/arm64_32/ChessUCI.abi.json (in target 'ChessUCI' from project 'SwiftChessTools')
cd /Users/admin/builder/spi-builder-workspace
builtin-copy -exclude .DS_Store -exclude CVS -exclude .svn -exclude .git -exclude .hg -resolve-src-symlinks -rename /Users/admin/builder/spi-builder-workspace/.derivedData/Build/Intermediates.noindex/SwiftChessTools.build/Debug-watchos/ChessUCI.build/Objects-normal/arm64_32/ChessUCI.abi.json /Users/admin/builder/spi-builder-workspace/.derivedData/Build/Products/Debug-watchos/ChessUCI.swiftmodule/arm64_32-apple-watchos.abi.json
Copy /Users/admin/builder/spi-builder-workspace/.derivedData/Build/Products/Debug-watchos/ChessUCI.swiftmodule/Project/arm64_32-apple-watchos.swiftsourceinfo /Users/admin/builder/spi-builder-workspace/.derivedData/Build/Intermediates.noindex/SwiftChessTools.build/Debug-watchos/ChessUCI.build/Objects-normal/arm64_32/ChessUCI.swiftsourceinfo (in target 'ChessUCI' from project 'SwiftChessTools')
cd /Users/admin/builder/spi-builder-workspace
builtin-copy -exclude .DS_Store -exclude CVS -exclude .svn -exclude .git -exclude .hg -resolve-src-symlinks -rename /Users/admin/builder/spi-builder-workspace/.derivedData/Build/Intermediates.noindex/SwiftChessTools.build/Debug-watchos/ChessUCI.build/Objects-normal/arm64_32/ChessUCI.swiftsourceinfo /Users/admin/builder/spi-builder-workspace/.derivedData/Build/Products/Debug-watchos/ChessUCI.swiftmodule/Project/arm64_32-apple-watchos.swiftsourceinfo
SwiftDriverJobDiscovery normal arm64 Compiling UCICommand.swift (in target 'ChessUCI' from project 'SwiftChessTools')
SwiftDriverJobDiscovery normal arm64_32 Compiling UCICommand.swift (in target 'ChessUCI' from project 'SwiftChessTools')
SwiftDriverJobDiscovery normal arm64_32 Compiling DeadPositionAnalyzer.swift, FENSerializer.swift, Game.swift (in target 'ChessCore' from project 'SwiftChessTools')
SwiftDriver\ Compilation ChessCore normal arm64_32 com.apple.xcode.tools.swift.compiler (in target 'ChessCore' from project 'SwiftChessTools')
cd /Users/admin/builder/spi-builder-workspace/.swiftpm/xcode
builtin-Swift-Compilation -- /Applications/Xcode-26.3.0.app/Contents/Developer/Toolchains/XcodeDefault.xctoolchain/usr/bin/swiftc -module-name ChessCore -Onone -enforce-exclusivity\=checked @/Users/admin/builder/spi-builder-workspace/.derivedData/Build/Intermediates.noindex/SwiftChessTools.build/Debug-watchos/ChessCore.build/Objects-normal/arm64_32/ChessCore.SwiftFileList -DSWIFT_PACKAGE -DDEBUG -DSWIFT_MODULE_RESOURCE_BUNDLE_UNAVAILABLE -DXcode -plugin-path /Applications/Xcode-26.3.0.app/Contents/Developer/Toolchains/XcodeDefault.xctoolchain/usr/lib/swift/host/plugins/testing -enable-experimental-feature DebugDescriptionMacro -sdk /Applications/Xcode-26.3.0.app/Contents/Developer/Platforms/WatchOS.platform/Developer/SDKs/WatchOS26.2.sdk -target arm64_32-apple-watchos26.0 -g -module-cache-path /Users/admin/builder/spi-builder-workspace/.derivedData/ModuleCache.noindex -Xfrontend -serialize-debugging-options -profile-coverage-mapping -profile-generate -enable-testing -index-store-path /Users/admin/builder/spi-builder-workspace/.derivedData/Index.noindex/DataStore -Xcc -D_LIBCPP_HARDENING_MODE\=_LIBCPP_HARDENING_MODE_DEBUG -swift-version 6 -I /Users/admin/builder/spi-builder-workspace/.derivedData/Build/Products/Debug-watchos -Isystem /Applications/Xcode-26.3.0.app/Contents/Developer/Platforms/WatchOS.platform/Developer/usr/lib -F /Users/admin/builder/spi-builder-workspace/.derivedData/Build/Products/Debug-watchos -F /Applications/Xcode-26.3.0.app/Contents/Developer/Platforms/WatchOS.platform/Developer/Library/Frameworks -F /Applications/Xcode-26.3.0.app/Contents/Developer/Platforms/WatchOS.platform/Developer/SDKs/WatchOS26.2.sdk/Developer/Library/Frameworks -c -j10 -enable-batch-mode -incremental -Xcc -ivfsstatcache -Xcc /Users/admin/builder/spi-builder-workspace/.derivedData/SDKStatCaches.noindex/watchos26.2-23S303-dc75598d0054f22ec865fa860f139d721753b489057de6bda919edfa1c59a62b.sdkstatcache -output-file-map /Users/admin/builder/spi-builder-workspace/.derivedData/Build/Intermediates.noindex/SwiftChessTools.build/Debug-watchos/ChessCore.build/Objects-normal/arm64_32/ChessCore-OutputFileMap.json -use-frontend-parseable-output -save-temps -no-color-diagnostics -explicit-module-build -module-cache-path /Users/admin/builder/spi-builder-workspace/.derivedData/Build/Intermediates.noindex/SwiftExplicitPrecompiledModules -clang-scanner-module-cache-path /Users/admin/builder/spi-builder-workspace/.derivedData/ModuleCache.noindex -sdk-module-cache-path /Users/admin/builder/spi-builder-workspace/.derivedData/ModuleCache.noindex -serialize-diagnostics -emit-dependencies -emit-module -emit-module-path /Users/admin/builder/spi-builder-workspace/.derivedData/Build/Intermediates.noindex/SwiftChessTools.build/Debug-watchos/ChessCore.build/Objects-normal/arm64_32/ChessCore.swiftmodule -validate-clang-modules-once -clang-build-session-file /Users/admin/builder/spi-builder-workspace/.derivedData/ModuleCache.noindex/Session.modulevalidation -package-name spi_builder_workspace -Xcc -I/Users/admin/builder/spi-builder-workspace/.derivedData/Build/Intermediates.noindex/SwiftChessTools.build/Debug-watchos/ChessCore.build/swift-overrides.hmap -emit-const-values -Xfrontend -const-gather-protocols-file -Xfrontend /Users/admin/builder/spi-builder-workspace/.derivedData/Build/Intermediates.noindex/SwiftChessTools.build/Debug-watchos/ChessCore.build/Objects-normal/arm64_32/ChessCore_const_extract_protocols.json -Xcc -I/Users/admin/builder/spi-builder-workspace/.derivedData/Build/Products/Debug-watchos/include -Xcc -I/Users/admin/builder/spi-builder-workspace/.derivedData/Build/Intermediates.noindex/SwiftChessTools.build/Debug-watchos/ChessCore.build/DerivedSources-normal/arm64_32 -Xcc -I/Users/admin/builder/spi-builder-workspace/.derivedData/Build/Intermediates.noindex/SwiftChessTools.build/Debug-watchos/ChessCore.build/DerivedSources/arm64_32 -Xcc -I/Users/admin/builder/spi-builder-workspace/.derivedData/Build/Intermediates.noindex/SwiftChessTools.build/Debug-watchos/ChessCore.build/DerivedSources -Xcc -DSWIFT_PACKAGE -Xcc -DDEBUG\=1 -emit-objc-header -emit-objc-header-path /Users/admin/builder/spi-builder-workspace/.derivedData/Build/Intermediates.noindex/SwiftChessTools.build/Debug-watchos/ChessCore.build/Objects-normal/arm64_32/ChessCore-Swift.h -working-directory /Users/admin/builder/spi-builder-workspace/.swiftpm/xcode -experimental-emit-module-separately -disable-cmo
Ld /Users/admin/builder/spi-builder-workspace/.derivedData/Build/Intermediates.noindex/SwiftChessTools.build/Debug-watchos/ChessCore.build/Objects-normal/arm64_32/Binary/ChessCore.o normal arm64_32 (in target 'ChessCore' from project 'SwiftChessTools')
cd /Users/admin/builder/spi-builder-workspace
/Applications/Xcode-26.3.0.app/Contents/Developer/Toolchains/XcodeDefault.xctoolchain/usr/bin/clang -Xlinker -reproducible -target arm64_32-apple-watchos26.0 -r -isysroot /Applications/Xcode-26.3.0.app/Contents/Developer/Platforms/WatchOS.platform/Developer/SDKs/WatchOS26.2.sdk -O0 -L/Users/admin/builder/spi-builder-workspace/.derivedData/Build/Intermediates.noindex/EagerLinkingTBDs/Debug-watchos -L/Users/admin/builder/spi-builder-workspace/.derivedData/Build/Products/Debug-watchos -L/Applications/Xcode-26.3.0.app/Contents/Developer/Platforms/WatchOS.platform/Developer/usr/lib -F/Users/admin/builder/spi-builder-workspace/.derivedData/Build/Intermediates.noindex/EagerLinkingTBDs/Debug-watchos -F/Users/admin/builder/spi-builder-workspace/.derivedData/Build/Products/Debug-watchos -iframework /Applications/Xcode-26.3.0.app/Contents/Developer/Platforms/WatchOS.platform/Developer/Library/Frameworks -iframework /Applications/Xcode-26.3.0.app/Contents/Developer/Platforms/WatchOS.platform/Developer/SDKs/WatchOS26.2.sdk/Developer/Library/Frameworks -filelist /Users/admin/builder/spi-builder-workspace/.derivedData/Build/Intermediates.noindex/SwiftChessTools.build/Debug-watchos/ChessCore.build/Objects-normal/arm64_32/ChessCore.LinkFileList -nostdlib -Xlinker -object_path_lto -Xlinker /Users/admin/builder/spi-builder-workspace/.derivedData/Build/Intermediates.noindex/SwiftChessTools.build/Debug-watchos/ChessCore.build/Objects-normal/arm64_32/ChessCore_lto.o -rdynamic -Xlinker -no_deduplicate -Xlinker -debug_variant -Xlinker -dependency_info -Xlinker /Users/admin/builder/spi-builder-workspace/.derivedData/Build/Intermediates.noindex/SwiftChessTools.build/Debug-watchos/ChessCore.build/Objects-normal/arm64_32/ChessCore_dependency_info.dat -fobjc-link-runtime -L/Applications/Xcode-26.3.0.app/Contents/Developer/Toolchains/XcodeDefault.xctoolchain/usr/lib/swift/watchos -L/usr/lib/swift -Xlinker -add_ast_path -Xlinker /Users/admin/builder/spi-builder-workspace/.derivedData/Build/Intermediates.noindex/SwiftChessTools.build/Debug-watchos/ChessCore.build/Objects-normal/arm64_32/ChessCore.swiftmodule @/Users/admin/builder/spi-builder-workspace/.derivedData/Build/Intermediates.noindex/SwiftChessTools.build/Debug-watchos/ChessCore.build/Objects-normal/arm64_32/ChessCore-linker-args.resp -o /Users/admin/builder/spi-builder-workspace/.derivedData/Build/Intermediates.noindex/SwiftChessTools.build/Debug-watchos/ChessCore.build/Objects-normal/arm64_32/Binary/ChessCore.o
CreateUniversalBinary /Users/admin/builder/spi-builder-workspace/.derivedData/Build/Products/Debug-watchos/ChessCore.o normal arm64\ arm64_32 (in target 'ChessCore' from project 'SwiftChessTools')
cd /Users/admin/builder/spi-builder-workspace
/Applications/Xcode-26.3.0.app/Contents/Developer/Toolchains/XcodeDefault.xctoolchain/usr/bin/lipo -create /Users/admin/builder/spi-builder-workspace/.derivedData/Build/Intermediates.noindex/SwiftChessTools.build/Debug-watchos/ChessCore.build/Objects-normal/arm64/Binary/ChessCore.o /Users/admin/builder/spi-builder-workspace/.derivedData/Build/Intermediates.noindex/SwiftChessTools.build/Debug-watchos/ChessCore.build/Objects-normal/arm64_32/Binary/ChessCore.o -output /Users/admin/builder/spi-builder-workspace/.derivedData/Build/Products/Debug-watchos/ChessCore.o
ExtractAppIntentsMetadata (in target 'ChessCore' from project 'SwiftChessTools')
cd /Users/admin/builder/spi-builder-workspace
/Applications/Xcode-26.3.0.app/Contents/Developer/Toolchains/XcodeDefault.xctoolchain/usr/bin/appintentsmetadataprocessor --toolchain-dir /var/run/com.apple.security.cryptexd/mnt/com.apple.MobileAsset.MetalToolchain-v17.3.7003.10.kJMwfB/Metal.xctoolchain --module-name ChessCore --sdk-root /Applications/Xcode-26.3.0.app/Contents/Developer/Platforms/WatchOS.platform/Developer/SDKs/WatchOS26.2.sdk --xcode-version 17C529 --platform-family watchOS --deployment-target 26.0 --bundle-identifier spi-builder-workspace.ChessCore --output /Users/admin/builder/spi-builder-workspace/.derivedData/Build/Products/Debug-watchos/ChessCore.appintents --target-triple arm64-apple-watchos26.0 --target-triple arm64_32-apple-watchos26.0 --binary-file /Users/admin/builder/spi-builder-workspace/.derivedData/Build/Products/Debug-watchos/ChessCore.o --dependency-file /Users/admin/builder/spi-builder-workspace/.derivedData/Build/Intermediates.noindex/SwiftChessTools.build/Debug-watchos/ChessCore.build/Objects-normal/arm64/ChessCore_dependency_info.dat --dependency-file /Users/admin/builder/spi-builder-workspace/.derivedData/Build/Intermediates.noindex/SwiftChessTools.build/Debug-watchos/ChessCore.build/Objects-normal/arm64_32/ChessCore_dependency_info.dat --stringsdata-file /Users/admin/builder/spi-builder-workspace/.derivedData/Build/Intermediates.noindex/SwiftChessTools.build/Debug-watchos/ChessCore.build/Objects-normal/arm64/ExtractedAppShortcutsMetadata.stringsdata --stringsdata-file /Users/admin/builder/spi-builder-workspace/.derivedData/Build/Intermediates.noindex/SwiftChessTools.build/Debug-watchos/ChessCore.build/Objects-normal/arm64_32/ExtractedAppShortcutsMetadata.stringsdata --source-file-list /Users/admin/builder/spi-builder-workspace/.derivedData/Build/Intermediates.noindex/SwiftChessTools.build/Debug-watchos/ChessCore.build/Objects-normal/arm64/ChessCore.SwiftFileList --source-file-list /Users/admin/builder/spi-builder-workspace/.derivedData/Build/Intermediates.noindex/SwiftChessTools.build/Debug-watchos/ChessCore.build/Objects-normal/arm64_32/ChessCore.SwiftFileList --metadata-file-list /Users/admin/builder/spi-builder-workspace/.derivedData/Build/Intermediates.noindex/SwiftChessTools.build/Debug-watchos/ChessCore.build/ChessCore.DependencyMetadataFileList --static-metadata-file-list /Users/admin/builder/spi-builder-workspace/.derivedData/Build/Intermediates.noindex/SwiftChessTools.build/Debug-watchos/ChessCore.build/ChessCore.DependencyStaticMetadataFileList --swift-const-vals-list /Users/admin/builder/spi-builder-workspace/.derivedData/Build/Intermediates.noindex/SwiftChessTools.build/Debug-watchos/ChessCore.build/Objects-normal/arm64/ChessCore.SwiftConstValuesFileList --swift-const-vals-list /Users/admin/builder/spi-builder-workspace/.derivedData/Build/Intermediates.noindex/SwiftChessTools.build/Debug-watchos/ChessCore.build/Objects-normal/arm64_32/ChessCore.SwiftConstValuesFileList --force --compile-time-extraction --deployment-aware-processing --validate-assistant-intents --no-app-shortcuts-localization
2026-10-12 02:10:35.801 appintentsmetadataprocessor[888:5414] Starting appintentsmetadataprocessor export
2026-10-12 02:10:35.998 appintentsmetadataprocessor[888:5414] Extracted no relevant App Intents symbols, skipping writing output
SwiftDriverJobDiscovery normal arm64 Compiling UCIParser.swift (in target 'ChessUCI' from project 'SwiftChessTools')
SwiftDriver\ Compilation ChessUCI normal arm64 com.apple.xcode.tools.swift.compiler (in target 'ChessUCI' from project 'SwiftChessTools')
cd /Users/admin/builder/spi-builder-workspace/.swiftpm/xcode
builtin-Swift-Compilation -- /Applications/Xcode-26.3.0.app/Contents/Developer/Toolchains/XcodeDefault.xctoolchain/usr/bin/swiftc -module-name ChessUCI -Onone -enforce-exclusivity\=checked @/Users/admin/builder/spi-builder-workspace/.derivedData/Build/Intermediates.noindex/SwiftChessTools.build/Debug-watchos/ChessUCI.build/Objects-normal/arm64/ChessUCI.SwiftFileList -DSWIFT_PACKAGE -DDEBUG -DSWIFT_MODULE_RESOURCE_BUNDLE_UNAVAILABLE -DXcode -plugin-path /Applications/Xcode-26.3.0.app/Contents/Developer/Toolchains/XcodeDefault.xctoolchain/usr/lib/swift/host/plugins/testing -enable-experimental-feature DebugDescriptionMacro -sdk /Applications/Xcode-26.3.0.app/Contents/Developer/Platforms/WatchOS.platform/Developer/SDKs/WatchOS26.2.sdk -target arm64-apple-watchos26.0 -g -module-cache-path /Users/admin/builder/spi-builder-workspace/.derivedData/ModuleCache.noindex -Xfrontend -serialize-debugging-options -profile-coverage-mapping -profile-generate -enable-testing -index-store-path /Users/admin/builder/spi-builder-workspace/.derivedData/Index.noindex/DataStore -Xcc -D_LIBCPP_HARDENING_MODE\=_LIBCPP_HARDENING_MODE_DEBUG -swift-version 6 -I /Users/admin/builder/spi-builder-workspace/.derivedData/Build/Products/Debug-watchos -Isystem /Applications/Xcode-26.3.0.app/Contents/Developer/Platforms/WatchOS.platform/Developer/usr/lib -F /Users/admin/builder/spi-builder-workspace/.derivedData/Build/Products/Debug-watchos/PackageFrameworks -F /Users/admin/builder/spi-builder-workspace/.derivedData/Build/Products/Debug-watchos -F /Applications/Xcode-26.3.0.app/Contents/Developer/Platforms/WatchOS.platform/Developer/Library/Frameworks -F /Applications/Xcode-26.3.0.app/Contents/Developer/Platforms/WatchOS.platform/Developer/SDKs/WatchOS26.2.sdk/Developer/Library/Frameworks -c -j10 -enable-batch-mode -incremental -Xcc -ivfsstatcache -Xcc /Users/admin/builder/spi-builder-workspace/.derivedData/SDKStatCaches.noindex/watchos26.2-23S303-dc75598d0054f22ec865fa860f139d721753b489057de6bda919edfa1c59a62b.sdkstatcache -output-file-map /Users/admin/builder/spi-builder-workspace/.derivedData/Build/Intermediates.noindex/SwiftChessTools.build/Debug-watchos/ChessUCI.build/Objects-normal/arm64/ChessUCI-OutputFileMap.json -use-frontend-parseable-output -save-temps -no-color-diagnostics -explicit-module-build -module-cache-path /Users/admin/builder/spi-builder-workspace/.derivedData/Build/Intermediates.noindex/SwiftExplicitPrecompiledModules -clang-scanner-module-cache-path /Users/admin/builder/spi-builder-workspace/.derivedData/ModuleCache.noindex -sdk-module-cache-path /Users/admin/builder/spi-builder-workspace/.derivedData/ModuleCache.noindex -serialize-diagnostics -emit-dependencies -emit-module -emit-module-path /Users/admin/builder/spi-builder-workspace/.derivedData/Build/Intermediates.noindex/SwiftChessTools.build/Debug-watchos/ChessUCI.build/Objects-normal/arm64/ChessUCI.swiftmodule -validate-clang-modules-once -clang-build-session-file /Users/admin/builder/spi-builder-workspace/.derivedData/ModuleCache.noindex/Session.modulevalidation -package-name spi_builder_workspace -Xcc -I/Users/admin/builder/spi-builder-workspace/.derivedData/Build/Intermediates.noindex/SwiftChessTools.build/Debug-watchos/ChessUCI.build/swift-overrides.hmap -emit-const-values -Xfrontend -const-gather-protocols-file -Xfrontend /Users/admin/builder/spi-builder-workspace/.derivedData/Build/Intermediates.noindex/SwiftChessTools.build/Debug-watchos/ChessUCI.build/Objects-normal/arm64/ChessUCI_const_extract_protocols.json -Xcc -I/Users/admin/builder/spi-builder-workspace/.derivedData/Build/Products/Debug-watchos/include -Xcc -I/Users/admin/builder/spi-builder-workspace/.derivedData/Build/Intermediates.noindex/SwiftChessTools.build/Debug-watchos/ChessUCI.build/DerivedSources-normal/arm64 -Xcc -I/Users/admin/builder/spi-builder-workspace/.derivedData/Build/Intermediates.noindex/SwiftChessTools.build/Debug-watchos/ChessUCI.build/DerivedSources/arm64 -Xcc -I/Users/admin/builder/spi-builder-workspace/.derivedData/Build/Intermediates.noindex/SwiftChessTools.build/Debug-watchos/ChessUCI.build/DerivedSources -Xcc -DSWIFT_PACKAGE -Xcc -DDEBUG\=1 -emit-objc-header -emit-objc-header-path /Users/admin/builder/spi-builder-workspace/.derivedData/Build/Intermediates.noindex/SwiftChessTools.build/Debug-watchos/ChessUCI.build/Objects-normal/arm64/ChessUCI-Swift.h -working-directory /Users/admin/builder/spi-builder-workspace/.swiftpm/xcode -experimental-emit-module-separately -disable-cmo
SwiftDriverJobDiscovery normal arm64_32 Compiling UCIParser.swift (in target 'ChessUCI' from project 'SwiftChessTools')
SwiftDriver\ Compilation ChessUCI normal arm64_32 com.apple.xcode.tools.swift.compiler (in target 'ChessUCI' from project 'SwiftChessTools')
cd /Users/admin/builder/spi-builder-workspace/.swiftpm/xcode
builtin-Swift-Compilation -- /Applications/Xcode-26.3.0.app/Contents/Developer/Toolchains/XcodeDefault.xctoolchain/usr/bin/swiftc -module-name ChessUCI -Onone -enforce-exclusivity\=checked @/Users/admin/builder/spi-builder-workspace/.derivedData/Build/Intermediates.noindex/SwiftChessTools.build/Debug-watchos/ChessUCI.build/Objects-normal/arm64_32/ChessUCI.SwiftFileList -DSWIFT_PACKAGE -DDEBUG -DSWIFT_MODULE_RESOURCE_BUNDLE_UNAVAILABLE -DXcode -plugin-path /Applications/Xcode-26.3.0.app/Contents/Developer/Toolchains/XcodeDefault.xctoolchain/usr/lib/swift/host/plugins/testing -enable-experimental-feature DebugDescriptionMacro -sdk /Applications/Xcode-26.3.0.app/Contents/Developer/Platforms/WatchOS.platform/Developer/SDKs/WatchOS26.2.sdk -target arm64_32-apple-watchos26.0 -g -module-cache-path /Users/admin/builder/spi-builder-workspace/.derivedData/ModuleCache.noindex -Xfrontend -serialize-debugging-options -profile-coverage-mapping -profile-generate -enable-testing -index-store-path /Users/admin/builder/spi-builder-workspace/.derivedData/Index.noindex/DataStore -Xcc -D_LIBCPP_HARDENING_MODE\=_LIBCPP_HARDENING_MODE_DEBUG -swift-version 6 -I /Users/admin/builder/spi-builder-workspace/.derivedData/Build/Products/Debug-watchos -Isystem /Applications/Xcode-26.3.0.app/Contents/Developer/Platforms/WatchOS.platform/Developer/usr/lib -F /Users/admin/builder/spi-builder-workspace/.derivedData/Build/Products/Debug-watchos/PackageFrameworks -F /Users/admin/builder/spi-builder-workspace/.derivedData/Build/Products/Debug-watchos -F /Applications/Xcode-26.3.0.app/Contents/Developer/Platforms/WatchOS.platform/Developer/Library/Frameworks -F /Applications/Xcode-26.3.0.app/Contents/Developer/Platforms/WatchOS.platform/Developer/SDKs/WatchOS26.2.sdk/Developer/Library/Frameworks -c -j10 -enable-batch-mode -incremental -Xcc -ivfsstatcache -Xcc /Users/admin/builder/spi-builder-workspace/.derivedData/SDKStatCaches.noindex/watchos26.2-23S303-dc75598d0054f22ec865fa860f139d721753b489057de6bda919edfa1c59a62b.sdkstatcache -output-file-map /Users/admin/builder/spi-builder-workspace/.derivedData/Build/Intermediates.noindex/SwiftChessTools.build/Debug-watchos/ChessUCI.build/Objects-normal/arm64_32/ChessUCI-OutputFileMap.json -use-frontend-parseable-output -save-temps -no-color-diagnostics -explicit-module-build -module-cache-path /Users/admin/builder/spi-builder-workspace/.derivedData/Build/Intermediates.noindex/SwiftExplicitPrecompiledModules -clang-scanner-module-cache-path /Users/admin/builder/spi-builder-workspace/.derivedData/ModuleCache.noindex -sdk-module-cache-path /Users/admin/builder/spi-builder-workspace/.derivedData/ModuleCache.noindex -serialize-diagnostics -emit-dependencies -emit-module -emit-module-path /Users/admin/builder/spi-builder-workspace/.derivedData/Build/Intermediates.noindex/SwiftChessTools.build/Debug-watchos/ChessUCI.build/Objects-normal/arm64_32/ChessUCI.swiftmodule -validate-clang-modules-once -clang-build-session-file /Users/admin/builder/spi-builder-workspace/.derivedData/ModuleCache.noindex/Session.modulevalidation -package-name spi_builder_workspace -Xcc -I/Users/admin/builder/spi-builder-workspace/.derivedData/Build/Intermediates.noindex/SwiftChessTools.build/Debug-watchos/ChessUCI.build/swift-overrides.hmap -emit-const-values -Xfrontend -const-gather-protocols-file -Xfrontend /Users/admin/builder/spi-builder-workspace/.derivedData/Build/Intermediates.noindex/SwiftChessTools.build/Debug-watchos/ChessUCI.build/Objects-normal/arm64_32/ChessUCI_const_extract_protocols.json -Xcc -I/Users/admin/builder/spi-builder-workspace/.derivedData/Build/Products/Debug-watchos/include -Xcc -I/Users/admin/builder/spi-builder-workspace/.derivedData/Build/Intermediates.noindex/SwiftChessTools.build/Debug-watchos/ChessUCI.build/DerivedSources-normal/arm64_32 -Xcc -I/Users/admin/builder/spi-builder-workspace/.derivedData/Build/Intermediates.noindex/SwiftChessTools.build/Debug-watchos/ChessUCI.build/DerivedSources/arm64_32 -Xcc -I/Users/admin/builder/spi-builder-workspace/.derivedData/Build/Intermediates.noindex/SwiftChessTools.build/Debug-watchos/ChessUCI.build/DerivedSources -Xcc -DSWIFT_PACKAGE -Xcc -DDEBUG\=1 -emit-objc-header -emit-objc-header-path /Users/admin/builder/spi-builder-workspace/.derivedData/Build/Intermediates.noindex/SwiftChessTools.build/Debug-watchos/ChessUCI.build/Objects-normal/arm64_32/ChessUCI-Swift.h -working-directory /Users/admin/builder/spi-builder-workspace/.swiftpm/xcode -experimental-emit-module-separately -disable-cmo
SwiftDriver ChessUI normal arm64 com.apple.xcode.tools.swift.compiler (in target 'ChessUI' from project 'SwiftChessTools')
cd /Users/admin/builder/spi-builder-workspace/.swiftpm/xcode
builtin-SwiftDriver -- /Applications/Xcode-26.3.0.app/Contents/Developer/Toolchains/XcodeDefault.xctoolchain/usr/bin/swiftc -module-name ChessUI -Onone -enforce-exclusivity\=checked @/Users/admin/builder/spi-builder-workspace/.derivedData/Build/Intermediates.noindex/SwiftChessTools.build/Debug-watchos/ChessUI.build/Objects-normal/arm64/ChessUI.SwiftFileList -DSWIFT_PACKAGE -DDEBUG -DSWIFT_MODULE_RESOURCE_BUNDLE_AVAILABLE -DXcode -plugin-path /Applications/Xcode-26.3.0.app/Contents/Developer/Toolchains/XcodeDefault.xctoolchain/usr/lib/swift/host/plugins/testing -enable-experimental-feature DebugDescriptionMacro -sdk /Applications/Xcode-26.3.0.app/Contents/Developer/Platforms/WatchOS.platform/Developer/SDKs/WatchOS26.2.sdk -target arm64-apple-watchos26.0 -g -module-cache-path /Users/admin/builder/spi-builder-workspace/.derivedData/ModuleCache.noindex -Xfrontend -serialize-debugging-options -profile-coverage-mapping -profile-generate -enable-testing -index-store-path /Users/admin/builder/spi-builder-workspace/.derivedData/Index.noindex/DataStore -Xcc -D_LIBCPP_HARDENING_MODE\=_LIBCPP_HARDENING_MODE_DEBUG -swift-version 6 -I /Users/admin/builder/spi-builder-workspace/.derivedData/Build/Products/Debug-watchos -Isystem /Applications/Xcode-26.3.0.app/Contents/Developer/Platforms/WatchOS.platform/Developer/usr/lib -F /Users/admin/builder/spi-builder-workspace/.derivedData/Build/Products/Debug-watchos/PackageFrameworks -F /Users/admin/builder/spi-builder-workspace/.derivedData/Build/Products/Debug-watchos -F /Applications/Xcode-26.3.0.app/Contents/Developer/Platforms/WatchOS.platform/Developer/Library/Frameworks -F /Applications/Xcode-26.3.0.app/Contents/Developer/Platforms/WatchOS.platform/Developer/SDKs/WatchOS26.2.sdk/Developer/Library/Frameworks -c -j10 -enable-batch-mode -incremental -Xcc -ivfsstatcache -Xcc /Users/admin/builder/spi-builder-workspace/.derivedData/SDKStatCaches.noindex/watchos26.2-23S303-dc75598d0054f22ec865fa860f139d721753b489057de6bda919edfa1c59a62b.sdkstatcache -output-file-map /Users/admin/builder/spi-builder-workspace/.derivedData/Build/Intermediates.noindex/SwiftChessTools.build/Debug-watchos/ChessUI.build/Objects-normal/arm64/ChessUI-OutputFileMap.json -use-frontend-parseable-output -save-temps -no-color-diagnostics -explicit-module-build -module-cache-path /Users/admin/builder/spi-builder-workspace/.derivedData/Build/Intermediates.noindex/SwiftExplicitPrecompiledModules -clang-scanner-module-cache-path /Users/admin/builder/spi-builder-workspace/.derivedData/ModuleCache.noindex -sdk-module-cache-path /Users/admin/builder/spi-builder-workspace/.derivedData/ModuleCache.noindex -serialize-diagnostics -emit-dependencies -emit-module -emit-module-path /Users/admin/builder/spi-builder-workspace/.derivedData/Build/Intermediates.noindex/SwiftChessTools.build/Debug-watchos/ChessUI.build/Objects-normal/arm64/ChessUI.swiftmodule -validate-clang-modules-once -clang-build-session-file /Users/admin/builder/spi-builder-workspace/.derivedData/ModuleCache.noindex/Session.modulevalidation -package-name spi_builder_workspace -Xcc -I/Users/admin/builder/spi-builder-workspace/.derivedData/Build/Intermediates.noindex/SwiftChessTools.build/Debug-watchos/ChessUI.build/swift-overrides.hmap -emit-const-values -Xfrontend -const-gather-protocols-file -Xfrontend /Users/admin/builder/spi-builder-workspace/.derivedData/Build/Intermediates.noindex/SwiftChessTools.build/Debug-watchos/ChessUI.build/Objects-normal/arm64/ChessUI_const_extract_protocols.json -Xcc -I/Users/admin/builder/spi-builder-workspace/.derivedData/Build/Products/Debug-watchos/include -Xcc -I/Users/admin/builder/spi-builder-workspace/.derivedData/Build/Intermediates.noindex/SwiftChessTools.build/Debug-watchos/ChessUI.build/DerivedSources-normal/arm64 -Xcc -I/Users/admin/builder/spi-builder-workspace/.derivedData/Build/Intermediates.noindex/SwiftChessTools.build/Debug-watchos/ChessUI.build/DerivedSources/arm64 -Xcc -I/Users/admin/builder/spi-builder-workspace/.derivedData/Build/Intermediates.noindex/SwiftChessTools.build/Debug-watchos/ChessUI.build/DerivedSources -Xcc -DSWIFT_PACKAGE -Xcc -DDEBUG\=1 -emit-objc-header -emit-objc-header-path /Users/admin/builder/spi-builder-workspace/.derivedData/Build/Intermediates.noindex/SwiftChessTools.build/Debug-watchos/ChessUI.build/Objects-normal/arm64/ChessUI-Swift.h -working-directory /Users/admin/builder/spi-builder-workspace/.swiftpm/xcode -experimental-emit-module-separately -disable-cmo
SwiftDriver ChessUI normal arm64_32 com.apple.xcode.tools.swift.compiler (in target 'ChessUI' from project 'SwiftChessTools')
cd /Users/admin/builder/spi-builder-workspace/.swiftpm/xcode
builtin-SwiftDriver -- /Applications/Xcode-26.3.0.app/Contents/Developer/Toolchains/XcodeDefault.xctoolchain/usr/bin/swiftc -module-name ChessUI -Onone -enforce-exclusivity\=checked @/Users/admin/builder/spi-builder-workspace/.derivedData/Build/Intermediates.noindex/SwiftChessTools.build/Debug-watchos/ChessUI.build/Objects-normal/arm64_32/ChessUI.SwiftFileList -DSWIFT_PACKAGE -DDEBUG -DSWIFT_MODULE_RESOURCE_BUNDLE_AVAILABLE -DXcode -plugin-path /Applications/Xcode-26.3.0.app/Contents/Developer/Toolchains/XcodeDefault.xctoolchain/usr/lib/swift/host/plugins/testing -enable-experimental-feature DebugDescriptionMacro -sdk /Applications/Xcode-26.3.0.app/Contents/Developer/Platforms/WatchOS.platform/Developer/SDKs/WatchOS26.2.sdk -target arm64_32-apple-watchos26.0 -g -module-cache-path /Users/admin/builder/spi-builder-workspace/.derivedData/ModuleCache.noindex -Xfrontend -serialize-debugging-options -profile-coverage-mapping -profile-generate -enable-testing -index-store-path /Users/admin/builder/spi-builder-workspace/.derivedData/Index.noindex/DataStore -Xcc -D_LIBCPP_HARDENING_MODE\=_LIBCPP_HARDENING_MODE_DEBUG -swift-version 6 -I /Users/admin/builder/spi-builder-workspace/.derivedData/Build/Products/Debug-watchos -Isystem /Applications/Xcode-26.3.0.app/Contents/Developer/Platforms/WatchOS.platform/Developer/usr/lib -F /Users/admin/builder/spi-builder-workspace/.derivedData/Build/Products/Debug-watchos/PackageFrameworks -F /Users/admin/builder/spi-builder-workspace/.derivedData/Build/Products/Debug-watchos -F /Applications/Xcode-26.3.0.app/Contents/Developer/Platforms/WatchOS.platform/Developer/Library/Frameworks -F /Applications/Xcode-26.3.0.app/Contents/Developer/Platforms/WatchOS.platform/Developer/SDKs/WatchOS26.2.sdk/Developer/Library/Frameworks -c -j10 -enable-batch-mode -incremental -Xcc -ivfsstatcache -Xcc /Users/admin/builder/spi-builder-workspace/.derivedData/SDKStatCaches.noindex/watchos26.2-23S303-dc75598d0054f22ec865fa860f139d721753b489057de6bda919edfa1c59a62b.sdkstatcache -output-file-map /Users/admin/builder/spi-builder-workspace/.derivedData/Build/Intermediates.noindex/SwiftChessTools.build/Debug-watchos/ChessUI.build/Objects-normal/arm64_32/ChessUI-OutputFileMap.json -use-frontend-parseable-output -save-temps -no-color-diagnostics -explicit-module-build -module-cache-path /Users/admin/builder/spi-builder-workspace/.derivedData/Build/Intermediates.noindex/SwiftExplicitPrecompiledModules -clang-scanner-module-cache-path /Users/admin/builder/spi-builder-workspace/.derivedData/ModuleCache.noindex -sdk-module-cache-path /Users/admin/builder/spi-builder-workspace/.derivedData/ModuleCache.noindex -serialize-diagnostics -emit-dependencies -emit-module -emit-module-path /Users/admin/builder/spi-builder-workspace/.derivedData/Build/Intermediates.noindex/SwiftChessTools.build/Debug-watchos/ChessUI.build/Objects-normal/arm64_32/ChessUI.swiftmodule -validate-clang-modules-once -clang-build-session-file /Users/admin/builder/spi-builder-workspace/.derivedData/ModuleCache.noindex/Session.modulevalidation -package-name spi_builder_workspace -Xcc -I/Users/admin/builder/spi-builder-workspace/.derivedData/Build/Intermediates.noindex/SwiftChessTools.build/Debug-watchos/ChessUI.build/swift-overrides.hmap -emit-const-values -Xfrontend -const-gather-protocols-file -Xfrontend /Users/admin/builder/spi-builder-workspace/.derivedData/Build/Intermediates.noindex/SwiftChessTools.build/Debug-watchos/ChessUI.build/Objects-normal/arm64_32/ChessUI_const_extract_protocols.json -Xcc -I/Users/admin/builder/spi-builder-workspace/.derivedData/Build/Products/Debug-watchos/include -Xcc -I/Users/admin/builder/spi-builder-workspace/.derivedData/Build/Intermediates.noindex/SwiftChessTools.build/Debug-watchos/ChessUI.build/DerivedSources-normal/arm64_32 -Xcc -I/Users/admin/builder/spi-builder-workspace/.derivedData/Build/Intermediates.noindex/SwiftChessTools.build/Debug-watchos/ChessUI.build/DerivedSources/arm64_32 -Xcc -I/Users/admin/builder/spi-builder-workspace/.derivedData/Build/Intermediates.noindex/SwiftChessTools.build/Debug-watchos/ChessUI.build/DerivedSources -Xcc -DSWIFT_PACKAGE -Xcc -DDEBUG\=1 -emit-objc-header -emit-objc-header-path /Users/admin/builder/spi-builder-workspace/.derivedData/Build/Intermediates.noindex/SwiftChessTools.build/Debug-watchos/ChessUI.build/Objects-normal/arm64_32/ChessUI-Swift.h -working-directory /Users/admin/builder/spi-builder-workspace/.swiftpm/xcode -experimental-emit-module-separately -disable-cmo
RegisterExecutionPolicyException /Users/admin/builder/spi-builder-workspace/.derivedData/Build/Products/Debug-watchos/ChessCore.o (in target 'ChessCore' from project 'SwiftChessTools')
cd /Users/admin/builder/spi-builder-workspace
builtin-RegisterExecutionPolicyException /Users/admin/builder/spi-builder-workspace/.derivedData/Build/Products/Debug-watchos/ChessCore.o
Ld /Users/admin/builder/spi-builder-workspace/.derivedData/Build/Intermediates.noindex/SwiftChessTools.build/Debug-watchos/ChessUCI.build/Objects-normal/arm64_32/Binary/ChessUCI.o normal arm64_32 (in target 'ChessUCI' from project 'SwiftChessTools')
cd /Users/admin/builder/spi-builder-workspace
/Applications/Xcode-26.3.0.app/Contents/Developer/Toolchains/XcodeDefault.xctoolchain/usr/bin/clang -Xlinker -reproducible -target arm64_32-apple-watchos26.0 -r -isysroot /Applications/Xcode-26.3.0.app/Contents/Developer/Platforms/WatchOS.platform/Developer/SDKs/WatchOS26.2.sdk -O0 -L/Users/admin/builder/spi-builder-workspace/.derivedData/Build/Intermediates.noindex/EagerLinkingTBDs/Debug-watchos -L/Users/admin/builder/spi-builder-workspace/.derivedData/Build/Products/Debug-watchos -L/Applications/Xcode-26.3.0.app/Contents/Developer/Platforms/WatchOS.platform/Developer/usr/lib -F/Users/admin/builder/spi-builder-workspace/.derivedData/Build/Intermediates.noindex/EagerLinkingTBDs/Debug-watchos -F/Users/admin/builder/spi-builder-workspace/.derivedData/Build/Products/Debug-watchos/PackageFrameworks -F/Users/admin/builder/spi-builder-workspace/.derivedData/Build/Products/Debug-watchos -iframework /Applications/Xcode-26.3.0.app/Contents/Developer/Platforms/WatchOS.platform/Developer/Library/Frameworks -iframework /Applications/Xcode-26.3.0.app/Contents/Developer/Platforms/WatchOS.platform/Developer/SDKs/WatchOS26.2.sdk/Developer/Library/Frameworks -filelist /Users/admin/builder/spi-builder-workspace/.derivedData/Build/Intermediates.noindex/SwiftChessTools.build/Debug-watchos/ChessUCI.build/Objects-normal/arm64_32/ChessUCI.LinkFileList -nostdlib -Xlinker -object_path_lto -Xlinker /Users/admin/builder/spi-builder-workspace/.derivedData/Build/Intermediates.noindex/SwiftChessTools.build/Debug-watchos/ChessUCI.build/Objects-normal/arm64_32/ChessUCI_lto.o -rdynamic -Xlinker -no_deduplicate -Xlinker -debug_variant -Xlinker -dependency_info -Xlinker /Users/admin/builder/spi-builder-workspace/.derivedData/Build/Intermediates.noindex/SwiftChessTools.build/Debug-watchos/ChessUCI.build/Objects-normal/arm64_32/ChessUCI_dependency_info.dat -fobjc-link-runtime -L/Applications/Xcode-26.3.0.app/Contents/Developer/Toolchains/XcodeDefault.xctoolchain/usr/lib/swift/watchos -L/usr/lib/swift -Xlinker -add_ast_path -Xlinker /Users/admin/builder/spi-builder-workspace/.derivedData/Build/Intermediates.noindex/SwiftChessTools.build/Debug-watchos/ChessUCI.build/Objects-normal/arm64_32/ChessUCI.swiftmodule @/Users/admin/builder/spi-builder-workspace/.derivedData/Build/Intermediates.noindex/SwiftChessTools.build/Debug-watchos/ChessUCI.build/Objects-normal/arm64_32/ChessUCI-linker-args.resp -o /Users/admin/builder/spi-builder-workspace/.derivedData/Build/Intermediates.noindex/SwiftChessTools.build/Debug-watchos/ChessUCI.build/Objects-normal/arm64_32/Binary/ChessUCI.o
Ld /Users/admin/builder/spi-builder-workspace/.derivedData/Build/Intermediates.noindex/SwiftChessTools.build/Debug-watchos/ChessUCI.build/Objects-normal/arm64/Binary/ChessUCI.o normal arm64 (in target 'ChessUCI' from project 'SwiftChessTools')
cd /Users/admin/builder/spi-builder-workspace
/Applications/Xcode-26.3.0.app/Contents/Developer/Toolchains/XcodeDefault.xctoolchain/usr/bin/clang -Xlinker -reproducible -target arm64-apple-watchos26.0 -r -isysroot /Applications/Xcode-26.3.0.app/Contents/Developer/Platforms/WatchOS.platform/Developer/SDKs/WatchOS26.2.sdk -O0 -L/Users/admin/builder/spi-builder-workspace/.derivedData/Build/Intermediates.noindex/EagerLinkingTBDs/Debug-watchos -L/Users/admin/builder/spi-builder-workspace/.derivedData/Build/Products/Debug-watchos -L/Applications/Xcode-26.3.0.app/Contents/Developer/Platforms/WatchOS.platform/Developer/usr/lib -F/Users/admin/builder/spi-builder-workspace/.derivedData/Build/Intermediates.noindex/EagerLinkingTBDs/Debug-watchos -F/Users/admin/builder/spi-builder-workspace/.derivedData/Build/Products/Debug-watchos/PackageFrameworks -F/Users/admin/builder/spi-builder-workspace/.derivedData/Build/Products/Debug-watchos -iframework /Applications/Xcode-26.3.0.app/Contents/Developer/Platforms/WatchOS.platform/Developer/Library/Frameworks -iframework /Applications/Xcode-26.3.0.app/Contents/Developer/Platforms/WatchOS.platform/Developer/SDKs/WatchOS26.2.sdk/Developer/Library/Frameworks -filelist /Users/admin/builder/spi-builder-workspace/.derivedData/Build/Intermediates.noindex/SwiftChessTools.build/Debug-watchos/ChessUCI.build/Objects-normal/arm64/ChessUCI.LinkFileList -nostdlib -Xlinker -object_path_lto -Xlinker /Users/admin/builder/spi-builder-workspace/.derivedData/Build/Intermediates.noindex/SwiftChessTools.build/Debug-watchos/ChessUCI.build/Objects-normal/arm64/ChessUCI_lto.o -rdynamic -Xlinker -no_deduplicate -Xlinker -debug_variant -Xlinker -dependency_info -Xlinker /Users/admin/builder/spi-builder-workspace/.derivedData/Build/Intermediates.noindex/SwiftChessTools.build/Debug-watchos/ChessUCI.build/Objects-normal/arm64/ChessUCI_dependency_info.dat -fobjc-link-runtime -L/Applications/Xcode-26.3.0.app/Contents/Developer/Toolchains/XcodeDefault.xctoolchain/usr/lib/swift/watchos -L/usr/lib/swift -Xlinker -add_ast_path -Xlinker /Users/admin/builder/spi-builder-workspace/.derivedData/Build/Intermediates.noindex/SwiftChessTools.build/Debug-watchos/ChessUCI.build/Objects-normal/arm64/ChessUCI.swiftmodule @/Users/admin/builder/spi-builder-workspace/.derivedData/Build/Intermediates.noindex/SwiftChessTools.build/Debug-watchos/ChessUCI.build/Objects-normal/arm64/ChessUCI-linker-args.resp -o /Users/admin/builder/spi-builder-workspace/.derivedData/Build/Intermediates.noindex/SwiftChessTools.build/Debug-watchos/ChessUCI.build/Objects-normal/arm64/Binary/ChessUCI.o
CreateUniversalBinary /Users/admin/builder/spi-builder-workspace/.derivedData/Build/Products/Debug-watchos/ChessUCI.o normal arm64\ arm64_32 (in target 'ChessUCI' from project 'SwiftChessTools')
cd /Users/admin/builder/spi-builder-workspace
/Applications/Xcode-26.3.0.app/Contents/Developer/Toolchains/XcodeDefault.xctoolchain/usr/bin/lipo -create /Users/admin/builder/spi-builder-workspace/.derivedData/Build/Intermediates.noindex/SwiftChessTools.build/Debug-watchos/ChessUCI.build/Objects-normal/arm64/Binary/ChessUCI.o /Users/admin/builder/spi-builder-workspace/.derivedData/Build/Intermediates.noindex/SwiftChessTools.build/Debug-watchos/ChessUCI.build/Objects-normal/arm64_32/Binary/ChessUCI.o -output /Users/admin/builder/spi-builder-workspace/.derivedData/Build/Products/Debug-watchos/ChessUCI.o
ExtractAppIntentsMetadata (in target 'ChessUCI' from project 'SwiftChessTools')
cd /Users/admin/builder/spi-builder-workspace
/Applications/Xcode-26.3.0.app/Contents/Developer/Toolchains/XcodeDefault.xctoolchain/usr/bin/appintentsmetadataprocessor --toolchain-dir /var/run/com.apple.security.cryptexd/mnt/com.apple.MobileAsset.MetalToolchain-v17.3.7003.10.kJMwfB/Metal.xctoolchain --module-name ChessUCI --sdk-root /Applications/Xcode-26.3.0.app/Contents/Developer/Platforms/WatchOS.platform/Developer/SDKs/WatchOS26.2.sdk --xcode-version 17C529 --platform-family watchOS --deployment-target 26.0 --bundle-identifier spi-builder-workspace.ChessUCI --output /Users/admin/builder/spi-builder-workspace/.derivedData/Build/Products/Debug-watchos/ChessUCI.appintents --target-triple arm64-apple-watchos26.0 --target-triple arm64_32-apple-watchos26.0 --binary-file /Users/admin/builder/spi-builder-workspace/.derivedData/Build/Products/Debug-watchos/ChessUCI.o --dependency-file /Users/admin/builder/spi-builder-workspace/.derivedData/Build/Intermediates.noindex/SwiftChessTools.build/Debug-watchos/ChessUCI.build/Objects-normal/arm64/ChessUCI_dependency_info.dat --dependency-file /Users/admin/builder/spi-builder-workspace/.derivedData/Build/Intermediates.noindex/SwiftChessTools.build/Debug-watchos/ChessUCI.build/Objects-normal/arm64_32/ChessUCI_dependency_info.dat --stringsdata-file /Users/admin/builder/spi-builder-workspace/.derivedData/Build/Intermediates.noindex/SwiftChessTools.build/Debug-watchos/ChessUCI.build/Objects-normal/arm64/ExtractedAppShortcutsMetadata.stringsdata --stringsdata-file /Users/admin/builder/spi-builder-workspace/.derivedData/Build/Intermediates.noindex/SwiftChessTools.build/Debug-watchos/ChessUCI.build/Objects-normal/arm64_32/ExtractedAppShortcutsMetadata.stringsdata --source-file-list /Users/admin/builder/spi-builder-workspace/.derivedData/Build/Intermediates.noindex/SwiftChessTools.build/Debug-watchos/ChessUCI.build/Objects-normal/arm64/ChessUCI.SwiftFileList --source-file-list /Users/admin/builder/spi-builder-workspace/.derivedData/Build/Intermediates.noindex/SwiftChessTools.build/Debug-watchos/ChessUCI.build/Objects-normal/arm64_32/ChessUCI.SwiftFileList --metadata-file-list /Users/admin/builder/spi-builder-workspace/.derivedData/Build/Intermediates.noindex/SwiftChessTools.build/Debug-watchos/ChessUCI.build/ChessUCI.DependencyMetadataFileList --static-metadata-file-list /Users/admin/builder/spi-builder-workspace/.derivedData/Build/Intermediates.noindex/SwiftChessTools.build/Debug-watchos/ChessUCI.build/ChessUCI.DependencyStaticMetadataFileList --swift-const-vals-list /Users/admin/builder/spi-builder-workspace/.derivedData/Build/Intermediates.noindex/SwiftChessTools.build/Debug-watchos/ChessUCI.build/Objects-normal/arm64/ChessUCI.SwiftConstValuesFileList --swift-const-vals-list /Users/admin/builder/spi-builder-workspace/.derivedData/Build/Intermediates.noindex/SwiftChessTools.build/Debug-watchos/ChessUCI.build/Objects-normal/arm64_32/ChessUCI.SwiftConstValuesFileList --force --compile-time-extraction --deployment-aware-processing --validate-assistant-intents --no-app-shortcuts-localization
2026-10-12 02:10:36.075 appintentsmetadataprocessor[894:5553] Starting appintentsmetadataprocessor export
2026-10-12 02:10:38.959 appintentsmetadataprocessor[894:5553] Extracted no relevant App Intents symbols, skipping writing output
RegisterExecutionPolicyException /Users/admin/builder/spi-builder-workspace/.derivedData/Build/Products/Debug-watchos/ChessUCI.o (in target 'ChessUCI' from project 'SwiftChessTools')
cd /Users/admin/builder/spi-builder-workspace
builtin-RegisterExecutionPolicyException /Users/admin/builder/spi-builder-workspace/.derivedData/Build/Products/Debug-watchos/ChessUCI.o
SwiftExplicitDependencyGeneratePcm arm64 /Users/admin/builder/spi-builder-workspace/.derivedData/ModuleCache.noindex/CoreTransferable-8REPBA8E7O6DTYSXERNLF5EVF.pcm
SwiftExplicitDependencyGeneratePcm arm64 /Users/admin/builder/spi-builder-workspace/.derivedData/ModuleCache.noindex/CoreGraphics-2FMIK8L6NJMCE0PUQH3KNMGI3.pcm
SwiftExplicitDependencyGeneratePcm arm64 /Users/admin/builder/spi-builder-workspace/.derivedData/ModuleCache.noindex/CoreData-2R09KN2ITB4YCFZYE0RKJ42SX.pcm
SwiftExplicitDependencyGeneratePcm arm64 /Users/admin/builder/spi-builder-workspace/.derivedData/ModuleCache.noindex/UIUtilities-2AT70EV9YA6Z5O1GGD8GO52CG.pcm
SwiftExplicitDependencyGeneratePcm arm64 /Users/admin/builder/spi-builder-workspace/.derivedData/ModuleCache.noindex/Symbols-2U9Y3ZW48EA4WDS5V00VYWP77.pcm
SwiftExplicitDependencyGeneratePcm arm64 /Users/admin/builder/spi-builder-workspace/.derivedData/ModuleCache.noindex/DataDetection-DGEIPFEY2NNDNAFGCE7B6ZZG5.pcm
SwiftExplicitDependencyGeneratePcm arm64 /Users/admin/builder/spi-builder-workspace/.derivedData/ModuleCache.noindex/_Builtin_tgmath-DI47CTKNA1DVO6XMQAP3NHIQ0.pcm
SwiftExplicitDependencyGeneratePcm arm64 /Users/admin/builder/spi-builder-workspace/.derivedData/ModuleCache.noindex/MachO-CBB7CDJCGLJ1KAOBMESQJ6HN0.pcm
SwiftExplicitDependencyGeneratePcm arm64 /Users/admin/builder/spi-builder-workspace/.derivedData/ModuleCache.noindex/UniformTypeIdentifiers-458KAXK374TXBBN52PBPJYRSJ.pcm
SwiftExplicitDependencyGeneratePcm arm64_32 /Users/admin/builder/spi-builder-workspace/.derivedData/ModuleCache.noindex/CoreTransferable-2CVORFL3L1ZOPK3KZBFUQTSQZ.pcm
SwiftExplicitDependencyGeneratePcm arm64_32 /Users/admin/builder/spi-builder-workspace/.derivedData/ModuleCache.noindex/_LocationEssentials-4AVGDYZWJ1Z1EFYUB10MHWTSY.pcm
SwiftExplicitDependencyGeneratePcm arm64_32 /Users/admin/builder/spi-builder-workspace/.derivedData/ModuleCache.noindex/CoreGraphics-54WAF0IQ8H82D87XJZCFRIVTY.pcm
SwiftExplicitDependencyGeneratePcm arm64_32 /Users/admin/builder/spi-builder-workspace/.derivedData/ModuleCache.noindex/DeveloperToolsSupport-5Q1NLQJRRPLABYGN6NVKFXWY0.pcm
SwiftExplicitDependencyGeneratePcm arm64_32 /Users/admin/builder/spi-builder-workspace/.derivedData/ModuleCache.noindex/_Builtin_intrinsics-8BDARAQ01UZD6W014LHVKHINQ.pcm
SwiftExplicitDependencyGeneratePcm arm64_32 /Users/admin/builder/spi-builder-workspace/.derivedData/ModuleCache.noindex/_Builtin_stdatomic-PGCTE6MX7UMTDPK5E7L1WO9G.pcm
SwiftExplicitDependencyGeneratePcm arm64_32 /Users/admin/builder/spi-builder-workspace/.derivedData/ModuleCache.noindex/_Builtin_tgmath-9MAKYXN5PH90P2SVS3Q0JFOEL.pcm
SwiftExplicitDependencyGeneratePcm arm64_32 /Users/admin/builder/spi-builder-workspace/.derivedData/ModuleCache.noindex/UniformTypeIdentifiers-6VZH7JUQRBGXCIXRY267O4LKC.pcm
SwiftExplicitDependencyGeneratePcm arm64_32 /Users/admin/builder/spi-builder-workspace/.derivedData/ModuleCache.noindex/CoreData-F2DL2NECK2F0P1OBHCU46MF3Q.pcm
SwiftExplicitDependencyGeneratePcm arm64 /Users/admin/builder/spi-builder-workspace/.derivedData/ModuleCache.noindex/ImageIO-B4KRE3QX7DYNU7H3OVQ3OEN9I.pcm
SwiftExplicitDependencyGeneratePcm arm64 /Users/admin/builder/spi-builder-workspace/.derivedData/ModuleCache.noindex/CoreVideo-15AO69LNM8QYOGDN9W7HMBMTS.pcm
SwiftExplicitDependencyGeneratePcm arm64 /Users/admin/builder/spi-builder-workspace/.derivedData/ModuleCache.noindex/Accessibility-4HTSNVYGF3VC9YDCPC2MNOPN4.pcm
SwiftExplicitDependencyGeneratePcm arm64_32 /Users/admin/builder/spi-builder-workspace/.derivedData/ModuleCache.noindex/UIUtilities-CPB7RV7T2CQM4IT41KNK8WEPF.pcm
SwiftExplicitDependencyGeneratePcm arm64_32 /Users/admin/builder/spi-builder-workspace/.derivedData/ModuleCache.noindex/MachO-7QHSINQMXX9UYJSOISDF3NS24.pcm
SwiftExplicitDependencyGeneratePcm arm64_32 /Users/admin/builder/spi-builder-workspace/.derivedData/ModuleCache.noindex/CoreLocation-9RQ68E4O3PRRR7M1U83RT5KKA.pcm
SwiftExplicitDependencyGeneratePcm arm64_32 /Users/admin/builder/spi-builder-workspace/.derivedData/ModuleCache.noindex/CoreText-69WFEC62YDTCXQEGLBFA7KKF1.pcm
SwiftExplicitDependencyGeneratePcm arm64_32 /Users/admin/builder/spi-builder-workspace/.derivedData/ModuleCache.noindex/CoreVideo-DAFM97GFIP18A85P7GYKWGVKF.pcm
SwiftExplicitDependencyGeneratePcm arm64_32 /Users/admin/builder/spi-builder-workspace/.derivedData/ModuleCache.noindex/ImageIO-4VN4M9ZHDW4M4KRHYLO7706L6.pcm
SwiftExplicitDependencyGeneratePcm arm64 /Users/admin/builder/spi-builder-workspace/.derivedData/ModuleCache.noindex/CoreText-2GN9EZ4ZQV3RJTZAUM2RAP0C5.pcm
SwiftExplicitDependencyGeneratePcm arm64 /Users/admin/builder/spi-builder-workspace/.derivedData/ModuleCache.noindex/QuartzCore-4KHS4Y6YPAFSDDCY9RNZPJHA3.pcm
SwiftExplicitDependencyGeneratePcm arm64_32 /Users/admin/builder/spi-builder-workspace/.derivedData/ModuleCache.noindex/Symbols-A1BAQZRA0IPQ1BAQPBXB0XLK.pcm
SwiftExplicitDependencyGeneratePcm arm64 /Users/admin/builder/spi-builder-workspace/.derivedData/ModuleCache.noindex/_Builtin_intrinsics-58ND084GSLXVJ19XXOLY3EGKI.pcm
SwiftExplicitDependencyGeneratePcm arm64_32 /Users/admin/builder/spi-builder-workspace/.derivedData/ModuleCache.noindex/simd-9BYVQEJ0MLQ40IRA0VT385G31.pcm
SwiftExplicitDependencyGeneratePcm arm64_32 /Users/admin/builder/spi-builder-workspace/.derivedData/ModuleCache.noindex/os-1GWCV6O27DHF8WQFPLJNCFKK4.pcm
SwiftExplicitDependencyGeneratePcm arm64 /Users/admin/builder/spi-builder-workspace/.derivedData/ModuleCache.noindex/_Builtin_stdatomic-54VXVKINWJDUKUF1QQV7ZSY2R.pcm
SwiftExplicitDependencyGeneratePcm arm64_32 /Users/admin/builder/spi-builder-workspace/.derivedData/ModuleCache.noindex/QuartzCore-5EU9GG539SM7NV65MHB043EPG.pcm
SwiftExplicitDependencyGeneratePcm arm64_32 /Users/admin/builder/spi-builder-workspace/.derivedData/ModuleCache.noindex/Accessibility-869BJBZ6Y0GHCSU4LZ2MMOG62.pcm
SwiftExplicitDependencyGeneratePcm arm64_32 /Users/admin/builder/spi-builder-workspace/.derivedData/ModuleCache.noindex/DataDetection-9RZALVH3Q8QWPGVOXLJMRIMNJ.pcm
SwiftExplicitDependencyGeneratePcm arm64 /Users/admin/builder/spi-builder-workspace/.derivedData/ModuleCache.noindex/_LocationEssentials-89SR6PJ8VGRNDNOJCJUJKQDF.pcm
SwiftExplicitDependencyGeneratePcm arm64 /Users/admin/builder/spi-builder-workspace/.derivedData/ModuleCache.noindex/DeveloperToolsSupport-4T92GXF0UX8LAOR19MDAZQ5FJ.pcm
SwiftExplicitDependencyGeneratePcm arm64 /Users/admin/builder/spi-builder-workspace/.derivedData/ModuleCache.noindex/os-AOK4LQ23MW2NBBUH2N8QOP52R.pcm
SwiftExplicitDependencyGeneratePcm arm64 /Users/admin/builder/spi-builder-workspace/.derivedData/ModuleCache.noindex/SwiftUICore-21H2UE8E2AZCB7ZNBBCK88V6B.pcm
SwiftExplicitDependencyGeneratePcm arm64_32 /Users/admin/builder/spi-builder-workspace/.derivedData/ModuleCache.noindex/OSLog-BBMJB65CZBEAD54GKEVKN32T5.pcm
SwiftExplicitDependencyGeneratePcm arm64_32 /Users/admin/builder/spi-builder-workspace/.derivedData/ModuleCache.noindex/UserNotifications-CY8CZNOA4HZ4NXF0NT757OY1I.pcm
SwiftExplicitDependencyGeneratePcm arm64 /Users/admin/builder/spi-builder-workspace/.derivedData/ModuleCache.noindex/UserNotifications-57VYXICVMN3EV36XAB1WHJZ2C.pcm
SwiftExplicitDependencyGeneratePcm arm64_32 /Users/admin/builder/spi-builder-workspace/.derivedData/ModuleCache.noindex/SwiftUICore-8ANRRAIL34VOSEU0OQX19CRW1.pcm
SwiftExplicitDependencyGeneratePcm arm64 /Users/admin/builder/spi-builder-workspace/.derivedData/ModuleCache.noindex/CoreLocation-BOG5PV0G1GSHHPJXU4ZBJCZRH.pcm
SwiftExplicitDependencyGeneratePcm arm64 /Users/admin/builder/spi-builder-workspace/.derivedData/ModuleCache.noindex/simd-6UCUA2BKEI2K1ED9QH6DE7VZF.pcm
SwiftExplicitDependencyGeneratePcm arm64 /Users/admin/builder/spi-builder-workspace/.derivedData/ModuleCache.noindex/OSLog-15I59UMBV6CMH7II4GT8R5JED.pcm
SwiftExplicitDependencyGeneratePcm arm64 /Users/admin/builder/spi-builder-workspace/.derivedData/ModuleCache.noindex/UIKit-8SKRF6O0G9HZH553M3C9EWWAU.pcm
SwiftExplicitDependencyGeneratePcm arm64_32 /Users/admin/builder/spi-builder-workspace/.derivedData/ModuleCache.noindex/UIKit-1I38H26G25LVQJZB353WOWH6.pcm
SwiftExplicitDependencyGeneratePcm arm64_32 /Users/admin/builder/spi-builder-workspace/.derivedData/ModuleCache.noindex/Spatial-DGQ1Z61Q5HV0ERQQK6QDL9GGR.pcm
SwiftExplicitDependencyGeneratePcm arm64_32 /Users/admin/builder/spi-builder-workspace/.derivedData/ModuleCache.noindex/SceneKit-6MBHR3E1L3RXHLA4E857VB005.pcm
SwiftExplicitDependencyGeneratePcm arm64 /Users/admin/builder/spi-builder-workspace/.derivedData/ModuleCache.noindex/SceneKit-3DCFJMYMG1AW8U9GLQQCC1TM9.pcm
SwiftExplicitDependencyGeneratePcm arm64 /Users/admin/builder/spi-builder-workspace/.derivedData/ModuleCache.noindex/Spatial-P3M6DE6INE5TFFPGQXB74VLJ.pcm
SwiftExplicitDependencyGeneratePcm arm64_32 /Users/admin/builder/spi-builder-workspace/.derivedData/ModuleCache.noindex/HomeKit-AHC3ILHKUO82Z75TFKF5V50CX.pcm
SwiftExplicitDependencyGeneratePcm arm64_32 /Users/admin/builder/spi-builder-workspace/.derivedData/ModuleCache.noindex/MapKit-61MX8NTUJI5M2YAB13WWU24YK.pcm
SwiftExplicitDependencyGeneratePcm arm64 /Users/admin/builder/spi-builder-workspace/.derivedData/ModuleCache.noindex/HomeKit-4C69268JUH909JW8MKMI4ZHZD.pcm
SwiftExplicitDependencyGeneratePcm arm64 /Users/admin/builder/spi-builder-workspace/.derivedData/ModuleCache.noindex/MapKit-6Q8OOAF8BXB6AQCDERMACVNOQ.pcm
SwiftExplicitDependencyGeneratePcm arm64_32 /Users/admin/builder/spi-builder-workspace/.derivedData/ModuleCache.noindex/WatchKit-CAD4AK8HX5FUC7GD3OEVCTMHI.pcm
SwiftExplicitDependencyGeneratePcm arm64 /Users/admin/builder/spi-builder-workspace/.derivedData/ModuleCache.noindex/WatchKit-5T2K1B24G8E6J6KMDU2M6UZPN.pcm
SwiftExplicitDependencyGeneratePcm arm64_32 /Users/admin/builder/spi-builder-workspace/.derivedData/ModuleCache.noindex/SwiftUI-CTJZPDH0D73K21479D8OGT6Y3.pcm
SwiftExplicitDependencyGeneratePcm arm64 /Users/admin/builder/spi-builder-workspace/.derivedData/ModuleCache.noindex/SwiftUI-4OC0A8HWPDEBIVB0BVWDDC788.pcm
SwiftEmitModule normal arm64_32 Emitting\ module\ for\ ChessUI (in target 'ChessUI' from project 'SwiftChessTools')
Failed frontend command:
/Applications/Xcode-26.3.0.app/Contents/Developer/Toolchains/XcodeDefault.xctoolchain/usr/bin/swift-frontend -frontend -emit-module -experimental-skip-non-inlinable-function-bodies-without-types /Users/admin/builder/spi-builder-workspace/.derivedData/Build/Intermediates.noindex/SwiftChessTools.build/Debug-watchos/ChessUI.build/DerivedSources/resource_bundle_accessor.swift /Users/admin/builder/spi-builder-workspace/Sources/ChessUI/ChessBoardAccessibility.swift /Users/admin/builder/spi-builder-workspace/Sources/ChessUI/ChessBoardArrow.swift /Users/admin/builder/spi-builder-workspace/Sources/ChessUI/ChessBoardView.swift /Users/admin/builder/spi-builder-workspace/Sources/ChessUI/ChessEvaluation.swift /Users/admin/builder/spi-builder-workspace/Sources/ChessUI/ChessEvaluationBar.swift /Users/admin/builder/spi-builder-workspace/Sources/ChessUI/ChessGameStatusView.swift /Users/admin/builder/spi-builder-workspace/Sources/ChessUI/ChessMoveListView.swift /Users/admin/builder/spi-builder-workspace/Sources/ChessUI/ChessMoveNavigationView.swift /Users/admin/builder/spi-builder-workspace/Sources/ChessUI/ChessPieceSet.swift /Users/admin/builder/spi-builder-workspace/Sources/ChessUI/Theme.swift /Users/admin/builder/spi-builder-workspace/.derivedData/Build/Intermediates.noindex/SwiftChessTools.build/Debug-watchos/ChessUI.build/DerivedSources/GeneratedAssetSymbols.swift -target arm64_32-apple-watchos26.0 -module-can-import-version DeveloperToolsSupport 23.0.4 23.0.4 -module-can-import-version UIKit 9126.2.4 9126.2.4 -load-resolved-plugin /Applications/Xcode-26.3.0.app/Contents/Developer/Platforms/WatchOS.platform/Developer/usr/lib/swift/host/plugins/libFoundationMacros.dylib\#/Applications/Xcode-26.3.0.app/Contents/Developer/Platforms/WatchOS.platform/Developer/usr/bin/swift-plugin-server\#FoundationMacros -load-resolved-plugin /Applications/Xcode-26.3.0.app/Contents/Developer/Platforms/WatchOS.platform/Developer/usr/lib/swift/host/plugins/libObservationMacros.dylib\#/Applications/Xcode-26.3.0.app/Contents/Developer/Platforms/WatchOS.platform/Developer/usr/bin/swift-plugin-server\#ObservationMacros -load-resolved-plugin /Applications/Xcode-26.3.0.app/Contents/Developer/Platforms/WatchOS.platform/Developer/usr/lib/swift/host/plugins/libPreviewsMacros.dylib\#/Applications/Xcode-26.3.0.app/Contents/Developer/Platforms/WatchOS.platform/Developer/usr/bin/swift-plugin-server\#PreviewsMacros -load-resolved-plugin /Applications/Xcode-26.3.0.app/Contents/Developer/Platforms/WatchOS.platform/Developer/usr/lib/swift/host/plugins/libSwiftMacros.dylib\#/Applications/Xcode-26.3.0.app/Contents/Developer/Platforms/WatchOS.platform/Developer/usr/bin/swift-plugin-server\#SwiftMacros -load-resolved-plugin /Applications/Xcode-26.3.0.app/Contents/Developer/Platforms/WatchOS.platform/Developer/usr/lib/swift/host/plugins/libSwiftUIMacros.dylib\#/Applications/Xcode-26.3.0.app/Contents/Developer/Platforms/WatchOS.platform/Developer/usr/bin/swift-plugin-server\#SwiftUIMacros -disable-implicit-swift-modules -Xcc -fno-implicit-modules -Xcc -fno-implicit-module-maps -explicit-swift-module-map-file /Users/admin/builder/spi-builder-workspace/.derivedData/Build/Intermediates.noindex/SwiftChessTools.build/Debug-watchos/ChessUI.build/Objects-normal/arm64_32/ChessUI-dependencies-2.json -enable-objc-interop -sdk /Applications/Xcode-26.3.0.app/Contents/Developer/Platforms/WatchOS.platform/Developer/SDKs/WatchOS26.2.sdk -I /Users/admin/builder/spi-builder-workspace/.derivedData/Build/Products/Debug-watchos -Isystem /Applications/Xcode-26.3.0.app/Contents/Developer/Platforms/WatchOS.platform/Developer/usr/lib -F /Users/admin/builder/spi-builder-workspace/.derivedData/Build/Products/Debug-watchos/PackageFrameworks -F /Users/admin/builder/spi-builder-workspace/.derivedData/Build/Products/Debug-watchos -F /Applications/Xcode-26.3.0.app/Contents/Developer/Platforms/WatchOS.platform/Developer/Library/Frameworks -F /Applications/Xcode-26.3.0.app/Contents/Developer/Platforms/WatchOS.platform/Developer/SDKs/WatchOS26.2.sdk/Developer/Library/Frameworks -no-color-diagnostics -Xcc -fno-color-diagnostics -enable-testing -g -debug-info-format\=dwarf -dwarf-version\=5 -module-cache-path /Users/admin/builder/spi-builder-workspace/.derivedData/Build/Intermediates.noindex/SwiftExplicitPrecompiledModules -profile-generate -profile-coverage-mapping -swift-version 6 -enforce-exclusivity\=checked -Onone -D SWIFT_PACKAGE -D DEBUG -D SWIFT_MODULE_RESOURCE_BUNDLE_AVAILABLE -D Xcode -serialize-debugging-options -const-gather-protocols-file /Users/admin/builder/spi-builder-workspace/.derivedData/Build/Intermediates.noindex/SwiftChessTools.build/Debug-watchos/ChessUI.build/Objects-normal/arm64_32/ChessUI_const_extract_protocols.json -enable-experimental-feature DebugDescriptionMacro -empty-abi-descriptor -validate-clang-modules-once -clang-build-session-file /Users/admin/builder/spi-builder-workspace/.derivedData/ModuleCache.noindex/Session.modulevalidation -Xcc -working-directory -Xcc /Users/admin/builder/spi-builder-workspace/.swiftpm/xcode -enable-anonymous-context-mangled-names -file-compilation-dir /Users/admin/builder/spi-builder-workspace/.swiftpm/xcode -Xcc -D_LIBCPP_HARDENING_MODE\=_LIBCPP_HARDENING_MODE_DEBUG -Xcc -ivfsstatcache -Xcc /Users/admin/builder/spi-builder-workspace/.derivedData/SDKStatCaches.noindex/watchos26.2-23S303-dc75598d0054f22ec865fa860f139d721753b489057de6bda919edfa1c59a62b.sdkstatcache -Xcc -I/Users/admin/builder/spi-builder-workspace/.derivedData/Build/Intermediates.noindex/SwiftChessTools.build/Debug-watchos/ChessUI.build/swift-overrides.hmap -Xcc -I/Users/admin/builder/spi-builder-workspace/.derivedData/Build/Products/Debug-watchos/include -Xcc -I/Users/admin/builder/spi-builder-workspace/.derivedData/Build/Intermediates.noindex/SwiftChessTools.build/Debug-watchos/ChessUI.build/DerivedSources-normal/arm64_32 -Xcc -I/Users/admin/builder/spi-builder-workspace/.derivedData/Build/Intermediates.noindex/SwiftChessTools.build/Debug-watchos/ChessUI.build/DerivedSources/arm64_32 -Xcc -I/Users/admin/builder/spi-builder-workspace/.derivedData/Build/Intermediates.noindex/SwiftChessTools.build/Debug-watchos/ChessUI.build/DerivedSources -Xcc -DSWIFT_PACKAGE -Xcc -DDEBUG\=1 -no-auto-bridging-header-chaining -module-name ChessUI -package-name spi_builder_workspace -frontend-parseable-output -disable-clang-spi -target-sdk-version 26.2 -target-sdk-name watchos26.2 -clang-target arm64_32-apple-watchos26.2 -in-process-plugin-server-path /Applications/Xcode-26.3.0.app/Contents/Developer/Toolchains/XcodeDefault.xctoolchain/usr/lib/swift/host/libSwiftInProcPluginServer.dylib -emit-module-doc-path /Users/admin/builder/spi-builder-workspace/.derivedData/Build/Intermediates.noindex/SwiftChessTools.build/Debug-watchos/ChessUI.build/Objects-normal/arm64_32/ChessUI.swiftdoc -emit-module-source-info-path /Users/admin/builder/spi-builder-workspace/.derivedData/Build/Intermediates.noindex/SwiftChessTools.build/Debug-watchos/ChessUI.build/Objects-normal/arm64_32/ChessUI.swiftsourceinfo -emit-objc-header-path /Users/admin/builder/spi-builder-workspace/.derivedData/Build/Intermediates.noindex/SwiftChessTools.build/Debug-watchos/ChessUI.build/Objects-normal/arm64_32/ChessUI-Swift.h -serialize-diagnostics-path /Users/admin/builder/spi-builder-workspace/.derivedData/Build/Intermediates.noindex/SwiftChessTools.build/Debug-watchos/ChessUI.build/Objects-normal/arm64_32/ChessUI-primary-emit-module.dia -emit-dependencies-path /Users/admin/builder/spi-builder-workspace/.derivedData/Build/Intermediates.noindex/SwiftChessTools.build/Debug-watchos/ChessUI.build/Objects-normal/arm64_32/ChessUI-primary-emit-module.d -o /Users/admin/builder/spi-builder-workspace/.derivedData/Build/Intermediates.noindex/SwiftChessTools.build/Debug-watchos/ChessUI.build/Objects-normal/arm64_32/ChessUI.swiftmodule -emit-abi-descriptor-path /Users/admin/builder/spi-builder-workspace/.derivedData/Build/Intermediates.noindex/SwiftChessTools.build/Debug-watchos/ChessUI.build/Objects-normal/arm64_32/ChessUI.abi.json
EmitSwiftModule normal arm64_32 (in target 'ChessUI' from project 'SwiftChessTools')
cd /Users/admin/builder/spi-builder-workspace/.swiftpm/xcode
/Users/admin/builder/spi-builder-workspace/Sources/ChessUI/ChessMoveNavigationView.swift:39:19: error: 'KeyboardShortcut' is unavailable in watchOS
var shortcut: KeyboardShortcut {
^~~~~~~~~~~~~~~~
SwiftUI.KeyboardShortcut:4:15: note: 'KeyboardShortcut' has been explicitly marked unavailable here
public struct KeyboardShortcut : Sendable {
^
SwiftCompile normal arm64_32 Compiling\ GeneratedAssetSymbols.swift /Users/admin/builder/spi-builder-workspace/.derivedData/Build/Intermediates.noindex/SwiftChessTools.build/Debug-watchos/ChessUI.build/DerivedSources/GeneratedAssetSymbols.swift (in target 'ChessUI' from project 'SwiftChessTools')
SwiftCompile normal arm64_32 /Users/admin/builder/spi-builder-workspace/.derivedData/Build/Intermediates.noindex/SwiftChessTools.build/Debug-watchos/ChessUI.build/DerivedSources/GeneratedAssetSymbols.swift (in target 'ChessUI' from project 'SwiftChessTools')
cd /Users/admin/builder/spi-builder-workspace/.swiftpm/xcode
SwiftCompile normal arm64_32 Compiling\ ChessBoardArrow.swift,\ ChessBoardView.swift /Users/admin/builder/spi-builder-workspace/Sources/ChessUI/ChessBoardArrow.swift /Users/admin/builder/spi-builder-workspace/Sources/ChessUI/ChessBoardView.swift (in target 'ChessUI' from project 'SwiftChessTools')
SwiftCompile normal arm64_32 /Users/admin/builder/spi-builder-workspace/Sources/ChessUI/ChessBoardArrow.swift (in target 'ChessUI' from project 'SwiftChessTools')
cd /Users/admin/builder/spi-builder-workspace/.swiftpm/xcode
SwiftCompile normal arm64_32 /Users/admin/builder/spi-builder-workspace/Sources/ChessUI/ChessBoardView.swift (in target 'ChessUI' from project 'SwiftChessTools')
cd /Users/admin/builder/spi-builder-workspace/.swiftpm/xcode
SwiftCompile normal arm64_32 Compiling\ resource_bundle_accessor.swift,\ ChessBoardAccessibility.swift /Users/admin/builder/spi-builder-workspace/.derivedData/Build/Intermediates.noindex/SwiftChessTools.build/Debug-watchos/ChessUI.build/DerivedSources/resource_bundle_accessor.swift /Users/admin/builder/spi-builder-workspace/Sources/ChessUI/ChessBoardAccessibility.swift (in target 'ChessUI' from project 'SwiftChessTools')
SwiftCompile normal arm64_32 /Users/admin/builder/spi-builder-workspace/.derivedData/Build/Intermediates.noindex/SwiftChessTools.build/Debug-watchos/ChessUI.build/DerivedSources/resource_bundle_accessor.swift (in target 'ChessUI' from project 'SwiftChessTools')
cd /Users/admin/builder/spi-builder-workspace/.swiftpm/xcode
SwiftCompile normal arm64_32 /Users/admin/builder/spi-builder-workspace/Sources/ChessUI/ChessBoardAccessibility.swift (in target 'ChessUI' from project 'SwiftChessTools')
cd /Users/admin/builder/spi-builder-workspace/.swiftpm/xcode
SwiftCompile normal arm64_32 Compiling\ ChessEvaluationBar.swift /Users/admin/builder/spi-builder-workspace/Sources/ChessUI/ChessEvaluationBar.swift (in target 'ChessUI' from project 'SwiftChessTools')
SwiftCompile normal arm64_32 /Users/admin/builder/spi-builder-workspace/Sources/ChessUI/ChessEvaluationBar.swift (in target 'ChessUI' from project 'SwiftChessTools')
cd /Users/admin/builder/spi-builder-workspace/.swiftpm/xcode
SwiftCompile normal arm64_32 Compiling\ Theme.swift /Users/admin/builder/spi-builder-workspace/Sources/ChessUI/Theme.swift (in target 'ChessUI' from project 'SwiftChessTools')
SwiftCompile normal arm64_32 /Users/admin/builder/spi-builder-workspace/Sources/ChessUI/Theme.swift (in target 'ChessUI' from project 'SwiftChessTools')
cd /Users/admin/builder/spi-builder-workspace/.swiftpm/xcode
SwiftCompile normal arm64_32 Compiling\ ChessPieceSet.swift /Users/admin/builder/spi-builder-workspace/Sources/ChessUI/ChessPieceSet.swift (in target 'ChessUI' from project 'SwiftChessTools')
SwiftCompile normal arm64_32 /Users/admin/builder/spi-builder-workspace/Sources/ChessUI/ChessPieceSet.swift (in target 'ChessUI' from project 'SwiftChessTools')
cd /Users/admin/builder/spi-builder-workspace/.swiftpm/xcode
SwiftCompile normal arm64_32 Compiling\ ChessGameStatusView.swift /Users/admin/builder/spi-builder-workspace/Sources/ChessUI/ChessGameStatusView.swift (in target 'ChessUI' from project 'SwiftChessTools')
SwiftCompile normal arm64_32 /Users/admin/builder/spi-builder-workspace/Sources/ChessUI/ChessGameStatusView.swift (in target 'ChessUI' from project 'SwiftChessTools')
cd /Users/admin/builder/spi-builder-workspace/.swiftpm/xcode
SwiftCompile normal arm64_32 Compiling\ ChessMoveNavigationView.swift /Users/admin/builder/spi-builder-workspace/Sources/ChessUI/ChessMoveNavigationView.swift (in target 'ChessUI' from project 'SwiftChessTools')
SwiftCompile normal arm64_32 /Users/admin/builder/spi-builder-workspace/Sources/ChessUI/ChessMoveNavigationView.swift (in target 'ChessUI' from project 'SwiftChessTools')
cd /Users/admin/builder/spi-builder-workspace/.swiftpm/xcode
SwiftEmitModule normal arm64 Emitting\ module\ for\ ChessUI (in target 'ChessUI' from project 'SwiftChessTools')
EmitSwiftModule normal arm64 (in target 'ChessUI' from project 'SwiftChessTools')
cd /Users/admin/builder/spi-builder-workspace/.swiftpm/xcode
SwiftDriverJobDiscovery normal arm64_32 Compiling ChessPieceSet.swift (in target 'ChessUI' from project 'SwiftChessTools')
SwiftCompile normal arm64 Compiling\ Theme.swift /Users/admin/builder/spi-builder-workspace/Sources/ChessUI/Theme.swift (in target 'ChessUI' from project 'SwiftChessTools')
SwiftCompile normal arm64 /Users/admin/builder/spi-builder-workspace/Sources/ChessUI/Theme.swift (in target 'ChessUI' from project 'SwiftChessTools')
cd /Users/admin/builder/spi-builder-workspace/.swiftpm/xcode
SwiftDriverJobDiscovery normal arm64_32 Compiling GeneratedAssetSymbols.swift (in target 'ChessUI' from project 'SwiftChessTools')
SwiftCompile normal arm64 Compiling\ ChessEvaluationBar.swift /Users/admin/builder/spi-builder-workspace/Sources/ChessUI/ChessEvaluationBar.swift (in target 'ChessUI' from project 'SwiftChessTools')
2026-10-12 02:10:23.236 xcodebuild[784:4835] [MT] IDERunDestination: Supported platforms for the buildables in the current scheme is empty.
** BUILD FAILED **
The following build commands failed:
SwiftEmitModule normal arm64_32 Emitting\ module\ for\ ChessUI (in target 'ChessUI' from project 'SwiftChessTools')
EmitSwiftModule normal arm64_32 (in target 'ChessUI' from project 'SwiftChessTools')
Building workspace spi-builder-workspace with scheme SwiftChessTools-Package
(3 failures)
Command line invocation:
/Applications/Xcode-26.3.0.app/Contents/Developer/usr/bin/xcodebuild -IDEClonedSourcePackagesDirPathOverride=/Users/admin/builder/spi-builder-workspace/.dependencies -resolvePackageDependencies
Resolve Package Graph
Resolved source packages:
SwiftChessTools: /Users/admin/builder/spi-builder-workspace
resolved source packages: SwiftChessTools
2026-10-12 02:11:09.883 xcodebuild[972:5914] [MT] IDERunDestination: Supported platforms for the buildables in the current scheme is empty.
{
"dependencies" : [
],
"manifest_display_name" : "SwiftChessTools",
"name" : "SwiftChessTools",
"path" : "/Users/admin/builder/spi-builder-workspace",
"platforms" : [
{
"name" : "ios",
"version" : "26.0"
},
{
"name" : "macos",
"version" : "26.0"
}
],
"products" : [
{
"name" : "ChessCore",
"targets" : [
"ChessCore"
],
"type" : {
"library" : [
"automatic"
]
}
},
{
"name" : "ChessUI",
"targets" : [
"ChessUI"
],
"type" : {
"library" : [
"automatic"
]
}
},
{
"name" : "ChessUCI",
"targets" : [
"ChessUCI"
],
"type" : {
"library" : [
"automatic"
]
}
}
],
"swift_languages_versions" : [
"5",
"6"
],
"targets" : [
{
"c99name" : "ChessUITests",
"module_type" : "SwiftTarget",
"name" : "ChessUITests",
"path" : "Tests/ChessUITests",
"resources" : [
{
"path" : "/Users/admin/builder/spi-builder-workspace/Tests/ChessUITests/SnapshotReferences/arrows-black-perspective.png",
"rule" : {
"process" : {
}
}
},
{
"path" : "/Users/admin/builder/spi-builder-workspace/Tests/ChessUITests/SnapshotReferences/board-theme-artDecoMonochrome.png",
"rule" : {
"process" : {
}
}
},
{
"path" : "/Users/admin/builder/spi-builder-workspace/Tests/ChessUITests/SnapshotReferences/board-theme-blueStudy.png",
"rule" : {
"process" : {
}
}
},
{
"path" : "/Users/admin/builder/spi-builder-workspace/Tests/ChessUITests/SnapshotReferences/board-theme-blueprint.png",
"rule" : {
"process" : {
}
}
},
{
"path" : "/Users/admin/builder/spi-builder-workspace/Tests/ChessUITests/SnapshotReferences/board-theme-circuitBoard.png",
"rule" : {
"process" : {
}
}
},
{
"path" : "/Users/admin/builder/spi-builder-workspace/Tests/ChessUITests/SnapshotReferences/board-theme-classicGreen.png",
"rule" : {
"process" : {
}
}
},
{
"path" : "/Users/admin/builder/spi-builder-workspace/Tests/ChessUITests/SnapshotReferences/board-theme-marble.png",
"rule" : {
"process" : {
}
}
},
{
"path" : "/Users/admin/builder/spi-builder-workspace/Tests/ChessUITests/SnapshotReferences/board-theme-sportsCourt.png",
"rule" : {
"process" : {
}
}
},
{
"path" : "/Users/admin/builder/spi-builder-workspace/Tests/ChessUITests/SnapshotReferences/board-theme-warmWalnut.png",
"rule" : {
"process" : {
}
}
},
{
"path" : "/Users/admin/builder/spi-builder-workspace/Tests/ChessUITests/SnapshotReferences/coordinate-labels-hidden.png",
"rule" : {
"process" : {
}
}
},
{
"path" : "/Users/admin/builder/spi-builder-workspace/Tests/ChessUITests/SnapshotReferences/coordinate-labels-outside-black.png",
"rule" : {
"process" : {
}
}
},
{
"path" : "/Users/admin/builder/spi-builder-workspace/Tests/ChessUITests/SnapshotReferences/coordinate-labels-outside-minimum-size.png",
"rule" : {
"process" : {
}
}
},
{
"path" : "/Users/admin/builder/spi-builder-workspace/Tests/ChessUITests/SnapshotReferences/coordinate-labels-outside-white.png",
"rule" : {
"process" : {
}
}
},
{
"path" : "/Users/admin/builder/spi-builder-workspace/Tests/ChessUITests/SnapshotReferences/coordinate-labels-outside-workbench-size.png",
"rule" : {
"process" : {
}
}
},
{
"path" : "/Users/admin/builder/spi-builder-workspace/Tests/ChessUITests/SnapshotReferences/evaluation-bar-horizontal.png",
"rule" : {
"process" : {
}
}
},
{
"path" : "/Users/admin/builder/spi-builder-workspace/Tests/ChessUITests/SnapshotReferences/evaluation-bar-mate-vertical.png",
"rule" : {
"process" : {
}
}
},
{
"path" : "/Users/admin/builder/spi-builder-workspace/Tests/ChessUITests/SnapshotReferences/evaluation-bar-minimum-size.png",
"rule" : {
"process" : {
}
}
},
{
"path" : "/Users/admin/builder/spi-builder-workspace/Tests/ChessUITests/SnapshotReferences/evaluation-bar-unavailable.png",
"rule" : {
"process" : {
}
}
},
{
"path" : "/Users/admin/builder/spi-builder-workspace/Tests/ChessUITests/SnapshotReferences/evaluation-bar-vertical-centipawn.png",
"rule" : {
"process" : {
}
}
},
{
"path" : "/Users/admin/builder/spi-builder-workspace/Tests/ChessUITests/SnapshotReferences/initial-black.png",
"rule" : {
"process" : {
}
}
},
{
"path" : "/Users/admin/builder/spi-builder-workspace/Tests/ChessUITests/SnapshotReferences/initial-white.png",
"rule" : {
"process" : {
}
}
},
{
"path" : "/Users/admin/builder/spi-builder-workspace/Tests/ChessUITests/SnapshotReferences/last-move-highlight.png",
"rule" : {
"process" : {
}
}
},
{
"path" : "/Users/admin/builder/spi-builder-workspace/Tests/ChessUITests/SnapshotReferences/move-list-empty.png",
"rule" : {
"process" : {
}
}
},
{
"path" : "/Users/admin/builder/spi-builder-workspace/Tests/ChessUITests/SnapshotReferences/move-list-hidden-scroll-indicators.png",
"rule" : {
"process" : {
}
}
},
{
"path" : "/Users/admin/builder/spi-builder-workspace/Tests/ChessUITests/SnapshotReferences/move-list-horizontal-hidden-scroll-indicators.png",
"rule" : {
"process" : {
}
}
},
{
"path" : "/Users/admin/builder/spi-builder-workspace/Tests/ChessUITests/SnapshotReferences/move-list-horizontal-long-history.png",
"rule" : {
"process" : {
}
}
},
{
"path" : "/Users/admin/builder/spi-builder-workspace/Tests/ChessUITests/SnapshotReferences/move-list-horizontal-narrow-rows.png",
"rule" : {
"process" : {
}
}
},
{
"path" : "/Users/admin/builder/spi-builder-workspace/Tests/ChessUITests/SnapshotReferences/move-list-horizontal-rows.png",
"rule" : {
"process" : {
}
}
},
{
"path" : "/Users/admin/builder/spi-builder-workspace/Tests/ChessUITests/SnapshotReferences/move-list-long-history.png",
"rule" : {
"process" : {
}
}
},
{
"path" : "/Users/admin/builder/spi-builder-workspace/Tests/ChessUITests/SnapshotReferences/move-list-narrow-selected-rows.png",
"rule" : {
"process" : {
}
}
},
{
"path" : "/Users/admin/builder/spi-builder-workspace/Tests/ChessUITests/SnapshotReferences/move-list-rows.png",
"rule" : {
"process" : {
}
}
},
{
"path" : "/Users/admin/builder/spi-builder-workspace/Tests/ChessUITests/SnapshotReferences/piece-scale-220.png",
"rule" : {
"process" : {
}
}
},
{
"path" : "/Users/admin/builder/spi-builder-workspace/Tests/ChessUITests/SnapshotReferences/piece-scale-420.png",
"rule" : {
"process" : {
}
}
},
{
"path" : "/Users/admin/builder/spi-builder-workspace/Tests/ChessUITests/SnapshotReferences/piece-scale-promotion.png",
"rule" : {
"process" : {
}
}
},
{
"path" : "/Users/admin/builder/spi-builder-workspace/Tests/ChessUITests/SnapshotReferences/piece-set-artDecoMonochrome.png",
"rule" : {
"process" : {
}
}
},
{
"path" : "/Users/admin/builder/spi-builder-workspace/Tests/ChessUITests/SnapshotReferences/piece-set-blueprintMonochrome.png",
"rule" : {
"process" : {
}
}
},
{
"path" : "/Users/admin/builder/spi-builder-workspace/Tests/ChessUITests/SnapshotReferences/piece-set-brutalistMonochrome.png",
"rule" : {
"process" : {
}
}
},
{
"path" : "/Users/admin/builder/spi-builder-workspace/Tests/ChessUITests/SnapshotReferences/piece-set-circuitBoardMonochrome.png",
"rule" : {
"process" : {
}
}
},
{
"path" : "/Users/admin/builder/spi-builder-workspace/Tests/ChessUITests/SnapshotReferences/piece-set-origamiMonochrome.png",
"rule" : {
"process" : {
}
}
},
{
"path" : "/Users/admin/builder/spi-builder-workspace/Tests/ChessUITests/SnapshotReferences/piece-set-sashiteMerida.png",
"rule" : {
"process" : {
}
}
},
{
"path" : "/Users/admin/builder/spi-builder-workspace/Tests/ChessUITests/SnapshotReferences/piece-set-sportsMonochrome.png",
"rule" : {
"process" : {
}
}
},
{
"path" : "/Users/admin/builder/spi-builder-workspace/Tests/ChessUITests/SnapshotReferences/primary-arrow.png",
"rule" : {
"process" : {
}
}
},
{
"path" : "/Users/admin/builder/spi-builder-workspace/Tests/ChessUITests/SnapshotReferences/promotion-picker-black-minimum-size.png",
"rule" : {
"process" : {
}
}
},
{
"path" : "/Users/admin/builder/spi-builder-workspace/Tests/ChessUITests/SnapshotReferences/promotion-picker.png",
"rule" : {
"process" : {
}
}
},
{
"path" : "/Users/admin/builder/spi-builder-workspace/Tests/ChessUITests/SnapshotReferences/selected-piece.png",
"rule" : {
"process" : {
}
}
},
{
"path" : "/Users/admin/builder/spi-builder-workspace/Tests/ChessUITests/SnapshotReferences/top-three-arrows.png",
"rule" : {
"process" : {
}
}
}
],
"sources" : [
"ChessBoardAccessibilityTests.swift",
"ChessEvaluationBarTests.swift",
"ChessGameStatusViewTests.swift",
"ChessHistoryPresentationTests.swift",
"ChessMoveNavigationMacTests.swift",
"ChessMoveNavigationViewTests.swift",
"ChessUISmokeTests.swift",
"ChessUISnapshotTests.swift",
"PublicAPITests.swift"
],
"target_dependencies" : [
"ChessCore",
"ChessUI"
],
"type" : "test"
},
{
"c99name" : "ChessUI",
"module_type" : "SwiftTarget",
"name" : "ChessUI",
"path" : "Sources/ChessUI",
"product_memberships" : [
"ChessUI"
],
"resources" : [
{
"path" : "/Users/admin/builder/spi-builder-workspace/Sources/ChessUI/Assets/Pieces.xcassets",
"rule" : {
"process" : {
}
}
}
],
"sources" : [
"ChessBoardAccessibility.swift",
"ChessBoardArrow.swift",
"ChessBoardView.swift",
"ChessEvaluation.swift",
"ChessEvaluationBar.swift",
"ChessGameStatusView.swift",
"ChessMoveListView.swift",
"ChessMoveNavigationView.swift",
"ChessPieceSet.swift",
"Theme.swift"
],
"target_dependencies" : [
"ChessCore"
],
"type" : "library"
},
{
"c99name" : "ChessUCITests",
"module_type" : "SwiftTarget",
"name" : "ChessUCITests",
"path" : "Tests/ChessUCITests",
"sources" : [
"UCICommandTests.swift",
"UCIParserTests.swift"
],
"target_dependencies" : [
"ChessCore",
"ChessUCI"
],
"type" : "test"
},
{
"c99name" : "ChessUCI",
"module_type" : "SwiftTarget",
"name" : "ChessUCI",
"path" : "Sources/ChessUCI",
"product_memberships" : [
"ChessUCI"
],
"sources" : [
"UCICommand.swift",
"UCIParser.swift"
],
"target_dependencies" : [
"ChessCore"
],
"type" : "library"
},
{
"c99name" : "ChessCoreTests",
"module_type" : "SwiftTarget",
"name" : "ChessCoreTests",
"path" : "Tests/ChessCoreTests",
"sources" : [
"BoardTest.swift",
"ChessMoveRecordBuilderTests.swift",
"DeadPositionAnalyzerTests.swift",
"FENSerializerTests.swift",
"GameStateInvariantTests.swift",
"GameStatusTests.swift",
"GameTests.swift",
"GameTimelineTests.swift",
"GeneratedGameMutationInvariantTests.swift",
"MoveTests.swift",
"NotationRoundTripTests.swift",
"PGNSerializerTests.swift",
"PieceColorTests.swift",
"PieceTests.swift",
"PositionTests.swift",
"PositionValidatorTests.swift",
"PublicAPITests.swift",
"PythonChessOracleTests.swift",
"RaysTests.swift",
"RealGamesTests.swift",
"Rules/Standard/CheckmateTests.swift",
"Rules/Standard/PawnMovesTests.swift",
"Rules/Standard/PerftTests.swift",
"Rules/Standard/RuleEngineEdgeCaseTests.swift",
"Rules/Standard/StandardRulesTests.swift",
"SANSerializerTests.swift",
"SquareTest.swift"
],
"target_dependencies" : [
"ChessCore"
],
"type" : "test"
},
{
"c99name" : "ChessCore",
"module_type" : "SwiftTarget",
"name" : "ChessCore",
"path" : "Sources/ChessCore",
"product_memberships" : [
"ChessCore",
"ChessUI",
"ChessUCI"
],
"sources" : [
"Board/Bitboards.swift",
"Board/Board.swift",
"Board/Square.swift",
"ChessMoveRecord.swift",
"DeadPositionAnalyzer.swift",
"FENSerializer.swift",
"Game.swift",
"GameStatus.swift",
"GameTimeline.swift",
"Move.swift",
"PGNSerializer.swift",
"Piece/Piece.swift",
"Piece/PieceColor.swift",
"Piece/PieceKind.swift",
"Position.swift",
"PositionValidator.swift",
"Rays.swift",
"Rules/MoveGeneration/BishopMoveGenerator.swift",
"Rules/MoveGeneration/KingMoveGenerator.swift",
"Rules/MoveGeneration/KnightMoveGenerator.swift",
"Rules/MoveGeneration/MoveOffsets.swift",
"Rules/MoveGeneration/PawnMoveGenerator.swift",
"Rules/MoveGeneration/PieceMoveGenerator.swift",
"Rules/MoveGeneration/QueenMoveGenerator.swift",
"Rules/MoveGeneration/RangeMoveGenerator.swift",
"Rules/MoveGeneration/RookMoveGenerator.swift",
"Rules/MoveGeneration/SlidingMoveGenerator.swift",
"Rules/MoveGeneration/StepMoveGenerator.swift",
"Rules/Rules.swift",
"Rules/StandardRules.swift",
"SANSerializer.swift"
],
"type" : "library"
}
],
"tools_version" : "6.2"
}
{
"workspace" : {
"name" : "spi-builder-workspace",
"schemes" : [
"ChessCore",
"ChessUCI",
"ChessUI",
"SwiftChessTools-Package"
]
}
}
2026-10-12 02:11:11.149 xcodebuild[980:6024] [MT] IDERunDestination: Supported platforms for the buildables in the current scheme is empty.
Running build ...
env DEVELOPER_DIR=/Applications/Xcode-26.3.0.app xcrun xcodebuild -IDEClonedSourcePackagesDirPathOverride=$PWD/.dependencies -skipMacroValidation -skipPackagePluginValidation -derivedDataPath $PWD/.derivedData build -scheme SwiftChessTools-Package -destination generic/platform=watchOS
Command line invocation:
/Applications/Xcode-26.3.0.app/Contents/Developer/usr/bin/xcodebuild -IDEClonedSourcePackagesDirPathOverride=/Users/admin/builder/spi-builder-workspace/.dependencies -skipMacroValidation -skipPackagePluginValidation -derivedDataPath /Users/admin/builder/spi-builder-workspace/.derivedData build -scheme SwiftChessTools-Package -destination generic/platform=watchOS
Resolve Package Graph
Resolved source packages:
SwiftChessTools: /Users/admin/builder/spi-builder-workspace
ComputePackagePrebuildTargetDependencyGraph
Prepare packages
CreateBuildRequest
SendProjectDescription
CreateBuildOperation
ComputeTargetDependencyGraph
note: Building targets in dependency order
note: Target dependency graph (7 targets)
Target 'ChessUI' in project 'SwiftChessTools'
➜ Explicit dependency on target 'ChessUI' in project 'SwiftChessTools'
➜ Explicit dependency on target 'SwiftChessTools_ChessUI' in project 'SwiftChessTools'
➜ Explicit dependency on target 'ChessCore' in project 'SwiftChessTools'
Target 'ChessUI' in project 'SwiftChessTools'
➜ Explicit dependency on target 'SwiftChessTools_ChessUI' in project 'SwiftChessTools'
➜ Explicit dependency on target 'ChessCore' in project 'SwiftChessTools'
Target 'SwiftChessTools_ChessUI' in project 'SwiftChessTools' (no dependencies)
Target 'ChessUCI' in project 'SwiftChessTools'
➜ Explicit dependency on target 'ChessUCI' in project 'SwiftChessTools'
➜ Explicit dependency on target 'ChessCore' in project 'SwiftChessTools'
Target 'ChessUCI' in project 'SwiftChessTools'
➜ Explicit dependency on target 'ChessCore' in project 'SwiftChessTools'
Target 'ChessCore' in project 'SwiftChessTools'
➜ Explicit dependency on target 'ChessCore' in project 'SwiftChessTools'
Target 'ChessCore' in project 'SwiftChessTools' (no dependencies)
GatherProvisioningInputs
CreateBuildDescription
ClangStatCache /Applications/Xcode-26.3.0.app/Contents/Developer/Toolchains/XcodeDefault.xctoolchain/usr/bin/clang-stat-cache /Applications/Xcode-26.3.0.app/Contents/Developer/Platforms/WatchOS.platform/Developer/SDKs/WatchOS26.2.sdk /Users/admin/builder/spi-builder-workspace/.derivedData/SDKStatCaches.noindex/watchos26.2-23S303-dc75598d0054f22ec865fa860f139d721753b489057de6bda919edfa1c59a62b.sdkstatcache
cd /Users/admin/builder/spi-builder-workspace/.swiftpm/xcode
/Applications/Xcode-26.3.0.app/Contents/Developer/Toolchains/XcodeDefault.xctoolchain/usr/bin/clang-stat-cache /Applications/Xcode-26.3.0.app/Contents/Developer/Platforms/WatchOS.platform/Developer/SDKs/WatchOS26.2.sdk -o /Users/admin/builder/spi-builder-workspace/.derivedData/SDKStatCaches.noindex/watchos26.2-23S303-dc75598d0054f22ec865fa860f139d721753b489057de6bda919edfa1c59a62b.sdkstatcache
CompileAssetCatalogVariant thinned /Users/admin/builder/spi-builder-workspace/.derivedData/Build/Products/Debug-watchos/SwiftChessTools_ChessUI.bundle /Users/admin/builder/spi-builder-workspace/Sources/ChessUI/Assets/Pieces.xcassets (in target 'SwiftChessTools_ChessUI' from project 'SwiftChessTools')
cd /Users/admin/builder/spi-builder-workspace
/Applications/Xcode-26.3.0.app/Contents/Developer/usr/bin/actool /Users/admin/builder/spi-builder-workspace/Sources/ChessUI/Assets/Pieces.xcassets --compile /Users/admin/builder/spi-builder-workspace/.derivedData/Build/Intermediates.noindex/SwiftChessTools.build/Debug-watchos/SwiftChessTools_ChessUI.build/assetcatalog_output/thinned --output-format human-readable-text --notices --warnings --export-dependency-info /Users/admin/builder/spi-builder-workspace/.derivedData/Build/Intermediates.noindex/SwiftChessTools.build/Debug-watchos/SwiftChessTools_ChessUI.build/assetcatalog_dependencies_thinned --output-partial-info-plist /Users/admin/builder/spi-builder-workspace/.derivedData/Build/Intermediates.noindex/SwiftChessTools.build/Debug-watchos/SwiftChessTools_ChessUI.build/assetcatalog_generated_info.plist_thinned --compress-pngs --enable-on-demand-resources NO --development-region en --target-device watch --minimum-deployment-target 26.0 --platform watchos
SwiftDriver ChessUI normal arm64_32 com.apple.xcode.tools.swift.compiler (in target 'ChessUI' from project 'SwiftChessTools')
cd /Users/admin/builder/spi-builder-workspace/.swiftpm/xcode
builtin-SwiftDriver -- /Applications/Xcode-26.3.0.app/Contents/Developer/Toolchains/XcodeDefault.xctoolchain/usr/bin/swiftc -module-name ChessUI -Onone -enforce-exclusivity\=checked @/Users/admin/builder/spi-builder-workspace/.derivedData/Build/Intermediates.noindex/SwiftChessTools.build/Debug-watchos/ChessUI.build/Objects-normal/arm64_32/ChessUI.SwiftFileList -DSWIFT_PACKAGE -DDEBUG -DSWIFT_MODULE_RESOURCE_BUNDLE_AVAILABLE -DXcode -plugin-path /Applications/Xcode-26.3.0.app/Contents/Developer/Toolchains/XcodeDefault.xctoolchain/usr/lib/swift/host/plugins/testing -enable-experimental-feature DebugDescriptionMacro -sdk /Applications/Xcode-26.3.0.app/Contents/Developer/Platforms/WatchOS.platform/Developer/SDKs/WatchOS26.2.sdk -target arm64_32-apple-watchos26.0 -g -module-cache-path /Users/admin/builder/spi-builder-workspace/.derivedData/ModuleCache.noindex -Xfrontend -serialize-debugging-options -profile-coverage-mapping -profile-generate -enable-testing -index-store-path /Users/admin/builder/spi-builder-workspace/.derivedData/Index.noindex/DataStore -Xcc -D_LIBCPP_HARDENING_MODE\=_LIBCPP_HARDENING_MODE_DEBUG -swift-version 6 -I /Users/admin/builder/spi-builder-workspace/.derivedData/Build/Products/Debug-watchos -Isystem /Applications/Xcode-26.3.0.app/Contents/Developer/Platforms/WatchOS.platform/Developer/usr/lib -F /Users/admin/builder/spi-builder-workspace/.derivedData/Build/Products/Debug-watchos/PackageFrameworks -F /Users/admin/builder/spi-builder-workspace/.derivedData/Build/Products/Debug-watchos -F /Applications/Xcode-26.3.0.app/Contents/Developer/Platforms/WatchOS.platform/Developer/Library/Frameworks -F /Applications/Xcode-26.3.0.app/Contents/Developer/Platforms/WatchOS.platform/Developer/SDKs/WatchOS26.2.sdk/Developer/Library/Frameworks -c -j10 -enable-batch-mode -incremental -Xcc -ivfsstatcache -Xcc /Users/admin/builder/spi-builder-workspace/.derivedData/SDKStatCaches.noindex/watchos26.2-23S303-dc75598d0054f22ec865fa860f139d721753b489057de6bda919edfa1c59a62b.sdkstatcache -output-file-map /Users/admin/builder/spi-builder-workspace/.derivedData/Build/Intermediates.noindex/SwiftChessTools.build/Debug-watchos/ChessUI.build/Objects-normal/arm64_32/ChessUI-OutputFileMap.json -use-frontend-parseable-output -save-temps -no-color-diagnostics -explicit-module-build -module-cache-path /Users/admin/builder/spi-builder-workspace/.derivedData/Build/Intermediates.noindex/SwiftExplicitPrecompiledModules -clang-scanner-module-cache-path /Users/admin/builder/spi-builder-workspace/.derivedData/ModuleCache.noindex -sdk-module-cache-path /Users/admin/builder/spi-builder-workspace/.derivedData/ModuleCache.noindex -serialize-diagnostics -emit-dependencies -emit-module -emit-module-path /Users/admin/builder/spi-builder-workspace/.derivedData/Build/Intermediates.noindex/SwiftChessTools.build/Debug-watchos/ChessUI.build/Objects-normal/arm64_32/ChessUI.swiftmodule -validate-clang-modules-once -clang-build-session-file /Users/admin/builder/spi-builder-workspace/.derivedData/ModuleCache.noindex/Session.modulevalidation -package-name spi_builder_workspace -Xcc -I/Users/admin/builder/spi-builder-workspace/.derivedData/Build/Intermediates.noindex/SwiftChessTools.build/Debug-watchos/ChessUI.build/swift-overrides.hmap -emit-const-values -Xfrontend -const-gather-protocols-file -Xfrontend /Users/admin/builder/spi-builder-workspace/.derivedData/Build/Intermediates.noindex/SwiftChessTools.build/Debug-watchos/ChessUI.build/Objects-normal/arm64_32/ChessUI_const_extract_protocols.json -Xcc -I/Users/admin/builder/spi-builder-workspace/.derivedData/Build/Products/Debug-watchos/include -Xcc -I/Users/admin/builder/spi-builder-workspace/.derivedData/Build/Intermediates.noindex/SwiftChessTools.build/Debug-watchos/ChessUI.build/DerivedSources-normal/arm64_32 -Xcc -I/Users/admin/builder/spi-builder-workspace/.derivedData/Build/Intermediates.noindex/SwiftChessTools.build/Debug-watchos/ChessUI.build/DerivedSources/arm64_32 -Xcc -I/Users/admin/builder/spi-builder-workspace/.derivedData/Build/Intermediates.noindex/SwiftChessTools.build/Debug-watchos/ChessUI.build/DerivedSources -Xcc -DSWIFT_PACKAGE -Xcc -DDEBUG\=1 -emit-objc-header -emit-objc-header-path /Users/admin/builder/spi-builder-workspace/.derivedData/Build/Intermediates.noindex/SwiftChessTools.build/Debug-watchos/ChessUI.build/Objects-normal/arm64_32/ChessUI-Swift.h -working-directory /Users/admin/builder/spi-builder-workspace/.swiftpm/xcode -experimental-emit-module-separately -disable-cmo
SwiftDriver ChessUI normal arm64 com.apple.xcode.tools.swift.compiler (in target 'ChessUI' from project 'SwiftChessTools')
cd /Users/admin/builder/spi-builder-workspace/.swiftpm/xcode
builtin-SwiftDriver -- /Applications/Xcode-26.3.0.app/Contents/Developer/Toolchains/XcodeDefault.xctoolchain/usr/bin/swiftc -module-name ChessUI -Onone -enforce-exclusivity\=checked @/Users/admin/builder/spi-builder-workspace/.derivedData/Build/Intermediates.noindex/SwiftChessTools.build/Debug-watchos/ChessUI.build/Objects-normal/arm64/ChessUI.SwiftFileList -DSWIFT_PACKAGE -DDEBUG -DSWIFT_MODULE_RESOURCE_BUNDLE_AVAILABLE -DXcode -plugin-path /Applications/Xcode-26.3.0.app/Contents/Developer/Toolchains/XcodeDefault.xctoolchain/usr/lib/swift/host/plugins/testing -enable-experimental-feature DebugDescriptionMacro -sdk /Applications/Xcode-26.3.0.app/Contents/Developer/Platforms/WatchOS.platform/Developer/SDKs/WatchOS26.2.sdk -target arm64-apple-watchos26.0 -g -module-cache-path /Users/admin/builder/spi-builder-workspace/.derivedData/ModuleCache.noindex -Xfrontend -serialize-debugging-options -profile-coverage-mapping -profile-generate -enable-testing -index-store-path /Users/admin/builder/spi-builder-workspace/.derivedData/Index.noindex/DataStore -Xcc -D_LIBCPP_HARDENING_MODE\=_LIBCPP_HARDENING_MODE_DEBUG -swift-version 6 -I /Users/admin/builder/spi-builder-workspace/.derivedData/Build/Products/Debug-watchos -Isystem /Applications/Xcode-26.3.0.app/Contents/Developer/Platforms/WatchOS.platform/Developer/usr/lib -F /Users/admin/builder/spi-builder-workspace/.derivedData/Build/Products/Debug-watchos/PackageFrameworks -F /Users/admin/builder/spi-builder-workspace/.derivedData/Build/Products/Debug-watchos -F /Applications/Xcode-26.3.0.app/Contents/Developer/Platforms/WatchOS.platform/Developer/Library/Frameworks -F /Applications/Xcode-26.3.0.app/Contents/Developer/Platforms/WatchOS.platform/Developer/SDKs/WatchOS26.2.sdk/Developer/Library/Frameworks -c -j10 -enable-batch-mode -incremental -Xcc -ivfsstatcache -Xcc /Users/admin/builder/spi-builder-workspace/.derivedData/SDKStatCaches.noindex/watchos26.2-23S303-dc75598d0054f22ec865fa860f139d721753b489057de6bda919edfa1c59a62b.sdkstatcache -output-file-map /Users/admin/builder/spi-builder-workspace/.derivedData/Build/Intermediates.noindex/SwiftChessTools.build/Debug-watchos/ChessUI.build/Objects-normal/arm64/ChessUI-OutputFileMap.json -use-frontend-parseable-output -save-temps -no-color-diagnostics -explicit-module-build -module-cache-path /Users/admin/builder/spi-builder-workspace/.derivedData/Build/Intermediates.noindex/SwiftExplicitPrecompiledModules -clang-scanner-module-cache-path /Users/admin/builder/spi-builder-workspace/.derivedData/ModuleCache.noindex -sdk-module-cache-path /Users/admin/builder/spi-builder-workspace/.derivedData/ModuleCache.noindex -serialize-diagnostics -emit-dependencies -emit-module -emit-module-path /Users/admin/builder/spi-builder-workspace/.derivedData/Build/Intermediates.noindex/SwiftChessTools.build/Debug-watchos/ChessUI.build/Objects-normal/arm64/ChessUI.swiftmodule -validate-clang-modules-once -clang-build-session-file /Users/admin/builder/spi-builder-workspace/.derivedData/ModuleCache.noindex/Session.modulevalidation -package-name spi_builder_workspace -Xcc -I/Users/admin/builder/spi-builder-workspace/.derivedData/Build/Intermediates.noindex/SwiftChessTools.build/Debug-watchos/ChessUI.build/swift-overrides.hmap -emit-const-values -Xfrontend -const-gather-protocols-file -Xfrontend /Users/admin/builder/spi-builder-workspace/.derivedData/Build/Intermediates.noindex/SwiftChessTools.build/Debug-watchos/ChessUI.build/Objects-normal/arm64/ChessUI_const_extract_protocols.json -Xcc -I/Users/admin/builder/spi-builder-workspace/.derivedData/Build/Products/Debug-watchos/include -Xcc -I/Users/admin/builder/spi-builder-workspace/.derivedData/Build/Intermediates.noindex/SwiftChessTools.build/Debug-watchos/ChessUI.build/DerivedSources-normal/arm64 -Xcc -I/Users/admin/builder/spi-builder-workspace/.derivedData/Build/Intermediates.noindex/SwiftChessTools.build/Debug-watchos/ChessUI.build/DerivedSources/arm64 -Xcc -I/Users/admin/builder/spi-builder-workspace/.derivedData/Build/Intermediates.noindex/SwiftChessTools.build/Debug-watchos/ChessUI.build/DerivedSources -Xcc -DSWIFT_PACKAGE -Xcc -DDEBUG\=1 -emit-objc-header -emit-objc-header-path /Users/admin/builder/spi-builder-workspace/.derivedData/Build/Intermediates.noindex/SwiftChessTools.build/Debug-watchos/ChessUI.build/Objects-normal/arm64/ChessUI-Swift.h -working-directory /Users/admin/builder/spi-builder-workspace/.swiftpm/xcode -experimental-emit-module-separately -disable-cmo
SwiftCompile normal arm64 Compiling\ ChessBoardArrow.swift,\ ChessBoardView.swift /Users/admin/builder/spi-builder-workspace/Sources/ChessUI/ChessBoardArrow.swift /Users/admin/builder/spi-builder-workspace/Sources/ChessUI/ChessBoardView.swift (in target 'ChessUI' from project 'SwiftChessTools')
SwiftCompile normal arm64 /Users/admin/builder/spi-builder-workspace/Sources/ChessUI/ChessBoardArrow.swift (in target 'ChessUI' from project 'SwiftChessTools')
cd /Users/admin/builder/spi-builder-workspace/.swiftpm/xcode
SwiftCompile normal arm64 /Users/admin/builder/spi-builder-workspace/Sources/ChessUI/ChessBoardView.swift (in target 'ChessUI' from project 'SwiftChessTools')
cd /Users/admin/builder/spi-builder-workspace/.swiftpm/xcode
SwiftCompile normal arm64 Compiling\ ChessEvaluation.swift /Users/admin/builder/spi-builder-workspace/Sources/ChessUI/ChessEvaluation.swift (in target 'ChessUI' from project 'SwiftChessTools')
SwiftCompile normal arm64 /Users/admin/builder/spi-builder-workspace/Sources/ChessUI/ChessEvaluation.swift (in target 'ChessUI' from project 'SwiftChessTools')
cd /Users/admin/builder/spi-builder-workspace/.swiftpm/xcode
SwiftCompile normal arm64 Compiling\ resource_bundle_accessor.swift,\ ChessBoardAccessibility.swift /Users/admin/builder/spi-builder-workspace/.derivedData/Build/Intermediates.noindex/SwiftChessTools.build/Debug-watchos/ChessUI.build/DerivedSources/resource_bundle_accessor.swift /Users/admin/builder/spi-builder-workspace/Sources/ChessUI/ChessBoardAccessibility.swift (in target 'ChessUI' from project 'SwiftChessTools')
SwiftCompile normal arm64 /Users/admin/builder/spi-builder-workspace/.derivedData/Build/Intermediates.noindex/SwiftChessTools.build/Debug-watchos/ChessUI.build/DerivedSources/resource_bundle_accessor.swift (in target 'ChessUI' from project 'SwiftChessTools')
cd /Users/admin/builder/spi-builder-workspace/.swiftpm/xcode
SwiftCompile normal arm64 /Users/admin/builder/spi-builder-workspace/Sources/ChessUI/ChessBoardAccessibility.swift (in target 'ChessUI' from project 'SwiftChessTools')
cd /Users/admin/builder/spi-builder-workspace/.swiftpm/xcode
SwiftEmitModule normal arm64 Emitting\ module\ for\ ChessUI (in target 'ChessUI' from project 'SwiftChessTools')
Failed frontend command:
/Applications/Xcode-26.3.0.app/Contents/Developer/Toolchains/XcodeDefault.xctoolchain/usr/bin/swift-frontend -frontend -emit-module -experimental-skip-non-inlinable-function-bodies-without-types /Users/admin/builder/spi-builder-workspace/.derivedData/Build/Intermediates.noindex/SwiftChessTools.build/Debug-watchos/ChessUI.build/DerivedSources/resource_bundle_accessor.swift /Users/admin/builder/spi-builder-workspace/Sources/ChessUI/ChessBoardAccessibility.swift /Users/admin/builder/spi-builder-workspace/Sources/ChessUI/ChessBoardArrow.swift /Users/admin/builder/spi-builder-workspace/Sources/ChessUI/ChessBoardView.swift /Users/admin/builder/spi-builder-workspace/Sources/ChessUI/ChessEvaluation.swift /Users/admin/builder/spi-builder-workspace/Sources/ChessUI/ChessEvaluationBar.swift /Users/admin/builder/spi-builder-workspace/Sources/ChessUI/ChessGameStatusView.swift /Users/admin/builder/spi-builder-workspace/Sources/ChessUI/ChessMoveListView.swift /Users/admin/builder/spi-builder-workspace/Sources/ChessUI/ChessMoveNavigationView.swift /Users/admin/builder/spi-builder-workspace/Sources/ChessUI/ChessPieceSet.swift /Users/admin/builder/spi-builder-workspace/Sources/ChessUI/Theme.swift /Users/admin/builder/spi-builder-workspace/.derivedData/Build/Intermediates.noindex/SwiftChessTools.build/Debug-watchos/ChessUI.build/DerivedSources/GeneratedAssetSymbols.swift -target arm64-apple-watchos26.0 -module-can-import-version DeveloperToolsSupport 23.0.4 23.0.4 -module-can-import-version UIKit 9126.2.4 9126.2.4 -load-resolved-plugin /Applications/Xcode-26.3.0.app/Contents/Developer/Platforms/WatchOS.platform/Developer/usr/lib/swift/host/plugins/libFoundationMacros.dylib\#/Applications/Xcode-26.3.0.app/Contents/Developer/Platforms/WatchOS.platform/Developer/usr/bin/swift-plugin-server\#FoundationMacros -load-resolved-plugin /Applications/Xcode-26.3.0.app/Contents/Developer/Platforms/WatchOS.platform/Developer/usr/lib/swift/host/plugins/libObservationMacros.dylib\#/Applications/Xcode-26.3.0.app/Contents/Developer/Platforms/WatchOS.platform/Developer/usr/bin/swift-plugin-server\#ObservationMacros -load-resolved-plugin /Applications/Xcode-26.3.0.app/Contents/Developer/Platforms/WatchOS.platform/Developer/usr/lib/swift/host/plugins/libPreviewsMacros.dylib\#/Applications/Xcode-26.3.0.app/Contents/Developer/Platforms/WatchOS.platform/Developer/usr/bin/swift-plugin-server\#PreviewsMacros -load-resolved-plugin /Applications/Xcode-26.3.0.app/Contents/Developer/Platforms/WatchOS.platform/Developer/usr/lib/swift/host/plugins/libSwiftMacros.dylib\#/Applications/Xcode-26.3.0.app/Contents/Developer/Platforms/WatchOS.platform/Developer/usr/bin/swift-plugin-server\#SwiftMacros -load-resolved-plugin /Applications/Xcode-26.3.0.app/Contents/Developer/Platforms/WatchOS.platform/Developer/usr/lib/swift/host/plugins/libSwiftUIMacros.dylib\#/Applications/Xcode-26.3.0.app/Contents/Developer/Platforms/WatchOS.platform/Developer/usr/bin/swift-plugin-server\#SwiftUIMacros -disable-implicit-swift-modules -Xcc -fno-implicit-modules -Xcc -fno-implicit-module-maps -explicit-swift-module-map-file /Users/admin/builder/spi-builder-workspace/.derivedData/Build/Intermediates.noindex/SwiftChessTools.build/Debug-watchos/ChessUI.build/Objects-normal/arm64/ChessUI-dependencies-1.json -Xllvm -aarch64-use-tbi -enable-objc-interop -stack-check -sdk /Applications/Xcode-26.3.0.app/Contents/Developer/Platforms/WatchOS.platform/Developer/SDKs/WatchOS26.2.sdk -I /Users/admin/builder/spi-builder-workspace/.derivedData/Build/Products/Debug-watchos -Isystem /Applications/Xcode-26.3.0.app/Contents/Developer/Platforms/WatchOS.platform/Developer/usr/lib -F /Users/admin/builder/spi-builder-workspace/.derivedData/Build/Products/Debug-watchos/PackageFrameworks -F /Users/admin/builder/spi-builder-workspace/.derivedData/Build/Products/Debug-watchos -F /Applications/Xcode-26.3.0.app/Contents/Developer/Platforms/WatchOS.platform/Developer/Library/Frameworks -F /Applications/Xcode-26.3.0.app/Contents/Developer/Platforms/WatchOS.platform/Developer/SDKs/WatchOS26.2.sdk/Developer/Library/Frameworks -no-color-diagnostics -Xcc -fno-color-diagnostics -enable-testing -g -debug-info-format\=dwarf -dwarf-version\=5 -module-cache-path /Users/admin/builder/spi-builder-workspace/.derivedData/Build/Intermediates.noindex/SwiftExplicitPrecompiledModules -profile-generate -profile-coverage-mapping -swift-version 6 -enforce-exclusivity\=checked -Onone -D SWIFT_PACKAGE -D DEBUG -D SWIFT_MODULE_RESOURCE_BUNDLE_AVAILABLE -D Xcode -serialize-debugging-options -const-gather-protocols-file /Users/admin/builder/spi-builder-workspace/.derivedData/Build/Intermediates.noindex/SwiftChessTools.build/Debug-watchos/ChessUI.build/Objects-normal/arm64/ChessUI_const_extract_protocols.json -enable-experimental-feature DebugDescriptionMacro -empty-abi-descriptor -validate-clang-modules-once -clang-build-session-file /Users/admin/builder/spi-builder-workspace/.derivedData/ModuleCache.noindex/Session.modulevalidation -Xcc -working-directory -Xcc /Users/admin/builder/spi-builder-workspace/.swiftpm/xcode -enable-anonymous-context-mangled-names -file-compilation-dir /Users/admin/builder/spi-builder-workspace/.swiftpm/xcode -Xcc -D_LIBCPP_HARDENING_MODE\=_LIBCPP_HARDENING_MODE_DEBUG -Xcc -ivfsstatcache -Xcc /Users/admin/builder/spi-builder-workspace/.derivedData/SDKStatCaches.noindex/watchos26.2-23S303-dc75598d0054f22ec865fa860f139d721753b489057de6bda919edfa1c59a62b.sdkstatcache -Xcc -I/Users/admin/builder/spi-builder-workspace/.derivedData/Build/Intermediates.noindex/SwiftChessTools.build/Debug-watchos/ChessUI.build/swift-overrides.hmap -Xcc -I/Users/admin/builder/spi-builder-workspace/.derivedData/Build/Products/Debug-watchos/include -Xcc -I/Users/admin/builder/spi-builder-workspace/.derivedData/Build/Intermediates.noindex/SwiftChessTools.build/Debug-watchos/ChessUI.build/DerivedSources-normal/arm64 -Xcc -I/Users/admin/builder/spi-builder-workspace/.derivedData/Build/Intermediates.noindex/SwiftChessTools.build/Debug-watchos/ChessUI.build/DerivedSources/arm64 -Xcc -I/Users/admin/builder/spi-builder-workspace/.derivedData/Build/Intermediates.noindex/SwiftChessTools.build/Debug-watchos/ChessUI.build/DerivedSources -Xcc -DSWIFT_PACKAGE -Xcc -DDEBUG\=1 -no-auto-bridging-header-chaining -module-name ChessUI -package-name spi_builder_workspace -frontend-parseable-output -disable-clang-spi -target-sdk-version 26.2 -target-sdk-name watchos26.2 -clang-target arm64-apple-watchos26.2 -in-process-plugin-server-path /Applications/Xcode-26.3.0.app/Contents/Developer/Toolchains/XcodeDefault.xctoolchain/usr/lib/swift/host/libSwiftInProcPluginServer.dylib -emit-module-doc-path /Users/admin/builder/spi-builder-workspace/.derivedData/Build/Intermediates.noindex/SwiftChessTools.build/Debug-watchos/ChessUI.build/Objects-normal/arm64/ChessUI.swiftdoc -emit-module-source-info-path /Users/admin/builder/spi-builder-workspace/.derivedData/Build/Intermediates.noindex/SwiftChessTools.build/Debug-watchos/ChessUI.build/Objects-normal/arm64/ChessUI.swiftsourceinfo -emit-objc-header-path /Users/admin/builder/spi-builder-workspace/.derivedData/Build/Intermediates.noindex/SwiftChessTools.build/Debug-watchos/ChessUI.build/Objects-normal/arm64/ChessUI-Swift.h -serialize-diagnostics-path /Users/admin/builder/spi-builder-workspace/.derivedData/Build/Intermediates.noindex/SwiftChessTools.build/Debug-watchos/ChessUI.build/Objects-normal/arm64/ChessUI-primary-emit-module.dia -emit-dependencies-path /Users/admin/builder/spi-builder-workspace/.derivedData/Build/Intermediates.noindex/SwiftChessTools.build/Debug-watchos/ChessUI.build/Objects-normal/arm64/ChessUI-primary-emit-module.d -o /Users/admin/builder/spi-builder-workspace/.derivedData/Build/Intermediates.noindex/SwiftChessTools.build/Debug-watchos/ChessUI.build/Objects-normal/arm64/ChessUI.swiftmodule -emit-abi-descriptor-path /Users/admin/builder/spi-builder-workspace/.derivedData/Build/Intermediates.noindex/SwiftChessTools.build/Debug-watchos/ChessUI.build/Objects-normal/arm64/ChessUI.abi.json
EmitSwiftModule normal arm64 (in target 'ChessUI' from project 'SwiftChessTools')
cd /Users/admin/builder/spi-builder-workspace/.swiftpm/xcode
/Users/admin/builder/spi-builder-workspace/Sources/ChessUI/ChessMoveNavigationView.swift:39:19: error: 'KeyboardShortcut' is unavailable in watchOS
var shortcut: KeyboardShortcut {
^~~~~~~~~~~~~~~~
SwiftUI.KeyboardShortcut:4:15: note: 'KeyboardShortcut' has been explicitly marked unavailable here
public struct KeyboardShortcut : Sendable {
^
SwiftCompile normal arm64 Compiling\ ChessEvaluationBar.swift /Users/admin/builder/spi-builder-workspace/Sources/ChessUI/ChessEvaluationBar.swift (in target 'ChessUI' from project 'SwiftChessTools')
SwiftCompile normal arm64 /Users/admin/builder/spi-builder-workspace/Sources/ChessUI/ChessEvaluationBar.swift (in target 'ChessUI' from project 'SwiftChessTools')
cd /Users/admin/builder/spi-builder-workspace/.swiftpm/xcode
SwiftCompile normal arm64 Compiling\ ChessGameStatusView.swift /Users/admin/builder/spi-builder-workspace/Sources/ChessUI/ChessGameStatusView.swift (in target 'ChessUI' from project 'SwiftChessTools')
SwiftCompile normal arm64 /Users/admin/builder/spi-builder-workspace/Sources/ChessUI/ChessGameStatusView.swift (in target 'ChessUI' from project 'SwiftChessTools')
cd /Users/admin/builder/spi-builder-workspace/.swiftpm/xcode
SwiftCompile normal arm64 Compiling\ Theme.swift /Users/admin/builder/spi-builder-workspace/Sources/ChessUI/Theme.swift (in target 'ChessUI' from project 'SwiftChessTools')
SwiftCompile normal arm64 /Users/admin/builder/spi-builder-workspace/Sources/ChessUI/Theme.swift (in target 'ChessUI' from project 'SwiftChessTools')
cd /Users/admin/builder/spi-builder-workspace/.swiftpm/xcode
SwiftCompile normal arm64 Compiling\ ChessMoveNavigationView.swift /Users/admin/builder/spi-builder-workspace/Sources/ChessUI/ChessMoveNavigationView.swift (in target 'ChessUI' from project 'SwiftChessTools')
SwiftCompile normal arm64 /Users/admin/builder/spi-builder-workspace/Sources/ChessUI/ChessMoveNavigationView.swift (in target 'ChessUI' from project 'SwiftChessTools')
cd /Users/admin/builder/spi-builder-workspace/.swiftpm/xcode
SwiftCompile normal arm64 Compiling\ GeneratedAssetSymbols.swift /Users/admin/builder/spi-builder-workspace/.derivedData/Build/Intermediates.noindex/SwiftChessTools.build/Debug-watchos/ChessUI.build/DerivedSources/GeneratedAssetSymbols.swift (in target 'ChessUI' from project 'SwiftChessTools')
SwiftCompile normal arm64 /Users/admin/builder/spi-builder-workspace/.derivedData/Build/Intermediates.noindex/SwiftChessTools.build/Debug-watchos/ChessUI.build/DerivedSources/GeneratedAssetSymbols.swift (in target 'ChessUI' from project 'SwiftChessTools')
cd /Users/admin/builder/spi-builder-workspace/.swiftpm/xcode
SwiftEmitModule normal arm64_32 Emitting\ module\ for\ ChessUI (in target 'ChessUI' from project 'SwiftChessTools')
EmitSwiftModule normal arm64_32 (in target 'ChessUI' from project 'SwiftChessTools')
cd /Users/admin/builder/spi-builder-workspace/.swiftpm/xcode
SwiftDriverJobDiscovery normal arm64 Compiling GeneratedAssetSymbols.swift (in target 'ChessUI' from project 'SwiftChessTools')
SwiftCompile normal arm64_32 Compiling\ ChessEvaluation.swift /Users/admin/builder/spi-builder-workspace/Sources/ChessUI/ChessEvaluation.swift (in target 'ChessUI' from project 'SwiftChessTools')
SwiftCompile normal arm64_32 /Users/admin/builder/spi-builder-workspace/Sources/ChessUI/ChessEvaluation.swift (in target 'ChessUI' from project 'SwiftChessTools')
cd /Users/admin/builder/spi-builder-workspace/.swiftpm/xcode
SwiftDriverJobDiscovery normal arm64 Compiling ChessEvaluation.swift (in target 'ChessUI' from project 'SwiftChessTools')
SwiftCompile normal arm64_32 Compiling\ ChessEvaluationBar.swift /Users/admin/builder/spi-builder-workspace/Sources/ChessUI/ChessEvaluationBar.swift (in target 'ChessUI' from project 'SwiftChessTools')
2026-10-12 02:11:12.118 xcodebuild[982:6058] [MT] IDERunDestination: Supported platforms for the buildables in the current scheme is empty.
** BUILD FAILED **
The following build commands failed:
SwiftEmitModule normal arm64 Emitting\ module\ for\ ChessUI (in target 'ChessUI' from project 'SwiftChessTools')
EmitSwiftModule normal arm64 (in target 'ChessUI' from project 'SwiftChessTools')
Building workspace spi-builder-workspace with scheme SwiftChessTools-Package
(3 failures)
BUILD FAILURE 6.2 watchOS