The Swift Package Index logo.Swift Package Index

Build Information

Failed to build Python-iOS, reference v0.1.1-b20230423-090254 (4f3ca2), with Swift 6.4 for macOS (Xcode) using Xcode 27.0 on 19 Sep 2026 12:50:29 UTC.

Build Command

env DEVELOPER_DIR=/Applications/Xcode-27.0.0-Release.Candidate.app xcrun xcodebuild -IDEClonedSourcePackagesDirPathOverride=$PWD/.dependencies -skipMacroValidation -skipPackagePluginValidation -derivedDataPath $PWD/.derivedData build -scheme Python-iOS -destination platform=macOS,arch=arm64

Build Log

========================================
RunAll
========================================
Builder version: 5.1.0
Interrupt handler set up.
========================================
Checkout
========================================
Clone URL: https://github.com/kewlbear/Python-iOS.git
Reference: v0.1.1-b20230423-090254
Initialized empty Git repository in /Users/admin/builder/spi-builder-workspace/.git/
From https://github.com/kewlbear/Python-iOS
 * tag               v0.1.1-b20230423-090254 -> FETCH_HEAD
HEAD is now at 4f3ca2b fix missing bz2 linker option
Cloned https://github.com/kewlbear/Python-iOS.git
Revision (git rev-parse @):
4f3ca2bc0cff1ef2511555eb6114f9eb12e50412
SUCCESS checkout https://github.com/kewlbear/Python-iOS.git at v0.1.1-b20230423-090254
========================================
Build
========================================
Selected platform:         macosXcodebuild
Swift version:             6.4
Building package at path:  $PWD
https://github.com/kewlbear/Python-iOS.git
Command line invocation:
    /Applications/Xcode-27.0.0-Release.Candidate.app/Contents/Developer/usr/bin/xcodebuild -IDEClonedSourcePackagesDirPathOverride=/Users/admin/builder/spi-builder-workspace/.dependencies -resolvePackageDependencies
Resolve Package Graph
Resolve Package Graph
Resolved source packages:
  Python-iOS: /Users/admin/builder/spi-builder-workspace
resolved source packages: Python-iOS
2026-09-19 08:49:41.734 xcodebuild[530:3052] [MT] IDERunDestination: Supported platforms for the buildables in the current scheme is empty.
{
  "dependencies" : [
  ],
  "manifest_display_name" : "Python-iOS",
  "name" : "Python-iOS",
  "path" : "/Users/admin/builder/spi-builder-workspace",
  "platforms" : [
    {
      "name" : "ios",
      "version" : "9.0"
    }
  ],
  "products" : [
    {
      "name" : "Python-iOS",
      "targets" : [
        "LinkPython",
        "libpython3",
        "libssl",
        "libcrypto",
        "libffi",
        "PythonSupport"
      ],
      "type" : {
        "library" : [
          "automatic"
        ]
      }
    }
  ],
  "targets" : [
    {
      "c99name" : "libssl",
      "module_type" : "BinaryTarget",
      "name" : "libssl",
      "path" : "remote/archive/libssl.xcframework.zip",
      "product_memberships" : [
        "Python-iOS"
      ],
      "sources" : [
      ],
      "type" : "binary"
    },
    {
      "c99name" : "libpython3",
      "module_type" : "BinaryTarget",
      "name" : "libpython3",
      "path" : "remote/archive/libpython3.xcframework.zip",
      "product_memberships" : [
        "Python-iOS"
      ],
      "sources" : [
      ],
      "type" : "binary"
    },
    {
      "c99name" : "libffi",
      "module_type" : "BinaryTarget",
      "name" : "libffi",
      "path" : "remote/archive/libffi.xcframework.zip",
      "product_memberships" : [
        "Python-iOS"
      ],
      "sources" : [
      ],
      "type" : "binary"
    },
    {
      "c99name" : "libcrypto",
      "module_type" : "BinaryTarget",
      "name" : "libcrypto",
      "path" : "remote/archive/libcrypto.xcframework.zip",
      "product_memberships" : [
        "Python-iOS"
      ],
      "sources" : [
      ],
      "type" : "binary"
    },
    {
      "c99name" : "PythonTests",
      "module_type" : "SwiftTarget",
      "name" : "PythonTests",
      "path" : "Tests/PythonTests",
      "sources" : [
        "PythonTests.swift",
        "XCTestManifests.swift"
      ],
      "target_dependencies" : [
        "PythonSupport"
      ],
      "type" : "test"
    },
    {
      "c99name" : "PythonSupport",
      "module_type" : "SwiftTarget",
      "name" : "PythonSupport",
      "path" : "Sources/PythonSupport",
      "product_memberships" : [
        "Python-iOS"
      ],
      "resources" : [
        {
          "path" : "/Users/admin/builder/spi-builder-workspace/Sources/PythonSupport/lib",
          "rule" : {
            "copy" : {
            }
          }
        }
      ],
      "sources" : [
        "SwiftBundle.swift"
      ],
      "target_dependencies" : [
        "LinkPython"
      ],
      "type" : "library"
    },
    {
      "c99name" : "LinkPython",
      "module_type" : "ClangTarget",
      "name" : "LinkPython",
      "path" : "Sources/LinkPython",
      "product_memberships" : [
        "Python-iOS"
      ],
      "sources" : [
        "PythonSupport.m"
      ],
      "target_dependencies" : [
        "libpython3",
        "libssl",
        "libcrypto",
        "libffi"
      ],
      "type" : "library"
    }
  ],
  "tools_version" : "5.3"
}
{
  "workspace" : {
    "name" : "Python-iOS",
    "schemes" : [
      "Python-iOS"
    ]
  }
}
2026-09-19 08:50:22.941 xcodebuild[697:4267] [MT] IDERunDestination: Supported platforms for the buildables in the current scheme is empty.
Running build ...
env DEVELOPER_DIR=/Applications/Xcode-27.0.0-Release.Candidate.app xcrun xcodebuild -IDEClonedSourcePackagesDirPathOverride=$PWD/.dependencies -skipMacroValidation -skipPackagePluginValidation -derivedDataPath $PWD/.derivedData build -scheme Python-iOS -destination platform=macOS,arch=arm64
Command line invocation:
    /Applications/Xcode-27.0.0-Release.Candidate.app/Contents/Developer/usr/bin/xcodebuild -IDEClonedSourcePackagesDirPathOverride=/Users/admin/builder/spi-builder-workspace/.dependencies -skipMacroValidation -skipPackagePluginValidation -derivedDataPath /Users/admin/builder/spi-builder-workspace/.derivedData build -scheme Python-iOS -destination platform=macOS,arch=arm64
Resolve Package Graph
Resolved source packages:
  Python-iOS: /Users/admin/builder/spi-builder-workspace
ComputePackagePrebuildTargetDependencyGraph
Prepare packages
CreateBuildRequest
SendProjectDescription
CreateBuildOperation
ComputeTargetDependencyGraph
note: Building targets in dependency order
note: Target dependency graph (4 targets)
    Target 'Python-iOS-product' in project 'Python-iOS'
        ➜ Explicit dependency on target 'LinkPython' in project 'Python-iOS'
        ➜ Explicit dependency on target 'PythonSupport' in project 'Python-iOS'
        ➜ Explicit dependency on target 'Python-iOS_PythonSupport' in project 'Python-iOS'
    Target 'PythonSupport' in project 'Python-iOS'
        ➜ Explicit dependency on target 'Python-iOS_PythonSupport' in project 'Python-iOS'
        ➜ Explicit dependency on target 'LinkPython' in project 'Python-iOS'
    Target 'Python-iOS_PythonSupport' in project 'Python-iOS' (no dependencies)
    Target 'LinkPython' in project 'Python-iOS' (no dependencies)
GatherProvisioningInputs
CreateBuildDescription
ExecuteExternalTool /Applications/Xcode-27.0.0-Release.Candidate.app/Contents/Developer/Toolchains/XcodeDefault.xctoolchain/usr/bin/clang -v -E -dM -arch arm64 -isysroot /Applications/Xcode-27.0.0-Release.Candidate.app/Contents/Developer/Platforms/MacOSX.platform/Developer/SDKs/MacOSX27.0.sdk -x objective-c -c /dev/null
ExecuteExternalTool /Applications/Xcode-27.0.0-Release.Candidate.app/Contents/Developer/Toolchains/XcodeDefault.xctoolchain/usr/bin/clang -v -E -dM -isysroot /Applications/Xcode-27.0.0-Release.Candidate.app/Contents/Developer/Platforms/MacOSX.platform/Developer/SDKs/MacOSX27.0.sdk -x c -c /dev/null
ExecuteExternalTool /Applications/Xcode-27.0.0-Release.Candidate.app/Contents/Developer/Toolchains/XcodeDefault.xctoolchain/usr/bin/swiftc --version
ExecuteExternalTool /Applications/Xcode-27.0.0-Release.Candidate.app/Contents/Developer/Toolchains/XcodeDefault.xctoolchain/usr/bin/clang -v -E -dM -arch arm64 -isysroot /Applications/Xcode-27.0.0-Release.Candidate.app/Contents/Developer/Platforms/MacOSX.platform/Developer/SDKs/MacOSX27.0.sdk -x c -c /dev/null
ExecuteExternalTool /Applications/Xcode-27.0.0-Release.Candidate.app/Contents/Developer/Toolchains/XcodeDefault.xctoolchain/usr/bin/ld -version_details
Build description signature: 39fea07f0909f91c9311a85f3eeae42d
Build description path: /Users/admin/builder/spi-builder-workspace/.derivedData/Build/Intermediates.noindex/XCBuildData/39fea07f0909f91c9311a85f3eeae42d.xcbuilddata
/Users/admin/builder/spi-builder-workspace/.dependencies/artifacts/spi-builder-workspace/libpython3/libpython3.xcframework:1:1: error: While building for macOS, no library for this platform was found in '/Users/admin/builder/spi-builder-workspace/.dependencies/artifacts/spi-builder-workspace/libpython3/libpython3.xcframework'. (in target 'PythonSupport' from project 'Python-iOS')
/Users/admin/builder/spi-builder-workspace/.dependencies/artifacts/spi-builder-workspace/libssl/libssl.xcframework:1:1: error: While building for macOS, no library for this platform was found in '/Users/admin/builder/spi-builder-workspace/.dependencies/artifacts/spi-builder-workspace/libssl/libssl.xcframework'. (in target 'PythonSupport' from project 'Python-iOS')
/Users/admin/builder/spi-builder-workspace/.dependencies/artifacts/spi-builder-workspace/libcrypto/libcrypto.xcframework:1:1: error: While building for macOS, no library for this platform was found in '/Users/admin/builder/spi-builder-workspace/.dependencies/artifacts/spi-builder-workspace/libcrypto/libcrypto.xcframework'. (in target 'PythonSupport' from project 'Python-iOS')
/Users/admin/builder/spi-builder-workspace/.dependencies/artifacts/spi-builder-workspace/libffi/libffi.xcframework:1:1: error: While building for macOS, no library for this platform was found in '/Users/admin/builder/spi-builder-workspace/.dependencies/artifacts/spi-builder-workspace/libffi/libffi.xcframework'. (in target 'PythonSupport' from project 'Python-iOS')
/Users/admin/builder/spi-builder-workspace/.dependencies/artifacts/spi-builder-workspace/libpython3/libpython3.xcframework:1:1: error: While building for macOS, no library for this platform was found in '/Users/admin/builder/spi-builder-workspace/.dependencies/artifacts/spi-builder-workspace/libpython3/libpython3.xcframework'. (in target 'LinkPython' from project 'Python-iOS')
/Users/admin/builder/spi-builder-workspace/.dependencies/artifacts/spi-builder-workspace/libssl/libssl.xcframework:1:1: error: While building for macOS, no library for this platform was found in '/Users/admin/builder/spi-builder-workspace/.dependencies/artifacts/spi-builder-workspace/libssl/libssl.xcframework'. (in target 'LinkPython' from project 'Python-iOS')
/Users/admin/builder/spi-builder-workspace/.dependencies/artifacts/spi-builder-workspace/libcrypto/libcrypto.xcframework:1:1: error: While building for macOS, no library for this platform was found in '/Users/admin/builder/spi-builder-workspace/.dependencies/artifacts/spi-builder-workspace/libcrypto/libcrypto.xcframework'. (in target 'LinkPython' from project 'Python-iOS')
/Users/admin/builder/spi-builder-workspace/.dependencies/artifacts/spi-builder-workspace/libffi/libffi.xcframework:1:1: error: While building for macOS, no library for this platform was found in '/Users/admin/builder/spi-builder-workspace/.dependencies/artifacts/spi-builder-workspace/libffi/libffi.xcframework'. (in target 'LinkPython' from project 'Python-iOS')
/Users/admin/builder/spi-builder-workspace/.dependencies/artifacts/spi-builder-workspace/libpython3/libpython3.xcframework:1:1: error: While building for macOS, no library for this platform was found in '/Users/admin/builder/spi-builder-workspace/.dependencies/artifacts/spi-builder-workspace/libpython3/libpython3.xcframework'. (in target 'Python-iOS-product' from project 'Python-iOS')
/Users/admin/builder/spi-builder-workspace/.dependencies/artifacts/spi-builder-workspace/libssl/libssl.xcframework:1:1: error: While building for macOS, no library for this platform was found in '/Users/admin/builder/spi-builder-workspace/.dependencies/artifacts/spi-builder-workspace/libssl/libssl.xcframework'. (in target 'Python-iOS-product' from project 'Python-iOS')
/Users/admin/builder/spi-builder-workspace/.dependencies/artifacts/spi-builder-workspace/libcrypto/libcrypto.xcframework:1:1: error: While building for macOS, no library for this platform was found in '/Users/admin/builder/spi-builder-workspace/.dependencies/artifacts/spi-builder-workspace/libcrypto/libcrypto.xcframework'. (in target 'Python-iOS-product' from project 'Python-iOS')
/Users/admin/builder/spi-builder-workspace/.dependencies/artifacts/spi-builder-workspace/libffi/libffi.xcframework:1:1: error: While building for macOS, no library for this platform was found in '/Users/admin/builder/spi-builder-workspace/.dependencies/artifacts/spi-builder-workspace/libffi/libffi.xcframework'. (in target 'Python-iOS-product' from project 'Python-iOS')
/Users/admin/builder/spi-builder-workspace/.dependencies/artifacts/spi-builder-workspace/libpython3/libpython3.xcframework:1:1: error: While building for macOS, no library for this platform was found in '/Users/admin/builder/spi-builder-workspace/.dependencies/artifacts/spi-builder-workspace/libpython3/libpython3.xcframework'. (in target 'Python-iOS-product' from project 'Python-iOS')
/Users/admin/builder/spi-builder-workspace/.dependencies/artifacts/spi-builder-workspace/libssl/libssl.xcframework:1:1: error: While building for macOS, no library for this platform was found in '/Users/admin/builder/spi-builder-workspace/.dependencies/artifacts/spi-builder-workspace/libssl/libssl.xcframework'. (in target 'Python-iOS-product' from project 'Python-iOS')
/Users/admin/builder/spi-builder-workspace/.dependencies/artifacts/spi-builder-workspace/libcrypto/libcrypto.xcframework:1:1: error: While building for macOS, no library for this platform was found in '/Users/admin/builder/spi-builder-workspace/.dependencies/artifacts/spi-builder-workspace/libcrypto/libcrypto.xcframework'. (in target 'Python-iOS-product' from project 'Python-iOS')
/Users/admin/builder/spi-builder-workspace/.dependencies/artifacts/spi-builder-workspace/libffi/libffi.xcframework:1:1: error: While building for macOS, no library for this platform was found in '/Users/admin/builder/spi-builder-workspace/.dependencies/artifacts/spi-builder-workspace/libffi/libffi.xcframework'. (in target 'Python-iOS-product' from project 'Python-iOS')
2026-09-19 08:50:24.511 xcodebuild[698:4317] [MT] IDERunDestination: Supported platforms for the buildables in the current scheme is empty.
--- xcodebuild: WARNING: Using the first of multiple matching destinations:
{ platform:macOS, arch:arm64, id:26e83b5aac6630de94ef51b0f9d9b6abc4e4bc25, name:My Mac }
{ platform:macOS, arch:arm64, variant:Mac Catalyst, id:26e83b5aac6630de94ef51b0f9d9b6abc4e4bc25, name:My Mac }
{ platform:macOS, arch:arm64, variant:DriverKit, id:26e83b5aac6630de94ef51b0f9d9b6abc4e4bc25, name:My Mac }
{ platform:macOS, arch:arm64, variant:Designed for [iPad,iPhone], id:26e83b5aac6630de94ef51b0f9d9b6abc4e4bc25, name:My Mac }
** BUILD FAILED **
The following build commands failed:
	Building workspace Python-iOS with scheme Python-iOS
(1 failure)
Command line invocation:
    /Applications/Xcode-27.0.0-Release.Candidate.app/Contents/Developer/usr/bin/xcodebuild -IDEClonedSourcePackagesDirPathOverride=/Users/admin/builder/spi-builder-workspace/.dependencies -resolvePackageDependencies
Resolve Package Graph
Resolved source packages:
  Python-iOS: /Users/admin/builder/spi-builder-workspace
resolved source packages: Python-iOS
2026-09-19 08:50:26.367 xcodebuild[716:4428] [MT] IDERunDestination: Supported platforms for the buildables in the current scheme is empty.
{
  "dependencies" : [
  ],
  "manifest_display_name" : "Python-iOS",
  "name" : "Python-iOS",
  "path" : "/Users/admin/builder/spi-builder-workspace",
  "platforms" : [
    {
      "name" : "ios",
      "version" : "9.0"
    }
  ],
  "products" : [
    {
      "name" : "Python-iOS",
      "targets" : [
        "LinkPython",
        "libpython3",
        "libssl",
        "libcrypto",
        "libffi",
        "PythonSupport"
      ],
      "type" : {
        "library" : [
          "automatic"
        ]
      }
    }
  ],
  "targets" : [
    {
      "c99name" : "libssl",
      "module_type" : "BinaryTarget",
      "name" : "libssl",
      "path" : "remote/archive/libssl.xcframework.zip",
      "product_memberships" : [
        "Python-iOS"
      ],
      "sources" : [
      ],
      "type" : "binary"
    },
    {
      "c99name" : "libpython3",
      "module_type" : "BinaryTarget",
      "name" : "libpython3",
      "path" : "remote/archive/libpython3.xcframework.zip",
      "product_memberships" : [
        "Python-iOS"
      ],
      "sources" : [
      ],
      "type" : "binary"
    },
    {
      "c99name" : "libffi",
      "module_type" : "BinaryTarget",
      "name" : "libffi",
      "path" : "remote/archive/libffi.xcframework.zip",
      "product_memberships" : [
        "Python-iOS"
      ],
      "sources" : [
      ],
      "type" : "binary"
    },
    {
      "c99name" : "libcrypto",
      "module_type" : "BinaryTarget",
      "name" : "libcrypto",
      "path" : "remote/archive/libcrypto.xcframework.zip",
      "product_memberships" : [
        "Python-iOS"
      ],
      "sources" : [
      ],
      "type" : "binary"
    },
    {
      "c99name" : "PythonTests",
      "module_type" : "SwiftTarget",
      "name" : "PythonTests",
      "path" : "Tests/PythonTests",
      "sources" : [
        "PythonTests.swift",
        "XCTestManifests.swift"
      ],
      "target_dependencies" : [
        "PythonSupport"
      ],
      "type" : "test"
    },
    {
      "c99name" : "PythonSupport",
      "module_type" : "SwiftTarget",
      "name" : "PythonSupport",
      "path" : "Sources/PythonSupport",
      "product_memberships" : [
        "Python-iOS"
      ],
      "resources" : [
        {
          "path" : "/Users/admin/builder/spi-builder-workspace/Sources/PythonSupport/lib",
          "rule" : {
            "copy" : {
            }
          }
        }
      ],
      "sources" : [
        "SwiftBundle.swift"
      ],
      "target_dependencies" : [
        "LinkPython"
      ],
      "type" : "library"
    },
    {
      "c99name" : "LinkPython",
      "module_type" : "ClangTarget",
      "name" : "LinkPython",
      "path" : "Sources/LinkPython",
      "product_memberships" : [
        "Python-iOS"
      ],
      "sources" : [
        "PythonSupport.m"
      ],
      "target_dependencies" : [
        "libpython3",
        "libssl",
        "libcrypto",
        "libffi"
      ],
      "type" : "library"
    }
  ],
  "tools_version" : "5.3"
}
{
  "workspace" : {
    "name" : "Python-iOS",
    "schemes" : [
      "Python-iOS"
    ]
  }
}
2026-09-19 08:50:27.577 xcodebuild[724:4485] [MT] IDERunDestination: Supported platforms for the buildables in the current scheme is empty.
Running build ...
env DEVELOPER_DIR=/Applications/Xcode-27.0.0-Release.Candidate.app xcrun xcodebuild -IDEClonedSourcePackagesDirPathOverride=$PWD/.dependencies -skipMacroValidation -skipPackagePluginValidation -derivedDataPath $PWD/.derivedData build -scheme Python-iOS -destination platform=macOS,arch=arm64
Command line invocation:
    /Applications/Xcode-27.0.0-Release.Candidate.app/Contents/Developer/usr/bin/xcodebuild -IDEClonedSourcePackagesDirPathOverride=/Users/admin/builder/spi-builder-workspace/.dependencies -skipMacroValidation -skipPackagePluginValidation -derivedDataPath /Users/admin/builder/spi-builder-workspace/.derivedData build -scheme Python-iOS -destination platform=macOS,arch=arm64
Resolve Package Graph
Resolved source packages:
  Python-iOS: /Users/admin/builder/spi-builder-workspace
ComputePackagePrebuildTargetDependencyGraph
Prepare packages
CreateBuildRequest
SendProjectDescription
CreateBuildOperation
ComputeTargetDependencyGraph
note: Building targets in dependency order
note: Target dependency graph (4 targets)
    Target 'Python-iOS-product' in project 'Python-iOS'
        ➜ Explicit dependency on target 'LinkPython' in project 'Python-iOS'
        ➜ Explicit dependency on target 'PythonSupport' in project 'Python-iOS'
        ➜ Explicit dependency on target 'Python-iOS_PythonSupport' in project 'Python-iOS'
    Target 'PythonSupport' in project 'Python-iOS'
        ➜ Explicit dependency on target 'Python-iOS_PythonSupport' in project 'Python-iOS'
        ➜ Explicit dependency on target 'LinkPython' in project 'Python-iOS'
    Target 'Python-iOS_PythonSupport' in project 'Python-iOS' (no dependencies)
    Target 'LinkPython' in project 'Python-iOS' (no dependencies)
GatherProvisioningInputs
CreateBuildDescription
/Users/admin/builder/spi-builder-workspace/.dependencies/artifacts/spi-builder-workspace/libcrypto/libcrypto.xcframework:1:1: error: While building for macOS, no library for this platform was found in '/Users/admin/builder/spi-builder-workspace/.dependencies/artifacts/spi-builder-workspace/libcrypto/libcrypto.xcframework'. (in target 'LinkPython' from project 'Python-iOS')
/Users/admin/builder/spi-builder-workspace/.dependencies/artifacts/spi-builder-workspace/libffi/libffi.xcframework:1:1: error: While building for macOS, no library for this platform was found in '/Users/admin/builder/spi-builder-workspace/.dependencies/artifacts/spi-builder-workspace/libffi/libffi.xcframework'. (in target 'LinkPython' from project 'Python-iOS')
/Users/admin/builder/spi-builder-workspace/.dependencies/artifacts/spi-builder-workspace/libpython3/libpython3.xcframework:1:1: error: While building for macOS, no library for this platform was found in '/Users/admin/builder/spi-builder-workspace/.dependencies/artifacts/spi-builder-workspace/libpython3/libpython3.xcframework'. (in target 'LinkPython' from project 'Python-iOS')
/Users/admin/builder/spi-builder-workspace/.dependencies/artifacts/spi-builder-workspace/libssl/libssl.xcframework:1:1: error: While building for macOS, no library for this platform was found in '/Users/admin/builder/spi-builder-workspace/.dependencies/artifacts/spi-builder-workspace/libssl/libssl.xcframework'. (in target 'LinkPython' from project 'Python-iOS')
/Users/admin/builder/spi-builder-workspace/.dependencies/artifacts/spi-builder-workspace/libcrypto/libcrypto.xcframework:1:1: error: While building for macOS, no library for this platform was found in '/Users/admin/builder/spi-builder-workspace/.dependencies/artifacts/spi-builder-workspace/libcrypto/libcrypto.xcframework'. (in target 'Python-iOS-product' from project 'Python-iOS')
/Users/admin/builder/spi-builder-workspace/.dependencies/artifacts/spi-builder-workspace/libcrypto/libcrypto.xcframework:1:1: error: While building for macOS, no library for this platform was found in '/Users/admin/builder/spi-builder-workspace/.dependencies/artifacts/spi-builder-workspace/libcrypto/libcrypto.xcframework'. (in target 'Python-iOS-product' from project 'Python-iOS')
/Users/admin/builder/spi-builder-workspace/.dependencies/artifacts/spi-builder-workspace/libffi/libffi.xcframework:1:1: error: While building for macOS, no library for this platform was found in '/Users/admin/builder/spi-builder-workspace/.dependencies/artifacts/spi-builder-workspace/libffi/libffi.xcframework'. (in target 'Python-iOS-product' from project 'Python-iOS')
/Users/admin/builder/spi-builder-workspace/.dependencies/artifacts/spi-builder-workspace/libffi/libffi.xcframework:1:1: error: While building for macOS, no library for this platform was found in '/Users/admin/builder/spi-builder-workspace/.dependencies/artifacts/spi-builder-workspace/libffi/libffi.xcframework'. (in target 'Python-iOS-product' from project 'Python-iOS')
/Users/admin/builder/spi-builder-workspace/.dependencies/artifacts/spi-builder-workspace/libpython3/libpython3.xcframework:1:1: error: While building for macOS, no library for this platform was found in '/Users/admin/builder/spi-builder-workspace/.dependencies/artifacts/spi-builder-workspace/libpython3/libpython3.xcframework'. (in target 'Python-iOS-product' from project 'Python-iOS')
/Users/admin/builder/spi-builder-workspace/.dependencies/artifacts/spi-builder-workspace/libpython3/libpython3.xcframework:1:1: error: While building for macOS, no library for this platform was found in '/Users/admin/builder/spi-builder-workspace/.dependencies/artifacts/spi-builder-workspace/libpython3/libpython3.xcframework'. (in target 'Python-iOS-product' from project 'Python-iOS')
/Users/admin/builder/spi-builder-workspace/.dependencies/artifacts/spi-builder-workspace/libssl/libssl.xcframework:1:1: error: While building for macOS, no library for this platform was found in '/Users/admin/builder/spi-builder-workspace/.dependencies/artifacts/spi-builder-workspace/libssl/libssl.xcframework'. (in target 'Python-iOS-product' from project 'Python-iOS')
/Users/admin/builder/spi-builder-workspace/.dependencies/artifacts/spi-builder-workspace/libssl/libssl.xcframework:1:1: error: While building for macOS, no library for this platform was found in '/Users/admin/builder/spi-builder-workspace/.dependencies/artifacts/spi-builder-workspace/libssl/libssl.xcframework'. (in target 'Python-iOS-product' from project 'Python-iOS')
/Users/admin/builder/spi-builder-workspace/.dependencies/artifacts/spi-builder-workspace/libcrypto/libcrypto.xcframework:1:1: error: While building for macOS, no library for this platform was found in '/Users/admin/builder/spi-builder-workspace/.dependencies/artifacts/spi-builder-workspace/libcrypto/libcrypto.xcframework'. (in target 'PythonSupport' from project 'Python-iOS')
/Users/admin/builder/spi-builder-workspace/.dependencies/artifacts/spi-builder-workspace/libffi/libffi.xcframework:1:1: error: While building for macOS, no library for this platform was found in '/Users/admin/builder/spi-builder-workspace/.dependencies/artifacts/spi-builder-workspace/libffi/libffi.xcframework'. (in target 'PythonSupport' from project 'Python-iOS')
/Users/admin/builder/spi-builder-workspace/.dependencies/artifacts/spi-builder-workspace/libpython3/libpython3.xcframework:1:1: error: While building for macOS, no library for this platform was found in '/Users/admin/builder/spi-builder-workspace/.dependencies/artifacts/spi-builder-workspace/libpython3/libpython3.xcframework'. (in target 'PythonSupport' from project 'Python-iOS')
/Users/admin/builder/spi-builder-workspace/.dependencies/artifacts/spi-builder-workspace/libssl/libssl.xcframework:1:1: error: While building for macOS, no library for this platform was found in '/Users/admin/builder/spi-builder-workspace/.dependencies/artifacts/spi-builder-workspace/libssl/libssl.xcframework'. (in target 'PythonSupport' from project 'Python-iOS')
2026-09-19 08:50:28.524 xcodebuild[725:4510] [MT] IDERunDestination: Supported platforms for the buildables in the current scheme is empty.
--- xcodebuild: WARNING: Using the first of multiple matching destinations:
{ platform:macOS, arch:arm64, id:26e83b5aac6630de94ef51b0f9d9b6abc4e4bc25, name:My Mac }
{ platform:macOS, arch:arm64, variant:Mac Catalyst, id:26e83b5aac6630de94ef51b0f9d9b6abc4e4bc25, name:My Mac }
{ platform:macOS, arch:arm64, variant:DriverKit, id:26e83b5aac6630de94ef51b0f9d9b6abc4e4bc25, name:My Mac }
{ platform:macOS, arch:arm64, variant:Designed for [iPad,iPhone], id:26e83b5aac6630de94ef51b0f9d9b6abc4e4bc25, name:My Mac }
** BUILD FAILED **
The following build commands failed:
	Building workspace Python-iOS with scheme Python-iOS
(1 failure)
BUILD FAILURE 6.4 macosXcodebuild