Build Information
Failed to build RVS_UIKit_Toolbox, reference 1.7.6 (0f6f81), with Swift 6.1 for macOS (SPM) on 23 Oct 2026 19:18:06 UTC.
Build Command
env DEVELOPER_DIR=/Applications/Xcode-16.3.0.app xcrun swift build --arch arm64Build Log
========================================
RunAll
========================================
Builder version: 5.1.3
Interrupt handler set up.
========================================
Checkout
========================================
Clone URL: https://github.com/RiftValleySoftware/RVS_UIKit_Toolbox.git
Reference: 1.7.6
Initialized empty Git repository in /Users/admin/builder/spi-builder-workspace/.git/
From https://github.com/RiftValleySoftware/RVS_UIKit_Toolbox
* tag 1.7.6 -> FETCH_HEAD
HEAD is now at 0f6f815 Updated the privacy manifest, and ensure its inclusion in the package.
Cloned https://github.com/RiftValleySoftware/RVS_UIKit_Toolbox.git
Revision (git rev-parse @):
0f6f81553b01b2eb17265bcd60be56649f2bf454
SUCCESS checkout https://github.com/RiftValleySoftware/RVS_UIKit_Toolbox.git at 1.7.6
========================================
Build
========================================
Selected platform: macosSpm
Swift version: 6.1
Building package at path: $PWD
https://github.com/RiftValleySoftware/RVS_UIKit_Toolbox.git
https://github.com/RiftValleySoftware/RVS_UIKit_Toolbox.git
{
"dependencies" : [
],
"manifest_display_name" : "RVS_UIKit_Toolbox",
"name" : "RVS_UIKit_Toolbox",
"path" : "/Users/admin/builder/spi-builder-workspace",
"platforms" : [
{
"name" : "ios",
"version" : "15.0"
},
{
"name" : "watchos",
"version" : "10.0"
}
],
"products" : [
{
"name" : "RVS_UIKit_Toolbox",
"targets" : [
"RVS_UIKit_Toolbox"
],
"type" : {
"library" : [
"automatic"
]
}
}
],
"targets" : [
{
"c99name" : "RVS_UIKit_ToolboxTests",
"module_type" : "SwiftTarget",
"name" : "RVS_UIKit_ToolboxTests",
"path" : "Tests/RVS_UIKit_ToolboxTests",
"sources" : [
"RVS_UIKit_ToolboxTests.swift"
],
"target_dependencies" : [
"RVS_UIKit_Toolbox"
],
"type" : "test"
},
{
"c99name" : "RVS_UIKit_Toolbox",
"module_type" : "SwiftTarget",
"name" : "RVS_UIKit_Toolbox",
"path" : "Sources/RVS_UIKit_Toolbox",
"product_memberships" : [
"RVS_UIKit_Toolbox"
],
"resources" : [
{
"path" : "/Users/admin/builder/spi-builder-workspace/Sources/RVS_UIKit_Toolbox/PrivacyInfo.xcprivacy",
"rule" : {
"copy" : {
}
}
}
],
"sources" : [
"RVS_UIKit_Toolbox.swift"
],
"type" : "library"
}
],
"tools_version" : "5.5"
}
Running build ...
env DEVELOPER_DIR=/Applications/Xcode-16.3.0.app xcrun swift build --arch arm64 -Xswiftc -Xfrontend -Xswiftc -stats-output-dir -Xswiftc -Xfrontend -Xswiftc .stats -Xswiftc -strict-concurrency=complete -Xswiftc -enable-upcoming-feature -Xswiftc StrictConcurrency -Xswiftc -enable-upcoming-feature -Xswiftc DisableOutwardActorInference -Xswiftc -enable-upcoming-feature -Xswiftc GlobalActorIsolatedTypesUsability -Xswiftc -enable-upcoming-feature -Xswiftc InferSendableFromCaptures
Building for debugging...
[0/3] Write sources
[1/3] Copying PrivacyInfo.xcprivacy
[2/3] Write swift-version-2F0A5646E1D333AE.txt
error: emit-module command failed with exit code 1 (use -v to see invocation)
[4/6] Emitting module RVS_UIKit_Toolbox
/Users/admin/builder/spi-builder-workspace/Sources/RVS_UIKit_Toolbox/RVS_UIKit_Toolbox.swift:25:8: error: no such module 'UIKit'
23 | */
24 |
25 | import UIKit
| `- error: no such module 'UIKit'
26 | #if os(watchOS)
27 | import WatchKit
[5/6] Compiling RVS_UIKit_Toolbox resource_bundle_accessor.swift
/Users/admin/builder/spi-builder-workspace/Sources/RVS_UIKit_Toolbox/RVS_UIKit_Toolbox.swift:25:8: error: no such module 'UIKit'
23 | */
24 |
25 | import UIKit
| `- error: no such module 'UIKit'
26 | #if os(watchOS)
27 | import WatchKit
[6/6] Compiling RVS_UIKit_Toolbox RVS_UIKit_Toolbox.swift
/Users/admin/builder/spi-builder-workspace/Sources/RVS_UIKit_Toolbox/RVS_UIKit_Toolbox.swift:25:8: error: no such module 'UIKit'
23 | */
24 |
25 | import UIKit
| `- error: no such module 'UIKit'
26 | #if os(watchOS)
27 | import WatchKit
Running build ...
env DEVELOPER_DIR=/Applications/Xcode-16.3.0.app xcrun swift build --arch arm64
[0/1] Planning build
Building for debugging...
[0/1] Write swift-version-2F0A5646E1D333AE.txt
[2/4] Compiling RVS_UIKit_Toolbox resource_bundle_accessor.swift
/Users/admin/builder/spi-builder-workspace/Sources/RVS_UIKit_Toolbox/RVS_UIKit_Toolbox.swift:25:8: error: no such module 'UIKit'
23 | */
24 |
25 | import UIKit
| `- error: no such module 'UIKit'
26 | #if os(watchOS)
27 | import WatchKit
error: emit-module command failed with exit code 1 (use -v to see invocation)
[3/4] Emitting module RVS_UIKit_Toolbox
/Users/admin/builder/spi-builder-workspace/Sources/RVS_UIKit_Toolbox/RVS_UIKit_Toolbox.swift:25:8: error: no such module 'UIKit'
23 | */
24 |
25 | import UIKit
| `- error: no such module 'UIKit'
26 | #if os(watchOS)
27 | import WatchKit
[4/4] Compiling RVS_UIKit_Toolbox RVS_UIKit_Toolbox.swift
/Users/admin/builder/spi-builder-workspace/Sources/RVS_UIKit_Toolbox/RVS_UIKit_Toolbox.swift:25:8: error: no such module 'UIKit'
23 | */
24 |
25 | import UIKit
| `- error: no such module 'UIKit'
26 | #if os(watchOS)
27 | import WatchKit
BUILD FAILURE 6.1 macosSpm