Build Information
Failed to build Neon, reference 0.6.0 (7df7d0), with Swift 6.4 for watchOS using Xcode 27.0 on 27 Sep 2026 18:43:31 UTC.
Build Command
env DEVELOPER_DIR=/Applications/Xcode-27.0.0-Release.Candidate.app xcrun xcodebuild -IDEClonedSourcePackagesDirPathOverride=$PWD/.dependencies -skipMacroValidation -skipPackagePluginValidation -derivedDataPath $PWD/.derivedData build -scheme Neon -destination generic/platform=watchOSBuild Log
Copy /Users/admin/builder/spi-builder-workspace/.derivedData/Build/Products/Debug-watchos/Rearrange.swiftmodule/arm64_32-apple-watchos.swiftdoc /Users/admin/builder/spi-builder-workspace/.derivedData/Build/Intermediates.noindex/Rearrange.build/Debug-watchos/Rearrange-t.build/Objects-normal/arm64_32/Rearrange.swiftdoc (in target 'Rearrange' from project 'Rearrange')
cd /Users/admin/builder/spi-builder-workspace/.dependencies/checkouts/Rearrange
builtin-copy -exclude .DS_Store -exclude CVS -exclude .svn -exclude .git -exclude .hg -resolve-src-symlinks -rename /Users/admin/builder/spi-builder-workspace/.derivedData/Build/Intermediates.noindex/Rearrange.build/Debug-watchos/Rearrange-t.build/Objects-normal/arm64_32/Rearrange.swiftdoc /Users/admin/builder/spi-builder-workspace/.derivedData/Build/Products/Debug-watchos/Rearrange.swiftmodule/arm64_32-apple-watchos.swiftdoc
Copy /Users/admin/builder/spi-builder-workspace/.derivedData/Build/Products/Debug-watchos/Rearrange.swiftmodule/arm64_32-apple-watchos.abi.json /Users/admin/builder/spi-builder-workspace/.derivedData/Build/Intermediates.noindex/Rearrange.build/Debug-watchos/Rearrange-t.build/Objects-normal/arm64_32/Rearrange.abi.json (in target 'Rearrange' from project 'Rearrange')
cd /Users/admin/builder/spi-builder-workspace/.dependencies/checkouts/Rearrange
builtin-copy -exclude .DS_Store -exclude CVS -exclude .svn -exclude .git -exclude .hg -resolve-src-symlinks -rename /Users/admin/builder/spi-builder-workspace/.derivedData/Build/Intermediates.noindex/Rearrange.build/Debug-watchos/Rearrange-t.build/Objects-normal/arm64_32/Rearrange.abi.json /Users/admin/builder/spi-builder-workspace/.derivedData/Build/Products/Debug-watchos/Rearrange.swiftmodule/arm64_32-apple-watchos.abi.json
Copy /Users/admin/builder/spi-builder-workspace/.derivedData/Build/Products/Debug-watchos/Rearrange.swiftmodule/Project/arm64_32-apple-watchos.swiftsourceinfo /Users/admin/builder/spi-builder-workspace/.derivedData/Build/Intermediates.noindex/Rearrange.build/Debug-watchos/Rearrange-t.build/Objects-normal/arm64_32/Rearrange.swiftsourceinfo (in target 'Rearrange' from project 'Rearrange')
cd /Users/admin/builder/spi-builder-workspace/.dependencies/checkouts/Rearrange
builtin-copy -exclude .DS_Store -exclude CVS -exclude .svn -exclude .git -exclude .hg -resolve-src-symlinks -rename /Users/admin/builder/spi-builder-workspace/.derivedData/Build/Intermediates.noindex/Rearrange.build/Debug-watchos/Rearrange-t.build/Objects-normal/arm64_32/Rearrange.swiftsourceinfo /Users/admin/builder/spi-builder-workspace/.derivedData/Build/Products/Debug-watchos/Rearrange.swiftmodule/Project/arm64_32-apple-watchos.swiftsourceinfo
SwiftCompile normal arm64_32 Compiling\ Query.swift,\ QueryDefinitions.swift /Users/admin/builder/spi-builder-workspace/.dependencies/checkouts/SwiftTreeSitter/Sources/SwiftTreeSitter/Query.swift /Users/admin/builder/spi-builder-workspace/.dependencies/checkouts/SwiftTreeSitter/Sources/SwiftTreeSitter/QueryDefinitions.swift (in target 'SwiftTreeSitter' from project 'SwiftTreeSitter')
SwiftCompile normal arm64_32 /Users/admin/builder/spi-builder-workspace/.dependencies/checkouts/SwiftTreeSitter/Sources/SwiftTreeSitter/Query.swift (in target 'SwiftTreeSitter' from project 'SwiftTreeSitter')
cd /Users/admin/builder/spi-builder-workspace/.swiftpm/xcode
builtin-SwiftPerFileCompile Query.swift
SwiftCompile normal arm64_32 /Users/admin/builder/spi-builder-workspace/.dependencies/checkouts/SwiftTreeSitter/Sources/SwiftTreeSitter/QueryDefinitions.swift (in target 'SwiftTreeSitter' from project 'SwiftTreeSitter')
cd /Users/admin/builder/spi-builder-workspace/.swiftpm/xcode
builtin-SwiftPerFileCompile QueryDefinitions.swift
SwiftCompile normal arm64_32 Compiling\ Point.swift,\ Predicate.swift /Users/admin/builder/spi-builder-workspace/.dependencies/checkouts/SwiftTreeSitter/Sources/SwiftTreeSitter/Point.swift /Users/admin/builder/spi-builder-workspace/.dependencies/checkouts/SwiftTreeSitter/Sources/SwiftTreeSitter/Predicate.swift (in target 'SwiftTreeSitter' from project 'SwiftTreeSitter')
SwiftCompile normal arm64_32 /Users/admin/builder/spi-builder-workspace/.dependencies/checkouts/SwiftTreeSitter/Sources/SwiftTreeSitter/Point.swift (in target 'SwiftTreeSitter' from project 'SwiftTreeSitter')
cd /Users/admin/builder/spi-builder-workspace/.swiftpm/xcode
builtin-SwiftPerFileCompile Point.swift
SwiftCompile normal arm64_32 /Users/admin/builder/spi-builder-workspace/.dependencies/checkouts/SwiftTreeSitter/Sources/SwiftTreeSitter/Predicate.swift (in target 'SwiftTreeSitter' from project 'SwiftTreeSitter')
cd /Users/admin/builder/spi-builder-workspace/.swiftpm/xcode
builtin-SwiftPerFileCompile Predicate.swift
Ld /Users/admin/builder/spi-builder-workspace/.derivedData/Build/Intermediates.noindex/Neon.build/Debug-watchos/TestTreeSitterSwift-t.build/Objects-normal/arm64_32/Binary/TestTreeSitterSwift.o normal arm64_32 (in target 'TestTreeSitterSwift' from project 'Neon')
cd /Users/admin/builder/spi-builder-workspace
/Applications/Xcode-27.0.0-Release.Candidate.app/Contents/Developer/Toolchains/XcodeDefault.xctoolchain/usr/bin/clang -Xlinker -reproducible -target arm64_32-apple-watchos9.0 -r -isysroot /Applications/Xcode-27.0.0-Release.Candidate.app/Contents/Developer/Platforms/WatchOS.platform/Developer/SDKs/WatchOS27.0.sdk -O0 -Xlinker -no_warn_duplicate_libraries -F/Users/admin/builder/spi-builder-workspace/.derivedData/Build/Intermediates.noindex/EagerLinkingTBDs/Debug-watchos -F/Users/admin/builder/spi-builder-workspace/.derivedData/Build/Products/Debug-watchos -iframework /Applications/Xcode-27.0.0-Release.Candidate.app/Contents/Developer/Platforms/WatchOS.platform/Developer/Library/Frameworks -iframework /Applications/Xcode-27.0.0-Release.Candidate.app/Contents/Developer/Platforms/WatchOS.platform/Developer/SDKs/WatchOS27.0.sdk/Developer/Library/Frameworks -filelist /Users/admin/builder/spi-builder-workspace/.derivedData/Build/Intermediates.noindex/Neon.build/Debug-watchos/TestTreeSitterSwift-t.build/Objects-normal/arm64_32/TestTreeSitterSwift.LinkFileList -nostdlib -Xlinker -object_path_lto -Xlinker /Users/admin/builder/spi-builder-workspace/.derivedData/Build/Intermediates.noindex/Neon.build/Debug-watchos/TestTreeSitterSwift-t.build/Objects-normal/arm64_32/TestTreeSitterSwift_lto.o -Xlinker -no_deduplicate -Xlinker -debug_variant -Xlinker -dependency_info -Xlinker /Users/admin/builder/spi-builder-workspace/.derivedData/Build/Intermediates.noindex/Neon.build/Debug-watchos/TestTreeSitterSwift-t.build/Objects-normal/arm64_32/TestTreeSitterSwift_dependency_info.dat -o /Users/admin/builder/spi-builder-workspace/.derivedData/Build/Intermediates.noindex/Neon.build/Debug-watchos/TestTreeSitterSwift-t.build/Objects-normal/arm64_32/Binary/TestTreeSitterSwift.o
Ld /Users/admin/builder/spi-builder-workspace/.derivedData/Build/Intermediates.noindex/Neon.build/Debug-watchos/TestTreeSitterSwift-t.build/Objects-normal/arm64/Binary/TestTreeSitterSwift.o normal arm64 (in target 'TestTreeSitterSwift' from project 'Neon')
cd /Users/admin/builder/spi-builder-workspace
/Applications/Xcode-27.0.0-Release.Candidate.app/Contents/Developer/Toolchains/XcodeDefault.xctoolchain/usr/bin/clang -Xlinker -reproducible -target arm64-apple-watchos9.0 -r -isysroot /Applications/Xcode-27.0.0-Release.Candidate.app/Contents/Developer/Platforms/WatchOS.platform/Developer/SDKs/WatchOS27.0.sdk -O0 -Xlinker -no_warn_duplicate_libraries -F/Users/admin/builder/spi-builder-workspace/.derivedData/Build/Intermediates.noindex/EagerLinkingTBDs/Debug-watchos -F/Users/admin/builder/spi-builder-workspace/.derivedData/Build/Products/Debug-watchos -iframework /Applications/Xcode-27.0.0-Release.Candidate.app/Contents/Developer/Platforms/WatchOS.platform/Developer/Library/Frameworks -iframework /Applications/Xcode-27.0.0-Release.Candidate.app/Contents/Developer/Platforms/WatchOS.platform/Developer/SDKs/WatchOS27.0.sdk/Developer/Library/Frameworks -filelist /Users/admin/builder/spi-builder-workspace/.derivedData/Build/Intermediates.noindex/Neon.build/Debug-watchos/TestTreeSitterSwift-t.build/Objects-normal/arm64/TestTreeSitterSwift.LinkFileList -nostdlib -Xlinker -object_path_lto -Xlinker /Users/admin/builder/spi-builder-workspace/.derivedData/Build/Intermediates.noindex/Neon.build/Debug-watchos/TestTreeSitterSwift-t.build/Objects-normal/arm64/TestTreeSitterSwift_lto.o -Xlinker -no_deduplicate -Xlinker -debug_variant -Xlinker -dependency_info -Xlinker /Users/admin/builder/spi-builder-workspace/.derivedData/Build/Intermediates.noindex/Neon.build/Debug-watchos/TestTreeSitterSwift-t.build/Objects-normal/arm64/TestTreeSitterSwift_dependency_info.dat -o /Users/admin/builder/spi-builder-workspace/.derivedData/Build/Intermediates.noindex/Neon.build/Debug-watchos/TestTreeSitterSwift-t.build/Objects-normal/arm64/Binary/TestTreeSitterSwift.o
SwiftCompile normal arm64_32 Compiling\ Input.swift,\ InputEdit.swift /Users/admin/builder/spi-builder-workspace/.dependencies/checkouts/SwiftTreeSitter/Sources/SwiftTreeSitter/Input.swift /Users/admin/builder/spi-builder-workspace/.dependencies/checkouts/SwiftTreeSitter/Sources/SwiftTreeSitter/InputEdit.swift (in target 'SwiftTreeSitter' from project 'SwiftTreeSitter')
SwiftCompile normal arm64_32 /Users/admin/builder/spi-builder-workspace/.dependencies/checkouts/SwiftTreeSitter/Sources/SwiftTreeSitter/Input.swift (in target 'SwiftTreeSitter' from project 'SwiftTreeSitter')
cd /Users/admin/builder/spi-builder-workspace/.swiftpm/xcode
builtin-SwiftPerFileCompile Input.swift
SwiftCompile normal arm64_32 /Users/admin/builder/spi-builder-workspace/.dependencies/checkouts/SwiftTreeSitter/Sources/SwiftTreeSitter/InputEdit.swift (in target 'SwiftTreeSitter' from project 'SwiftTreeSitter')
cd /Users/admin/builder/spi-builder-workspace/.swiftpm/xcode
builtin-SwiftPerFileCompile InputEdit.swift
SwiftCompile normal arm64_32 Compiling\ Bundle+Extensions.swift,\ Encoding+Helpers.swift /Users/admin/builder/spi-builder-workspace/.dependencies/checkouts/SwiftTreeSitter/Sources/SwiftTreeSitter/Bundle+Extensions.swift /Users/admin/builder/spi-builder-workspace/.dependencies/checkouts/SwiftTreeSitter/Sources/SwiftTreeSitter/Encoding+Helpers.swift (in target 'SwiftTreeSitter' from project 'SwiftTreeSitter')
SwiftCompile normal arm64_32 /Users/admin/builder/spi-builder-workspace/.dependencies/checkouts/SwiftTreeSitter/Sources/SwiftTreeSitter/Bundle+Extensions.swift (in target 'SwiftTreeSitter' from project 'SwiftTreeSitter')
cd /Users/admin/builder/spi-builder-workspace/.swiftpm/xcode
builtin-SwiftPerFileCompile Bundle+Extensions.swift
SwiftCompile normal arm64_32 /Users/admin/builder/spi-builder-workspace/.dependencies/checkouts/SwiftTreeSitter/Sources/SwiftTreeSitter/Encoding+Helpers.swift (in target 'SwiftTreeSitter' from project 'SwiftTreeSitter')
cd /Users/admin/builder/spi-builder-workspace/.swiftpm/xcode
builtin-SwiftPerFileCompile Encoding+Helpers.swift
CreateUniversalBinary /Users/admin/builder/spi-builder-workspace/.derivedData/Build/Products/Debug-watchos/TestTreeSitterSwift.o normal arm64\ arm64_32 (in target 'TestTreeSitterSwift' from project 'Neon')
cd /Users/admin/builder/spi-builder-workspace
/Applications/Xcode-27.0.0-Release.Candidate.app/Contents/Developer/Toolchains/XcodeDefault.xctoolchain/usr/bin/lipo -create /Users/admin/builder/spi-builder-workspace/.derivedData/Build/Intermediates.noindex/Neon.build/Debug-watchos/TestTreeSitterSwift-t.build/Objects-normal/arm64/Binary/TestTreeSitterSwift.o /Users/admin/builder/spi-builder-workspace/.derivedData/Build/Intermediates.noindex/Neon.build/Debug-watchos/TestTreeSitterSwift-t.build/Objects-normal/arm64_32/Binary/TestTreeSitterSwift.o -output /Users/admin/builder/spi-builder-workspace/.derivedData/Build/Products/Debug-watchos/TestTreeSitterSwift.o
SwiftDriverJobDiscovery normal arm64 Compiling String+TextProvider.swift, TSRange.swift (in target 'SwiftTreeSitter' from project 'SwiftTreeSitter')
SwiftDriverJobDiscovery normal arm64 Compiling Input.swift, InputEdit.swift (in target 'SwiftTreeSitter' from project 'SwiftTreeSitter')
SwiftCompile normal arm64_32 Compiling\ String+TextProvider.swift,\ TSRange.swift /Users/admin/builder/spi-builder-workspace/.dependencies/checkouts/SwiftTreeSitter/Sources/SwiftTreeSitter/String+TextProvider.swift /Users/admin/builder/spi-builder-workspace/.dependencies/checkouts/SwiftTreeSitter/Sources/SwiftTreeSitter/TSRange.swift (in target 'SwiftTreeSitter' from project 'SwiftTreeSitter')
SwiftCompile normal arm64_32 /Users/admin/builder/spi-builder-workspace/.dependencies/checkouts/SwiftTreeSitter/Sources/SwiftTreeSitter/String+TextProvider.swift (in target 'SwiftTreeSitter' from project 'SwiftTreeSitter')
cd /Users/admin/builder/spi-builder-workspace/.swiftpm/xcode
builtin-SwiftPerFileCompile String+TextProvider.swift
SwiftCompile normal arm64_32 /Users/admin/builder/spi-builder-workspace/.dependencies/checkouts/SwiftTreeSitter/Sources/SwiftTreeSitter/TSRange.swift (in target 'SwiftTreeSitter' from project 'SwiftTreeSitter')
cd /Users/admin/builder/spi-builder-workspace/.swiftpm/xcode
builtin-SwiftPerFileCompile TSRange.swift
SwiftCompile normal arm64_32 Compiling\ Tree.swift,\ TreeCursor.swift /Users/admin/builder/spi-builder-workspace/.dependencies/checkouts/SwiftTreeSitter/Sources/SwiftTreeSitter/Tree.swift /Users/admin/builder/spi-builder-workspace/.dependencies/checkouts/SwiftTreeSitter/Sources/SwiftTreeSitter/TreeCursor.swift (in target 'SwiftTreeSitter' from project 'SwiftTreeSitter')
SwiftCompile normal arm64_32 /Users/admin/builder/spi-builder-workspace/.dependencies/checkouts/SwiftTreeSitter/Sources/SwiftTreeSitter/Tree.swift (in target 'SwiftTreeSitter' from project 'SwiftTreeSitter')
cd /Users/admin/builder/spi-builder-workspace/.swiftpm/xcode
builtin-SwiftPerFileCompile Tree.swift
SwiftCompile normal arm64_32 /Users/admin/builder/spi-builder-workspace/.dependencies/checkouts/SwiftTreeSitter/Sources/SwiftTreeSitter/TreeCursor.swift (in target 'SwiftTreeSitter' from project 'SwiftTreeSitter')
cd /Users/admin/builder/spi-builder-workspace/.swiftpm/xcode
builtin-SwiftPerFileCompile TreeCursor.swift
SwiftDriverJobDiscovery normal arm64 Compiling Tree.swift, TreeCursor.swift (in target 'SwiftTreeSitter' from project 'SwiftTreeSitter')
SwiftCompile normal arm64_32 Compiling\ Language.swift,\ LanguageConfiguration.swift /Users/admin/builder/spi-builder-workspace/.dependencies/checkouts/SwiftTreeSitter/Sources/SwiftTreeSitter/Language.swift /Users/admin/builder/spi-builder-workspace/.dependencies/checkouts/SwiftTreeSitter/Sources/SwiftTreeSitter/LanguageConfiguration.swift (in target 'SwiftTreeSitter' from project 'SwiftTreeSitter')
SwiftCompile normal arm64_32 /Users/admin/builder/spi-builder-workspace/.dependencies/checkouts/SwiftTreeSitter/Sources/SwiftTreeSitter/Language.swift (in target 'SwiftTreeSitter' from project 'SwiftTreeSitter')
cd /Users/admin/builder/spi-builder-workspace/.swiftpm/xcode
builtin-SwiftPerFileCompile Language.swift
SwiftCompile normal arm64_32 /Users/admin/builder/spi-builder-workspace/.dependencies/checkouts/SwiftTreeSitter/Sources/SwiftTreeSitter/LanguageConfiguration.swift (in target 'SwiftTreeSitter' from project 'SwiftTreeSitter')
cd /Users/admin/builder/spi-builder-workspace/.swiftpm/xcode
builtin-SwiftPerFileCompile LanguageConfiguration.swift
SwiftDriverJobDiscovery normal arm64 Compiling SendableTypes.swift, String+Data.swift (in target 'SwiftTreeSitter' from project 'SwiftTreeSitter')
SwiftDriverJobDiscovery normal arm64 Compiling Language.swift, LanguageConfiguration.swift (in target 'SwiftTreeSitter' from project 'SwiftTreeSitter')
SwiftDriverJobDiscovery normal arm64 Compiling Query.swift, QueryDefinitions.swift (in target 'SwiftTreeSitter' from project 'SwiftTreeSitter')
SwiftCompile normal arm64 Compiling\ Node.swift,\ Parser.swift /Users/admin/builder/spi-builder-workspace/.dependencies/checkouts/SwiftTreeSitter/Sources/SwiftTreeSitter/Node.swift /Users/admin/builder/spi-builder-workspace/.dependencies/checkouts/SwiftTreeSitter/Sources/SwiftTreeSitter/Parser.swift (in target 'SwiftTreeSitter' from project 'SwiftTreeSitter')
SwiftCompile normal arm64 /Users/admin/builder/spi-builder-workspace/.dependencies/checkouts/SwiftTreeSitter/Sources/SwiftTreeSitter/Node.swift (in target 'SwiftTreeSitter' from project 'SwiftTreeSitter')
cd /Users/admin/builder/spi-builder-workspace/.swiftpm/xcode
builtin-SwiftPerFileCompile Node.swift
SwiftCompile normal arm64 /Users/admin/builder/spi-builder-workspace/.dependencies/checkouts/SwiftTreeSitter/Sources/SwiftTreeSitter/Parser.swift (in target 'SwiftTreeSitter' from project 'SwiftTreeSitter')
cd /Users/admin/builder/spi-builder-workspace/.swiftpm/xcode
builtin-SwiftPerFileCompile Parser.swift
SwiftCompile normal arm64_32 Compiling\ SendableTypes.swift,\ String+Data.swift /Users/admin/builder/spi-builder-workspace/.dependencies/checkouts/SwiftTreeSitter/Sources/SwiftTreeSitter/SendableTypes.swift /Users/admin/builder/spi-builder-workspace/.dependencies/checkouts/SwiftTreeSitter/Sources/SwiftTreeSitter/String+Data.swift (in target 'SwiftTreeSitter' from project 'SwiftTreeSitter')
SwiftCompile normal arm64_32 /Users/admin/builder/spi-builder-workspace/.dependencies/checkouts/SwiftTreeSitter/Sources/SwiftTreeSitter/SendableTypes.swift (in target 'SwiftTreeSitter' from project 'SwiftTreeSitter')
cd /Users/admin/builder/spi-builder-workspace/.swiftpm/xcode
builtin-SwiftPerFileCompile SendableTypes.swift
SwiftCompile normal arm64_32 /Users/admin/builder/spi-builder-workspace/.dependencies/checkouts/SwiftTreeSitter/Sources/SwiftTreeSitter/String+Data.swift (in target 'SwiftTreeSitter' from project 'SwiftTreeSitter')
cd /Users/admin/builder/spi-builder-workspace/.swiftpm/xcode
builtin-SwiftPerFileCompile String+Data.swift
SwiftCompile normal arm64_32 Compiling\ ResolvingQueryCursor.swift,\ ResolvingQueryMatchSequence.swift /Users/admin/builder/spi-builder-workspace/.dependencies/checkouts/SwiftTreeSitter/Sources/SwiftTreeSitter/ResolvingQueryCursor.swift /Users/admin/builder/spi-builder-workspace/.dependencies/checkouts/SwiftTreeSitter/Sources/SwiftTreeSitter/ResolvingQueryMatchSequence.swift (in target 'SwiftTreeSitter' from project 'SwiftTreeSitter')
SwiftCompile normal arm64_32 /Users/admin/builder/spi-builder-workspace/.dependencies/checkouts/SwiftTreeSitter/Sources/SwiftTreeSitter/ResolvingQueryCursor.swift (in target 'SwiftTreeSitter' from project 'SwiftTreeSitter')
cd /Users/admin/builder/spi-builder-workspace/.swiftpm/xcode
builtin-SwiftPerFileCompile ResolvingQueryCursor.swift
SwiftCompile normal arm64_32 /Users/admin/builder/spi-builder-workspace/.dependencies/checkouts/SwiftTreeSitter/Sources/SwiftTreeSitter/ResolvingQueryMatchSequence.swift (in target 'SwiftTreeSitter' from project 'SwiftTreeSitter')
cd /Users/admin/builder/spi-builder-workspace/.swiftpm/xcode
builtin-SwiftPerFileCompile ResolvingQueryMatchSequence.swift
SwiftDriverJobDiscovery normal arm64_32 Compiling Node.swift, Parser.swift (in target 'SwiftTreeSitter' from project 'SwiftTreeSitter')
SwiftCompile normal arm64 Compiling\ ResolvingQueryCursor.swift,\ ResolvingQueryMatchSequence.swift /Users/admin/builder/spi-builder-workspace/.dependencies/checkouts/SwiftTreeSitter/Sources/SwiftTreeSitter/ResolvingQueryCursor.swift /Users/admin/builder/spi-builder-workspace/.dependencies/checkouts/SwiftTreeSitter/Sources/SwiftTreeSitter/ResolvingQueryMatchSequence.swift (in target 'SwiftTreeSitter' from project 'SwiftTreeSitter')
SwiftCompile normal arm64 /Users/admin/builder/spi-builder-workspace/.dependencies/checkouts/SwiftTreeSitter/Sources/SwiftTreeSitter/ResolvingQueryCursor.swift (in target 'SwiftTreeSitter' from project 'SwiftTreeSitter')
cd /Users/admin/builder/spi-builder-workspace/.swiftpm/xcode
builtin-SwiftPerFileCompile ResolvingQueryCursor.swift
SwiftCompile normal arm64 /Users/admin/builder/spi-builder-workspace/.dependencies/checkouts/SwiftTreeSitter/Sources/SwiftTreeSitter/ResolvingQueryMatchSequence.swift (in target 'SwiftTreeSitter' from project 'SwiftTreeSitter')
cd /Users/admin/builder/spi-builder-workspace/.swiftpm/xcode
builtin-SwiftPerFileCompile ResolvingQueryMatchSequence.swift
SwiftCompile normal arm64 Compiling\ Bundle+Extensions.swift,\ Encoding+Helpers.swift /Users/admin/builder/spi-builder-workspace/.dependencies/checkouts/SwiftTreeSitter/Sources/SwiftTreeSitter/Bundle+Extensions.swift /Users/admin/builder/spi-builder-workspace/.dependencies/checkouts/SwiftTreeSitter/Sources/SwiftTreeSitter/Encoding+Helpers.swift (in target 'SwiftTreeSitter' from project 'SwiftTreeSitter')
SwiftCompile normal arm64 /Users/admin/builder/spi-builder-workspace/.dependencies/checkouts/SwiftTreeSitter/Sources/SwiftTreeSitter/Bundle+Extensions.swift (in target 'SwiftTreeSitter' from project 'SwiftTreeSitter')
cd /Users/admin/builder/spi-builder-workspace/.swiftpm/xcode
builtin-SwiftPerFileCompile Bundle+Extensions.swift
SwiftCompile normal arm64 /Users/admin/builder/spi-builder-workspace/.dependencies/checkouts/SwiftTreeSitter/Sources/SwiftTreeSitter/Encoding+Helpers.swift (in target 'SwiftTreeSitter' from project 'SwiftTreeSitter')
cd /Users/admin/builder/spi-builder-workspace/.swiftpm/xcode
builtin-SwiftPerFileCompile Encoding+Helpers.swift
SwiftCompile normal arm64 Compiling\ Point.swift,\ Predicate.swift /Users/admin/builder/spi-builder-workspace/.dependencies/checkouts/SwiftTreeSitter/Sources/SwiftTreeSitter/Point.swift /Users/admin/builder/spi-builder-workspace/.dependencies/checkouts/SwiftTreeSitter/Sources/SwiftTreeSitter/Predicate.swift (in target 'SwiftTreeSitter' from project 'SwiftTreeSitter')
SwiftCompile normal arm64 /Users/admin/builder/spi-builder-workspace/.dependencies/checkouts/SwiftTreeSitter/Sources/SwiftTreeSitter/Point.swift (in target 'SwiftTreeSitter' from project 'SwiftTreeSitter')
cd /Users/admin/builder/spi-builder-workspace/.swiftpm/xcode
builtin-SwiftPerFileCompile Point.swift
SwiftCompile normal arm64 /Users/admin/builder/spi-builder-workspace/.dependencies/checkouts/SwiftTreeSitter/Sources/SwiftTreeSitter/Predicate.swift (in target 'SwiftTreeSitter' from project 'SwiftTreeSitter')
cd /Users/admin/builder/spi-builder-workspace/.swiftpm/xcode
builtin-SwiftPerFileCompile Predicate.swift
SwiftDriverJobDiscovery normal arm64_32 Compiling Query.swift, QueryDefinitions.swift (in target 'SwiftTreeSitter' from project 'SwiftTreeSitter')
SwiftDriverJobDiscovery normal arm64_32 Compiling Point.swift, Predicate.swift (in target 'SwiftTreeSitter' from project 'SwiftTreeSitter')
SwiftDriverJobDiscovery normal arm64_32 Compiling Tree.swift, TreeCursor.swift (in target 'SwiftTreeSitter' from project 'SwiftTreeSitter')
SwiftCompile normal arm64 Compiling\ NSRange+Shift.swift /Users/admin/builder/spi-builder-workspace/.dependencies/checkouts/Rearrange/Sources/Rearrange/NSRange+Shift.swift (in target 'Rearrange' from project 'Rearrange')
SwiftCompile normal arm64 /Users/admin/builder/spi-builder-workspace/.dependencies/checkouts/Rearrange/Sources/Rearrange/NSRange+Shift.swift (in target 'Rearrange' from project 'Rearrange')
cd /Users/admin/builder/spi-builder-workspace/.swiftpm/xcode
builtin-SwiftPerFileCompile NSRange+Shift.swift
SwiftDriverJobDiscovery normal arm64_32 Compiling Language.swift, LanguageConfiguration.swift (in target 'SwiftTreeSitter' from project 'SwiftTreeSitter')
SwiftCompile normal arm64_32 Compiling\ String+NSRange.swift /Users/admin/builder/spi-builder-workspace/.dependencies/checkouts/Rearrange/Sources/Rearrange/String+NSRange.swift (in target 'Rearrange' from project 'Rearrange')
SwiftCompile normal arm64_32 /Users/admin/builder/spi-builder-workspace/.dependencies/checkouts/Rearrange/Sources/Rearrange/String+NSRange.swift (in target 'Rearrange' from project 'Rearrange')
cd /Users/admin/builder/spi-builder-workspace/.swiftpm/xcode
builtin-SwiftPerFileCompile String+NSRange.swift
SwiftDriverJobDiscovery normal arm64 Compiling Node.swift, Parser.swift (in target 'SwiftTreeSitter' from project 'SwiftTreeSitter')
SwiftCompile normal arm64_32 Compiling\ RangeMutation.swift /Users/admin/builder/spi-builder-workspace/.dependencies/checkouts/Rearrange/Sources/Rearrange/RangeMutation.swift (in target 'Rearrange' from project 'Rearrange')
SwiftCompile normal arm64_32 /Users/admin/builder/spi-builder-workspace/.dependencies/checkouts/Rearrange/Sources/Rearrange/RangeMutation.swift (in target 'Rearrange' from project 'Rearrange')
cd /Users/admin/builder/spi-builder-workspace/.swiftpm/xcode
builtin-SwiftPerFileCompile RangeMutation.swift
SwiftDriverJobDiscovery normal arm64_32 Compiling Input.swift, InputEdit.swift (in target 'SwiftTreeSitter' from project 'SwiftTreeSitter')
SwiftCompile normal arm64 Compiling\ IndexSet+NSRange.swift /Users/admin/builder/spi-builder-workspace/.dependencies/checkouts/Rearrange/Sources/Rearrange/IndexSet+NSRange.swift (in target 'Rearrange' from project 'Rearrange')
SwiftCompile normal arm64 /Users/admin/builder/spi-builder-workspace/.dependencies/checkouts/Rearrange/Sources/Rearrange/IndexSet+NSRange.swift (in target 'Rearrange' from project 'Rearrange')
cd /Users/admin/builder/spi-builder-workspace/.swiftpm/xcode
builtin-SwiftPerFileCompile IndexSet+NSRange.swift
SwiftDriverJobDiscovery normal arm64_32 Compiling SendableTypes.swift, String+Data.swift (in target 'SwiftTreeSitter' from project 'SwiftTreeSitter')
SwiftCompile normal arm64_32 Compiling\ NSRange+ApplyMutation.swift /Users/admin/builder/spi-builder-workspace/.dependencies/checkouts/Rearrange/Sources/Rearrange/NSRange+ApplyMutation.swift (in target 'Rearrange' from project 'Rearrange')
SwiftCompile normal arm64_32 /Users/admin/builder/spi-builder-workspace/.dependencies/checkouts/Rearrange/Sources/Rearrange/NSRange+ApplyMutation.swift (in target 'Rearrange' from project 'Rearrange')
cd /Users/admin/builder/spi-builder-workspace/.swiftpm/xcode
builtin-SwiftPerFileCompile NSRange+ApplyMutation.swift
SwiftDriverJobDiscovery normal arm64_32 Compiling ResolvingQueryCursor.swift, ResolvingQueryMatchSequence.swift (in target 'SwiftTreeSitter' from project 'SwiftTreeSitter')
SwiftCompile normal arm64_32 Compiling\ IndexSet+ApplyMutation.swift /Users/admin/builder/spi-builder-workspace/.dependencies/checkouts/Rearrange/Sources/Rearrange/IndexSet+ApplyMutation.swift (in target 'Rearrange' from project 'Rearrange')
SwiftCompile normal arm64_32 /Users/admin/builder/spi-builder-workspace/.dependencies/checkouts/Rearrange/Sources/Rearrange/IndexSet+ApplyMutation.swift (in target 'Rearrange' from project 'Rearrange')
cd /Users/admin/builder/spi-builder-workspace/.swiftpm/xcode
builtin-SwiftPerFileCompile IndexSet+ApplyMutation.swift
SwiftDriverJobDiscovery normal arm64_32 Compiling Bundle+Extensions.swift, Encoding+Helpers.swift (in target 'SwiftTreeSitter' from project 'SwiftTreeSitter')
SwiftCompile normal arm64 Compiling\ NSTextLocation+Comparable.swift /Users/admin/builder/spi-builder-workspace/.dependencies/checkouts/Rearrange/Sources/Rearrange/NSTextLocation+Comparable.swift (in target 'Rearrange' from project 'Rearrange')
SwiftCompile normal arm64 /Users/admin/builder/spi-builder-workspace/.dependencies/checkouts/Rearrange/Sources/Rearrange/NSTextLocation+Comparable.swift (in target 'Rearrange' from project 'Rearrange')
cd /Users/admin/builder/spi-builder-workspace/.swiftpm/xcode
builtin-SwiftPerFileCompile NSTextLocation+Comparable.swift
SwiftDriverJobDiscovery normal arm64 Compiling ResolvingQueryCursor.swift, ResolvingQueryMatchSequence.swift (in target 'SwiftTreeSitter' from project 'SwiftTreeSitter')
SwiftCompile normal arm64 Compiling\ NSTextRange+NSRange.swift /Users/admin/builder/spi-builder-workspace/.dependencies/checkouts/Rearrange/Sources/Rearrange/NSTextRange+NSRange.swift (in target 'Rearrange' from project 'Rearrange')
SwiftCompile normal arm64 /Users/admin/builder/spi-builder-workspace/.dependencies/checkouts/Rearrange/Sources/Rearrange/NSTextRange+NSRange.swift (in target 'Rearrange' from project 'Rearrange')
cd /Users/admin/builder/spi-builder-workspace/.swiftpm/xcode
builtin-SwiftPerFileCompile NSTextRange+NSRange.swift
SwiftDriverJobDiscovery normal arm64 Compiling Bundle+Extensions.swift, Encoding+Helpers.swift (in target 'SwiftTreeSitter' from project 'SwiftTreeSitter')
SwiftCompile normal arm64 Compiling\ NSRange+Convenience.swift /Users/admin/builder/spi-builder-workspace/.dependencies/checkouts/Rearrange/Sources/Rearrange/NSRange+Convenience.swift (in target 'Rearrange' from project 'Rearrange')
SwiftCompile normal arm64 /Users/admin/builder/spi-builder-workspace/.dependencies/checkouts/Rearrange/Sources/Rearrange/NSRange+Convenience.swift (in target 'Rearrange' from project 'Rearrange')
cd /Users/admin/builder/spi-builder-workspace/.swiftpm/xcode
builtin-SwiftPerFileCompile NSRange+Convenience.swift
SwiftDriverJobDiscovery normal arm64 Compiling NSRange+Shift.swift (in target 'Rearrange' from project 'Rearrange')
SwiftDriverJobDiscovery normal arm64_32 Compiling String+TextProvider.swift, TSRange.swift (in target 'SwiftTreeSitter' from project 'SwiftTreeSitter')
SwiftCompile normal arm64_32 Compiling\ UITextRange+Convenience.swift /Users/admin/builder/spi-builder-workspace/.dependencies/checkouts/Rearrange/Sources/Rearrange/UITextRange+Convenience.swift (in target 'Rearrange' from project 'Rearrange')
SwiftCompile normal arm64_32 /Users/admin/builder/spi-builder-workspace/.dependencies/checkouts/Rearrange/Sources/Rearrange/UITextRange+Convenience.swift (in target 'Rearrange' from project 'Rearrange')
cd /Users/admin/builder/spi-builder-workspace/.swiftpm/xcode
builtin-SwiftPerFileCompile UITextRange+Convenience.swift
SwiftDriverJobDiscovery normal arm64_32 Compiling String+NSRange.swift (in target 'Rearrange' from project 'Rearrange')
SwiftDriver\ Compilation SwiftTreeSitter normal arm64_32 com.apple.xcode.tools.swift.compiler (in target 'SwiftTreeSitter' from project 'SwiftTreeSitter')
cd /Users/admin/builder/spi-builder-workspace/.swiftpm/xcode
builtin-Swift-Compilation -- /Applications/Xcode-27.0.0-Release.Candidate.app/Contents/Developer/Toolchains/XcodeDefault.xctoolchain/usr/bin/swiftc -parse-as-library -module-name SwiftTreeSitter -Onone @/Users/admin/builder/spi-builder-workspace/.derivedData/Build/Intermediates.noindex/SwiftTreeSitter.build/Debug-watchos/SwiftTreeSitter-t.build/Objects-normal/arm64_32/SwiftTreeSitter.SwiftFileList -DSWIFT_PACKAGE -DDEBUG -DSWIFT_MODULE_RESOURCE_BUNDLE_UNAVAILABLE -Xcc -fmodule-map-file\=/Users/admin/builder/spi-builder-workspace/.derivedData/Build/Intermediates.noindex/GeneratedModuleMaps-watchos/TreeSitter.modulemap -DXcode -enable-experimental-feature StrictConcurrency -plugin-path /Applications/Xcode-27.0.0-Release.Candidate.app/Contents/Developer/Toolchains/XcodeDefault.xctoolchain/usr/lib/swift/host/plugins/testing -enable-experimental-feature DebugDescriptionMacro -sdk /Applications/Xcode-27.0.0-Release.Candidate.app/Contents/Developer/Platforms/WatchOS.platform/Developer/SDKs/WatchOS27.0.sdk -target arm64_32-apple-watchos9.0 -g -module-cache-path /Users/admin/builder/spi-builder-workspace/.derivedData/ModuleCache.noindex -Xfrontend -serialize-debugging-options -profile-coverage-mapping -profile-generate -enable-testing -suppress-warnings -index-store-path /Users/admin/builder/spi-builder-workspace/.derivedData/Index.noindex/DataStore -Xcc -D_LIBCPP_HARDENING_MODE\=_LIBCPP_HARDENING_MODE_DEBUG -swift-version 5 -I /Users/admin/builder/spi-builder-workspace/.derivedData/Build/Products/Debug-watchos -Isystem /Applications/Xcode-27.0.0-Release.Candidate.app/Contents/Developer/Platforms/WatchOS.platform/Developer/usr/lib -F /Users/admin/builder/spi-builder-workspace/.derivedData/Build/Products/Debug-watchos/PackageFrameworks -F /Users/admin/builder/spi-builder-workspace/.derivedData/Build/Products/Debug-watchos -F /Applications/Xcode-27.0.0-Release.Candidate.app/Contents/Developer/Platforms/WatchOS.platform/Developer/Library/Frameworks -F /Applications/Xcode-27.0.0-Release.Candidate.app/Contents/Developer/Platforms/WatchOS.platform/Developer/SDKs/WatchOS27.0.sdk/Developer/Library/Frameworks -c -j10 -enable-batch-mode -incremental -Xcc -ivfsstatcache -Xcc /Users/admin/builder/spi-builder-workspace/.derivedData/SDKStatCaches.noindex/watchos27.0-24R360-e829b21a6f8c9b70876ba0858053c04477534ef55a1706bf4c1112bbb242f0a2.sdkstatcache -output-file-map /Users/admin/builder/spi-builder-workspace/.derivedData/Build/Intermediates.noindex/SwiftTreeSitter.build/Debug-watchos/SwiftTreeSitter-t.build/Objects-normal/arm64_32/SwiftTreeSitter-OutputFileMap.json -save-temps -no-color-diagnostics -explicit-module-build -module-cache-path /Users/admin/builder/spi-builder-workspace/.derivedData/Build/Intermediates.noindex/SwiftExplicitPrecompiledModules -clang-scanner-module-cache-path /Users/admin/builder/spi-builder-workspace/.derivedData/ModuleCache.noindex -sdk-module-cache-path /Users/admin/builder/spi-builder-workspace/.derivedData/SDKExplicitPrecompiledModules -emit-dependencies -emit-module -emit-module-path /Users/admin/builder/spi-builder-workspace/.derivedData/Build/Intermediates.noindex/SwiftTreeSitter.build/Debug-watchos/SwiftTreeSitter-t.build/Objects-normal/arm64_32/SwiftTreeSitter.swiftmodule -serialize-diagnostics -dependency-scan-serialize-diagnostics-path /Users/admin/builder/spi-builder-workspace/.derivedData/Build/Intermediates.noindex/SwiftTreeSitter.build/Debug-watchos/SwiftTreeSitter-t.build/Objects-normal/arm64_32/SwiftTreeSitter-dependency-scan.dia -validate-clang-modules-once -clang-build-session-file /Users/admin/builder/spi-builder-workspace/.derivedData/ModuleCache.noindex/Session.modulevalidation -Xcc -fmodules-prune-interval\=86400 -Xcc -fmodules-prune-after\=345600 -package-name swifttreesitter -emit-const-values -const-gather-protocols-list /Users/admin/builder/spi-builder-workspace/.derivedData/Build/Intermediates.noindex/SwiftTreeSitter.build/Debug-watchos/SwiftTreeSitter-t.build/Objects-normal/arm64_32/SwiftTreeSitter_const_extract_protocols.json -Xcc -I/Users/admin/builder/spi-builder-workspace/.dependencies/checkouts/tree-sitter/lib/include -Xcc -I/Users/admin/builder/spi-builder-workspace/.derivedData/Build/Products/Debug-watchos/include -Xcc -I/Users/admin/builder/spi-builder-workspace/.derivedData/Build/Intermediates.noindex/SwiftTreeSitter.build/Debug-watchos/SwiftTreeSitter-t.build/DerivedSources-normal/arm64_32 -Xcc -I/Users/admin/builder/spi-builder-workspace/.derivedData/Build/Intermediates.noindex/SwiftTreeSitter.build/Debug-watchos/SwiftTreeSitter-t.build/DerivedSources/arm64_32 -Xcc -I/Users/admin/builder/spi-builder-workspace/.derivedData/Build/Intermediates.noindex/SwiftTreeSitter.build/Debug-watchos/SwiftTreeSitter-t.build/DerivedSources -Xcc -DSWIFT_PACKAGE -Xcc -DDEBUG\=1 -emit-objc-header -emit-objc-header-path /Users/admin/builder/spi-builder-workspace/.derivedData/Build/Intermediates.noindex/SwiftTreeSitter.build/Debug-watchos/SwiftTreeSitter-t.build/Objects-normal/arm64_32/SwiftTreeSitter-Swift.h -working-directory /Users/admin/builder/spi-builder-workspace/.swiftpm/xcode -experimental-emit-module-separately -disable-cmo
SwiftCompile normal arm64 Compiling\ NSRange+ApplyMutation.swift /Users/admin/builder/spi-builder-workspace/.dependencies/checkouts/Rearrange/Sources/Rearrange/NSRange+ApplyMutation.swift (in target 'Rearrange' from project 'Rearrange')
SwiftCompile normal arm64 /Users/admin/builder/spi-builder-workspace/.dependencies/checkouts/Rearrange/Sources/Rearrange/NSRange+ApplyMutation.swift (in target 'Rearrange' from project 'Rearrange')
cd /Users/admin/builder/spi-builder-workspace/.swiftpm/xcode
builtin-SwiftPerFileCompile NSRange+ApplyMutation.swift
SwiftDriverJobDiscovery normal arm64 Compiling NSTextLocation+Comparable.swift (in target 'Rearrange' from project 'Rearrange')
SwiftCompile normal arm64_32 Compiling\ NSRange+Shift.swift /Users/admin/builder/spi-builder-workspace/.dependencies/checkouts/Rearrange/Sources/Rearrange/NSRange+Shift.swift (in target 'Rearrange' from project 'Rearrange')
SwiftCompile normal arm64_32 /Users/admin/builder/spi-builder-workspace/.dependencies/checkouts/Rearrange/Sources/Rearrange/NSRange+Shift.swift (in target 'Rearrange' from project 'Rearrange')
cd /Users/admin/builder/spi-builder-workspace/.swiftpm/xcode
builtin-SwiftPerFileCompile NSRange+Shift.swift
SwiftDriverJobDiscovery normal arm64 Compiling NSTextRange+NSRange.swift (in target 'Rearrange' from project 'Rearrange')
SwiftCompile normal arm64 Compiling\ IndexSet+ApplyMutation.swift /Users/admin/builder/spi-builder-workspace/.dependencies/checkouts/Rearrange/Sources/Rearrange/IndexSet+ApplyMutation.swift (in target 'Rearrange' from project 'Rearrange')
SwiftCompile normal arm64 /Users/admin/builder/spi-builder-workspace/.dependencies/checkouts/Rearrange/Sources/Rearrange/IndexSet+ApplyMutation.swift (in target 'Rearrange' from project 'Rearrange')
cd /Users/admin/builder/spi-builder-workspace/.swiftpm/xcode
builtin-SwiftPerFileCompile IndexSet+ApplyMutation.swift
SwiftDriverJobDiscovery normal arm64_32 Compiling UITextRange+Convenience.swift (in target 'Rearrange' from project 'Rearrange')
SwiftCompile normal arm64_32 Compiling\ IndexSet+NSRange.swift /Users/admin/builder/spi-builder-workspace/.dependencies/checkouts/Rearrange/Sources/Rearrange/IndexSet+NSRange.swift (in target 'Rearrange' from project 'Rearrange')
SwiftCompile normal arm64_32 /Users/admin/builder/spi-builder-workspace/.dependencies/checkouts/Rearrange/Sources/Rearrange/IndexSet+NSRange.swift (in target 'Rearrange' from project 'Rearrange')
cd /Users/admin/builder/spi-builder-workspace/.swiftpm/xcode
builtin-SwiftPerFileCompile IndexSet+NSRange.swift
SwiftCompile normal arm64 Compiling\ String+NSRange.swift /Users/admin/builder/spi-builder-workspace/.dependencies/checkouts/Rearrange/Sources/Rearrange/String+NSRange.swift (in target 'Rearrange' from project 'Rearrange')
SwiftCompile normal arm64 /Users/admin/builder/spi-builder-workspace/.dependencies/checkouts/Rearrange/Sources/Rearrange/String+NSRange.swift (in target 'Rearrange' from project 'Rearrange')
cd /Users/admin/builder/spi-builder-workspace/.swiftpm/xcode
builtin-SwiftPerFileCompile String+NSRange.swift
SwiftDriverJobDiscovery normal arm64_32 Compiling IndexSet+ApplyMutation.swift (in target 'Rearrange' from project 'Rearrange')
SwiftCompile normal arm64_32 Compiling\ NSTextRange+NSRange.swift /Users/admin/builder/spi-builder-workspace/.dependencies/checkouts/Rearrange/Sources/Rearrange/NSTextRange+NSRange.swift (in target 'Rearrange' from project 'Rearrange')
SwiftCompile normal arm64_32 /Users/admin/builder/spi-builder-workspace/.dependencies/checkouts/Rearrange/Sources/Rearrange/NSTextRange+NSRange.swift (in target 'Rearrange' from project 'Rearrange')
cd /Users/admin/builder/spi-builder-workspace/.swiftpm/xcode
builtin-SwiftPerFileCompile NSTextRange+NSRange.swift
SwiftDriverJobDiscovery normal arm64_32 Compiling RangeMutation.swift (in target 'Rearrange' from project 'Rearrange')
SwiftCompile normal arm64 Compiling\ RangeMutation.swift /Users/admin/builder/spi-builder-workspace/.dependencies/checkouts/Rearrange/Sources/Rearrange/RangeMutation.swift (in target 'Rearrange' from project 'Rearrange')
SwiftCompile normal arm64 /Users/admin/builder/spi-builder-workspace/.dependencies/checkouts/Rearrange/Sources/Rearrange/RangeMutation.swift (in target 'Rearrange' from project 'Rearrange')
cd /Users/admin/builder/spi-builder-workspace/.swiftpm/xcode
builtin-SwiftPerFileCompile RangeMutation.swift
SwiftDriverJobDiscovery normal arm64 Compiling NSRange+Convenience.swift (in target 'Rearrange' from project 'Rearrange')
SwiftCompile normal arm64_32 Compiling\ NSRange+Convenience.swift /Users/admin/builder/spi-builder-workspace/.dependencies/checkouts/Rearrange/Sources/Rearrange/NSRange+Convenience.swift (in target 'Rearrange' from project 'Rearrange')
SwiftCompile normal arm64_32 /Users/admin/builder/spi-builder-workspace/.dependencies/checkouts/Rearrange/Sources/Rearrange/NSRange+Convenience.swift (in target 'Rearrange' from project 'Rearrange')
cd /Users/admin/builder/spi-builder-workspace/.swiftpm/xcode
builtin-SwiftPerFileCompile NSRange+Convenience.swift
SwiftDriverJobDiscovery normal arm64_32 Compiling NSRange+ApplyMutation.swift (in target 'Rearrange' from project 'Rearrange')
SwiftCompile normal arm64_32 Compiling\ NSTextLocation+Comparable.swift /Users/admin/builder/spi-builder-workspace/.dependencies/checkouts/Rearrange/Sources/Rearrange/NSTextLocation+Comparable.swift (in target 'Rearrange' from project 'Rearrange')
SwiftCompile normal arm64_32 /Users/admin/builder/spi-builder-workspace/.dependencies/checkouts/Rearrange/Sources/Rearrange/NSTextLocation+Comparable.swift (in target 'Rearrange' from project 'Rearrange')
cd /Users/admin/builder/spi-builder-workspace/.swiftpm/xcode
builtin-SwiftPerFileCompile NSTextLocation+Comparable.swift
SwiftDriverJobDiscovery normal arm64 Compiling IndexSet+NSRange.swift (in target 'Rearrange' from project 'Rearrange')
SwiftCompile normal arm64 Compiling\ UITextRange+Convenience.swift /Users/admin/builder/spi-builder-workspace/.dependencies/checkouts/Rearrange/Sources/Rearrange/UITextRange+Convenience.swift (in target 'Rearrange' from project 'Rearrange')
SwiftCompile normal arm64 /Users/admin/builder/spi-builder-workspace/.dependencies/checkouts/Rearrange/Sources/Rearrange/UITextRange+Convenience.swift (in target 'Rearrange' from project 'Rearrange')
cd /Users/admin/builder/spi-builder-workspace/.swiftpm/xcode
builtin-SwiftPerFileCompile UITextRange+Convenience.swift
SwiftDriverJobDiscovery normal arm64 Compiling NSRange+ApplyMutation.swift (in target 'Rearrange' from project 'Rearrange')
SwiftDriverJobDiscovery normal arm64 Compiling IndexSet+ApplyMutation.swift (in target 'Rearrange' from project 'Rearrange')
SwiftDriver TreeSitterClient normal arm64_32 com.apple.xcode.tools.swift.compiler (in target 'TreeSitterClient' from project 'Neon')
cd /Users/admin/builder/spi-builder-workspace/.swiftpm/xcode
builtin-SwiftDriver -- /Applications/Xcode-27.0.0-Release.Candidate.app/Contents/Developer/Toolchains/XcodeDefault.xctoolchain/usr/bin/swiftc -parse-as-library -module-name TreeSitterClient -Onone @/Users/admin/builder/spi-builder-workspace/.derivedData/Build/Intermediates.noindex/Neon.build/Debug-watchos/TreeSitterClient-t.build/Objects-normal/arm64_32/TreeSitterClient.SwiftFileList -DSWIFT_PACKAGE -DDEBUG -DSWIFT_MODULE_RESOURCE_BUNDLE_UNAVAILABLE -Xcc -fmodule-map-file\=/Users/admin/builder/spi-builder-workspace/.derivedData/Build/Intermediates.noindex/GeneratedModuleMaps-watchos/TreeSitter.modulemap -DXcode -plugin-path /Applications/Xcode-27.0.0-Release.Candidate.app/Contents/Developer/Toolchains/XcodeDefault.xctoolchain/usr/lib/swift/host/plugins/testing -enable-experimental-feature DebugDescriptionMacro -sdk /Applications/Xcode-27.0.0-Release.Candidate.app/Contents/Developer/Platforms/WatchOS.platform/Developer/SDKs/WatchOS27.0.sdk -target arm64_32-apple-watchos9.0 -g -module-cache-path /Users/admin/builder/spi-builder-workspace/.derivedData/ModuleCache.noindex -Xfrontend -serialize-debugging-options -profile-coverage-mapping -profile-generate -enable-testing -index-store-path /Users/admin/builder/spi-builder-workspace/.derivedData/Index.noindex/DataStore -Xcc -D_LIBCPP_HARDENING_MODE\=_LIBCPP_HARDENING_MODE_DEBUG -swift-version 5 -I /Users/admin/builder/spi-builder-workspace/.derivedData/Build/Products/Debug-watchos -Isystem /Applications/Xcode-27.0.0-Release.Candidate.app/Contents/Developer/Platforms/WatchOS.platform/Developer/usr/lib -F /Users/admin/builder/spi-builder-workspace/.derivedData/Build/Products/Debug-watchos/PackageFrameworks -F /Users/admin/builder/spi-builder-workspace/.derivedData/Build/Products/Debug-watchos -F /Applications/Xcode-27.0.0-Release.Candidate.app/Contents/Developer/Platforms/WatchOS.platform/Developer/Library/Frameworks -F /Applications/Xcode-27.0.0-Release.Candidate.app/Contents/Developer/Platforms/WatchOS.platform/Developer/SDKs/WatchOS27.0.sdk/Developer/Library/Frameworks -c -j10 -enable-batch-mode -incremental -Xcc -ivfsstatcache -Xcc /Users/admin/builder/spi-builder-workspace/.derivedData/SDKStatCaches.noindex/watchos27.0-24R360-e829b21a6f8c9b70876ba0858053c04477534ef55a1706bf4c1112bbb242f0a2.sdkstatcache -output-file-map /Users/admin/builder/spi-builder-workspace/.derivedData/Build/Intermediates.noindex/Neon.build/Debug-watchos/TreeSitterClient-t.build/Objects-normal/arm64_32/TreeSitterClient-OutputFileMap.json -save-temps -no-color-diagnostics -explicit-module-build -module-cache-path /Users/admin/builder/spi-builder-workspace/.derivedData/Build/Intermediates.noindex/SwiftExplicitPrecompiledModules -clang-scanner-module-cache-path /Users/admin/builder/spi-builder-workspace/.derivedData/ModuleCache.noindex -sdk-module-cache-path /Users/admin/builder/spi-builder-workspace/.derivedData/SDKExplicitPrecompiledModules -emit-dependencies -emit-module -emit-module-path /Users/admin/builder/spi-builder-workspace/.derivedData/Build/Intermediates.noindex/Neon.build/Debug-watchos/TreeSitterClient-t.build/Objects-normal/arm64_32/TreeSitterClient.swiftmodule -serialize-diagnostics -dependency-scan-serialize-diagnostics-path /Users/admin/builder/spi-builder-workspace/.derivedData/Build/Intermediates.noindex/Neon.build/Debug-watchos/TreeSitterClient-t.build/Objects-normal/arm64_32/TreeSitterClient-dependency-scan.dia -validate-clang-modules-once -clang-build-session-file /Users/admin/builder/spi-builder-workspace/.derivedData/ModuleCache.noindex/Session.modulevalidation -Xcc -fmodules-prune-interval\=86400 -Xcc -fmodules-prune-after\=345600 -emit-const-values -const-gather-protocols-list /Users/admin/builder/spi-builder-workspace/.derivedData/Build/Intermediates.noindex/Neon.build/Debug-watchos/TreeSitterClient-t.build/Objects-normal/arm64_32/TreeSitterClient_const_extract_protocols.json -Xcc -I/Users/admin/builder/spi-builder-workspace/.dependencies/checkouts/tree-sitter/lib/include -Xcc -I/Users/admin/builder/spi-builder-workspace/.derivedData/Build/Products/Debug-watchos/include -Xcc -I/Users/admin/builder/spi-builder-workspace/.derivedData/Build/Intermediates.noindex/Neon.build/Debug-watchos/TreeSitterClient-t.build/DerivedSources-normal/arm64_32 -Xcc -I/Users/admin/builder/spi-builder-workspace/.derivedData/Build/Intermediates.noindex/Neon.build/Debug-watchos/TreeSitterClient-t.build/DerivedSources/arm64_32 -Xcc -I/Users/admin/builder/spi-builder-workspace/.derivedData/Build/Intermediates.noindex/Neon.build/Debug-watchos/TreeSitterClient-t.build/DerivedSources -Xcc -DSWIFT_PACKAGE -Xcc -DDEBUG\=1 -emit-objc-header -emit-objc-header-path /Users/admin/builder/spi-builder-workspace/.derivedData/Build/Intermediates.noindex/Neon.build/Debug-watchos/TreeSitterClient-t.build/Objects-normal/arm64_32/TreeSitterClient-Swift.h -working-directory /Users/admin/builder/spi-builder-workspace/.swiftpm/xcode -experimental-emit-module-separately -disable-cmo
SwiftDriver TreeSitterClient normal arm64 com.apple.xcode.tools.swift.compiler (in target 'TreeSitterClient' from project 'Neon')
cd /Users/admin/builder/spi-builder-workspace/.swiftpm/xcode
builtin-SwiftDriver -- /Applications/Xcode-27.0.0-Release.Candidate.app/Contents/Developer/Toolchains/XcodeDefault.xctoolchain/usr/bin/swiftc -parse-as-library -module-name TreeSitterClient -Onone @/Users/admin/builder/spi-builder-workspace/.derivedData/Build/Intermediates.noindex/Neon.build/Debug-watchos/TreeSitterClient-t.build/Objects-normal/arm64/TreeSitterClient.SwiftFileList -DSWIFT_PACKAGE -DDEBUG -DSWIFT_MODULE_RESOURCE_BUNDLE_UNAVAILABLE -Xcc -fmodule-map-file\=/Users/admin/builder/spi-builder-workspace/.derivedData/Build/Intermediates.noindex/GeneratedModuleMaps-watchos/TreeSitter.modulemap -DXcode -plugin-path /Applications/Xcode-27.0.0-Release.Candidate.app/Contents/Developer/Toolchains/XcodeDefault.xctoolchain/usr/lib/swift/host/plugins/testing -enable-experimental-feature DebugDescriptionMacro -sdk /Applications/Xcode-27.0.0-Release.Candidate.app/Contents/Developer/Platforms/WatchOS.platform/Developer/SDKs/WatchOS27.0.sdk -target arm64-apple-watchos9.0 -g -module-cache-path /Users/admin/builder/spi-builder-workspace/.derivedData/ModuleCache.noindex -Xfrontend -serialize-debugging-options -profile-coverage-mapping -profile-generate -enable-testing -index-store-path /Users/admin/builder/spi-builder-workspace/.derivedData/Index.noindex/DataStore -Xcc -D_LIBCPP_HARDENING_MODE\=_LIBCPP_HARDENING_MODE_DEBUG -swift-version 5 -I /Users/admin/builder/spi-builder-workspace/.derivedData/Build/Products/Debug-watchos -Isystem /Applications/Xcode-27.0.0-Release.Candidate.app/Contents/Developer/Platforms/WatchOS.platform/Developer/usr/lib -F /Users/admin/builder/spi-builder-workspace/.derivedData/Build/Products/Debug-watchos/PackageFrameworks -F /Users/admin/builder/spi-builder-workspace/.derivedData/Build/Products/Debug-watchos -F /Applications/Xcode-27.0.0-Release.Candidate.app/Contents/Developer/Platforms/WatchOS.platform/Developer/Library/Frameworks -F /Applications/Xcode-27.0.0-Release.Candidate.app/Contents/Developer/Platforms/WatchOS.platform/Developer/SDKs/WatchOS27.0.sdk/Developer/Library/Frameworks -c -j10 -enable-batch-mode -incremental -Xcc -ivfsstatcache -Xcc /Users/admin/builder/spi-builder-workspace/.derivedData/SDKStatCaches.noindex/watchos27.0-24R360-e829b21a6f8c9b70876ba0858053c04477534ef55a1706bf4c1112bbb242f0a2.sdkstatcache -output-file-map /Users/admin/builder/spi-builder-workspace/.derivedData/Build/Intermediates.noindex/Neon.build/Debug-watchos/TreeSitterClient-t.build/Objects-normal/arm64/TreeSitterClient-OutputFileMap.json -save-temps -no-color-diagnostics -explicit-module-build -module-cache-path /Users/admin/builder/spi-builder-workspace/.derivedData/Build/Intermediates.noindex/SwiftExplicitPrecompiledModules -clang-scanner-module-cache-path /Users/admin/builder/spi-builder-workspace/.derivedData/ModuleCache.noindex -sdk-module-cache-path /Users/admin/builder/spi-builder-workspace/.derivedData/SDKExplicitPrecompiledModules -emit-dependencies -emit-module -emit-module-path /Users/admin/builder/spi-builder-workspace/.derivedData/Build/Intermediates.noindex/Neon.build/Debug-watchos/TreeSitterClient-t.build/Objects-normal/arm64/TreeSitterClient.swiftmodule -serialize-diagnostics -dependency-scan-serialize-diagnostics-path /Users/admin/builder/spi-builder-workspace/.derivedData/Build/Intermediates.noindex/Neon.build/Debug-watchos/TreeSitterClient-t.build/Objects-normal/arm64/TreeSitterClient-dependency-scan.dia -validate-clang-modules-once -clang-build-session-file /Users/admin/builder/spi-builder-workspace/.derivedData/ModuleCache.noindex/Session.modulevalidation -Xcc -fmodules-prune-interval\=86400 -Xcc -fmodules-prune-after\=345600 -emit-const-values -const-gather-protocols-list /Users/admin/builder/spi-builder-workspace/.derivedData/Build/Intermediates.noindex/Neon.build/Debug-watchos/TreeSitterClient-t.build/Objects-normal/arm64/TreeSitterClient_const_extract_protocols.json -Xcc -I/Users/admin/builder/spi-builder-workspace/.dependencies/checkouts/tree-sitter/lib/include -Xcc -I/Users/admin/builder/spi-builder-workspace/.derivedData/Build/Products/Debug-watchos/include -Xcc -I/Users/admin/builder/spi-builder-workspace/.derivedData/Build/Intermediates.noindex/Neon.build/Debug-watchos/TreeSitterClient-t.build/DerivedSources-normal/arm64 -Xcc -I/Users/admin/builder/spi-builder-workspace/.derivedData/Build/Intermediates.noindex/Neon.build/Debug-watchos/TreeSitterClient-t.build/DerivedSources/arm64 -Xcc -I/Users/admin/builder/spi-builder-workspace/.derivedData/Build/Intermediates.noindex/Neon.build/Debug-watchos/TreeSitterClient-t.build/DerivedSources -Xcc -DSWIFT_PACKAGE -Xcc -DDEBUG\=1 -emit-objc-header -emit-objc-header-path /Users/admin/builder/spi-builder-workspace/.derivedData/Build/Intermediates.noindex/Neon.build/Debug-watchos/TreeSitterClient-t.build/Objects-normal/arm64/TreeSitterClient-Swift.h -working-directory /Users/admin/builder/spi-builder-workspace/.swiftpm/xcode -experimental-emit-module-separately -disable-cmo
SwiftDriverJobDiscovery normal arm64_32 Compiling NSTextRange+NSRange.swift (in target 'Rearrange' from project 'Rearrange')
SwiftDriverJobDiscovery normal arm64_32 Compiling NSTextLocation+Comparable.swift (in target 'Rearrange' from project 'Rearrange')
Ld /Users/admin/builder/spi-builder-workspace/.derivedData/Build/Intermediates.noindex/SwiftTreeSitter.build/Debug-watchos/SwiftTreeSitter-t.build/Objects-normal/arm64_32/Binary/SwiftTreeSitter.o normal arm64_32 (in target 'SwiftTreeSitter' from project 'SwiftTreeSitter')
cd /Users/admin/builder/spi-builder-workspace/.dependencies/checkouts/SwiftTreeSitter
/Applications/Xcode-27.0.0-Release.Candidate.app/Contents/Developer/Toolchains/XcodeDefault.xctoolchain/usr/bin/clang -Xlinker -reproducible -target arm64_32-apple-watchos9.0 -r -isysroot /Applications/Xcode-27.0.0-Release.Candidate.app/Contents/Developer/Platforms/WatchOS.platform/Developer/SDKs/WatchOS27.0.sdk -O0 -w -Xlinker -no_warn_duplicate_libraries -F/Users/admin/builder/spi-builder-workspace/.derivedData/Build/Intermediates.noindex/EagerLinkingTBDs/Debug-watchos -F/Users/admin/builder/spi-builder-workspace/.derivedData/Build/Products/Debug-watchos/PackageFrameworks -F/Users/admin/builder/spi-builder-workspace/.derivedData/Build/Products/Debug-watchos -iframework /Applications/Xcode-27.0.0-Release.Candidate.app/Contents/Developer/Platforms/WatchOS.platform/Developer/Library/Frameworks -iframework /Applications/Xcode-27.0.0-Release.Candidate.app/Contents/Developer/Platforms/WatchOS.platform/Developer/SDKs/WatchOS27.0.sdk/Developer/Library/Frameworks -filelist /Users/admin/builder/spi-builder-workspace/.derivedData/Build/Intermediates.noindex/SwiftTreeSitter.build/Debug-watchos/SwiftTreeSitter-t.build/Objects-normal/arm64_32/SwiftTreeSitter.LinkFileList -nostdlib -Xlinker -object_path_lto -Xlinker /Users/admin/builder/spi-builder-workspace/.derivedData/Build/Intermediates.noindex/SwiftTreeSitter.build/Debug-watchos/SwiftTreeSitter-t.build/Objects-normal/arm64_32/SwiftTreeSitter_lto.o -Xlinker -no_deduplicate -Xlinker -debug_variant -Xlinker -dependency_info -Xlinker /Users/admin/builder/spi-builder-workspace/.derivedData/Build/Intermediates.noindex/SwiftTreeSitter.build/Debug-watchos/SwiftTreeSitter-t.build/Objects-normal/arm64_32/SwiftTreeSitter_dependency_info.dat -fobjc-link-runtime -L/Applications/Xcode-27.0.0-Release.Candidate.app/Contents/Developer/Toolchains/XcodeDefault.xctoolchain/usr/lib/swift/watchos -L/usr/lib/swift -Xlinker -add_ast_path -Xlinker /Users/admin/builder/spi-builder-workspace/.derivedData/Build/Intermediates.noindex/SwiftTreeSitter.build/Debug-watchos/SwiftTreeSitter-t.build/Objects-normal/arm64_32/SwiftTreeSitter.swiftmodule -o /Users/admin/builder/spi-builder-workspace/.derivedData/Build/Intermediates.noindex/SwiftTreeSitter.build/Debug-watchos/SwiftTreeSitter-t.build/Objects-normal/arm64_32/Binary/SwiftTreeSitter.o
SwiftDriverJobDiscovery normal arm64 Compiling String+NSRange.swift (in target 'Rearrange' from project 'Rearrange')
SwiftDriverJobDiscovery normal arm64_32 Compiling NSRange+Shift.swift (in target 'Rearrange' from project 'Rearrange')
SwiftDriverJobDiscovery normal arm64 Compiling UITextRange+Convenience.swift (in target 'Rearrange' from project 'Rearrange')
SwiftDriverJobDiscovery normal arm64_32 Compiling IndexSet+NSRange.swift (in target 'Rearrange' from project 'Rearrange')
SwiftDriverJobDiscovery normal arm64_32 Compiling NSRange+Convenience.swift (in target 'Rearrange' from project 'Rearrange')
SwiftDriver\ Compilation Rearrange normal arm64_32 com.apple.xcode.tools.swift.compiler (in target 'Rearrange' from project 'Rearrange')
cd /Users/admin/builder/spi-builder-workspace/.swiftpm/xcode
builtin-Swift-Compilation -- /Applications/Xcode-27.0.0-Release.Candidate.app/Contents/Developer/Toolchains/XcodeDefault.xctoolchain/usr/bin/swiftc -parse-as-library -module-name Rearrange -Onone @/Users/admin/builder/spi-builder-workspace/.derivedData/Build/Intermediates.noindex/Rearrange.build/Debug-watchos/Rearrange-t.build/Objects-normal/arm64_32/Rearrange.SwiftFileList -DSWIFT_PACKAGE -DDEBUG -DSWIFT_MODULE_RESOURCE_BUNDLE_UNAVAILABLE -DXcode -plugin-path /Applications/Xcode-27.0.0-Release.Candidate.app/Contents/Developer/Toolchains/XcodeDefault.xctoolchain/usr/lib/swift/host/plugins/testing -enable-experimental-feature DebugDescriptionMacro -sdk /Applications/Xcode-27.0.0-Release.Candidate.app/Contents/Developer/Platforms/WatchOS.platform/Developer/SDKs/WatchOS27.0.sdk -target arm64_32-apple-watchos9.0 -g -module-cache-path /Users/admin/builder/spi-builder-workspace/.derivedData/ModuleCache.noindex -Xfrontend -serialize-debugging-options -profile-coverage-mapping -profile-generate -enable-testing -suppress-warnings -index-store-path /Users/admin/builder/spi-builder-workspace/.derivedData/Index.noindex/DataStore -Xcc -D_LIBCPP_HARDENING_MODE\=_LIBCPP_HARDENING_MODE_DEBUG -swift-version 5 -I /Users/admin/builder/spi-builder-workspace/.derivedData/Build/Products/Debug-watchos -Isystem /Applications/Xcode-27.0.0-Release.Candidate.app/Contents/Developer/Platforms/WatchOS.platform/Developer/usr/lib -F /Users/admin/builder/spi-builder-workspace/.derivedData/Build/Products/Debug-watchos -F /Applications/Xcode-27.0.0-Release.Candidate.app/Contents/Developer/Platforms/WatchOS.platform/Developer/Library/Frameworks -F /Applications/Xcode-27.0.0-Release.Candidate.app/Contents/Developer/Platforms/WatchOS.platform/Developer/SDKs/WatchOS27.0.sdk/Developer/Library/Frameworks -c -j10 -enable-batch-mode -incremental -Xcc -ivfsstatcache -Xcc /Users/admin/builder/spi-builder-workspace/.derivedData/SDKStatCaches.noindex/watchos27.0-24R360-e829b21a6f8c9b70876ba0858053c04477534ef55a1706bf4c1112bbb242f0a2.sdkstatcache -output-file-map /Users/admin/builder/spi-builder-workspace/.derivedData/Build/Intermediates.noindex/Rearrange.build/Debug-watchos/Rearrange-t.build/Objects-normal/arm64_32/Rearrange-OutputFileMap.json -save-temps -no-color-diagnostics -explicit-module-build -module-cache-path /Users/admin/builder/spi-builder-workspace/.derivedData/Build/Intermediates.noindex/SwiftExplicitPrecompiledModules -clang-scanner-module-cache-path /Users/admin/builder/spi-builder-workspace/.derivedData/ModuleCache.noindex -sdk-module-cache-path /Users/admin/builder/spi-builder-workspace/.derivedData/SDKExplicitPrecompiledModules -emit-dependencies -emit-module -emit-module-path /Users/admin/builder/spi-builder-workspace/.derivedData/Build/Intermediates.noindex/Rearrange.build/Debug-watchos/Rearrange-t.build/Objects-normal/arm64_32/Rearrange.swiftmodule -serialize-diagnostics -dependency-scan-serialize-diagnostics-path /Users/admin/builder/spi-builder-workspace/.derivedData/Build/Intermediates.noindex/Rearrange.build/Debug-watchos/Rearrange-t.build/Objects-normal/arm64_32/Rearrange-dependency-scan.dia -validate-clang-modules-once -clang-build-session-file /Users/admin/builder/spi-builder-workspace/.derivedData/ModuleCache.noindex/Session.modulevalidation -Xcc -fmodules-prune-interval\=86400 -Xcc -fmodules-prune-after\=345600 -emit-const-values -const-gather-protocols-list /Users/admin/builder/spi-builder-workspace/.derivedData/Build/Intermediates.noindex/Rearrange.build/Debug-watchos/Rearrange-t.build/Objects-normal/arm64_32/Rearrange_const_extract_protocols.json -Xcc -I/Users/admin/builder/spi-builder-workspace/.derivedData/Build/Products/Debug-watchos/include -Xcc -I/Users/admin/builder/spi-builder-workspace/.derivedData/Build/Intermediates.noindex/Rearrange.build/Debug-watchos/Rearrange-t.build/DerivedSources-normal/arm64_32 -Xcc -I/Users/admin/builder/spi-builder-workspace/.derivedData/Build/Intermediates.noindex/Rearrange.build/Debug-watchos/Rearrange-t.build/DerivedSources/arm64_32 -Xcc -I/Users/admin/builder/spi-builder-workspace/.derivedData/Build/Intermediates.noindex/Rearrange.build/Debug-watchos/Rearrange-t.build/DerivedSources -Xcc -DSWIFT_PACKAGE -Xcc -DDEBUG\=1 -emit-objc-header -emit-objc-header-path /Users/admin/builder/spi-builder-workspace/.derivedData/Build/Intermediates.noindex/Rearrange.build/Debug-watchos/Rearrange-t.build/Objects-normal/arm64_32/Rearrange-Swift.h -working-directory /Users/admin/builder/spi-builder-workspace/.swiftpm/xcode -experimental-emit-module-separately -disable-cmo
Ld /Users/admin/builder/spi-builder-workspace/.derivedData/Build/Intermediates.noindex/Rearrange.build/Debug-watchos/Rearrange-t.build/Objects-normal/arm64_32/Binary/Rearrange.o normal arm64_32 (in target 'Rearrange' from project 'Rearrange')
cd /Users/admin/builder/spi-builder-workspace/.dependencies/checkouts/Rearrange
/Applications/Xcode-27.0.0-Release.Candidate.app/Contents/Developer/Toolchains/XcodeDefault.xctoolchain/usr/bin/clang -Xlinker -reproducible -target arm64_32-apple-watchos9.0 -r -isysroot /Applications/Xcode-27.0.0-Release.Candidate.app/Contents/Developer/Platforms/WatchOS.platform/Developer/SDKs/WatchOS27.0.sdk -O0 -w -Xlinker -no_warn_duplicate_libraries -F/Users/admin/builder/spi-builder-workspace/.derivedData/Build/Intermediates.noindex/EagerLinkingTBDs/Debug-watchos -F/Users/admin/builder/spi-builder-workspace/.derivedData/Build/Products/Debug-watchos -iframework /Applications/Xcode-27.0.0-Release.Candidate.app/Contents/Developer/Platforms/WatchOS.platform/Developer/Library/Frameworks -iframework /Applications/Xcode-27.0.0-Release.Candidate.app/Contents/Developer/Platforms/WatchOS.platform/Developer/SDKs/WatchOS27.0.sdk/Developer/Library/Frameworks -filelist /Users/admin/builder/spi-builder-workspace/.derivedData/Build/Intermediates.noindex/Rearrange.build/Debug-watchos/Rearrange-t.build/Objects-normal/arm64_32/Rearrange.LinkFileList -nostdlib -Xlinker -object_path_lto -Xlinker /Users/admin/builder/spi-builder-workspace/.derivedData/Build/Intermediates.noindex/Rearrange.build/Debug-watchos/Rearrange-t.build/Objects-normal/arm64_32/Rearrange_lto.o -Xlinker -no_deduplicate -Xlinker -debug_variant -Xlinker -dependency_info -Xlinker /Users/admin/builder/spi-builder-workspace/.derivedData/Build/Intermediates.noindex/Rearrange.build/Debug-watchos/Rearrange-t.build/Objects-normal/arm64_32/Rearrange_dependency_info.dat -fobjc-link-runtime -L/Applications/Xcode-27.0.0-Release.Candidate.app/Contents/Developer/Toolchains/XcodeDefault.xctoolchain/usr/lib/swift/watchos -L/usr/lib/swift -Xlinker -add_ast_path -Xlinker /Users/admin/builder/spi-builder-workspace/.derivedData/Build/Intermediates.noindex/Rearrange.build/Debug-watchos/Rearrange-t.build/Objects-normal/arm64_32/Rearrange.swiftmodule -o /Users/admin/builder/spi-builder-workspace/.derivedData/Build/Intermediates.noindex/Rearrange.build/Debug-watchos/Rearrange-t.build/Objects-normal/arm64_32/Binary/Rearrange.o
SwiftDriverJobDiscovery normal arm64 Compiling Point.swift, Predicate.swift (in target 'SwiftTreeSitter' from project 'SwiftTreeSitter')
SwiftDriver\ Compilation SwiftTreeSitter normal arm64 com.apple.xcode.tools.swift.compiler (in target 'SwiftTreeSitter' from project 'SwiftTreeSitter')
cd /Users/admin/builder/spi-builder-workspace/.swiftpm/xcode
builtin-Swift-Compilation -- /Applications/Xcode-27.0.0-Release.Candidate.app/Contents/Developer/Toolchains/XcodeDefault.xctoolchain/usr/bin/swiftc -parse-as-library -module-name SwiftTreeSitter -Onone @/Users/admin/builder/spi-builder-workspace/.derivedData/Build/Intermediates.noindex/SwiftTreeSitter.build/Debug-watchos/SwiftTreeSitter-t.build/Objects-normal/arm64/SwiftTreeSitter.SwiftFileList -DSWIFT_PACKAGE -DDEBUG -DSWIFT_MODULE_RESOURCE_BUNDLE_UNAVAILABLE -Xcc -fmodule-map-file\=/Users/admin/builder/spi-builder-workspace/.derivedData/Build/Intermediates.noindex/GeneratedModuleMaps-watchos/TreeSitter.modulemap -DXcode -enable-experimental-feature StrictConcurrency -plugin-path /Applications/Xcode-27.0.0-Release.Candidate.app/Contents/Developer/Toolchains/XcodeDefault.xctoolchain/usr/lib/swift/host/plugins/testing -enable-experimental-feature DebugDescriptionMacro -sdk /Applications/Xcode-27.0.0-Release.Candidate.app/Contents/Developer/Platforms/WatchOS.platform/Developer/SDKs/WatchOS27.0.sdk -target arm64-apple-watchos9.0 -g -module-cache-path /Users/admin/builder/spi-builder-workspace/.derivedData/ModuleCache.noindex -Xfrontend -serialize-debugging-options -profile-coverage-mapping -profile-generate -enable-testing -suppress-warnings -index-store-path /Users/admin/builder/spi-builder-workspace/.derivedData/Index.noindex/DataStore -Xcc -D_LIBCPP_HARDENING_MODE\=_LIBCPP_HARDENING_MODE_DEBUG -swift-version 5 -I /Users/admin/builder/spi-builder-workspace/.derivedData/Build/Products/Debug-watchos -Isystem /Applications/Xcode-27.0.0-Release.Candidate.app/Contents/Developer/Platforms/WatchOS.platform/Developer/usr/lib -F /Users/admin/builder/spi-builder-workspace/.derivedData/Build/Products/Debug-watchos/PackageFrameworks -F /Users/admin/builder/spi-builder-workspace/.derivedData/Build/Products/Debug-watchos -F /Applications/Xcode-27.0.0-Release.Candidate.app/Contents/Developer/Platforms/WatchOS.platform/Developer/Library/Frameworks -F /Applications/Xcode-27.0.0-Release.Candidate.app/Contents/Developer/Platforms/WatchOS.platform/Developer/SDKs/WatchOS27.0.sdk/Developer/Library/Frameworks -c -j10 -enable-batch-mode -incremental -Xcc -ivfsstatcache -Xcc /Users/admin/builder/spi-builder-workspace/.derivedData/SDKStatCaches.noindex/watchos27.0-24R360-e829b21a6f8c9b70876ba0858053c04477534ef55a1706bf4c1112bbb242f0a2.sdkstatcache -output-file-map /Users/admin/builder/spi-builder-workspace/.derivedData/Build/Intermediates.noindex/SwiftTreeSitter.build/Debug-watchos/SwiftTreeSitter-t.build/Objects-normal/arm64/SwiftTreeSitter-OutputFileMap.json -save-temps -no-color-diagnostics -explicit-module-build -module-cache-path /Users/admin/builder/spi-builder-workspace/.derivedData/Build/Intermediates.noindex/SwiftExplicitPrecompiledModules -clang-scanner-module-cache-path /Users/admin/builder/spi-builder-workspace/.derivedData/ModuleCache.noindex -sdk-module-cache-path /Users/admin/builder/spi-builder-workspace/.derivedData/SDKExplicitPrecompiledModules -emit-dependencies -emit-module -emit-module-path /Users/admin/builder/spi-builder-workspace/.derivedData/Build/Intermediates.noindex/SwiftTreeSitter.build/Debug-watchos/SwiftTreeSitter-t.build/Objects-normal/arm64/SwiftTreeSitter.swiftmodule -serialize-diagnostics -dependency-scan-serialize-diagnostics-path /Users/admin/builder/spi-builder-workspace/.derivedData/Build/Intermediates.noindex/SwiftTreeSitter.build/Debug-watchos/SwiftTreeSitter-t.build/Objects-normal/arm64/SwiftTreeSitter-dependency-scan.dia -validate-clang-modules-once -clang-build-session-file /Users/admin/builder/spi-builder-workspace/.derivedData/ModuleCache.noindex/Session.modulevalidation -Xcc -fmodules-prune-interval\=86400 -Xcc -fmodules-prune-after\=345600 -package-name swifttreesitter -emit-const-values -const-gather-protocols-list /Users/admin/builder/spi-builder-workspace/.derivedData/Build/Intermediates.noindex/SwiftTreeSitter.build/Debug-watchos/SwiftTreeSitter-t.build/Objects-normal/arm64/SwiftTreeSitter_const_extract_protocols.json -Xcc -I/Users/admin/builder/spi-builder-workspace/.dependencies/checkouts/tree-sitter/lib/include -Xcc -I/Users/admin/builder/spi-builder-workspace/.derivedData/Build/Products/Debug-watchos/include -Xcc -I/Users/admin/builder/spi-builder-workspace/.derivedData/Build/Intermediates.noindex/SwiftTreeSitter.build/Debug-watchos/SwiftTreeSitter-t.build/DerivedSources-normal/arm64 -Xcc -I/Users/admin/builder/spi-builder-workspace/.derivedData/Build/Intermediates.noindex/SwiftTreeSitter.build/Debug-watchos/SwiftTreeSitter-t.build/DerivedSources/arm64 -Xcc -I/Users/admin/builder/spi-builder-workspace/.derivedData/Build/Intermediates.noindex/SwiftTreeSitter.build/Debug-watchos/SwiftTreeSitter-t.build/DerivedSources -Xcc -DSWIFT_PACKAGE -Xcc -DDEBUG\=1 -emit-objc-header -emit-objc-header-path /Users/admin/builder/spi-builder-workspace/.derivedData/Build/Intermediates.noindex/SwiftTreeSitter.build/Debug-watchos/SwiftTreeSitter-t.build/Objects-normal/arm64/SwiftTreeSitter-Swift.h -working-directory /Users/admin/builder/spi-builder-workspace/.swiftpm/xcode -experimental-emit-module-separately -disable-cmo
SwiftDriverJobDiscovery normal arm64 Compiling RangeMutation.swift (in target 'Rearrange' from project 'Rearrange')
SwiftDriver\ Compilation Rearrange normal arm64 com.apple.xcode.tools.swift.compiler (in target 'Rearrange' from project 'Rearrange')
cd /Users/admin/builder/spi-builder-workspace/.swiftpm/xcode
builtin-Swift-Compilation -- /Applications/Xcode-27.0.0-Release.Candidate.app/Contents/Developer/Toolchains/XcodeDefault.xctoolchain/usr/bin/swiftc -parse-as-library -module-name Rearrange -Onone @/Users/admin/builder/spi-builder-workspace/.derivedData/Build/Intermediates.noindex/Rearrange.build/Debug-watchos/Rearrange-t.build/Objects-normal/arm64/Rearrange.SwiftFileList -DSWIFT_PACKAGE -DDEBUG -DSWIFT_MODULE_RESOURCE_BUNDLE_UNAVAILABLE -DXcode -plugin-path /Applications/Xcode-27.0.0-Release.Candidate.app/Contents/Developer/Toolchains/XcodeDefault.xctoolchain/usr/lib/swift/host/plugins/testing -enable-experimental-feature DebugDescriptionMacro -sdk /Applications/Xcode-27.0.0-Release.Candidate.app/Contents/Developer/Platforms/WatchOS.platform/Developer/SDKs/WatchOS27.0.sdk -target arm64-apple-watchos9.0 -g -module-cache-path /Users/admin/builder/spi-builder-workspace/.derivedData/ModuleCache.noindex -Xfrontend -serialize-debugging-options -profile-coverage-mapping -profile-generate -enable-testing -suppress-warnings -index-store-path /Users/admin/builder/spi-builder-workspace/.derivedData/Index.noindex/DataStore -Xcc -D_LIBCPP_HARDENING_MODE\=_LIBCPP_HARDENING_MODE_DEBUG -swift-version 5 -I /Users/admin/builder/spi-builder-workspace/.derivedData/Build/Products/Debug-watchos -Isystem /Applications/Xcode-27.0.0-Release.Candidate.app/Contents/Developer/Platforms/WatchOS.platform/Developer/usr/lib -F /Users/admin/builder/spi-builder-workspace/.derivedData/Build/Products/Debug-watchos -F /Applications/Xcode-27.0.0-Release.Candidate.app/Contents/Developer/Platforms/WatchOS.platform/Developer/Library/Frameworks -F /Applications/Xcode-27.0.0-Release.Candidate.app/Contents/Developer/Platforms/WatchOS.platform/Developer/SDKs/WatchOS27.0.sdk/Developer/Library/Frameworks -c -j10 -enable-batch-mode -incremental -Xcc -ivfsstatcache -Xcc /Users/admin/builder/spi-builder-workspace/.derivedData/SDKStatCaches.noindex/watchos27.0-24R360-e829b21a6f8c9b70876ba0858053c04477534ef55a1706bf4c1112bbb242f0a2.sdkstatcache -output-file-map /Users/admin/builder/spi-builder-workspace/.derivedData/Build/Intermediates.noindex/Rearrange.build/Debug-watchos/Rearrange-t.build/Objects-normal/arm64/Rearrange-OutputFileMap.json -save-temps -no-color-diagnostics -explicit-module-build -module-cache-path /Users/admin/builder/spi-builder-workspace/.derivedData/Build/Intermediates.noindex/SwiftExplicitPrecompiledModules -clang-scanner-module-cache-path /Users/admin/builder/spi-builder-workspace/.derivedData/ModuleCache.noindex -sdk-module-cache-path /Users/admin/builder/spi-builder-workspace/.derivedData/SDKExplicitPrecompiledModules -emit-dependencies -emit-module -emit-module-path /Users/admin/builder/spi-builder-workspace/.derivedData/Build/Intermediates.noindex/Rearrange.build/Debug-watchos/Rearrange-t.build/Objects-normal/arm64/Rearrange.swiftmodule -serialize-diagnostics -dependency-scan-serialize-diagnostics-path /Users/admin/builder/spi-builder-workspace/.derivedData/Build/Intermediates.noindex/Rearrange.build/Debug-watchos/Rearrange-t.build/Objects-normal/arm64/Rearrange-dependency-scan.dia -validate-clang-modules-once -clang-build-session-file /Users/admin/builder/spi-builder-workspace/.derivedData/ModuleCache.noindex/Session.modulevalidation -Xcc -fmodules-prune-interval\=86400 -Xcc -fmodules-prune-after\=345600 -emit-const-values -const-gather-protocols-list /Users/admin/builder/spi-builder-workspace/.derivedData/Build/Intermediates.noindex/Rearrange.build/Debug-watchos/Rearrange-t.build/Objects-normal/arm64/Rearrange_const_extract_protocols.json -Xcc -I/Users/admin/builder/spi-builder-workspace/.derivedData/Build/Products/Debug-watchos/include -Xcc -I/Users/admin/builder/spi-builder-workspace/.derivedData/Build/Intermediates.noindex/Rearrange.build/Debug-watchos/Rearrange-t.build/DerivedSources-normal/arm64 -Xcc -I/Users/admin/builder/spi-builder-workspace/.derivedData/Build/Intermediates.noindex/Rearrange.build/Debug-watchos/Rearrange-t.build/DerivedSources/arm64 -Xcc -I/Users/admin/builder/spi-builder-workspace/.derivedData/Build/Intermediates.noindex/Rearrange.build/Debug-watchos/Rearrange-t.build/DerivedSources -Xcc -DSWIFT_PACKAGE -Xcc -DDEBUG\=1 -emit-objc-header -emit-objc-header-path /Users/admin/builder/spi-builder-workspace/.derivedData/Build/Intermediates.noindex/Rearrange.build/Debug-watchos/Rearrange-t.build/Objects-normal/arm64/Rearrange-Swift.h -working-directory /Users/admin/builder/spi-builder-workspace/.swiftpm/xcode -experimental-emit-module-separately -disable-cmo
Ld /Users/admin/builder/spi-builder-workspace/.derivedData/Build/Intermediates.noindex/SwiftTreeSitter.build/Debug-watchos/SwiftTreeSitter-t.build/Objects-normal/arm64/Binary/SwiftTreeSitter.o normal arm64 (in target 'SwiftTreeSitter' from project 'SwiftTreeSitter')
cd /Users/admin/builder/spi-builder-workspace/.dependencies/checkouts/SwiftTreeSitter
/Applications/Xcode-27.0.0-Release.Candidate.app/Contents/Developer/Toolchains/XcodeDefault.xctoolchain/usr/bin/clang -Xlinker -reproducible -target arm64-apple-watchos9.0 -r -isysroot /Applications/Xcode-27.0.0-Release.Candidate.app/Contents/Developer/Platforms/WatchOS.platform/Developer/SDKs/WatchOS27.0.sdk -O0 -w -Xlinker -no_warn_duplicate_libraries -F/Users/admin/builder/spi-builder-workspace/.derivedData/Build/Intermediates.noindex/EagerLinkingTBDs/Debug-watchos -F/Users/admin/builder/spi-builder-workspace/.derivedData/Build/Products/Debug-watchos/PackageFrameworks -F/Users/admin/builder/spi-builder-workspace/.derivedData/Build/Products/Debug-watchos -iframework /Applications/Xcode-27.0.0-Release.Candidate.app/Contents/Developer/Platforms/WatchOS.platform/Developer/Library/Frameworks -iframework /Applications/Xcode-27.0.0-Release.Candidate.app/Contents/Developer/Platforms/WatchOS.platform/Developer/SDKs/WatchOS27.0.sdk/Developer/Library/Frameworks -filelist /Users/admin/builder/spi-builder-workspace/.derivedData/Build/Intermediates.noindex/SwiftTreeSitter.build/Debug-watchos/SwiftTreeSitter-t.build/Objects-normal/arm64/SwiftTreeSitter.LinkFileList -nostdlib -Xlinker -object_path_lto -Xlinker /Users/admin/builder/spi-builder-workspace/.derivedData/Build/Intermediates.noindex/SwiftTreeSitter.build/Debug-watchos/SwiftTreeSitter-t.build/Objects-normal/arm64/SwiftTreeSitter_lto.o -Xlinker -no_deduplicate -Xlinker -debug_variant -Xlinker -dependency_info -Xlinker /Users/admin/builder/spi-builder-workspace/.derivedData/Build/Intermediates.noindex/SwiftTreeSitter.build/Debug-watchos/SwiftTreeSitter-t.build/Objects-normal/arm64/SwiftTreeSitter_dependency_info.dat -fobjc-link-runtime -L/Applications/Xcode-27.0.0-Release.Candidate.app/Contents/Developer/Toolchains/XcodeDefault.xctoolchain/usr/lib/swift/watchos -L/usr/lib/swift -Xlinker -add_ast_path -Xlinker /Users/admin/builder/spi-builder-workspace/.derivedData/Build/Intermediates.noindex/SwiftTreeSitter.build/Debug-watchos/SwiftTreeSitter-t.build/Objects-normal/arm64/SwiftTreeSitter.swiftmodule -o /Users/admin/builder/spi-builder-workspace/.derivedData/Build/Intermediates.noindex/SwiftTreeSitter.build/Debug-watchos/SwiftTreeSitter-t.build/Objects-normal/arm64/Binary/SwiftTreeSitter.o
Ld /Users/admin/builder/spi-builder-workspace/.derivedData/Build/Intermediates.noindex/Rearrange.build/Debug-watchos/Rearrange-t.build/Objects-normal/arm64/Binary/Rearrange.o normal arm64 (in target 'Rearrange' from project 'Rearrange')
cd /Users/admin/builder/spi-builder-workspace/.dependencies/checkouts/Rearrange
/Applications/Xcode-27.0.0-Release.Candidate.app/Contents/Developer/Toolchains/XcodeDefault.xctoolchain/usr/bin/clang -Xlinker -reproducible -target arm64-apple-watchos9.0 -r -isysroot /Applications/Xcode-27.0.0-Release.Candidate.app/Contents/Developer/Platforms/WatchOS.platform/Developer/SDKs/WatchOS27.0.sdk -O0 -w -Xlinker -no_warn_duplicate_libraries -F/Users/admin/builder/spi-builder-workspace/.derivedData/Build/Intermediates.noindex/EagerLinkingTBDs/Debug-watchos -F/Users/admin/builder/spi-builder-workspace/.derivedData/Build/Products/Debug-watchos -iframework /Applications/Xcode-27.0.0-Release.Candidate.app/Contents/Developer/Platforms/WatchOS.platform/Developer/Library/Frameworks -iframework /Applications/Xcode-27.0.0-Release.Candidate.app/Contents/Developer/Platforms/WatchOS.platform/Developer/SDKs/WatchOS27.0.sdk/Developer/Library/Frameworks -filelist /Users/admin/builder/spi-builder-workspace/.derivedData/Build/Intermediates.noindex/Rearrange.build/Debug-watchos/Rearrange-t.build/Objects-normal/arm64/Rearrange.LinkFileList -nostdlib -Xlinker -object_path_lto -Xlinker /Users/admin/builder/spi-builder-workspace/.derivedData/Build/Intermediates.noindex/Rearrange.build/Debug-watchos/Rearrange-t.build/Objects-normal/arm64/Rearrange_lto.o -Xlinker -no_deduplicate -Xlinker -debug_variant -Xlinker -dependency_info -Xlinker /Users/admin/builder/spi-builder-workspace/.derivedData/Build/Intermediates.noindex/Rearrange.build/Debug-watchos/Rearrange-t.build/Objects-normal/arm64/Rearrange_dependency_info.dat -fobjc-link-runtime -L/Applications/Xcode-27.0.0-Release.Candidate.app/Contents/Developer/Toolchains/XcodeDefault.xctoolchain/usr/lib/swift/watchos -L/usr/lib/swift -Xlinker -add_ast_path -Xlinker /Users/admin/builder/spi-builder-workspace/.derivedData/Build/Intermediates.noindex/Rearrange.build/Debug-watchos/Rearrange-t.build/Objects-normal/arm64/Rearrange.swiftmodule -o /Users/admin/builder/spi-builder-workspace/.derivedData/Build/Intermediates.noindex/Rearrange.build/Debug-watchos/Rearrange-t.build/Objects-normal/arm64/Binary/Rearrange.o
CreateUniversalBinary /Users/admin/builder/spi-builder-workspace/.derivedData/Build/Products/Debug-watchos/Rearrange.o normal arm64\ arm64_32 (in target 'Rearrange' from project 'Rearrange')
cd /Users/admin/builder/spi-builder-workspace/.dependencies/checkouts/Rearrange
/Applications/Xcode-27.0.0-Release.Candidate.app/Contents/Developer/Toolchains/XcodeDefault.xctoolchain/usr/bin/lipo -create /Users/admin/builder/spi-builder-workspace/.derivedData/Build/Intermediates.noindex/Rearrange.build/Debug-watchos/Rearrange-t.build/Objects-normal/arm64/Binary/Rearrange.o /Users/admin/builder/spi-builder-workspace/.derivedData/Build/Intermediates.noindex/Rearrange.build/Debug-watchos/Rearrange-t.build/Objects-normal/arm64_32/Binary/Rearrange.o -output /Users/admin/builder/spi-builder-workspace/.derivedData/Build/Products/Debug-watchos/Rearrange.o
CreateUniversalBinary /Users/admin/builder/spi-builder-workspace/.derivedData/Build/Products/Debug-watchos/SwiftTreeSitter.o normal arm64\ arm64_32 (in target 'SwiftTreeSitter' from project 'SwiftTreeSitter')
cd /Users/admin/builder/spi-builder-workspace/.dependencies/checkouts/SwiftTreeSitter
/Applications/Xcode-27.0.0-Release.Candidate.app/Contents/Developer/Toolchains/XcodeDefault.xctoolchain/usr/bin/lipo -create /Users/admin/builder/spi-builder-workspace/.derivedData/Build/Intermediates.noindex/SwiftTreeSitter.build/Debug-watchos/SwiftTreeSitter-t.build/Objects-normal/arm64/Binary/SwiftTreeSitter.o /Users/admin/builder/spi-builder-workspace/.derivedData/Build/Intermediates.noindex/SwiftTreeSitter.build/Debug-watchos/SwiftTreeSitter-t.build/Objects-normal/arm64_32/Binary/SwiftTreeSitter.o -output /Users/admin/builder/spi-builder-workspace/.derivedData/Build/Products/Debug-watchos/SwiftTreeSitter.o
ExtractAppIntentsMetadata (in target 'Rearrange' from project 'Rearrange')
cd /Users/admin/builder/spi-builder-workspace/.dependencies/checkouts/Rearrange
/Applications/Xcode-27.0.0-Release.Candidate.app/Contents/Developer/Toolchains/XcodeDefault.xctoolchain/usr/bin/appintentsmetadataprocessor --toolchain-dir /var/run/com.apple.security.cryptexd/mnt/com.apple.MobileAsset.MetalToolchain-v27.1.266.1.aI4rTf/Metal.xctoolchain --module-name Rearrange --sdk-root /Applications/Xcode-27.0.0-Release.Candidate.app/Contents/Developer/Platforms/WatchOS.platform/Developer/SDKs/WatchOS27.0.sdk --xcode-version 27A266a --platform-family watchOS --deployment-target 9.0 --bundle-identifier rearrange.Rearrange --output /Users/admin/builder/spi-builder-workspace/.derivedData/Build/Products/Debug-watchos/Rearrange.appintents --target-triple arm64-apple-watchos9.0 --target-triple arm64_32-apple-watchos9.0 --binary-file /Users/admin/builder/spi-builder-workspace/.derivedData/Build/Products/Debug-watchos/Rearrange.o --dependency-file /Users/admin/builder/spi-builder-workspace/.derivedData/Build/Intermediates.noindex/Rearrange.build/Debug-watchos/Rearrange-t.build/Objects-normal/arm64/Rearrange_dependency_info.dat --dependency-file /Users/admin/builder/spi-builder-workspace/.derivedData/Build/Intermediates.noindex/Rearrange.build/Debug-watchos/Rearrange-t.build/Objects-normal/arm64_32/Rearrange_dependency_info.dat --stringsdata-file /Users/admin/builder/spi-builder-workspace/.derivedData/Build/Intermediates.noindex/Rearrange.build/Debug-watchos/Rearrange-t.build/Objects-normal/arm64/ExtractedAppShortcutsMetadata.stringsdata --stringsdata-file /Users/admin/builder/spi-builder-workspace/.derivedData/Build/Intermediates.noindex/Rearrange.build/Debug-watchos/Rearrange-t.build/Objects-normal/arm64_32/ExtractedAppShortcutsMetadata.stringsdata --source-file-list /Users/admin/builder/spi-builder-workspace/.derivedData/Build/Intermediates.noindex/Rearrange.build/Debug-watchos/Rearrange-t.build/Objects-normal/arm64/Rearrange.SwiftFileList --source-file-list /Users/admin/builder/spi-builder-workspace/.derivedData/Build/Intermediates.noindex/Rearrange.build/Debug-watchos/Rearrange-t.build/Objects-normal/arm64_32/Rearrange.SwiftFileList --metadata-file-list /Users/admin/builder/spi-builder-workspace/.derivedData/Build/Intermediates.noindex/Rearrange.build/Debug-watchos/Rearrange-t.build/Rearrange.DependencyMetadataFileList --static-metadata-file-list /Users/admin/builder/spi-builder-workspace/.derivedData/Build/Intermediates.noindex/Rearrange.build/Debug-watchos/Rearrange-t.build/Rearrange.DependencyStaticMetadataFileList --swift-const-vals-list /Users/admin/builder/spi-builder-workspace/.derivedData/Build/Intermediates.noindex/Rearrange.build/Debug-watchos/Rearrange-t.build/Objects-normal/arm64/Rearrange.SwiftConstValuesFileList --swift-const-vals-list /Users/admin/builder/spi-builder-workspace/.derivedData/Build/Intermediates.noindex/Rearrange.build/Debug-watchos/Rearrange-t.build/Objects-normal/arm64_32/Rearrange.SwiftConstValuesFileList --force --compile-time-extraction --deployment-aware-processing --no-app-shortcuts-localization
2026-09-27 14:43:24.347 appintentsmetadataprocessor[1098:5938] Starting appintentsmetadataprocessor export
2026-09-27 14:43:24.497 appintentsmetadataprocessor[1098:5938] Extracted no relevant App Intents symbols, skipping writing output
ExtractAppIntentsMetadata (in target 'SwiftTreeSitter' from project 'SwiftTreeSitter')
cd /Users/admin/builder/spi-builder-workspace/.dependencies/checkouts/SwiftTreeSitter
/Applications/Xcode-27.0.0-Release.Candidate.app/Contents/Developer/Toolchains/XcodeDefault.xctoolchain/usr/bin/appintentsmetadataprocessor --toolchain-dir /var/run/com.apple.security.cryptexd/mnt/com.apple.MobileAsset.MetalToolchain-v27.1.266.1.aI4rTf/Metal.xctoolchain --module-name SwiftTreeSitter --sdk-root /Applications/Xcode-27.0.0-Release.Candidate.app/Contents/Developer/Platforms/WatchOS.platform/Developer/SDKs/WatchOS27.0.sdk --xcode-version 27A266a --platform-family watchOS --deployment-target 9.0 --bundle-identifier swifttreesitter.SwiftTreeSitter --output /Users/admin/builder/spi-builder-workspace/.derivedData/Build/Products/Debug-watchos/SwiftTreeSitter.appintents --target-triple arm64-apple-watchos9.0 --target-triple arm64_32-apple-watchos9.0 --binary-file /Users/admin/builder/spi-builder-workspace/.derivedData/Build/Products/Debug-watchos/SwiftTreeSitter.o --dependency-file /Users/admin/builder/spi-builder-workspace/.derivedData/Build/Intermediates.noindex/SwiftTreeSitter.build/Debug-watchos/SwiftTreeSitter-t.build/Objects-normal/arm64/SwiftTreeSitter_dependency_info.dat --dependency-file /Users/admin/builder/spi-builder-workspace/.derivedData/Build/Intermediates.noindex/SwiftTreeSitter.build/Debug-watchos/SwiftTreeSitter-t.build/Objects-normal/arm64_32/SwiftTreeSitter_dependency_info.dat --stringsdata-file /Users/admin/builder/spi-builder-workspace/.derivedData/Build/Intermediates.noindex/SwiftTreeSitter.build/Debug-watchos/SwiftTreeSitter-t.build/Objects-normal/arm64/ExtractedAppShortcutsMetadata.stringsdata --stringsdata-file /Users/admin/builder/spi-builder-workspace/.derivedData/Build/Intermediates.noindex/SwiftTreeSitter.build/Debug-watchos/SwiftTreeSitter-t.build/Objects-normal/arm64_32/ExtractedAppShortcutsMetadata.stringsdata --source-file-list /Users/admin/builder/spi-builder-workspace/.derivedData/Build/Intermediates.noindex/SwiftTreeSitter.build/Debug-watchos/SwiftTreeSitter-t.build/Objects-normal/arm64/SwiftTreeSitter.SwiftFileList --source-file-list /Users/admin/builder/spi-builder-workspace/.derivedData/Build/Intermediates.noindex/SwiftTreeSitter.build/Debug-watchos/SwiftTreeSitter-t.build/Objects-normal/arm64_32/SwiftTreeSitter.SwiftFileList --metadata-file-list /Users/admin/builder/spi-builder-workspace/.derivedData/Build/Intermediates.noindex/SwiftTreeSitter.build/Debug-watchos/SwiftTreeSitter-t.build/SwiftTreeSitter.DependencyMetadataFileList --static-metadata-file-list /Users/admin/builder/spi-builder-workspace/.derivedData/Build/Intermediates.noindex/SwiftTreeSitter.build/Debug-watchos/SwiftTreeSitter-t.build/SwiftTreeSitter.DependencyStaticMetadataFileList --swift-const-vals-list /Users/admin/builder/spi-builder-workspace/.derivedData/Build/Intermediates.noindex/SwiftTreeSitter.build/Debug-watchos/SwiftTreeSitter-t.build/Objects-normal/arm64/SwiftTreeSitter.SwiftConstValuesFileList --swift-const-vals-list /Users/admin/builder/spi-builder-workspace/.derivedData/Build/Intermediates.noindex/SwiftTreeSitter.build/Debug-watchos/SwiftTreeSitter-t.build/Objects-normal/arm64_32/SwiftTreeSitter.SwiftConstValuesFileList --force --compile-time-extraction --deployment-aware-processing --no-app-shortcuts-localization
2026-09-27 14:43:24.347 appintentsmetadataprocessor[1099:5939] Starting appintentsmetadataprocessor export
2026-09-27 14:43:24.503 appintentsmetadataprocessor[1099:5939] Extracted no relevant App Intents symbols, skipping writing output
SwiftCompile normal arm64_32 Compiling\ TreeSitter+Extensions.swift /Users/admin/builder/spi-builder-workspace/Sources/TreeSitterClient/TreeSitter+Extensions.swift (in target 'TreeSitterClient' from project 'Neon')
SwiftCompile normal arm64_32 /Users/admin/builder/spi-builder-workspace/Sources/TreeSitterClient/TreeSitter+Extensions.swift (in target 'TreeSitterClient' from project 'Neon')
cd /Users/admin/builder/spi-builder-workspace/.swiftpm/xcode
builtin-SwiftPerFileCompile TreeSitter+Extensions.swift
SwiftEmitModule normal arm64_32 Emitting\ module\ for\ TreeSitterClient (in target 'TreeSitterClient' from project 'Neon')
/Users/admin/builder/spi-builder-workspace/Sources/TreeSitterClient/TreeSitterClient.swift:272:58: warning: 'ResolvingQueryCursor' is deprecated: Please use ResolvingQueryMatchSequence [#DeprecatedDeclaration]
270 | extension TreeSitterClient {
271 | public typealias QueryCursorResult = Result<QueryCursor, TreeSitterClientError>
272 | public typealias ResolvingQueryCursorResult = Result<ResolvingQueryCursor, TreeSitterClientError>
| `- warning: 'ResolvingQueryCursor' is deprecated: Please use ResolvingQueryMatchSequence [#DeprecatedDeclaration]
273 |
274 | /// Determine if it is likely that a synchronous query will execute quickly
/Users/admin/builder/spi-builder-workspace/Sources/TreeSitterClient/TreeSitterClient.swift:374:62: warning: 'ResolvingQueryCursor' is deprecated: Please use ResolvingQueryMatchSequence [#DeprecatedDeclaration]
372 | in range: NSRange,
373 | executionMode: ExecutionMode = .asynchronous(prefetch: true),
374 | textProvider: TextProvider? = nil) async throws -> ResolvingQueryCursor {
| `- warning: 'ResolvingQueryCursor' is deprecated: Please use ResolvingQueryMatchSequence [#DeprecatedDeclaration]
375 | try await withCheckedThrowingContinuation { continuation in
376 | self.executeResolvingQuery(query, in: range, executionMode: executionMode, textProvider: textProvider) { result in
[#DeprecatedDeclaration]: <https://docs.swift.org/compiler/documentation/diagnostics/deprecated-declaration>
SwiftCompile normal arm64_32 (in target 'TreeSitterClient' from project 'Neon')
cd /Users/admin/builder/spi-builder-workspace/.swiftpm/xcode
SwiftCompile normal arm64_32 Compiling\ TreeSitterClient.swift /Users/admin/builder/spi-builder-workspace/Sources/TreeSitterClient/TreeSitterClient.swift (in target 'TreeSitterClient' from project 'Neon')
/Users/admin/builder/spi-builder-workspace/Sources/TreeSitterClient/TreeSitterClient.swift:272:58: warning: 'ResolvingQueryCursor' is deprecated: Please use ResolvingQueryMatchSequence [#DeprecatedDeclaration]
270 | extension TreeSitterClient {
271 | public typealias QueryCursorResult = Result<QueryCursor, TreeSitterClientError>
272 | public typealias ResolvingQueryCursorResult = Result<ResolvingQueryCursor, TreeSitterClientError>
| `- warning: 'ResolvingQueryCursor' is deprecated: Please use ResolvingQueryMatchSequence [#DeprecatedDeclaration]
273 |
274 | /// Determine if it is likely that a synchronous query will execute quickly
/Users/admin/builder/spi-builder-workspace/Sources/TreeSitterClient/TreeSitterClient.swift:374:62: warning: 'ResolvingQueryCursor' is deprecated: Please use ResolvingQueryMatchSequence [#DeprecatedDeclaration]
372 | in range: NSRange,
373 | executionMode: ExecutionMode = .asynchronous(prefetch: true),
374 | textProvider: TextProvider? = nil) async throws -> ResolvingQueryCursor {
| `- warning: 'ResolvingQueryCursor' is deprecated: Please use ResolvingQueryMatchSequence [#DeprecatedDeclaration]
375 | try await withCheckedThrowingContinuation { continuation in
376 | self.executeResolvingQuery(query, in: range, executionMode: executionMode, textProvider: textProvider) { result in
/Users/admin/builder/spi-builder-workspace/Sources/TreeSitterClient/TreeSitterClient.swift:451:20: warning: 'ResolvingQueryCursor' is deprecated: Please use ResolvingQueryMatchSequence [#DeprecatedDeclaration]
449 | private func executeResolvingQuerySynchronouslyWithoutCheck(_ query: Query, in range: NSRange, with state: TreeSitterParseState) -> ResolvingQueryCursorResult {
450 | return executeQuerySynchronouslyWithoutCheck(query, in: range, with: state)
451 | .map({ ResolvingQueryCursor(cursor: $0) })
| `- warning: 'ResolvingQueryCursor' is deprecated: Please use ResolvingQueryMatchSequence [#DeprecatedDeclaration]
452 | }
453 | }
/Users/admin/builder/spi-builder-workspace/Sources/TreeSitterClient/TreeSitterClient.swift:451:20: error: call to main actor-isolated initializer 'init(cursor:)' in a synchronous nonisolated context [#ActorIsolatedCall]
449 | private func executeResolvingQuerySynchronouslyWithoutCheck(_ query: Query, in range: NSRange, with state: TreeSitterParseState) -> ResolvingQueryCursorResult {
450 | return executeQuerySynchronouslyWithoutCheck(query, in: range, with: state)
451 | .map({ ResolvingQueryCursor(cursor: $0) })
| `- error: call to main actor-isolated initializer 'init(cursor:)' in a synchronous nonisolated context [#ActorIsolatedCall]
452 | }
453 | }
SwiftTreeSitter.ResolvingQueryCursor.init:2:19: note: calls to initializer 'init(cursor:)' from outside of its actor context are implicitly asynchronous
1 | class ResolvingQueryCursor {
2 | @MainActor public init(cursor: SwiftTreeSitter.QueryCursor)}
| `- note: calls to initializer 'init(cursor:)' from outside of its actor context are implicitly asynchronous
3 |
/Users/admin/builder/spi-builder-workspace/Sources/TreeSitterClient/TreeSitterClient.swift:493:39: warning: conformance of 'ResolvingQueryCursor' to 'Sequence' is deprecated: Please use ResolvingQueryMatchSequence [#DeprecatedDeclaration]
491 | completionHandler: @escaping (Result<[NamedRange], TreeSitterClientError>) -> Void) {
492 | executeResolvingQuery(query, in: range, executionMode: executionMode, textProvider: textProvider) { cursorResult in
493 | let result = cursorResult.map { $0.highlights() }
| `- warning: conformance of 'ResolvingQueryCursor' to 'Sequence' is deprecated: Please use ResolvingQueryMatchSequence [#DeprecatedDeclaration]
494 |
495 | completionHandler(result)
/Users/admin/builder/spi-builder-workspace/Sources/TreeSitterClient/TreeSitterClient.swift:524:39: warning: 'injections()' is deprecated: Please use ResolvingQueryMatchSequence [#DeprecatedDeclaration]
522 | completionHandler: @escaping (Result<[NamedRange], TreeSitterClientError>) -> Void) {
523 | executeResolvingQuery(query, in: range, executionMode: executionMode, textProvider: textProvider) { cursorResult in
524 | let result = cursorResult.map { $0.injections() }
| `- warning: 'injections()' is deprecated: Please use ResolvingQueryMatchSequence [#DeprecatedDeclaration]
525 |
526 | completionHandler(result)
[#ActorIsolatedCall]: <https://docs.swift.org/compiler/documentation/diagnostics/actor-isolated-call>
[#DeprecatedDeclaration]: <https://docs.swift.org/compiler/documentation/diagnostics/deprecated-declaration>
Failed frontend command:
/Applications/Xcode-27.0.0-Release.Candidate.app/Contents/Developer/Toolchains/XcodeDefault.xctoolchain/usr/bin/swift-frontend -frontend -c /Users/admin/builder/spi-builder-workspace/Sources/TreeSitterClient/Compatibility.swift /Users/admin/builder/spi-builder-workspace/Sources/TreeSitterClient/TreeSitter+Extensions.swift -primary-file /Users/admin/builder/spi-builder-workspace/Sources/TreeSitterClient/TreeSitterClient.swift /Users/admin/builder/spi-builder-workspace/Sources/TreeSitterClient/TreeSitterParseState.swift -emit-dependencies-path /Users/admin/builder/spi-builder-workspace/.derivedData/Build/Intermediates.noindex/Neon.build/Debug-watchos/TreeSitterClient-t.build/Objects-normal/arm64_32/TreeSitterClient.d -emit-const-values-path /Users/admin/builder/spi-builder-workspace/.derivedData/Build/Intermediates.noindex/Neon.build/Debug-watchos/TreeSitterClient-t.build/Objects-normal/arm64_32/TreeSitterClient.swiftconstvalues -emit-reference-dependencies-path /Users/admin/builder/spi-builder-workspace/.derivedData/Build/Intermediates.noindex/Neon.build/Debug-watchos/TreeSitterClient-t.build/Objects-normal/arm64_32/TreeSitterClient.swiftdeps -serialize-diagnostics-path /Users/admin/builder/spi-builder-workspace/.derivedData/Build/Intermediates.noindex/Neon.build/Debug-watchos/TreeSitterClient-t.build/Objects-normal/arm64_32/TreeSitterClient.dia -target arm64_32-apple-watchos9.0 -disable-cross-import-overlay-search -load-resolved-plugin /Applications/Xcode-27.0.0-Release.Candidate.app/Contents/Developer/Platforms/WatchOS.platform/Developer/usr/lib/swift/host/plugins/libFoundationMacros.dylib\#/Applications/Xcode-27.0.0-Release.Candidate.app/Contents/Developer/Platforms/WatchOS.platform/Developer/usr/bin/swift-plugin-server\#FoundationMacros -load-resolved-plugin /Applications/Xcode-27.0.0-Release.Candidate.app/Contents/Developer/Platforms/WatchOS.platform/Developer/usr/lib/swift/host/plugins/libObservationMacros.dylib\#/Applications/Xcode-27.0.0-Release.Candidate.app/Contents/Developer/Platforms/WatchOS.platform/Developer/usr/bin/swift-plugin-server\#ObservationMacros -load-resolved-plugin /Applications/Xcode-27.0.0-Release.Candidate.app/Contents/Developer/Platforms/WatchOS.platform/Developer/usr/lib/swift/host/plugins/libSwiftMacros.dylib\#/Applications/Xcode-27.0.0-Release.Candidate.app/Contents/Developer/Platforms/WatchOS.platform/Developer/usr/bin/swift-plugin-server\#SwiftMacros -disable-implicit-swift-modules -Xcc -fno-implicit-modules -Xcc -fno-implicit-module-maps -explicit-swift-module-map-file /Users/admin/builder/spi-builder-workspace/.derivedData/Build/Intermediates.noindex/Neon.build/Debug-watchos/TreeSitterClient-t.build/Objects-normal/arm64_32/TreeSitterClient-dependencies-1.json -enable-objc-interop -sdk /Applications/Xcode-27.0.0-Release.Candidate.app/Contents/Developer/Platforms/WatchOS.platform/Developer/SDKs/WatchOS27.0.sdk -I /Users/admin/builder/spi-builder-workspace/.derivedData/Build/Products/Debug-watchos -Isystem /Applications/Xcode-27.0.0-Release.Candidate.app/Contents/Developer/Platforms/WatchOS.platform/Developer/usr/lib -F /Users/admin/builder/spi-builder-workspace/.derivedData/Build/Products/Debug-watchos/PackageFrameworks -F /Users/admin/builder/spi-builder-workspace/.derivedData/Build/Products/Debug-watchos -F /Applications/Xcode-27.0.0-Release.Candidate.app/Contents/Developer/Platforms/WatchOS.platform/Developer/Library/Frameworks -F /Applications/Xcode-27.0.0-Release.Candidate.app/Contents/Developer/Platforms/WatchOS.platform/Developer/SDKs/WatchOS27.0.sdk/Developer/Library/Frameworks -module-cache-path /Users/admin/builder/spi-builder-workspace/.derivedData/Build/Intermediates.noindex/SwiftExplicitPrecompiledModules -no-color-diagnostics -Xcc -fno-color-diagnostics -enable-testing -g -debug-info-format\=dwarf -dwarf-version\=4 -profile-generate -profile-coverage-mapping -swift-version 5 -Onone -D SWIFT_PACKAGE -D DEBUG -D SWIFT_MODULE_RESOURCE_BUNDLE_UNAVAILABLE -D Xcode -serialize-debugging-options -enable-experimental-feature DebugDescriptionMacro -empty-abi-descriptor -validate-clang-modules-once -clang-build-session-file /Users/admin/builder/spi-builder-workspace/.derivedData/ModuleCache.noindex/Session.modulevalidation -Xcc -working-directory -Xcc /Users/admin/builder/spi-builder-workspace/.swiftpm/xcode -enable-anonymous-context-mangled-names -file-compilation-dir /Users/admin/builder/spi-builder-workspace/.swiftpm/xcode -Xcc -fmodule-map-file\=/Users/admin/builder/spi-builder-workspace/.derivedData/Build/Intermediates.noindex/GeneratedModuleMaps-watchos/TreeSitter.modulemap -Xcc -D_LIBCPP_HARDENING_MODE\=_LIBCPP_HARDENING_MODE_DEBUG -Xcc -ivfsstatcache -Xcc /Users/admin/builder/spi-builder-workspace/.derivedData/SDKStatCaches.noindex/watchos27.0-24R360-e829b21a6f8c9b70876ba0858053c04477534ef55a1706bf4c1112bbb242f0a2.sdkstatcache -Xcc -fmodules-prune-interval\=86400 -Xcc -fmodules-prune-after\=345600 -Xcc -I/Users/admin/builder/spi-builder-workspace/.dependencies/checkouts/tree-sitter/lib/include -Xcc -I/Users/admin/builder/spi-builder-workspace/.derivedData/Build/Products/Debug-watchos/include -Xcc -I/Users/admin/builder/spi-builder-workspace/.derivedData/Build/Intermediates.noindex/Neon.build/Debug-watchos/TreeSitterClient-t.build/DerivedSources-normal/arm64_32 -Xcc -I/Users/admin/builder/spi-builder-workspace/.derivedData/Build/Intermediates.noindex/Neon.build/Debug-watchos/TreeSitterClient-t.build/DerivedSources/arm64_32 -Xcc -I/Users/admin/builder/spi-builder-workspace/.derivedData/Build/Intermediates.noindex/Neon.build/Debug-watchos/TreeSitterClient-t.build/DerivedSources -Xcc -DSWIFT_PACKAGE -Xcc -DDEBUG\=1 -no-auto-bridging-header-chaining -module-name TreeSitterClient -const-gather-protocols-file /Users/admin/builder/spi-builder-workspace/.derivedData/Build/Intermediates.noindex/Neon.build/Debug-watchos/TreeSitterClient-t.build/Objects-normal/arm64_32/TreeSitterClient_const_extract_protocols.json -disable-clang-spi -clang-target arm64_32-apple-watchos27.0 -target-sdk-version 27.0 -target-sdk-name watchos27.0 -in-process-plugin-server-path /Applications/Xcode-27.0.0-Release.Candidate.app/Contents/Developer/Toolchains/XcodeDefault.xctoolchain/usr/lib/swift/host/libSwiftInProcPluginServer.dylib -parse-as-library -o /Users/admin/builder/spi-builder-workspace/.derivedData/Build/Intermediates.noindex/Neon.build/Debug-watchos/TreeSitterClient-t.build/Objects-normal/arm64_32/TreeSitterClient.o -debug-module-path /Users/admin/builder/spi-builder-workspace/.derivedData/Build/Intermediates.noindex/Neon.build/Debug-watchos/TreeSitterClient-t.build/Objects-normal/arm64_32/TreeSitterClient.swiftmodule -index-unit-output-path /Neon.build/Debug-watchos/TreeSitterClient-t.build/Objects-normal/arm64_32/TreeSitterClient.o -index-store-path /Users/admin/builder/spi-builder-workspace/.derivedData/Index.noindex/DataStore -index-system-modules
SwiftCompile normal arm64_32 /Users/admin/builder/spi-builder-workspace/Sources/TreeSitterClient/TreeSitterClient.swift (in target 'TreeSitterClient' from project 'Neon')
cd /Users/admin/builder/spi-builder-workspace/.swiftpm/xcode
builtin-SwiftPerFileCompile TreeSitterClient.swift
SwiftCompile normal arm64_32 Compiling\ TreeSitterParseState.swift /Users/admin/builder/spi-builder-workspace/Sources/TreeSitterClient/TreeSitterParseState.swift (in target 'TreeSitterClient' from project 'Neon')
SwiftCompile normal arm64_32 /Users/admin/builder/spi-builder-workspace/Sources/TreeSitterClient/TreeSitterParseState.swift (in target 'TreeSitterClient' from project 'Neon')
cd /Users/admin/builder/spi-builder-workspace/.swiftpm/xcode
builtin-SwiftPerFileCompile TreeSitterParseState.swift
SwiftCompile normal arm64_32 Compiling\ Compatibility.swift /Users/admin/builder/spi-builder-workspace/Sources/TreeSitterClient/Compatibility.swift (in target 'TreeSitterClient' from project 'Neon')
SwiftCompile normal arm64_32 /Users/admin/builder/spi-builder-workspace/Sources/TreeSitterClient/Compatibility.swift (in target 'TreeSitterClient' from project 'Neon')
cd /Users/admin/builder/spi-builder-workspace/.swiftpm/xcode
builtin-SwiftPerFileCompile Compatibility.swift
SwiftEmitModule normal arm64 Emitting\ module\ for\ TreeSitterClient (in target 'TreeSitterClient' from project 'Neon')
/Users/admin/builder/spi-builder-workspace/Sources/TreeSitterClient/TreeSitterClient.swift:272:58: warning: 'ResolvingQueryCursor' is deprecated: Please use ResolvingQueryMatchSequence [#DeprecatedDeclaration]
270 | extension TreeSitterClient {
271 | public typealias QueryCursorResult = Result<QueryCursor, TreeSitterClientError>
272 | public typealias ResolvingQueryCursorResult = Result<ResolvingQueryCursor, TreeSitterClientError>
| `- warning: 'ResolvingQueryCursor' is deprecated: Please use ResolvingQueryMatchSequence [#DeprecatedDeclaration]
273 |
274 | /// Determine if it is likely that a synchronous query will execute quickly
/Users/admin/builder/spi-builder-workspace/Sources/TreeSitterClient/TreeSitterClient.swift:374:62: warning: 'ResolvingQueryCursor' is deprecated: Please use ResolvingQueryMatchSequence [#DeprecatedDeclaration]
372 | in range: NSRange,
373 | executionMode: ExecutionMode = .asynchronous(prefetch: true),
374 | textProvider: TextProvider? = nil) async throws -> ResolvingQueryCursor {
| `- warning: 'ResolvingQueryCursor' is deprecated: Please use ResolvingQueryMatchSequence [#DeprecatedDeclaration]
375 | try await withCheckedThrowingContinuation { continuation in
376 | self.executeResolvingQuery(query, in: range, executionMode: executionMode, textProvider: textProvider) { result in
[#DeprecatedDeclaration]: <https://docs.swift.org/compiler/documentation/diagnostics/deprecated-declaration>
SwiftCompile normal arm64 (in target 'TreeSitterClient' from project 'Neon')
cd /Users/admin/builder/spi-builder-workspace/.swiftpm/xcode
SwiftCompile normal arm64 Compiling\ TreeSitterParseState.swift /Users/admin/builder/spi-builder-workspace/Sources/TreeSitterClient/TreeSitterParseState.swift (in target 'TreeSitterClient' from project 'Neon')
SwiftCompile normal arm64 /Users/admin/builder/spi-builder-workspace/Sources/TreeSitterClient/TreeSitterParseState.swift (in target 'TreeSitterClient' from project 'Neon')
cd /Users/admin/builder/spi-builder-workspace/.swiftpm/xcode
builtin-SwiftPerFileCompile TreeSitterParseState.swift
SwiftCompile normal arm64 Compiling\ TreeSitterClient.swift /Users/admin/builder/spi-builder-workspace/Sources/TreeSitterClient/TreeSitterClient.swift (in target 'TreeSitterClient' from project 'Neon')
SwiftCompile normal arm64 /Users/admin/builder/spi-builder-workspace/Sources/TreeSitterClient/TreeSitterClient.swift (in target 'TreeSitterClient' from project 'Neon')
cd /Users/admin/builder/spi-builder-workspace/.swiftpm/xcode
builtin-SwiftPerFileCompile TreeSitterClient.swift
/Users/admin/builder/spi-builder-workspace/Sources/TreeSitterClient/TreeSitterClient.swift:272:58: warning: 'ResolvingQueryCursor' is deprecated: Please use ResolvingQueryMatchSequence [#DeprecatedDeclaration]
270 | extension TreeSitterClient {
271 | public typealias QueryCursorResult = Result<QueryCursor, TreeSitterClientError>
272 | public typealias ResolvingQueryCursorResult = Result<ResolvingQueryCursor, TreeSitterClientError>
| `- warning: 'ResolvingQueryCursor' is deprecated: Please use ResolvingQueryMatchSequence [#DeprecatedDeclaration]
273 |
274 | /// Determine if it is likely that a synchronous query will execute quickly
SwiftCompile normal arm64 Compiling\ TreeSitter+Extensions.swift /Users/admin/builder/spi-builder-workspace/Sources/TreeSitterClient/TreeSitter+Extensions.swift (in target 'TreeSitterClient' from project 'Neon')
SwiftCompile normal arm64 /Users/admin/builder/spi-builder-workspace/Sources/TreeSitterClient/TreeSitter+Extensions.swift (in target 'TreeSitterClient' from project 'Neon')
cd /Users/admin/builder/spi-builder-workspace/.swiftpm/xcode
builtin-SwiftPerFileCompile TreeSitter+Extensions.swift
SwiftDriverJobDiscovery normal arm64_32 Compiling Compatibility.swift (in target 'TreeSitterClient' from project 'Neon')
SwiftCompile normal arm64 Compiling\ Compatibility.swift /Users/admin/builder/spi-builder-workspace/Sources/TreeSitterClient/Compatibility.swift (in target 'TreeSitterClient' from project 'Neon')
SwiftCompile normal arm64 /Users/admin/builder/spi-builder-workspace/Sources/TreeSitterClient/Compatibility.swift (in target 'TreeSitterClient' from project 'Neon')
cd /Users/admin/builder/spi-builder-workspace/.swiftpm/xcode
builtin-SwiftPerFileCompile Compatibility.swift
SwiftDriverJobDiscovery normal arm64_32 Compiling TreeSitterParseState.swift (in target 'TreeSitterClient' from project 'Neon')
SwiftDriverJobDiscovery normal arm64_32 Emitting module for TreeSitterClient (in target 'TreeSitterClient' from project 'Neon')
SwiftDriver\ Compilation\ Requirements TreeSitterClient normal arm64_32 com.apple.xcode.tools.swift.compiler (in target 'TreeSitterClient' from project 'Neon')
cd /Users/admin/builder/spi-builder-workspace/.swiftpm/xcode
builtin-Swift-Compilation-Requirements -- /Applications/Xcode-27.0.0-Release.Candidate.app/Contents/Developer/Toolchains/XcodeDefault.xctoolchain/usr/bin/swiftc -parse-as-library -module-name TreeSitterClient -Onone @/Users/admin/builder/spi-builder-workspace/.derivedData/Build/Intermediates.noindex/Neon.build/Debug-watchos/TreeSitterClient-t.build/Objects-normal/arm64_32/TreeSitterClient.SwiftFileList -DSWIFT_PACKAGE -DDEBUG -DSWIFT_MODULE_RESOURCE_BUNDLE_UNAVAILABLE -Xcc -fmodule-map-file\=/Users/admin/builder/spi-builder-workspace/.derivedData/Build/Intermediates.noindex/GeneratedModuleMaps-watchos/TreeSitter.modulemap -DXcode -plugin-path /Applications/Xcode-27.0.0-Release.Candidate.app/Contents/Developer/Toolchains/XcodeDefault.xctoolchain/usr/lib/swift/host/plugins/testing -enable-experimental-feature DebugDescriptionMacro -sdk /Applications/Xcode-27.0.0-Release.Candidate.app/Contents/Developer/Platforms/WatchOS.platform/Developer/SDKs/WatchOS27.0.sdk -target arm64_32-apple-watchos9.0 -g -module-cache-path /Users/admin/builder/spi-builder-workspace/.derivedData/ModuleCache.noindex -Xfrontend -serialize-debugging-options -profile-coverage-mapping -profile-generate -enable-testing -index-store-path /Users/admin/builder/spi-builder-workspace/.derivedData/Index.noindex/DataStore -Xcc -D_LIBCPP_HARDENING_MODE\=_LIBCPP_HARDENING_MODE_DEBUG -swift-version 5 -I /Users/admin/builder/spi-builder-workspace/.derivedData/Build/Products/Debug-watchos -Isystem /Applications/Xcode-27.0.0-Release.Candidate.app/Contents/Developer/Platforms/WatchOS.platform/Developer/usr/lib -F /Users/admin/builder/spi-builder-workspace/.derivedData/Build/Products/Debug-watchos/PackageFrameworks -F /Users/admin/builder/spi-builder-workspace/.derivedData/Build/Products/Debug-watchos -F /Applications/Xcode-27.0.0-Release.Candidate.app/Contents/Developer/Platforms/WatchOS.platform/Developer/Library/Frameworks -F /Applications/Xcode-27.0.0-Release.Candidate.app/Contents/Developer/Platforms/WatchOS.platform/Developer/SDKs/WatchOS27.0.sdk/Developer/Library/Frameworks -c -j10 -enable-batch-mode -incremental -Xcc -ivfsstatcache -Xcc /Users/admin/builder/spi-builder-workspace/.derivedData/SDKStatCaches.noindex/watchos27.0-24R360-e829b21a6f8c9b70876ba0858053c04477534ef55a1706bf4c1112bbb242f0a2.sdkstatcache -output-file-map /Users/admin/builder/spi-builder-workspace/.derivedData/Build/Intermediates.noindex/Neon.build/Debug-watchos/TreeSitterClient-t.build/Objects-normal/arm64_32/TreeSitterClient-OutputFileMap.json -save-temps -no-color-diagnostics -explicit-module-build -module-cache-path /Users/admin/builder/spi-builder-workspace/.derivedData/Build/Intermediates.noindex/SwiftExplicitPrecompiledModules -clang-scanner-module-cache-path /Users/admin/builder/spi-builder-workspace/.derivedData/ModuleCache.noindex -sdk-module-cache-path /Users/admin/builder/spi-builder-workspace/.derivedData/SDKExplicitPrecompiledModules -emit-dependencies -emit-module -emit-module-path /Users/admin/builder/spi-builder-workspace/.derivedData/Build/Intermediates.noindex/Neon.build/Debug-watchos/TreeSitterClient-t.build/Objects-normal/arm64_32/TreeSitterClient.swiftmodule -serialize-diagnostics -dependency-scan-serialize-diagnostics-path /Users/admin/builder/spi-builder-workspace/.derivedData/Build/Intermediates.noindex/Neon.build/Debug-watchos/TreeSitterClient-t.build/Objects-normal/arm64_32/TreeSitterClient-dependency-scan.dia -validate-clang-modules-once -clang-build-session-file /Users/admin/builder/spi-builder-workspace/.derivedData/ModuleCache.noindex/Session.modulevalidation -Xcc -fmodules-prune-interval\=86400 -Xcc -fmodules-prune-after\=345600 -emit-const-values -const-gather-protocols-list /Users/admin/builder/spi-builder-workspace/.derivedData/Build/Intermediates.noindex/Neon.build/Debug-watchos/TreeSitterClient-t.build/Objects-normal/arm64_32/TreeSitterClient_const_extract_protocols.json -Xcc -I/Users/admin/builder/spi-builder-workspace/.dependencies/checkouts/tree-sitter/lib/include -Xcc -I/Users/admin/builder/spi-builder-workspace/.derivedData/Build/Products/Debug-watchos/include -Xcc -I/Users/admin/builder/spi-builder-workspace/.derivedData/Build/Intermediates.noindex/Neon.build/Debug-watchos/TreeSitterClient-t.build/DerivedSources-normal/arm64_32 -Xcc -I/Users/admin/builder/spi-builder-workspace/.derivedData/Build/Intermediates.noindex/Neon.build/Debug-watchos/TreeSitterClient-t.build/DerivedSources/arm64_32 -Xcc -I/Users/admin/builder/spi-builder-workspace/.derivedData/Build/Intermediates.noindex/Neon.build/Debug-watchos/TreeSitterClient-t.build/DerivedSources -Xcc -DSWIFT_PACKAGE -Xcc -DDEBUG\=1 -emit-objc-header -emit-objc-header-path /Users/admin/builder/spi-builder-workspace/.derivedData/Build/Intermediates.noindex/Neon.build/Debug-watchos/TreeSitterClient-t.build/Objects-normal/arm64_32/TreeSitterClient-Swift.h -working-directory /Users/admin/builder/spi-builder-workspace/.swiftpm/xcode -experimental-emit-module-separately -disable-cmo
Copy /Users/admin/builder/spi-builder-workspace/.derivedData/Build/Products/Debug-watchos/TreeSitterClient.swiftmodule/arm64_32-apple-watchos.swiftmodule /Users/admin/builder/spi-builder-workspace/.derivedData/Build/Intermediates.noindex/Neon.build/Debug-watchos/TreeSitterClient-t.build/Objects-normal/arm64_32/TreeSitterClient.swiftmodule (in target 'TreeSitterClient' from project 'Neon')
cd /Users/admin/builder/spi-builder-workspace
builtin-copy -exclude .DS_Store -exclude CVS -exclude .svn -exclude .git -exclude .hg -resolve-src-symlinks -rename /Users/admin/builder/spi-builder-workspace/.derivedData/Build/Intermediates.noindex/Neon.build/Debug-watchos/TreeSitterClient-t.build/Objects-normal/arm64_32/TreeSitterClient.swiftmodule /Users/admin/builder/spi-builder-workspace/.derivedData/Build/Products/Debug-watchos/TreeSitterClient.swiftmodule/arm64_32-apple-watchos.swiftmodule
Copy /Users/admin/builder/spi-builder-workspace/.derivedData/Build/Products/Debug-watchos/TreeSitterClient.swiftmodule/arm64_32-apple-watchos.swiftdoc /Users/admin/builder/spi-builder-workspace/.derivedData/Build/Intermediates.noindex/Neon.build/Debug-watchos/TreeSitterClient-t.build/Objects-normal/arm64_32/TreeSitterClient.swiftdoc (in target 'TreeSitterClient' from project 'Neon')
cd /Users/admin/builder/spi-builder-workspace
builtin-copy -exclude .DS_Store -exclude CVS -exclude .svn -exclude .git -exclude .hg -resolve-src-symlinks -rename /Users/admin/builder/spi-builder-workspace/.derivedData/Build/Intermediates.noindex/Neon.build/Debug-watchos/TreeSitterClient-t.build/Objects-normal/arm64_32/TreeSitterClient.swiftdoc /Users/admin/builder/spi-builder-workspace/.derivedData/Build/Products/Debug-watchos/TreeSitterClient.swiftmodule/arm64_32-apple-watchos.swiftdoc
Copy /Users/admin/builder/spi-builder-workspace/.derivedData/Build/Products/Debug-watchos/TreeSitterClient.swiftmodule/arm64_32-apple-watchos.abi.json /Users/admin/builder/spi-builder-workspace/.derivedData/Build/Intermediates.noindex/Neon.build/Debug-watchos/TreeSitterClient-t.build/Objects-normal/arm64_32/TreeSitterClient.abi.json (in target 'TreeSitterClient' from project 'Neon')
cd /Users/admin/builder/spi-builder-workspace
builtin-copy -exclude .DS_Store -exclude CVS -exclude .svn -exclude .git -exclude .hg -resolve-src-symlinks -rename /Users/admin/builder/spi-builder-workspace/.derivedData/Build/Intermediates.noindex/Neon.build/Debug-watchos/TreeSitterClient-t.build/Objects-normal/arm64_32/TreeSitterClient.abi.json /Users/admin/builder/spi-builder-workspace/.derivedData/Build/Products/Debug-watchos/TreeSitterClient.swiftmodule/arm64_32-apple-watchos.abi.json
SwiftDriverJobDiscovery normal arm64 Compiling TreeSitterParseState.swift (in target 'TreeSitterClient' from project 'Neon')
Copy /Users/admin/builder/spi-builder-workspace/.derivedData/Build/Products/Debug-watchos/TreeSitterClient.swiftmodule/Project/arm64_32-apple-watchos.swiftsourceinfo /Users/admin/builder/spi-builder-workspace/.derivedData/Build/Intermediates.noindex/Neon.build/Debug-watchos/TreeSitterClient-t.build/Objects-normal/arm64_32/TreeSitterClient.swiftsourceinfo (in target 'TreeSitterClient' from project 'Neon')
cd /Users/admin/builder/spi-builder-workspace
builtin-copy -exclude .DS_Store -exclude CVS -exclude .svn -exclude .git -exclude .hg -resolve-src-symlinks -rename /Users/admin/builder/spi-builder-workspace/.derivedData/Build/Intermediates.noindex/Neon.build/Debug-watchos/TreeSitterClient-t.build/Objects-normal/arm64_32/TreeSitterClient.swiftsourceinfo /Users/admin/builder/spi-builder-workspace/.derivedData/Build/Products/Debug-watchos/TreeSitterClient.swiftmodule/Project/arm64_32-apple-watchos.swiftsourceinfo
SwiftDriverJobDiscovery normal arm64 Emitting module for TreeSitterClient (in target 'TreeSitterClient' from project 'Neon')
SwiftDriver\ Compilation\ Requirements TreeSitterClient normal arm64 com.apple.xcode.tools.swift.compiler (in target 'TreeSitterClient' from project 'Neon')
cd /Users/admin/builder/spi-builder-workspace/.swiftpm/xcode
builtin-Swift-Compilation-Requirements -- /Applications/Xcode-27.0.0-Release.Candidate.app/Contents/Developer/Toolchains/XcodeDefault.xctoolchain/usr/bin/swiftc -parse-as-library -module-name TreeSitterClient -Onone @/Users/admin/builder/spi-builder-workspace/.derivedData/Build/Intermediates.noindex/Neon.build/Debug-watchos/TreeSitterClient-t.build/Objects-normal/arm64/TreeSitterClient.SwiftFileList -DSWIFT_PACKAGE -DDEBUG -DSWIFT_MODULE_RESOURCE_BUNDLE_UNAVAILABLE -Xcc -fmodule-map-file\=/Users/admin/builder/spi-builder-workspace/.derivedData/Build/Intermediates.noindex/GeneratedModuleMaps-watchos/TreeSitter.modulemap -DXcode -plugin-path /Applications/Xcode-27.0.0-Release.Candidate.app/Contents/Developer/Toolchains/XcodeDefault.xctoolchain/usr/lib/swift/host/plugins/testing -enable-experimental-feature DebugDescriptionMacro -sdk /Applications/Xcode-27.0.0-Release.Candidate.app/Contents/Developer/Platforms/WatchOS.platform/Developer/SDKs/WatchOS27.0.sdk -target arm64-apple-watchos9.0 -g -module-cache-path /Users/admin/builder/spi-builder-workspace/.derivedData/ModuleCache.noindex -Xfrontend -serialize-debugging-options -profile-coverage-mapping -profile-generate -enable-testing -index-store-path /Users/admin/builder/spi-builder-workspace/.derivedData/Index.noindex/DataStore -Xcc -D_LIBCPP_HARDENING_MODE\=_LIBCPP_HARDENING_MODE_DEBUG -swift-version 5 -I /Users/admin/builder/spi-builder-workspace/.derivedData/Build/Products/Debug-watchos -Isystem /Applications/Xcode-27.0.0-Release.Candidate.app/Contents/Developer/Platforms/WatchOS.platform/Developer/usr/lib -F /Users/admin/builder/spi-builder-workspace/.derivedData/Build/Products/Debug-watchos/PackageFrameworks -F /Users/admin/builder/spi-builder-workspace/.derivedData/Build/Products/Debug-watchos -F /Applications/Xcode-27.0.0-Release.Candidate.app/Contents/Developer/Platforms/WatchOS.platform/Developer/Library/Frameworks -F /Applications/Xcode-27.0.0-Release.Candidate.app/Contents/Developer/Platforms/WatchOS.platform/Developer/SDKs/WatchOS27.0.sdk/Developer/Library/Frameworks -c -j10 -enable-batch-mode -incremental -Xcc -ivfsstatcache -Xcc /Users/admin/builder/spi-builder-workspace/.derivedData/SDKStatCaches.noindex/watchos27.0-24R360-e829b21a6f8c9b70876ba0858053c04477534ef55a1706bf4c1112bbb242f0a2.sdkstatcache -output-file-map /Users/admin/builder/spi-builder-workspace/.derivedData/Build/Intermediates.noindex/Neon.build/Debug-watchos/TreeSitterClient-t.build/Objects-normal/arm64/TreeSitterClient-OutputFileMap.json -save-temps -no-color-diagnostics -explicit-module-build -module-cache-path /Users/admin/builder/spi-builder-workspace/.derivedData/Build/Intermediates.noindex/SwiftExplicitPrecompiledModules -clang-scanner-module-cache-path /Users/admin/builder/spi-builder-workspace/.derivedData/ModuleCache.noindex -sdk-module-cache-path /Users/admin/builder/spi-builder-workspace/.derivedData/SDKExplicitPrecompiledModules -emit-dependencies -emit-module -emit-module-path /Users/admin/builder/spi-builder-workspace/.derivedData/Build/Intermediates.noindex/Neon.build/Debug-watchos/TreeSitterClient-t.build/Objects-normal/arm64/TreeSitterClient.swiftmodule -serialize-diagnostics -dependency-scan-serialize-diagnostics-path /Users/admin/builder/spi-builder-workspace/.derivedData/Build/Intermediates.noindex/Neon.build/Debug-watchos/TreeSitterClient-t.build/Objects-normal/arm64/TreeSitterClient-dependency-scan.dia -validate-clang-modules-once -clang-build-session-file /Users/admin/builder/spi-builder-workspace/.derivedData/ModuleCache.noindex/Session.modulevalidation -Xcc -fmodules-prune-interval\=86400 -Xcc -fmodules-prune-after\=345600 -emit-const-values -const-gather-protocols-list /Users/admin/builder/spi-builder-workspace/.derivedData/Build/Intermediates.noindex/Neon.build/Debug-watchos/TreeSitterClient-t.build/Objects-normal/arm64/TreeSitterClient_const_extract_protocols.json -Xcc -I/Users/admin/builder/spi-builder-workspace/.dependencies/checkouts/tree-sitter/lib/include -Xcc -I/Users/admin/builder/spi-builder-workspace/.derivedData/Build/Products/Debug-watchos/include -Xcc -I/Users/admin/builder/spi-builder-workspace/.derivedData/Build/Intermediates.noindex/Neon.build/Debug-watchos/TreeSitterClient-t.build/DerivedSources-normal/arm64 -Xcc -I/Users/admin/builder/spi-builder-workspace/.derivedData/Build/Intermediates.noindex/Neon.build/Debug-watchos/TreeSitterClient-t.build/DerivedSources/arm64 -Xcc -I/Users/admin/builder/spi-builder-workspace/.derivedData/Build/Intermediates.noindex/Neon.build/Debug-watchos/TreeSitterClient-t.build/DerivedSources -Xcc -DSWIFT_PACKAGE -Xcc -DDEBUG\=1 -emit-objc-header -emit-objc-header-path /Users/admin/builder/spi-builder-workspace/.derivedData/Build/Intermediates.noindex/Neon.build/Debug-watchos/TreeSitterClient-t.build/Objects-normal/arm64/TreeSitterClient-Swift.h -working-directory /Users/admin/builder/spi-builder-workspace/.swiftpm/xcode -experimental-emit-module-separately -disable-cmo
SwiftMergeGeneratedHeaders /Users/admin/builder/spi-builder-workspace/.derivedData/Build/Intermediates.noindex/GeneratedModuleMaps-watchos/TreeSitterClient-Swift.h /Users/admin/builder/spi-builder-workspace/.derivedData/Build/Intermediates.noindex/Neon.build/Debug-watchos/TreeSitterClient-t.build/Objects-normal/arm64/TreeSitterClient-Swift.h /Users/admin/builder/spi-builder-workspace/.derivedData/Build/Intermediates.noindex/Neon.build/Debug-watchos/TreeSitterClient-t.build/Objects-normal/arm64_32/TreeSitterClient-Swift.h (in target 'TreeSitterClient' from project 'Neon')
cd /Users/admin/builder/spi-builder-workspace
builtin-swiftHeaderTool -arch arm64 /Users/admin/builder/spi-builder-workspace/.derivedData/Build/Intermediates.noindex/Neon.build/Debug-watchos/TreeSitterClient-t.build/Objects-normal/arm64/TreeSitterClient-Swift.h -arch arm64_32 /Users/admin/builder/spi-builder-workspace/.derivedData/Build/Intermediates.noindex/Neon.build/Debug-watchos/TreeSitterClient-t.build/Objects-normal/arm64_32/TreeSitterClient-Swift.h -o /Users/admin/builder/spi-builder-workspace/.derivedData/Build/Intermediates.noindex/GeneratedModuleMaps-watchos/TreeSitterClient-Swift.h
Copy /Users/admin/builder/spi-builder-workspace/.derivedData/Build/Products/Debug-watchos/TreeSitterClient.swiftmodule/arm64-apple-watchos.swiftmodule /Users/admin/builder/spi-builder-workspace/.derivedData/Build/Intermediates.noindex/Neon.build/Debug-watchos/TreeSitterClient-t.build/Objects-normal/arm64/TreeSitterClient.swiftmodule (in target 'TreeSitterClient' from project 'Neon')
cd /Users/admin/builder/spi-builder-workspace
builtin-copy -exclude .DS_Store -exclude CVS -exclude .svn -exclude .git -exclude .hg -resolve-src-symlinks -rename /Users/admin/builder/spi-builder-workspace/.derivedData/Build/Intermediates.noindex/Neon.build/Debug-watchos/TreeSitterClient-t.build/Objects-normal/arm64/TreeSitterClient.swiftmodule /Users/admin/builder/spi-builder-workspace/.derivedData/Build/Products/Debug-watchos/TreeSitterClient.swiftmodule/arm64-apple-watchos.swiftmodule
Copy /Users/admin/builder/spi-builder-workspace/.derivedData/Build/Products/Debug-watchos/TreeSitterClient.swiftmodule/arm64-apple-watchos.swiftdoc /Users/admin/builder/spi-builder-workspace/.derivedData/Build/Intermediates.noindex/Neon.build/Debug-watchos/TreeSitterClient-t.build/Objects-normal/arm64/TreeSitterClient.swiftdoc (in target 'TreeSitterClient' from project 'Neon')
cd /Users/admin/builder/spi-builder-workspace
builtin-copy -exclude .DS_Store -exclude CVS -exclude .svn -exclude .git -exclude .hg -resolve-src-symlinks -rename /Users/admin/builder/spi-builder-workspace/.derivedData/Build/Intermediates.noindex/Neon.build/Debug-watchos/TreeSitterClient-t.build/Objects-normal/arm64/TreeSitterClient.swiftdoc /Users/admin/builder/spi-builder-workspace/.derivedData/Build/Products/Debug-watchos/TreeSitterClient.swiftmodule/arm64-apple-watchos.swiftdoc
Copy /Users/admin/builder/spi-builder-workspace/.derivedData/Build/Products/Debug-watchos/TreeSitterClient.swiftmodule/arm64-apple-watchos.abi.json /Users/admin/builder/spi-builder-workspace/.derivedData/Build/Intermediates.noindex/Neon.build/Debug-watchos/TreeSitterClient-t.build/Objects-normal/arm64/TreeSitterClient.abi.json (in target 'TreeSitterClient' from project 'Neon')
cd /Users/admin/builder/spi-builder-workspace
builtin-copy -exclude .DS_Store -exclude CVS -exclude .svn -exclude .git -exclude .hg -resolve-src-symlinks -rename /Users/admin/builder/spi-builder-workspace/.derivedData/Build/Intermediates.noindex/Neon.build/Debug-watchos/TreeSitterClient-t.build/Objects-normal/arm64/TreeSitterClient.abi.json /Users/admin/builder/spi-builder-workspace/.derivedData/Build/Products/Debug-watchos/TreeSitterClient.swiftmodule/arm64-apple-watchos.abi.json
Copy /Users/admin/builder/spi-builder-workspace/.derivedData/Build/Products/Debug-watchos/TreeSitterClient.swiftmodule/Project/arm64-apple-watchos.swiftsourceinfo /Users/admin/builder/spi-builder-workspace/.derivedData/Build/Intermediates.noindex/Neon.build/Debug-watchos/TreeSitterClient-t.build/Objects-normal/arm64/TreeSitterClient.swiftsourceinfo (in target 'TreeSitterClient' from project 'Neon')
cd /Users/admin/builder/spi-builder-workspace
builtin-copy -exclude .DS_Store -exclude CVS -exclude .svn -exclude .git -exclude .hg -resolve-src-symlinks -rename /Users/admin/builder/spi-builder-workspace/.derivedData/Build/Intermediates.noindex/Neon.build/Debug-watchos/TreeSitterClient-t.build/Objects-normal/arm64/TreeSitterClient.swiftsourceinfo /Users/admin/builder/spi-builder-workspace/.derivedData/Build/Products/Debug-watchos/TreeSitterClient.swiftmodule/Project/arm64-apple-watchos.swiftsourceinfo
SwiftDriverJobDiscovery normal arm64_32 Compiling TreeSitter+Extensions.swift (in target 'TreeSitterClient' from project 'Neon')
SwiftDriver Neon normal arm64 com.apple.xcode.tools.swift.compiler (in target 'Neon' from project 'Neon')
cd /Users/admin/builder/spi-builder-workspace/.swiftpm/xcode
builtin-SwiftDriver -- /Applications/Xcode-27.0.0-Release.Candidate.app/Contents/Developer/Toolchains/XcodeDefault.xctoolchain/usr/bin/swiftc -parse-as-library -module-name Neon -Onone @/Users/admin/builder/spi-builder-workspace/.derivedData/Build/Intermediates.noindex/Neon.build/Debug-watchos/Neon-t.build/Objects-normal/arm64/Neon.SwiftFileList -DSWIFT_PACKAGE -DDEBUG -DSWIFT_MODULE_RESOURCE_BUNDLE_UNAVAILABLE -Xcc -fmodule-map-file\=/Users/admin/builder/spi-builder-workspace/.derivedData/Build/Intermediates.noindex/GeneratedModuleMaps-watchos/TreeSitter.modulemap -DXcode -enable-experimental-feature StrictConcurrency -plugin-path /Applications/Xcode-27.0.0-Release.Candidate.app/Contents/Developer/Toolchains/XcodeDefault.xctoolchain/usr/lib/swift/host/plugins/testing -enable-experimental-feature DebugDescriptionMacro -sdk /Applications/Xcode-27.0.0-Release.Candidate.app/Contents/Developer/Platforms/WatchOS.platform/Developer/SDKs/WatchOS27.0.sdk -target arm64-apple-watchos9.0 -g -module-cache-path /Users/admin/builder/spi-builder-workspace/.derivedData/ModuleCache.noindex -Xfrontend -serialize-debugging-options -profile-coverage-mapping -profile-generate -enable-testing -index-store-path /Users/admin/builder/spi-builder-workspace/.derivedData/Index.noindex/DataStore -Xcc -D_LIBCPP_HARDENING_MODE\=_LIBCPP_HARDENING_MODE_DEBUG -swift-version 5 -I /Users/admin/builder/spi-builder-workspace/.derivedData/Build/Products/Debug-watchos -Isystem /Applications/Xcode-27.0.0-Release.Candidate.app/Contents/Developer/Platforms/WatchOS.platform/Developer/usr/lib -F /Users/admin/builder/spi-builder-workspace/.derivedData/Build/Products/Debug-watchos/PackageFrameworks -F /Users/admin/builder/spi-builder-workspace/.derivedData/Build/Products/Debug-watchos -F /Applications/Xcode-27.0.0-Release.Candidate.app/Contents/Developer/Platforms/WatchOS.platform/Developer/Library/Frameworks -F /Applications/Xcode-27.0.0-Release.Candidate.app/Contents/Developer/Platforms/WatchOS.platform/Developer/SDKs/WatchOS27.0.sdk/Developer/Library/Frameworks -c -j10 -enable-batch-mode -incremental -Xcc -ivfsstatcache -Xcc /Users/admin/builder/spi-builder-workspace/.derivedData/SDKStatCaches.noindex/watchos27.0-24R360-e829b21a6f8c9b70876ba0858053c04477534ef55a1706bf4c1112bbb242f0a2.sdkstatcache -output-file-map /Users/admin/builder/spi-builder-workspace/.derivedData/Build/Intermediates.noindex/Neon.build/Debug-watchos/Neon-t.build/Objects-normal/arm64/Neon-OutputFileMap.json -save-temps -no-color-diagnostics -explicit-module-build -module-cache-path /Users/admin/builder/spi-builder-workspace/.derivedData/Build/Intermediates.noindex/SwiftExplicitPrecompiledModules -clang-scanner-module-cache-path /Users/admin/builder/spi-builder-workspace/.derivedData/ModuleCache.noindex -sdk-module-cache-path /Users/admin/builder/spi-builder-workspace/.derivedData/SDKExplicitPrecompiledModules -emit-dependencies -emit-module -emit-module-path /Users/admin/builder/spi-builder-workspace/.derivedData/Build/Intermediates.noindex/Neon.build/Debug-watchos/Neon-t.build/Objects-normal/arm64/Neon.swiftmodule -serialize-diagnostics -dependency-scan-serialize-diagnostics-path /Users/admin/builder/spi-builder-workspace/.derivedData/Build/Intermediates.noindex/Neon.build/Debug-watchos/Neon-t.build/Objects-normal/arm64/Neon-dependency-scan.dia -validate-clang-modules-once -clang-build-session-file /Users/admin/builder/spi-builder-workspace/.derivedData/ModuleCache.noindex/Session.modulevalidation -Xcc -fmodules-prune-interval\=86400 -Xcc -fmodules-prune-after\=345600 -emit-const-values -const-gather-protocols-list /Users/admin/builder/spi-builder-workspace/.derivedData/Build/Intermediates.noindex/Neon.build/Debug-watchos/Neon-t.build/Objects-normal/arm64/Neon_const_extract_protocols.json -Xcc -I/Users/admin/builder/spi-builder-workspace/.dependencies/checkouts/tree-sitter/lib/include -Xcc -I/Users/admin/builder/spi-builder-workspace/.derivedData/Build/Products/Debug-watchos/include -Xcc -I/Users/admin/builder/spi-builder-workspace/.derivedData/Build/Intermediates.noindex/Neon.build/Debug-watchos/Neon-t.build/DerivedSources-normal/arm64 -Xcc -I/Users/admin/builder/spi-builder-workspace/.derivedData/Build/Intermediates.noindex/Neon.build/Debug-watchos/Neon-t.build/DerivedSources/arm64 -Xcc -I/Users/admin/builder/spi-builder-workspace/.derivedData/Build/Intermediates.noindex/Neon.build/Debug-watchos/Neon-t.build/DerivedSources -Xcc -DSWIFT_PACKAGE -Xcc -DDEBUG\=1 -emit-objc-header -emit-objc-header-path /Users/admin/builder/spi-builder-workspace/.derivedData/Build/Intermediates.noindex/Neon.build/Debug-watchos/Neon-t.build/Objects-normal/arm64/Neon-Swift.h -working-directory /Users/admin/builder/spi-builder-workspace/.swiftpm/xcode -experimental-emit-module-separately -disable-cmo
SwiftDriver Neon normal arm64_32 com.apple.xcode.tools.swift.compiler (in target 'Neon' from project 'Neon')
cd /Users/admin/builder/spi-builder-workspace/.swiftpm/xcode
builtin-SwiftDriver -- /Applications/Xcode-27.0.0-Release.Candidate.app/Contents/Developer/Toolchains/XcodeDefault.xctoolchain/usr/bin/swiftc -parse-as-library -module-name Neon -Onone @/Users/admin/builder/spi-builder-workspace/.derivedData/Build/Intermediates.noindex/Neon.build/Debug-watchos/Neon-t.build/Objects-normal/arm64_32/Neon.SwiftFileList -DSWIFT_PACKAGE -DDEBUG -DSWIFT_MODULE_RESOURCE_BUNDLE_UNAVAILABLE -Xcc -fmodule-map-file\=/Users/admin/builder/spi-builder-workspace/.derivedData/Build/Intermediates.noindex/GeneratedModuleMaps-watchos/TreeSitter.modulemap -DXcode -enable-experimental-feature StrictConcurrency -plugin-path /Applications/Xcode-27.0.0-Release.Candidate.app/Contents/Developer/Toolchains/XcodeDefault.xctoolchain/usr/lib/swift/host/plugins/testing -enable-experimental-feature DebugDescriptionMacro -sdk /Applications/Xcode-27.0.0-Release.Candidate.app/Contents/Developer/Platforms/WatchOS.platform/Developer/SDKs/WatchOS27.0.sdk -target arm64_32-apple-watchos9.0 -g -module-cache-path /Users/admin/builder/spi-builder-workspace/.derivedData/ModuleCache.noindex -Xfrontend -serialize-debugging-options -profile-coverage-mapping -profile-generate -enable-testing -index-store-path /Users/admin/builder/spi-builder-workspace/.derivedData/Index.noindex/DataStore -Xcc -D_LIBCPP_HARDENING_MODE\=_LIBCPP_HARDENING_MODE_DEBUG -swift-version 5 -I /Users/admin/builder/spi-builder-workspace/.derivedData/Build/Products/Debug-watchos -Isystem /Applications/Xcode-27.0.0-Release.Candidate.app/Contents/Developer/Platforms/WatchOS.platform/Developer/usr/lib -F /Users/admin/builder/spi-builder-workspace/.derivedData/Build/Products/Debug-watchos/PackageFrameworks -F /Users/admin/builder/spi-builder-workspace/.derivedData/Build/Products/Debug-watchos -F /Applications/Xcode-27.0.0-Release.Candidate.app/Contents/Developer/Platforms/WatchOS.platform/Developer/Library/Frameworks -F /Applications/Xcode-27.0.0-Release.Candidate.app/Contents/Developer/Platforms/WatchOS.platform/Developer/SDKs/WatchOS27.0.sdk/Developer/Library/Frameworks -c -j10 -enable-batch-mode -incremental -Xcc -ivfsstatcache -Xcc /Users/admin/builder/spi-builder-workspace/.derivedData/SDKStatCaches.noindex/watchos27.0-24R360-e829b21a6f8c9b70876ba0858053c04477534ef55a1706bf4c1112bbb242f0a2.sdkstatcache -output-file-map /Users/admin/builder/spi-builder-workspace/.derivedData/Build/Intermediates.noindex/Neon.build/Debug-watchos/Neon-t.build/Objects-normal/arm64_32/Neon-OutputFileMap.json -save-temps -no-color-diagnostics -explicit-module-build -module-cache-path /Users/admin/builder/spi-builder-workspace/.derivedData/Build/Intermediates.noindex/SwiftExplicitPrecompiledModules -clang-scanner-module-cache-path /Users/admin/builder/spi-builder-workspace/.derivedData/ModuleCache.noindex -sdk-module-cache-path /Users/admin/builder/spi-builder-workspace/.derivedData/SDKExplicitPrecompiledModules -emit-dependencies -emit-module -emit-module-path /Users/admin/builder/spi-builder-workspace/.derivedData/Build/Intermediates.noindex/Neon.build/Debug-watchos/Neon-t.build/Objects-normal/arm64_32/Neon.swiftmodule -serialize-diagnostics -dependency-scan-serialize-diagnostics-path /Users/admin/builder/spi-builder-workspace/.derivedData/Build/Intermediates.noindex/Neon.build/Debug-watchos/Neon-t.build/Objects-normal/arm64_32/Neon-dependency-scan.dia -validate-clang-modules-once -clang-build-session-file /Users/admin/builder/spi-builder-workspace/.derivedData/ModuleCache.noindex/Session.modulevalidation -Xcc -fmodules-prune-interval\=86400 -Xcc -fmodules-prune-after\=345600 -emit-const-values -const-gather-protocols-list /Users/admin/builder/spi-builder-workspace/.derivedData/Build/Intermediates.noindex/Neon.build/Debug-watchos/Neon-t.build/Objects-normal/arm64_32/Neon_const_extract_protocols.json -Xcc -I/Users/admin/builder/spi-builder-workspace/.dependencies/checkouts/tree-sitter/lib/include -Xcc -I/Users/admin/builder/spi-builder-workspace/.derivedData/Build/Products/Debug-watchos/include -Xcc -I/Users/admin/builder/spi-builder-workspace/.derivedData/Build/Intermediates.noindex/Neon.build/Debug-watchos/Neon-t.build/DerivedSources-normal/arm64_32 -Xcc -I/Users/admin/builder/spi-builder-workspace/.derivedData/Build/Intermediates.noindex/Neon.build/Debug-watchos/Neon-t.build/DerivedSources/arm64_32 -Xcc -I/Users/admin/builder/spi-builder-workspace/.derivedData/Build/Intermediates.noindex/Neon.build/Debug-watchos/Neon-t.build/DerivedSources -Xcc -DSWIFT_PACKAGE -Xcc -DDEBUG\=1 -emit-objc-header -emit-objc-header-path /Users/admin/builder/spi-builder-workspace/.derivedData/Build/Intermediates.noindex/Neon.build/Debug-watchos/Neon-t.build/Objects-normal/arm64_32/Neon-Swift.h -working-directory /Users/admin/builder/spi-builder-workspace/.swiftpm/xcode -experimental-emit-module-separately -disable-cmo
PruneExplicitPrecompiledModules /Users/admin/builder/spi-builder-workspace/.derivedData/SDKExplicitPrecompiledModules
PruneExplicitPrecompiledModules /Users/admin/builder/spi-builder-workspace/.derivedData/Build/Intermediates.noindex/SwiftExplicitPrecompiledModules
PruneExplicitPrecompiledModules /Users/admin/builder/spi-builder-workspace/.derivedData/Build/Intermediates.noindex/ExplicitPrecompiledModules
2026-09-27 14:43:14.991 xcodebuild[861:4935] [MT] IDERunDestination: Supported platforms for the buildables in the current scheme is empty.
2026-09-27 14:43:15.096 xcodebuild[861:4935] [MT] IDERunDestination: Supported platforms for the buildables in the current scheme is empty.
** BUILD FAILED **
The following build commands failed:
SwiftCompile normal arm64_32 Compiling\ TreeSitterClient.swift /Users/admin/builder/spi-builder-workspace/Sources/TreeSitterClient/TreeSitterClient.swift (in target 'TreeSitterClient' from project 'Neon')
SwiftCompile normal arm64_32 /Users/admin/builder/spi-builder-workspace/Sources/TreeSitterClient/TreeSitterClient.swift (in target 'TreeSitterClient' from project 'Neon')
Building workspace Neon with scheme Neon
(3 failures)
Command line invocation:
/Applications/Xcode-27.0.0-Release.Candidate.app/Contents/Developer/usr/bin/xcodebuild -IDEClonedSourcePackagesDirPathOverride=/Users/admin/builder/spi-builder-workspace/.dependencies -resolvePackageDependencies
Resolve Package Graph
Resolved source packages:
TreeSitter: https://github.com/tree-sitter/tree-sitter @ 0.25.10
SwiftTreeSitter: https://github.com/ChimeHQ/SwiftTreeSitter @ 0.25.0
Rearrange: https://github.com/ChimeHQ/Rearrange @ 1.8.1
Neon: /Users/admin/builder/spi-builder-workspace
resolved source packages: TreeSitter, SwiftTreeSitter, Rearrange, Neon
2026-09-27 14:43:25.700 xcodebuild[1110:6079] [MT] IDERunDestination: Supported platforms for the buildables in the current scheme is empty.
2026-09-27 14:43:25.805 xcodebuild[1110:6079] [MT] IDERunDestination: Supported platforms for the buildables in the current scheme is empty.
{
"dependencies" : [
{
"identity" : "swifttreesitter",
"requirement" : {
"range" : [
{
"lower_bound" : "0.8.0",
"upper_bound" : "1.0.0"
}
]
},
"type" : "sourceControl",
"url" : "https://github.com/ChimeHQ/SwiftTreeSitter"
},
{
"identity" : "rearrange",
"requirement" : {
"range" : [
{
"lower_bound" : "1.6.0",
"upper_bound" : "2.0.0"
}
]
},
"type" : "sourceControl",
"url" : "https://github.com/ChimeHQ/Rearrange"
}
],
"manifest_display_name" : "Neon",
"name" : "Neon",
"path" : "/Users/admin/builder/spi-builder-workspace",
"platforms" : [
{
"name" : "macos",
"version" : "10.13"
},
{
"name" : "ios",
"version" : "11.0"
},
{
"name" : "tvos",
"version" : "11.0"
},
{
"name" : "watchos",
"version" : "5.0"
}
],
"products" : [
{
"name" : "Neon",
"targets" : [
"Neon"
],
"type" : {
"library" : [
"automatic"
]
}
}
],
"targets" : [
{
"c99name" : "TreeSitterClientTests",
"module_type" : "SwiftTarget",
"name" : "TreeSitterClientTests",
"path" : "Tests/TreeSitterClientTests",
"sources" : [
"TreeSitterClientTests.swift"
],
"target_dependencies" : [
"TreeSitterClient",
"TestTreeSitterSwift"
],
"type" : "test"
},
{
"c99name" : "TreeSitterClient",
"module_type" : "SwiftTarget",
"name" : "TreeSitterClient",
"path" : "Sources/TreeSitterClient",
"product_dependencies" : [
"Rearrange",
"SwiftTreeSitter"
],
"product_memberships" : [
"Neon"
],
"sources" : [
"Compatibility.swift",
"TreeSitter+Extensions.swift",
"TreeSitterClient.swift",
"TreeSitterParseState.swift"
],
"type" : "library"
},
{
"c99name" : "TestTreeSitterSwift",
"module_type" : "ClangTarget",
"name" : "TestTreeSitterSwift",
"path" : "tree-sitter-swift",
"sources" : [
"src/parser.c",
"src/scanner.c"
],
"type" : "library"
},
{
"c99name" : "NeonTests",
"module_type" : "SwiftTarget",
"name" : "NeonTests",
"path" : "Tests/NeonTests",
"sources" : [
"HighlighterTests.swift",
"TextViewSystemInterfaceTests.swift"
],
"target_dependencies" : [
"Neon"
],
"type" : "test"
},
{
"c99name" : "Neon",
"module_type" : "SwiftTarget",
"name" : "Neon",
"path" : "Sources/Neon",
"product_dependencies" : [
"SwiftTreeSitter",
"Rearrange"
],
"product_memberships" : [
"Neon"
],
"sources" : [
"Compatibility.swift",
"Highlighter.swift",
"HighlighterInvalidationBuffer.swift",
"NSTextView+VisibleRange.swift",
"TextSystemInterface.swift",
"TextTarget.swift",
"TextViewHighlighter.swift",
"TextViewSystemInterface.swift",
"Token.swift",
"TokenApplication.swift",
"TreeSitterClient+Highlight.swift",
"UITextView+VisibleRange.swift"
],
"target_dependencies" : [
"TreeSitterClient"
],
"type" : "library"
}
],
"tools_version" : "5.8"
}
{
"workspace" : {
"name" : "Neon",
"schemes" : [
"Neon",
"SwiftTreeSitter"
]
}
}
2026-09-27 14:43:27.131 xcodebuild[1118:6156] [MT] IDERunDestination: Supported platforms for the buildables in the current scheme is empty.
2026-09-27 14:43:27.231 xcodebuild[1118:6156] [MT] IDERunDestination: Supported platforms for the buildables in the current scheme is empty.
{
"workspace" : {
"name" : "Neon",
"schemes" : [
"Neon",
"SwiftTreeSitter"
]
}
}
2026-09-27 14:43:28.273 xcodebuild[1120:6186] [MT] IDERunDestination: Supported platforms for the buildables in the current scheme is empty.
2026-09-27 14:43:28.374 xcodebuild[1120:6186] [MT] IDERunDestination: Supported platforms for the buildables in the current scheme is empty.
Running build ...
env DEVELOPER_DIR=/Applications/Xcode-27.0.0-Release.Candidate.app xcrun xcodebuild -IDEClonedSourcePackagesDirPathOverride=$PWD/.dependencies -skipMacroValidation -skipPackagePluginValidation -derivedDataPath $PWD/.derivedData build -scheme Neon -destination generic/platform=watchOS
Command line invocation:
/Applications/Xcode-27.0.0-Release.Candidate.app/Contents/Developer/usr/bin/xcodebuild -IDEClonedSourcePackagesDirPathOverride=/Users/admin/builder/spi-builder-workspace/.dependencies -skipMacroValidation -skipPackagePluginValidation -derivedDataPath /Users/admin/builder/spi-builder-workspace/.derivedData build -scheme Neon -destination generic/platform=watchOS
Resolve Package Graph
Resolved source packages:
Neon: /Users/admin/builder/spi-builder-workspace
Rearrange: https://github.com/ChimeHQ/Rearrange @ 1.8.1
TreeSitter: https://github.com/tree-sitter/tree-sitter @ 0.25.10
SwiftTreeSitter: https://github.com/ChimeHQ/SwiftTreeSitter @ 0.25.0
ComputePackagePrebuildTargetDependencyGraph
Prepare packages
CreateBuildRequest
SendProjectDescription
CreateBuildOperation
ComputeTargetDependencyGraph
note: Building targets in dependency order
note: Target dependency graph (10 targets)
Target 'TestTreeSitterSwift' in project 'Neon' (no dependencies)
Target 'Neon-product' in project 'Neon'
➜ Explicit dependency on target 'Neon' in project 'Neon'
➜ Explicit dependency on target 'TreeSitterClient' in project 'Neon'
➜ Explicit dependency on target 'Rearrange-product' in project 'Rearrange'
➜ Explicit dependency on target 'SwiftTreeSitter-product' in project 'SwiftTreeSitter'
Target 'Neon' in project 'Neon'
➜ Explicit dependency on target 'TreeSitterClient' in project 'Neon'
➜ Explicit dependency on target 'Rearrange-product' in project 'Rearrange'
➜ Explicit dependency on target 'SwiftTreeSitter-product' in project 'SwiftTreeSitter'
Target 'TreeSitterClient' in project 'Neon'
➜ Explicit dependency on target 'Rearrange-product' in project 'Rearrange'
➜ Explicit dependency on target 'SwiftTreeSitter-product' in project 'SwiftTreeSitter'
Target 'SwiftTreeSitter-product' in project 'SwiftTreeSitter'
➜ Explicit dependency on target 'SwiftTreeSitter' in project 'SwiftTreeSitter'
➜ Explicit dependency on target 'TreeSitter-product' in project 'TreeSitter'
Target 'SwiftTreeSitter' in project 'SwiftTreeSitter'
➜ Explicit dependency on target 'TreeSitter-product' in project 'TreeSitter'
Target 'TreeSitter-product' in project 'TreeSitter'
➜ Explicit dependency on target 'TreeSitter' in project 'TreeSitter'
Target 'TreeSitter' in project 'TreeSitter' (no dependencies)
Target 'Rearrange-product' in project 'Rearrange'
➜ Explicit dependency on target 'Rearrange' in project 'Rearrange'
Target 'Rearrange' in project 'Rearrange' (no dependencies)
GatherProvisioningInputs
CreateBuildDescription
ClangStatCache /Applications/Xcode-27.0.0-Release.Candidate.app/Contents/Developer/Toolchains/XcodeDefault.xctoolchain/usr/bin/clang-stat-cache /Applications/Xcode-27.0.0-Release.Candidate.app/Contents/Developer/Platforms/WatchOS.platform/Developer/SDKs/WatchOS27.0.sdk /Users/admin/builder/spi-builder-workspace/.derivedData/SDKStatCaches.noindex/watchos27.0-24R360-e829b21a6f8c9b70876ba0858053c04477534ef55a1706bf4c1112bbb242f0a2.sdkstatcache
cd /Users/admin/builder/spi-builder-workspace/.swiftpm/xcode
/Applications/Xcode-27.0.0-Release.Candidate.app/Contents/Developer/Toolchains/XcodeDefault.xctoolchain/usr/bin/clang-stat-cache /Applications/Xcode-27.0.0-Release.Candidate.app/Contents/Developer/Platforms/WatchOS.platform/Developer/SDKs/WatchOS27.0.sdk -o /Users/admin/builder/spi-builder-workspace/.derivedData/SDKStatCaches.noindex/watchos27.0-24R360-e829b21a6f8c9b70876ba0858053c04477534ef55a1706bf4c1112bbb242f0a2.sdkstatcache
SwiftDriver TreeSitterClient normal arm64 com.apple.xcode.tools.swift.compiler (in target 'TreeSitterClient' from project 'Neon')
cd /Users/admin/builder/spi-builder-workspace/.swiftpm/xcode
builtin-SwiftDriver -- /Applications/Xcode-27.0.0-Release.Candidate.app/Contents/Developer/Toolchains/XcodeDefault.xctoolchain/usr/bin/swiftc -parse-as-library -module-name TreeSitterClient -Onone @/Users/admin/builder/spi-builder-workspace/.derivedData/Build/Intermediates.noindex/Neon.build/Debug-watchos/TreeSitterClient-t.build/Objects-normal/arm64/TreeSitterClient.SwiftFileList -DSWIFT_PACKAGE -DDEBUG -DSWIFT_MODULE_RESOURCE_BUNDLE_UNAVAILABLE -Xcc -fmodule-map-file\=/Users/admin/builder/spi-builder-workspace/.derivedData/Build/Intermediates.noindex/GeneratedModuleMaps-watchos/TreeSitter.modulemap -DXcode -plugin-path /Applications/Xcode-27.0.0-Release.Candidate.app/Contents/Developer/Toolchains/XcodeDefault.xctoolchain/usr/lib/swift/host/plugins/testing -enable-experimental-feature DebugDescriptionMacro -sdk /Applications/Xcode-27.0.0-Release.Candidate.app/Contents/Developer/Platforms/WatchOS.platform/Developer/SDKs/WatchOS27.0.sdk -target arm64-apple-watchos9.0 -g -module-cache-path /Users/admin/builder/spi-builder-workspace/.derivedData/ModuleCache.noindex -Xfrontend -serialize-debugging-options -profile-coverage-mapping -profile-generate -enable-testing -index-store-path /Users/admin/builder/spi-builder-workspace/.derivedData/Index.noindex/DataStore -Xcc -D_LIBCPP_HARDENING_MODE\=_LIBCPP_HARDENING_MODE_DEBUG -swift-version 5 -I /Users/admin/builder/spi-builder-workspace/.derivedData/Build/Products/Debug-watchos -Isystem /Applications/Xcode-27.0.0-Release.Candidate.app/Contents/Developer/Platforms/WatchOS.platform/Developer/usr/lib -F /Users/admin/builder/spi-builder-workspace/.derivedData/Build/Products/Debug-watchos/PackageFrameworks -F /Users/admin/builder/spi-builder-workspace/.derivedData/Build/Products/Debug-watchos -F /Applications/Xcode-27.0.0-Release.Candidate.app/Contents/Developer/Platforms/WatchOS.platform/Developer/Library/Frameworks -F /Applications/Xcode-27.0.0-Release.Candidate.app/Contents/Developer/Platforms/WatchOS.platform/Developer/SDKs/WatchOS27.0.sdk/Developer/Library/Frameworks -c -j10 -enable-batch-mode -incremental -Xcc -ivfsstatcache -Xcc /Users/admin/builder/spi-builder-workspace/.derivedData/SDKStatCaches.noindex/watchos27.0-24R360-e829b21a6f8c9b70876ba0858053c04477534ef55a1706bf4c1112bbb242f0a2.sdkstatcache -output-file-map /Users/admin/builder/spi-builder-workspace/.derivedData/Build/Intermediates.noindex/Neon.build/Debug-watchos/TreeSitterClient-t.build/Objects-normal/arm64/TreeSitterClient-OutputFileMap.json -save-temps -no-color-diagnostics -explicit-module-build -module-cache-path /Users/admin/builder/spi-builder-workspace/.derivedData/Build/Intermediates.noindex/SwiftExplicitPrecompiledModules -clang-scanner-module-cache-path /Users/admin/builder/spi-builder-workspace/.derivedData/ModuleCache.noindex -sdk-module-cache-path /Users/admin/builder/spi-builder-workspace/.derivedData/SDKExplicitPrecompiledModules -emit-dependencies -emit-module -emit-module-path /Users/admin/builder/spi-builder-workspace/.derivedData/Build/Intermediates.noindex/Neon.build/Debug-watchos/TreeSitterClient-t.build/Objects-normal/arm64/TreeSitterClient.swiftmodule -serialize-diagnostics -dependency-scan-serialize-diagnostics-path /Users/admin/builder/spi-builder-workspace/.derivedData/Build/Intermediates.noindex/Neon.build/Debug-watchos/TreeSitterClient-t.build/Objects-normal/arm64/TreeSitterClient-dependency-scan.dia -validate-clang-modules-once -clang-build-session-file /Users/admin/builder/spi-builder-workspace/.derivedData/ModuleCache.noindex/Session.modulevalidation -Xcc -fmodules-prune-interval\=86400 -Xcc -fmodules-prune-after\=345600 -emit-const-values -const-gather-protocols-list /Users/admin/builder/spi-builder-workspace/.derivedData/Build/Intermediates.noindex/Neon.build/Debug-watchos/TreeSitterClient-t.build/Objects-normal/arm64/TreeSitterClient_const_extract_protocols.json -Xcc -I/Users/admin/builder/spi-builder-workspace/.dependencies/checkouts/tree-sitter/lib/include -Xcc -I/Users/admin/builder/spi-builder-workspace/.derivedData/Build/Products/Debug-watchos/include -Xcc -I/Users/admin/builder/spi-builder-workspace/.derivedData/Build/Intermediates.noindex/Neon.build/Debug-watchos/TreeSitterClient-t.build/DerivedSources-normal/arm64 -Xcc -I/Users/admin/builder/spi-builder-workspace/.derivedData/Build/Intermediates.noindex/Neon.build/Debug-watchos/TreeSitterClient-t.build/DerivedSources/arm64 -Xcc -I/Users/admin/builder/spi-builder-workspace/.derivedData/Build/Intermediates.noindex/Neon.build/Debug-watchos/TreeSitterClient-t.build/DerivedSources -Xcc -DSWIFT_PACKAGE -Xcc -DDEBUG\=1 -emit-objc-header -emit-objc-header-path /Users/admin/builder/spi-builder-workspace/.derivedData/Build/Intermediates.noindex/Neon.build/Debug-watchos/TreeSitterClient-t.build/Objects-normal/arm64/TreeSitterClient-Swift.h -working-directory /Users/admin/builder/spi-builder-workspace/.swiftpm/xcode -experimental-emit-module-separately -disable-cmo
SwiftDriver TreeSitterClient normal arm64_32 com.apple.xcode.tools.swift.compiler (in target 'TreeSitterClient' from project 'Neon')
cd /Users/admin/builder/spi-builder-workspace/.swiftpm/xcode
builtin-SwiftDriver -- /Applications/Xcode-27.0.0-Release.Candidate.app/Contents/Developer/Toolchains/XcodeDefault.xctoolchain/usr/bin/swiftc -parse-as-library -module-name TreeSitterClient -Onone @/Users/admin/builder/spi-builder-workspace/.derivedData/Build/Intermediates.noindex/Neon.build/Debug-watchos/TreeSitterClient-t.build/Objects-normal/arm64_32/TreeSitterClient.SwiftFileList -DSWIFT_PACKAGE -DDEBUG -DSWIFT_MODULE_RESOURCE_BUNDLE_UNAVAILABLE -Xcc -fmodule-map-file\=/Users/admin/builder/spi-builder-workspace/.derivedData/Build/Intermediates.noindex/GeneratedModuleMaps-watchos/TreeSitter.modulemap -DXcode -plugin-path /Applications/Xcode-27.0.0-Release.Candidate.app/Contents/Developer/Toolchains/XcodeDefault.xctoolchain/usr/lib/swift/host/plugins/testing -enable-experimental-feature DebugDescriptionMacro -sdk /Applications/Xcode-27.0.0-Release.Candidate.app/Contents/Developer/Platforms/WatchOS.platform/Developer/SDKs/WatchOS27.0.sdk -target arm64_32-apple-watchos9.0 -g -module-cache-path /Users/admin/builder/spi-builder-workspace/.derivedData/ModuleCache.noindex -Xfrontend -serialize-debugging-options -profile-coverage-mapping -profile-generate -enable-testing -index-store-path /Users/admin/builder/spi-builder-workspace/.derivedData/Index.noindex/DataStore -Xcc -D_LIBCPP_HARDENING_MODE\=_LIBCPP_HARDENING_MODE_DEBUG -swift-version 5 -I /Users/admin/builder/spi-builder-workspace/.derivedData/Build/Products/Debug-watchos -Isystem /Applications/Xcode-27.0.0-Release.Candidate.app/Contents/Developer/Platforms/WatchOS.platform/Developer/usr/lib -F /Users/admin/builder/spi-builder-workspace/.derivedData/Build/Products/Debug-watchos/PackageFrameworks -F /Users/admin/builder/spi-builder-workspace/.derivedData/Build/Products/Debug-watchos -F /Applications/Xcode-27.0.0-Release.Candidate.app/Contents/Developer/Platforms/WatchOS.platform/Developer/Library/Frameworks -F /Applications/Xcode-27.0.0-Release.Candidate.app/Contents/Developer/Platforms/WatchOS.platform/Developer/SDKs/WatchOS27.0.sdk/Developer/Library/Frameworks -c -j10 -enable-batch-mode -incremental -Xcc -ivfsstatcache -Xcc /Users/admin/builder/spi-builder-workspace/.derivedData/SDKStatCaches.noindex/watchos27.0-24R360-e829b21a6f8c9b70876ba0858053c04477534ef55a1706bf4c1112bbb242f0a2.sdkstatcache -output-file-map /Users/admin/builder/spi-builder-workspace/.derivedData/Build/Intermediates.noindex/Neon.build/Debug-watchos/TreeSitterClient-t.build/Objects-normal/arm64_32/TreeSitterClient-OutputFileMap.json -save-temps -no-color-diagnostics -explicit-module-build -module-cache-path /Users/admin/builder/spi-builder-workspace/.derivedData/Build/Intermediates.noindex/SwiftExplicitPrecompiledModules -clang-scanner-module-cache-path /Users/admin/builder/spi-builder-workspace/.derivedData/ModuleCache.noindex -sdk-module-cache-path /Users/admin/builder/spi-builder-workspace/.derivedData/SDKExplicitPrecompiledModules -emit-dependencies -emit-module -emit-module-path /Users/admin/builder/spi-builder-workspace/.derivedData/Build/Intermediates.noindex/Neon.build/Debug-watchos/TreeSitterClient-t.build/Objects-normal/arm64_32/TreeSitterClient.swiftmodule -serialize-diagnostics -dependency-scan-serialize-diagnostics-path /Users/admin/builder/spi-builder-workspace/.derivedData/Build/Intermediates.noindex/Neon.build/Debug-watchos/TreeSitterClient-t.build/Objects-normal/arm64_32/TreeSitterClient-dependency-scan.dia -validate-clang-modules-once -clang-build-session-file /Users/admin/builder/spi-builder-workspace/.derivedData/ModuleCache.noindex/Session.modulevalidation -Xcc -fmodules-prune-interval\=86400 -Xcc -fmodules-prune-after\=345600 -emit-const-values -const-gather-protocols-list /Users/admin/builder/spi-builder-workspace/.derivedData/Build/Intermediates.noindex/Neon.build/Debug-watchos/TreeSitterClient-t.build/Objects-normal/arm64_32/TreeSitterClient_const_extract_protocols.json -Xcc -I/Users/admin/builder/spi-builder-workspace/.dependencies/checkouts/tree-sitter/lib/include -Xcc -I/Users/admin/builder/spi-builder-workspace/.derivedData/Build/Products/Debug-watchos/include -Xcc -I/Users/admin/builder/spi-builder-workspace/.derivedData/Build/Intermediates.noindex/Neon.build/Debug-watchos/TreeSitterClient-t.build/DerivedSources-normal/arm64_32 -Xcc -I/Users/admin/builder/spi-builder-workspace/.derivedData/Build/Intermediates.noindex/Neon.build/Debug-watchos/TreeSitterClient-t.build/DerivedSources/arm64_32 -Xcc -I/Users/admin/builder/spi-builder-workspace/.derivedData/Build/Intermediates.noindex/Neon.build/Debug-watchos/TreeSitterClient-t.build/DerivedSources -Xcc -DSWIFT_PACKAGE -Xcc -DDEBUG\=1 -emit-objc-header -emit-objc-header-path /Users/admin/builder/spi-builder-workspace/.derivedData/Build/Intermediates.noindex/Neon.build/Debug-watchos/TreeSitterClient-t.build/Objects-normal/arm64_32/TreeSitterClient-Swift.h -working-directory /Users/admin/builder/spi-builder-workspace/.swiftpm/xcode -experimental-emit-module-separately -disable-cmo
SwiftDriver Neon normal arm64_32 com.apple.xcode.tools.swift.compiler (in target 'Neon' from project 'Neon')
cd /Users/admin/builder/spi-builder-workspace/.swiftpm/xcode
builtin-SwiftDriver -- /Applications/Xcode-27.0.0-Release.Candidate.app/Contents/Developer/Toolchains/XcodeDefault.xctoolchain/usr/bin/swiftc -parse-as-library -module-name Neon -Onone @/Users/admin/builder/spi-builder-workspace/.derivedData/Build/Intermediates.noindex/Neon.build/Debug-watchos/Neon-t.build/Objects-normal/arm64_32/Neon.SwiftFileList -DSWIFT_PACKAGE -DDEBUG -DSWIFT_MODULE_RESOURCE_BUNDLE_UNAVAILABLE -Xcc -fmodule-map-file\=/Users/admin/builder/spi-builder-workspace/.derivedData/Build/Intermediates.noindex/GeneratedModuleMaps-watchos/TreeSitter.modulemap -DXcode -enable-experimental-feature StrictConcurrency -plugin-path /Applications/Xcode-27.0.0-Release.Candidate.app/Contents/Developer/Toolchains/XcodeDefault.xctoolchain/usr/lib/swift/host/plugins/testing -enable-experimental-feature DebugDescriptionMacro -sdk /Applications/Xcode-27.0.0-Release.Candidate.app/Contents/Developer/Platforms/WatchOS.platform/Developer/SDKs/WatchOS27.0.sdk -target arm64_32-apple-watchos9.0 -g -module-cache-path /Users/admin/builder/spi-builder-workspace/.derivedData/ModuleCache.noindex -Xfrontend -serialize-debugging-options -profile-coverage-mapping -profile-generate -enable-testing -index-store-path /Users/admin/builder/spi-builder-workspace/.derivedData/Index.noindex/DataStore -Xcc -D_LIBCPP_HARDENING_MODE\=_LIBCPP_HARDENING_MODE_DEBUG -swift-version 5 -I /Users/admin/builder/spi-builder-workspace/.derivedData/Build/Products/Debug-watchos -Isystem /Applications/Xcode-27.0.0-Release.Candidate.app/Contents/Developer/Platforms/WatchOS.platform/Developer/usr/lib -F /Users/admin/builder/spi-builder-workspace/.derivedData/Build/Products/Debug-watchos/PackageFrameworks -F /Users/admin/builder/spi-builder-workspace/.derivedData/Build/Products/Debug-watchos -F /Applications/Xcode-27.0.0-Release.Candidate.app/Contents/Developer/Platforms/WatchOS.platform/Developer/Library/Frameworks -F /Applications/Xcode-27.0.0-Release.Candidate.app/Contents/Developer/Platforms/WatchOS.platform/Developer/SDKs/WatchOS27.0.sdk/Developer/Library/Frameworks -c -j10 -enable-batch-mode -incremental -Xcc -ivfsstatcache -Xcc /Users/admin/builder/spi-builder-workspace/.derivedData/SDKStatCaches.noindex/watchos27.0-24R360-e829b21a6f8c9b70876ba0858053c04477534ef55a1706bf4c1112bbb242f0a2.sdkstatcache -output-file-map /Users/admin/builder/spi-builder-workspace/.derivedData/Build/Intermediates.noindex/Neon.build/Debug-watchos/Neon-t.build/Objects-normal/arm64_32/Neon-OutputFileMap.json -save-temps -no-color-diagnostics -explicit-module-build -module-cache-path /Users/admin/builder/spi-builder-workspace/.derivedData/Build/Intermediates.noindex/SwiftExplicitPrecompiledModules -clang-scanner-module-cache-path /Users/admin/builder/spi-builder-workspace/.derivedData/ModuleCache.noindex -sdk-module-cache-path /Users/admin/builder/spi-builder-workspace/.derivedData/SDKExplicitPrecompiledModules -emit-dependencies -emit-module -emit-module-path /Users/admin/builder/spi-builder-workspace/.derivedData/Build/Intermediates.noindex/Neon.build/Debug-watchos/Neon-t.build/Objects-normal/arm64_32/Neon.swiftmodule -serialize-diagnostics -dependency-scan-serialize-diagnostics-path /Users/admin/builder/spi-builder-workspace/.derivedData/Build/Intermediates.noindex/Neon.build/Debug-watchos/Neon-t.build/Objects-normal/arm64_32/Neon-dependency-scan.dia -validate-clang-modules-once -clang-build-session-file /Users/admin/builder/spi-builder-workspace/.derivedData/ModuleCache.noindex/Session.modulevalidation -Xcc -fmodules-prune-interval\=86400 -Xcc -fmodules-prune-after\=345600 -emit-const-values -const-gather-protocols-list /Users/admin/builder/spi-builder-workspace/.derivedData/Build/Intermediates.noindex/Neon.build/Debug-watchos/Neon-t.build/Objects-normal/arm64_32/Neon_const_extract_protocols.json -Xcc -I/Users/admin/builder/spi-builder-workspace/.dependencies/checkouts/tree-sitter/lib/include -Xcc -I/Users/admin/builder/spi-builder-workspace/.derivedData/Build/Products/Debug-watchos/include -Xcc -I/Users/admin/builder/spi-builder-workspace/.derivedData/Build/Intermediates.noindex/Neon.build/Debug-watchos/Neon-t.build/DerivedSources-normal/arm64_32 -Xcc -I/Users/admin/builder/spi-builder-workspace/.derivedData/Build/Intermediates.noindex/Neon.build/Debug-watchos/Neon-t.build/DerivedSources/arm64_32 -Xcc -I/Users/admin/builder/spi-builder-workspace/.derivedData/Build/Intermediates.noindex/Neon.build/Debug-watchos/Neon-t.build/DerivedSources -Xcc -DSWIFT_PACKAGE -Xcc -DDEBUG\=1 -emit-objc-header -emit-objc-header-path /Users/admin/builder/spi-builder-workspace/.derivedData/Build/Intermediates.noindex/Neon.build/Debug-watchos/Neon-t.build/Objects-normal/arm64_32/Neon-Swift.h -working-directory /Users/admin/builder/spi-builder-workspace/.swiftpm/xcode -experimental-emit-module-separately -disable-cmo
SwiftDriver Neon normal arm64 com.apple.xcode.tools.swift.compiler (in target 'Neon' from project 'Neon')
cd /Users/admin/builder/spi-builder-workspace/.swiftpm/xcode
builtin-SwiftDriver -- /Applications/Xcode-27.0.0-Release.Candidate.app/Contents/Developer/Toolchains/XcodeDefault.xctoolchain/usr/bin/swiftc -parse-as-library -module-name Neon -Onone @/Users/admin/builder/spi-builder-workspace/.derivedData/Build/Intermediates.noindex/Neon.build/Debug-watchos/Neon-t.build/Objects-normal/arm64/Neon.SwiftFileList -DSWIFT_PACKAGE -DDEBUG -DSWIFT_MODULE_RESOURCE_BUNDLE_UNAVAILABLE -Xcc -fmodule-map-file\=/Users/admin/builder/spi-builder-workspace/.derivedData/Build/Intermediates.noindex/GeneratedModuleMaps-watchos/TreeSitter.modulemap -DXcode -enable-experimental-feature StrictConcurrency -plugin-path /Applications/Xcode-27.0.0-Release.Candidate.app/Contents/Developer/Toolchains/XcodeDefault.xctoolchain/usr/lib/swift/host/plugins/testing -enable-experimental-feature DebugDescriptionMacro -sdk /Applications/Xcode-27.0.0-Release.Candidate.app/Contents/Developer/Platforms/WatchOS.platform/Developer/SDKs/WatchOS27.0.sdk -target arm64-apple-watchos9.0 -g -module-cache-path /Users/admin/builder/spi-builder-workspace/.derivedData/ModuleCache.noindex -Xfrontend -serialize-debugging-options -profile-coverage-mapping -profile-generate -enable-testing -index-store-path /Users/admin/builder/spi-builder-workspace/.derivedData/Index.noindex/DataStore -Xcc -D_LIBCPP_HARDENING_MODE\=_LIBCPP_HARDENING_MODE_DEBUG -swift-version 5 -I /Users/admin/builder/spi-builder-workspace/.derivedData/Build/Products/Debug-watchos -Isystem /Applications/Xcode-27.0.0-Release.Candidate.app/Contents/Developer/Platforms/WatchOS.platform/Developer/usr/lib -F /Users/admin/builder/spi-builder-workspace/.derivedData/Build/Products/Debug-watchos/PackageFrameworks -F /Users/admin/builder/spi-builder-workspace/.derivedData/Build/Products/Debug-watchos -F /Applications/Xcode-27.0.0-Release.Candidate.app/Contents/Developer/Platforms/WatchOS.platform/Developer/Library/Frameworks -F /Applications/Xcode-27.0.0-Release.Candidate.app/Contents/Developer/Platforms/WatchOS.platform/Developer/SDKs/WatchOS27.0.sdk/Developer/Library/Frameworks -c -j10 -enable-batch-mode -incremental -Xcc -ivfsstatcache -Xcc /Users/admin/builder/spi-builder-workspace/.derivedData/SDKStatCaches.noindex/watchos27.0-24R360-e829b21a6f8c9b70876ba0858053c04477534ef55a1706bf4c1112bbb242f0a2.sdkstatcache -output-file-map /Users/admin/builder/spi-builder-workspace/.derivedData/Build/Intermediates.noindex/Neon.build/Debug-watchos/Neon-t.build/Objects-normal/arm64/Neon-OutputFileMap.json -save-temps -no-color-diagnostics -explicit-module-build -module-cache-path /Users/admin/builder/spi-builder-workspace/.derivedData/Build/Intermediates.noindex/SwiftExplicitPrecompiledModules -clang-scanner-module-cache-path /Users/admin/builder/spi-builder-workspace/.derivedData/ModuleCache.noindex -sdk-module-cache-path /Users/admin/builder/spi-builder-workspace/.derivedData/SDKExplicitPrecompiledModules -emit-dependencies -emit-module -emit-module-path /Users/admin/builder/spi-builder-workspace/.derivedData/Build/Intermediates.noindex/Neon.build/Debug-watchos/Neon-t.build/Objects-normal/arm64/Neon.swiftmodule -serialize-diagnostics -dependency-scan-serialize-diagnostics-path /Users/admin/builder/spi-builder-workspace/.derivedData/Build/Intermediates.noindex/Neon.build/Debug-watchos/Neon-t.build/Objects-normal/arm64/Neon-dependency-scan.dia -validate-clang-modules-once -clang-build-session-file /Users/admin/builder/spi-builder-workspace/.derivedData/ModuleCache.noindex/Session.modulevalidation -Xcc -fmodules-prune-interval\=86400 -Xcc -fmodules-prune-after\=345600 -emit-const-values -const-gather-protocols-list /Users/admin/builder/spi-builder-workspace/.derivedData/Build/Intermediates.noindex/Neon.build/Debug-watchos/Neon-t.build/Objects-normal/arm64/Neon_const_extract_protocols.json -Xcc -I/Users/admin/builder/spi-builder-workspace/.dependencies/checkouts/tree-sitter/lib/include -Xcc -I/Users/admin/builder/spi-builder-workspace/.derivedData/Build/Products/Debug-watchos/include -Xcc -I/Users/admin/builder/spi-builder-workspace/.derivedData/Build/Intermediates.noindex/Neon.build/Debug-watchos/Neon-t.build/DerivedSources-normal/arm64 -Xcc -I/Users/admin/builder/spi-builder-workspace/.derivedData/Build/Intermediates.noindex/Neon.build/Debug-watchos/Neon-t.build/DerivedSources/arm64 -Xcc -I/Users/admin/builder/spi-builder-workspace/.derivedData/Build/Intermediates.noindex/Neon.build/Debug-watchos/Neon-t.build/DerivedSources -Xcc -DSWIFT_PACKAGE -Xcc -DDEBUG\=1 -emit-objc-header -emit-objc-header-path /Users/admin/builder/spi-builder-workspace/.derivedData/Build/Intermediates.noindex/Neon.build/Debug-watchos/Neon-t.build/Objects-normal/arm64/Neon-Swift.h -working-directory /Users/admin/builder/spi-builder-workspace/.swiftpm/xcode -experimental-emit-module-separately -disable-cmo
ExtractAppIntentsMetadata (in target 'SwiftTreeSitter' from project 'SwiftTreeSitter')
cd /Users/admin/builder/spi-builder-workspace/.dependencies/checkouts/SwiftTreeSitter
/Applications/Xcode-27.0.0-Release.Candidate.app/Contents/Developer/Toolchains/XcodeDefault.xctoolchain/usr/bin/appintentsmetadataprocessor --toolchain-dir /var/run/com.apple.security.cryptexd/mnt/com.apple.MobileAsset.MetalToolchain-v27.1.266.1.aI4rTf/Metal.xctoolchain --module-name SwiftTreeSitter --sdk-root /Applications/Xcode-27.0.0-Release.Candidate.app/Contents/Developer/Platforms/WatchOS.platform/Developer/SDKs/WatchOS27.0.sdk --xcode-version 27A266a --platform-family watchOS --deployment-target 9.0 --bundle-identifier swifttreesitter.SwiftTreeSitter --output /Users/admin/builder/spi-builder-workspace/.derivedData/Build/Products/Debug-watchos/SwiftTreeSitter.appintents --target-triple arm64-apple-watchos9.0 --target-triple arm64_32-apple-watchos9.0 --binary-file /Users/admin/builder/spi-builder-workspace/.derivedData/Build/Products/Debug-watchos/SwiftTreeSitter.o --dependency-file /Users/admin/builder/spi-builder-workspace/.derivedData/Build/Intermediates.noindex/SwiftTreeSitter.build/Debug-watchos/SwiftTreeSitter-t.build/Objects-normal/arm64/SwiftTreeSitter_dependency_info.dat --dependency-file /Users/admin/builder/spi-builder-workspace/.derivedData/Build/Intermediates.noindex/SwiftTreeSitter.build/Debug-watchos/SwiftTreeSitter-t.build/Objects-normal/arm64_32/SwiftTreeSitter_dependency_info.dat --stringsdata-file /Users/admin/builder/spi-builder-workspace/.derivedData/Build/Intermediates.noindex/SwiftTreeSitter.build/Debug-watchos/SwiftTreeSitter-t.build/Objects-normal/arm64/ExtractedAppShortcutsMetadata.stringsdata --stringsdata-file /Users/admin/builder/spi-builder-workspace/.derivedData/Build/Intermediates.noindex/SwiftTreeSitter.build/Debug-watchos/SwiftTreeSitter-t.build/Objects-normal/arm64_32/ExtractedAppShortcutsMetadata.stringsdata --source-file-list /Users/admin/builder/spi-builder-workspace/.derivedData/Build/Intermediates.noindex/SwiftTreeSitter.build/Debug-watchos/SwiftTreeSitter-t.build/Objects-normal/arm64/SwiftTreeSitter.SwiftFileList --source-file-list /Users/admin/builder/spi-builder-workspace/.derivedData/Build/Intermediates.noindex/SwiftTreeSitter.build/Debug-watchos/SwiftTreeSitter-t.build/Objects-normal/arm64_32/SwiftTreeSitter.SwiftFileList --metadata-file-list /Users/admin/builder/spi-builder-workspace/.derivedData/Build/Intermediates.noindex/SwiftTreeSitter.build/Debug-watchos/SwiftTreeSitter-t.build/SwiftTreeSitter.DependencyMetadataFileList --static-metadata-file-list /Users/admin/builder/spi-builder-workspace/.derivedData/Build/Intermediates.noindex/SwiftTreeSitter.build/Debug-watchos/SwiftTreeSitter-t.build/SwiftTreeSitter.DependencyStaticMetadataFileList --swift-const-vals-list /Users/admin/builder/spi-builder-workspace/.derivedData/Build/Intermediates.noindex/SwiftTreeSitter.build/Debug-watchos/SwiftTreeSitter-t.build/Objects-normal/arm64/SwiftTreeSitter.SwiftConstValuesFileList --swift-const-vals-list /Users/admin/builder/spi-builder-workspace/.derivedData/Build/Intermediates.noindex/SwiftTreeSitter.build/Debug-watchos/SwiftTreeSitter-t.build/Objects-normal/arm64_32/SwiftTreeSitter.SwiftConstValuesFileList --force --compile-time-extraction --deployment-aware-processing --no-app-shortcuts-localization
2026-09-27 14:43:30.701 appintentsmetadataprocessor[1124:6256] Starting appintentsmetadataprocessor export
2026-09-27 14:43:30.770 appintentsmetadataprocessor[1124:6256] Extracted no relevant App Intents symbols, skipping writing output
SwiftEmitModule normal arm64_32 Emitting\ module\ for\ Neon (in target 'Neon' from project 'Neon')
SwiftCompile normal arm64_32 (in target 'Neon' from project 'Neon')
cd /Users/admin/builder/spi-builder-workspace/.swiftpm/xcode
SwiftCompile normal arm64_32 Compiling\ TextTarget.swift /Users/admin/builder/spi-builder-workspace/Sources/Neon/TextTarget.swift (in target 'Neon' from project 'Neon')
SwiftCompile normal arm64_32 /Users/admin/builder/spi-builder-workspace/Sources/Neon/TextTarget.swift (in target 'Neon' from project 'Neon')
cd /Users/admin/builder/spi-builder-workspace/.swiftpm/xcode
builtin-SwiftPerFileCompile TextTarget.swift
SwiftCompile normal arm64_32 Compiling\ TextSystemInterface.swift /Users/admin/builder/spi-builder-workspace/Sources/Neon/TextSystemInterface.swift (in target 'Neon' from project 'Neon')
SwiftCompile normal arm64_32 /Users/admin/builder/spi-builder-workspace/Sources/Neon/TextSystemInterface.swift (in target 'Neon' from project 'Neon')
cd /Users/admin/builder/spi-builder-workspace/.swiftpm/xcode
builtin-SwiftPerFileCompile TextSystemInterface.swift
SwiftCompile normal arm64_32 Compiling\ HighlighterInvalidationBuffer.swift,\ NSTextView+VisibleRange.swift /Users/admin/builder/spi-builder-workspace/Sources/Neon/HighlighterInvalidationBuffer.swift /Users/admin/builder/spi-builder-workspace/Sources/Neon/NSTextView+VisibleRange.swift (in target 'Neon' from project 'Neon')
SwiftCompile normal arm64_32 /Users/admin/builder/spi-builder-workspace/Sources/Neon/HighlighterInvalidationBuffer.swift (in target 'Neon' from project 'Neon')
cd /Users/admin/builder/spi-builder-workspace/.swiftpm/xcode
builtin-SwiftPerFileCompile HighlighterInvalidationBuffer.swift
SwiftCompile normal arm64_32 /Users/admin/builder/spi-builder-workspace/Sources/Neon/NSTextView+VisibleRange.swift (in target 'Neon' from project 'Neon')
cd /Users/admin/builder/spi-builder-workspace/.swiftpm/xcode
builtin-SwiftPerFileCompile NSTextView+VisibleRange.swift
SwiftCompile normal arm64_32 Compiling\ TextViewSystemInterface.swift /Users/admin/builder/spi-builder-workspace/Sources/Neon/TextViewSystemInterface.swift (in target 'Neon' from project 'Neon')
/Users/admin/builder/spi-builder-workspace/Sources/Neon/TextViewSystemInterface.swift:13:55: error: cannot find type 'NSAttributedString' in scope
11 | import Rearrange
12 |
13 | public typealias TokenAttributeProvider = (Token) -> [NSAttributedString.Key: Any]
| `- error: cannot find type 'NSAttributedString' in scope
14 |
15 | #if os(macOS) || os(iOS)
/Users/admin/builder/spi-builder-workspace/Sources/Neon/TextViewSystemInterface.swift:164:32: error: cannot find type 'NSTextLayoutManager' in scope
162 | @MainActor
163 | public struct TextLayoutManagerSystemInterface {
164 | public let textLayoutManager: NSTextLayoutManager
| `- error: cannot find type 'NSTextLayoutManager' in scope
165 | public let attributeProvider: TokenAttributeProvider
166 | public let visibleRangeProvider: () -> NSRange
/Users/admin/builder/spi-builder-workspace/Sources/Neon/TextViewSystemInterface.swift:166:41: error: cannot find type 'NSRange' in scope
164 | public let textLayoutManager: NSTextLayoutManager
165 | public let attributeProvider: TokenAttributeProvider
166 | public let visibleRangeProvider: () -> NSRange
| `- error: cannot find type 'NSRange' in scope
167 |
168 | public init(textLayoutManager: NSTextLayoutManager, attributeProvider: @escaping TokenAttributeProvider, visibleRangeProvider: @escaping () -> NSRange) {
/Users/admin/builder/spi-builder-workspace/Sources/Neon/TextViewSystemInterface.swift:168:33: error: cannot find type 'NSTextLayoutManager' in scope
166 | public let visibleRangeProvider: () -> NSRange
167 |
168 | public init(textLayoutManager: NSTextLayoutManager, attributeProvider: @escaping TokenAttributeProvider, visibleRangeProvider: @escaping () -> NSRange) {
| `- error: cannot find type 'NSTextLayoutManager' in scope
169 | self.textLayoutManager = textLayoutManager
170 | self.attributeProvider = attributeProvider
/Users/admin/builder/spi-builder-workspace/Sources/Neon/TextViewSystemInterface.swift:168:73: error: '@escaping' only applies to function types
166 | public let visibleRangeProvider: () -> NSRange
167 |
168 | public init(textLayoutManager: NSTextLayoutManager, attributeProvider: @escaping TokenAttributeProvider, visibleRangeProvider: @escaping () -> NSRange) {
| `- error: '@escaping' only applies to function types
169 | self.textLayoutManager = textLayoutManager
170 | self.attributeProvider = attributeProvider
/Users/admin/builder/spi-builder-workspace/Sources/Neon/TextViewSystemInterface.swift:168:145: error: cannot find type 'NSRange' in scope
166 | public let visibleRangeProvider: () -> NSRange
167 |
168 | public init(textLayoutManager: NSTextLayoutManager, attributeProvider: @escaping TokenAttributeProvider, visibleRangeProvider: @escaping () -> NSRange) {
| `- error: cannot find type 'NSRange' in scope
169 | self.textLayoutManager = textLayoutManager
170 | self.attributeProvider = attributeProvider
/Users/admin/builder/spi-builder-workspace/Sources/Neon/TextViewSystemInterface.swift:168:129: error: '@escaping' only applies to function types
166 | public let visibleRangeProvider: () -> NSRange
167 |
168 | public init(textLayoutManager: NSTextLayoutManager, attributeProvider: @escaping TokenAttributeProvider, visibleRangeProvider: @escaping () -> NSRange) {
| `- error: '@escaping' only applies to function types
169 | self.textLayoutManager = textLayoutManager
170 | self.attributeProvider = attributeProvider
/Users/admin/builder/spi-builder-workspace/Sources/Neon/TextViewSystemInterface.swift:174:25: error: cannot find type 'TextView' in scope
172 | }
173 |
174 | public init?(textView: TextView, attributeProvider: @escaping TokenAttributeProvider) {
| `- error: cannot find type 'TextView' in scope
175 | guard let textLayoutManager = textView.textLayoutManager else { return nil }
176 | self.textLayoutManager = textLayoutManager
/Users/admin/builder/spi-builder-workspace/Sources/Neon/TextViewSystemInterface.swift:174:54: error: '@escaping' only applies to function types
172 | }
173 |
174 | public init?(textView: TextView, attributeProvider: @escaping TokenAttributeProvider) {
| `- error: '@escaping' only applies to function types
175 | guard let textLayoutManager = textView.textLayoutManager else { return nil }
176 | self.textLayoutManager = textLayoutManager
/Users/admin/builder/spi-builder-workspace/Sources/Neon/TextViewSystemInterface.swift:184:35: error: cannot find type 'NSTextElementProvider' in scope
182 | @available(macOS 12.0, iOS 16.0, tvOS 16.0, *)
183 | extension TextLayoutManagerSystemInterface: TextSystemInterface {
184 | private var textElementProvider: NSTextElementProvider? {
| `- error: cannot find type 'NSTextElementProvider' in scope
185 | textLayoutManager.textContentManager
186 | }
/Users/admin/builder/spi-builder-workspace/Sources/Neon/TextViewSystemInterface.swift:188:39: error: cannot find type 'NSAttributedString' in scope
186 | }
187 |
188 | private func setAttributes(_ attrs: [NSAttributedString.Key : Any], in range: NSRange) {
| `- error: cannot find type 'NSAttributedString' in scope
189 | let clampedRange = range.clamped(to: length)
190 |
/Users/admin/builder/spi-builder-workspace/Sources/Neon/TextViewSystemInterface.swift:188:80: error: cannot find type 'NSRange' in scope
186 | }
187 |
188 | private func setAttributes(_ attrs: [NSAttributedString.Key : Any], in range: NSRange) {
| `- error: cannot find type 'NSRange' in scope
189 | let clampedRange = range.clamped(to: length)
190 |
/Users/admin/builder/spi-builder-workspace/Sources/Neon/TextViewSystemInterface.swift:201:35: error: cannot find type 'NSRange' in scope
199 | }
200 |
201 | public func clearStyle(in range: NSRange) {
| `- error: cannot find type 'NSRange' in scope
202 | setAttributes([:], in: range)
203 | }
/Users/admin/builder/spi-builder-workspace/Sources/Neon/TextViewSystemInterface.swift:217:27: error: cannot find type 'NSRange' in scope
215 | }
216 |
217 | public var visibleRange: NSRange {
| `- error: cannot find type 'NSRange' in scope
218 | visibleRangeProvider()
219 | }
/Users/admin/builder/spi-builder-workspace/Sources/Neon/TextViewSystemInterface.swift:225:27: error: cannot find type 'NSTextStorage' in scope
223 | @MainActor
224 | public struct TextStorageSystemInterface {
225 | private let textStorage: NSTextStorage?
| `- error: cannot find type 'NSTextStorage' in scope
226 | public let attributeProvider: TokenAttributeProvider
227 | public let defaultAttributesProvider: () -> [NSAttributedString.Key : Any]
/Users/admin/builder/spi-builder-workspace/Sources/Neon/TextViewSystemInterface.swift:227:47: error: cannot find type 'NSAttributedString' in scope
225 | private let textStorage: NSTextStorage?
226 | public let attributeProvider: TokenAttributeProvider
227 | public let defaultAttributesProvider: () -> [NSAttributedString.Key : Any]
| `- error: cannot find type 'NSAttributedString' in scope
228 | public let visibleRangeProvider: () -> NSRange
229 |
/Users/admin/builder/spi-builder-workspace/Sources/Neon/TextViewSystemInterface.swift:228:41: error: cannot find type 'NSRange' in scope
226 | public let attributeProvider: TokenAttributeProvider
227 | public let defaultAttributesProvider: () -> [NSAttributedString.Key : Any]
228 | public let visibleRangeProvider: () -> NSRange
| `- error: cannot find type 'NSRange' in scope
229 |
230 | public init(
/Users/admin/builder/spi-builder-workspace/Sources/Neon/TextViewSystemInterface.swift:231:16: error: cannot find type 'NSTextStorage' in scope
229 |
230 | public init(
231 | textStorage: NSTextStorage,
| `- error: cannot find type 'NSTextStorage' in scope
232 | attributeProvider: @escaping TokenAttributeProvider,
233 | visibleRangeProvider: @escaping () -> NSRange,
/Users/admin/builder/spi-builder-workspace/Sources/Neon/TextViewSystemInterface.swift:232:22: error: '@escaping' only applies to function types
230 | public init(
231 | textStorage: NSTextStorage,
232 | attributeProvider: @escaping TokenAttributeProvider,
| `- error: '@escaping' only applies to function types
233 | visibleRangeProvider: @escaping () -> NSRange,
234 | defaultAttributesProvider: @escaping () -> [NSAttributedString.Key : Any]
/Users/admin/builder/spi-builder-workspace/Sources/Neon/TextViewSystemInterface.swift:233:41: error: cannot find type 'NSRange' in scope
231 | textStorage: NSTextStorage,
232 | attributeProvider: @escaping TokenAttributeProvider,
233 | visibleRangeProvider: @escaping () -> NSRange,
| `- error: cannot find type 'NSRange' in scope
234 | defaultAttributesProvider: @escaping () -> [NSAttributedString.Key : Any]
235 | ) {
/Users/admin/builder/spi-builder-workspace/Sources/Neon/TextViewSystemInterface.swift:233:25: error: '@escaping' only applies to function types
231 | textStorage: NSTextStorage,
232 | attributeProvider: @escaping TokenAttributeProvider,
233 | visibleRangeProvider: @escaping () -> NSRange,
| `- error: '@escaping' only applies to function types
234 | defaultAttributesProvider: @escaping () -> [NSAttributedString.Key : Any]
235 | ) {
/Users/admin/builder/spi-builder-workspace/Sources/Neon/TextViewSystemInterface.swift:234:47: error: cannot find type 'NSAttributedString' in scope
232 | attributeProvider: @escaping TokenAttributeProvider,
233 | visibleRangeProvider: @escaping () -> NSRange,
234 | defaultAttributesProvider: @escaping () -> [NSAttributedString.Key : Any]
| `- error: cannot find type 'NSAttributedString' in scope
235 | ) {
236 | self.textStorage = textStorage
/Users/admin/builder/spi-builder-workspace/Sources/Neon/TextViewSystemInterface.swift:234:30: error: '@escaping' only applies to function types
232 | attributeProvider: @escaping TokenAttributeProvider,
233 | visibleRangeProvider: @escaping () -> NSRange,
234 | defaultAttributesProvider: @escaping () -> [NSAttributedString.Key : Any]
| `- error: '@escaping' only applies to function types
235 | ) {
236 | self.textStorage = textStorage
/Users/admin/builder/spi-builder-workspace/Sources/Neon/TextViewSystemInterface.swift:242:24: error: cannot find type 'TextView' in scope
240 | }
241 |
242 | public init(textView: TextView, attributeProvider: @escaping TokenAttributeProvider) {
| `- error: cannot find type 'TextView' in scope
243 | self.textStorage = textView.textStorage
244 | self.visibleRangeProvider = { textView.visibleTextRange }
/Users/admin/builder/spi-builder-workspace/Sources/Neon/TextViewSystemInterface.swift:242:53: error: '@escaping' only applies to function types
240 | }
241 |
242 | public init(textView: TextView, attributeProvider: @escaping TokenAttributeProvider) {
| `- error: '@escaping' only applies to function types
243 | self.textStorage = textView.textStorage
244 | self.visibleRangeProvider = { textView.visibleTextRange }
/Users/admin/builder/spi-builder-workspace/Sources/Neon/TextViewSystemInterface.swift:251:39: error: cannot find type 'NSAttributedString' in scope
249 |
250 | extension TextStorageSystemInterface: TextSystemInterface {
251 | private func setAttributes(_ attrs: [NSAttributedString.Key : Any], in range: NSRange) {
| `- error: cannot find type 'NSAttributedString' in scope
252 | let clampedRange = range.clamped(to: length)
253 |
/Users/admin/builder/spi-builder-workspace/Sources/Neon/TextViewSystemInterface.swift:251:80: error: cannot find type 'NSRange' in scope
249 |
250 | extension TextStorageSystemInterface: TextSystemInterface {
251 | private func setAttributes(_ attrs: [NSAttributedString.Key : Any], in range: NSRange) {
| `- error: cannot find type 'NSRange' in scope
252 | let clampedRange = range.clamped(to: length)
253 |
/Users/admin/builder/spi-builder-workspace/Sources/Neon/TextViewSystemInterface.swift:257:35: error: cannot find type 'NSRange' in scope
255 | }
256 |
257 | public func clearStyle(in range: NSRange) {
| `- error: cannot find type 'NSRange' in scope
258 | setAttributes(defaultAttributesProvider(), in: range)
259 | }
/Users/admin/builder/spi-builder-workspace/Sources/Neon/TextViewSystemInterface.swift:271:27: error: cannot find type 'NSRange' in scope
269 | }
270 |
271 | public var visibleRange: NSRange {
| `- error: cannot find type 'NSRange' in scope
272 | visibleRangeProvider()
273 | }
/Users/admin/builder/spi-builder-workspace/Sources/Neon/TextViewSystemInterface.swift:193:20: error: cannot find 'NSTextRange' in scope
191 | guard
192 | let contentManager = textElementProvider,
193 | let textRange = NSTextRange(clampedRange, provider: contentManager)
| `- error: cannot find 'NSTextRange' in scope
194 | else {
195 | return
/Users/admin/builder/spi-builder-workspace/Sources/Neon/TextViewSystemInterface.swift:214:10: error: cannot find 'NSRange' in scope
212 | guard let textElementProvider = textElementProvider else { return 0 }
213 |
214 | return NSRange(textLayoutManager.documentRange, provider: textElementProvider).length
| `- error: cannot find 'NSRange' in scope
215 | }
216 |
Failed frontend command:
/Applications/Xcode-27.0.0-Release.Candidate.app/Contents/Developer/Toolchains/XcodeDefault.xctoolchain/usr/bin/swift-frontend -frontend -c /Users/admin/builder/spi-builder-workspace/Sources/Neon/Compatibility.swift /Users/admin/builder/spi-builder-workspace/Sources/Neon/Highlighter.swift /Users/admin/builder/spi-builder-workspace/Sources/Neon/HighlighterInvalidationBuffer.swift /Users/admin/builder/spi-builder-workspace/Sources/Neon/NSTextView+VisibleRange.swift /Users/admin/builder/spi-builder-workspace/Sources/Neon/TextSystemInterface.swift /Users/admin/builder/spi-builder-workspace/Sources/Neon/TextTarget.swift /Users/admin/builder/spi-builder-workspace/Sources/Neon/TextViewHighlighter.swift -primary-file /Users/admin/builder/spi-builder-workspace/Sources/Neon/TextViewSystemInterface.swift /Users/admin/builder/spi-builder-workspace/Sources/Neon/Token.swift /Users/admin/builder/spi-builder-workspace/Sources/Neon/TokenApplication.swift /Users/admin/builder/spi-builder-workspace/Sources/Neon/TreeSitterClient+Highlight.swift /Users/admin/builder/spi-builder-workspace/Sources/Neon/UITextView+VisibleRange.swift -emit-dependencies-path /Users/admin/builder/spi-builder-workspace/.derivedData/Build/Intermediates.noindex/Neon.build/Debug-watchos/Neon-t.build/Objects-normal/arm64_32/TextViewSystemInterface.d -emit-const-values-path /Users/admin/builder/spi-builder-workspace/.derivedData/Build/Intermediates.noindex/Neon.build/Debug-watchos/Neon-t.build/Objects-normal/arm64_32/TextViewSystemInterface.swiftconstvalues -emit-reference-dependencies-path /Users/admin/builder/spi-builder-workspace/.derivedData/Build/Intermediates.noindex/Neon.build/Debug-watchos/Neon-t.build/Objects-normal/arm64_32/TextViewSystemInterface.swiftdeps -serialize-diagnostics-path /Users/admin/builder/spi-builder-workspace/.derivedData/Build/Intermediates.noindex/Neon.build/Debug-watchos/Neon-t.build/Objects-normal/arm64_32/TextViewSystemInterface.dia -target arm64_32-apple-watchos9.0 -disable-cross-import-overlay-search -load-resolved-plugin /Applications/Xcode-27.0.0-Release.Candidate.app/Contents/Developer/Platforms/WatchOS.platform/Developer/usr/lib/swift/host/plugins/libFoundationMacros.dylib\#/Applications/Xcode-27.0.0-Release.Candidate.app/Contents/Developer/Platforms/WatchOS.platform/Developer/usr/bin/swift-plugin-server\#FoundationMacros -load-resolved-plugin /Applications/Xcode-27.0.0-Release.Candidate.app/Contents/Developer/Platforms/WatchOS.platform/Developer/usr/lib/swift/host/plugins/libObservationMacros.dylib\#/Applications/Xcode-27.0.0-Release.Candidate.app/Contents/Developer/Platforms/WatchOS.platform/Developer/usr/bin/swift-plugin-server\#ObservationMacros -load-resolved-plugin /Applications/Xcode-27.0.0-Release.Candidate.app/Contents/Developer/Platforms/WatchOS.platform/Developer/usr/lib/swift/host/plugins/libSwiftMacros.dylib\#/Applications/Xcode-27.0.0-Release.Candidate.app/Contents/Developer/Platforms/WatchOS.platform/Developer/usr/bin/swift-plugin-server\#SwiftMacros -disable-implicit-swift-modules -Xcc -fno-implicit-modules -Xcc -fno-implicit-module-maps -explicit-swift-module-map-file /Users/admin/builder/spi-builder-workspace/.derivedData/Build/Intermediates.noindex/Neon.build/Debug-watchos/Neon-t.build/Objects-normal/arm64_32/Neon-dependencies-1.json -enable-objc-interop -sdk /Applications/Xcode-27.0.0-Release.Candidate.app/Contents/Developer/Platforms/WatchOS.platform/Developer/SDKs/WatchOS27.0.sdk -I /Users/admin/builder/spi-builder-workspace/.derivedData/Build/Products/Debug-watchos -Isystem /Applications/Xcode-27.0.0-Release.Candidate.app/Contents/Developer/Platforms/WatchOS.platform/Developer/usr/lib -F /Users/admin/builder/spi-builder-workspace/.derivedData/Build/Products/Debug-watchos/PackageFrameworks -F /Users/admin/builder/spi-builder-workspace/.derivedData/Build/Products/Debug-watchos -F /Applications/Xcode-27.0.0-Release.Candidate.app/Contents/Developer/Platforms/WatchOS.platform/Developer/Library/Frameworks -F /Applications/Xcode-27.0.0-Release.Candidate.app/Contents/Developer/Platforms/WatchOS.platform/Developer/SDKs/WatchOS27.0.sdk/Developer/Library/Frameworks -module-cache-path /Users/admin/builder/spi-builder-workspace/.derivedData/Build/Intermediates.noindex/SwiftExplicitPrecompiledModules -no-color-diagnostics -Xcc -fno-color-diagnostics -enable-testing -g -debug-info-format\=dwarf -dwarf-version\=4 -profile-generate -profile-coverage-mapping -swift-version 5 -Onone -D SWIFT_PACKAGE -D DEBUG -D SWIFT_MODULE_RESOURCE_BUNDLE_UNAVAILABLE -D Xcode -serialize-debugging-options -enable-experimental-feature StrictConcurrency -enable-experimental-feature DebugDescriptionMacro -empty-abi-descriptor -validate-clang-modules-once -clang-build-session-file /Users/admin/builder/spi-builder-workspace/.derivedData/ModuleCache.noindex/Session.modulevalidation -Xcc -working-directory -Xcc /Users/admin/builder/spi-builder-workspace/.swiftpm/xcode -enable-anonymous-context-mangled-names -file-compilation-dir /Users/admin/builder/spi-builder-workspace/.swiftpm/xcode -Xcc -fmodule-map-file\=/Users/admin/builder/spi-builder-workspace/.derivedData/Build/Intermediates.noindex/GeneratedModuleMaps-watchos/TreeSitter.modulemap -Xcc -D_LIBCPP_HARDENING_MODE\=_LIBCPP_HARDENING_MODE_DEBUG -Xcc -ivfsstatcache -Xcc /Users/admin/builder/spi-builder-workspace/.derivedData/SDKStatCaches.noindex/watchos27.0-24R360-e829b21a6f8c9b70876ba0858053c04477534ef55a1706bf4c1112bbb242f0a2.sdkstatcache -Xcc -fmodules-prune-interval\=86400 -Xcc -fmodules-prune-after\=345600 -Xcc -I/Users/admin/builder/spi-builder-workspace/.dependencies/checkouts/tree-sitter/lib/include -Xcc -I/Users/admin/builder/spi-builder-workspace/.derivedData/Build/Products/Debug-watchos/include -Xcc -I/Users/admin/builder/spi-builder-workspace/.derivedData/Build/Intermediates.noindex/Neon.build/Debug-watchos/Neon-t.build/DerivedSources-normal/arm64_32 -Xcc -I/Users/admin/builder/spi-builder-workspace/.derivedData/Build/Intermediates.noindex/Neon.build/Debug-watchos/Neon-t.build/DerivedSources/arm64_32 -Xcc -I/Users/admin/builder/spi-builder-workspace/.derivedData/Build/Intermediates.noindex/Neon.build/Debug-watchos/Neon-t.build/DerivedSources -Xcc -DSWIFT_PACKAGE -Xcc -DDEBUG\=1 -no-auto-bridging-header-chaining -module-name Neon -const-gather-protocols-file /Users/admin/builder/spi-builder-workspace/.derivedData/Build/Intermediates.noindex/Neon.build/Debug-watchos/Neon-t.build/Objects-normal/arm64_32/Neon_const_extract_protocols.json -disable-clang-spi -clang-target arm64_32-apple-watchos27.0 -target-sdk-version 27.0 -target-sdk-name watchos27.0 -in-process-plugin-server-path /Applications/Xcode-27.0.0-Release.Candidate.app/Contents/Developer/Toolchains/XcodeDefault.xctoolchain/usr/lib/swift/host/libSwiftInProcPluginServer.dylib -parse-as-library -o /Users/admin/builder/spi-builder-workspace/.derivedData/Build/Intermediates.noindex/Neon.build/Debug-watchos/Neon-t.build/Objects-normal/arm64_32/TextViewSystemInterface.o -debug-module-path /Users/admin/builder/spi-builder-workspace/.derivedData/Build/Intermediates.noindex/Neon.build/Debug-watchos/Neon-t.build/Objects-normal/arm64_32/Neon.swiftmodule -index-unit-output-path /Neon.build/Debug-watchos/Neon-t.build/Objects-normal/arm64_32/TextViewSystemInterface.o -index-store-path /Users/admin/builder/spi-builder-workspace/.derivedData/Index.noindex/DataStore -index-system-modules
SwiftCompile normal arm64_32 /Users/admin/builder/spi-builder-workspace/Sources/Neon/TextViewSystemInterface.swift (in target 'Neon' from project 'Neon')
cd /Users/admin/builder/spi-builder-workspace/.swiftpm/xcode
builtin-SwiftPerFileCompile TextViewSystemInterface.swift
SwiftCompile normal arm64_32 Compiling\ TextViewHighlighter.swift /Users/admin/builder/spi-builder-workspace/Sources/Neon/TextViewHighlighter.swift (in target 'Neon' from project 'Neon')
SwiftCompile normal arm64_32 /Users/admin/builder/spi-builder-workspace/Sources/Neon/TextViewHighlighter.swift (in target 'Neon' from project 'Neon')
cd /Users/admin/builder/spi-builder-workspace/.swiftpm/xcode
builtin-SwiftPerFileCompile TextViewHighlighter.swift
SwiftEmitModule normal arm64_32 Emitting\ module\ for\ TreeSitterClient (in target 'TreeSitterClient' from project 'Neon')
SwiftCompile normal arm64_32 (in target 'TreeSitterClient' from project 'Neon')
cd /Users/admin/builder/spi-builder-workspace/.swiftpm/xcode
SwiftEmitModule normal arm64 Emitting\ module\ for\ TreeSitterClient (in target 'TreeSitterClient' from project 'Neon')
SwiftCompile normal arm64 (in target 'TreeSitterClient' from project 'Neon')
cd /Users/admin/builder/spi-builder-workspace/.swiftpm/xcode
SwiftCompile normal arm64 Compiling\ TreeSitterClient.swift /Users/admin/builder/spi-builder-workspace/Sources/TreeSitterClient/TreeSitterClient.swift (in target 'TreeSitterClient' from project 'Neon')
SwiftCompile normal arm64 /Users/admin/builder/spi-builder-workspace/Sources/TreeSitterClient/TreeSitterClient.swift (in target 'TreeSitterClient' from project 'Neon')
cd /Users/admin/builder/spi-builder-workspace/.swiftpm/xcode
builtin-SwiftPerFileCompile TreeSitterClient.swift
SwiftCompile normal arm64 Compiling\ Compatibility.swift /Users/admin/builder/spi-builder-workspace/Sources/TreeSitterClient/Compatibility.swift (in target 'TreeSitterClient' from project 'Neon')
SwiftCompile normal arm64 /Users/admin/builder/spi-builder-workspace/Sources/TreeSitterClient/Compatibility.swift (in target 'TreeSitterClient' from project 'Neon')
cd /Users/admin/builder/spi-builder-workspace/.swiftpm/xcode
builtin-SwiftPerFileCompile Compatibility.swift
SwiftEmitModule normal arm64 Emitting\ module\ for\ Neon (in target 'Neon' from project 'Neon')
SwiftCompile normal arm64 (in target 'Neon' from project 'Neon')
cd /Users/admin/builder/spi-builder-workspace/.swiftpm/xcode
SwiftDriverJobDiscovery normal arm64_32 Compiling TextTarget.swift (in target 'Neon' from project 'Neon')
SwiftCompile normal arm64_32 Compiling\ TreeSitterClient.swift /Users/admin/builder/spi-builder-workspace/Sources/TreeSitterClient/TreeSitterClient.swift (in target 'TreeSitterClient' from project 'Neon')
SwiftCompile normal arm64_32 /Users/admin/builder/spi-builder-workspace/Sources/TreeSitterClient/TreeSitterClient.swift (in target 'TreeSitterClient' from project 'Neon')
cd /Users/admin/builder/spi-builder-workspace/.swiftpm/xcode
builtin-SwiftPerFileCompile TreeSitterClient.swift
PruneExplicitPrecompiledModules /Users/admin/builder/spi-builder-workspace/.derivedData/Build/Intermediates.noindex/ExplicitPrecompiledModules
PruneExplicitPrecompiledModules /Users/admin/builder/spi-builder-workspace/.derivedData/Build/Intermediates.noindex/SwiftExplicitPrecompiledModules
PruneExplicitPrecompiledModules /Users/admin/builder/spi-builder-workspace/.derivedData/SDKExplicitPrecompiledModules
2026-09-27 14:43:29.418 xcodebuild[1121:6211] [MT] IDERunDestination: Supported platforms for the buildables in the current scheme is empty.
2026-09-27 14:43:29.522 xcodebuild[1121:6211] [MT] IDERunDestination: Supported platforms for the buildables in the current scheme is empty.
** BUILD FAILED **
The following build commands failed:
SwiftCompile normal arm64_32 Compiling\ TextViewSystemInterface.swift /Users/admin/builder/spi-builder-workspace/Sources/Neon/TextViewSystemInterface.swift (in target 'Neon' from project 'Neon')
SwiftCompile normal arm64_32 /Users/admin/builder/spi-builder-workspace/Sources/Neon/TextViewSystemInterface.swift (in target 'Neon' from project 'Neon')
Building workspace Neon with scheme Neon
(3 failures)
BUILD FAILURE 6.4 watchOS