Build Information
Failed to build RemotePlugin, reference 2.3.5 (2a0331), with Swift 6.4 for watchOS using Xcode 27.0 on 17 Sep 2026 21:50:53 UTC.
Build Command
env DEVELOPER_DIR=/Applications/Xcode-27.0.0-Release.Candidate.app xcrun xcodebuild -IDEClonedSourcePackagesDirPathOverride=$PWD/.dependencies -skipMacroValidation -skipPackagePluginValidation -derivedDataPath $PWD/.derivedData build -scheme RemotePlugin-Package -destination generic/platform=watchOSBuild Log
SwiftDriver RemoteMovie normal arm64_32 com.apple.xcode.tools.swift.compiler (in target 'RemoteMovie' from project 'RemotePlugin')
cd /Users/admin/builder/spi-builder-workspace/.swiftpm/xcode
builtin-SwiftDriver -- /Applications/Xcode-27.0.0-Release.Candidate.app/Contents/Developer/Toolchains/XcodeDefault.xctoolchain/usr/bin/swiftc -parse-as-library -module-name RemoteMovie -Onone @/Users/admin/builder/spi-builder-workspace/.derivedData/Build/Intermediates.noindex/RemotePlugin.build/Debug-watchos/RemoteMovie-t.build/Objects-normal/arm64_32/RemoteMovie.SwiftFileList -DSWIFT_PACKAGE -DDEBUG -DSWIFT_MODULE_RESOURCE_BUNDLE_UNAVAILABLE -DXcode -plugin-path /Applications/Xcode-27.0.0-Release.Candidate.app/Contents/Developer/Toolchains/XcodeDefault.xctoolchain/usr/lib/swift/host/plugins/testing -enable-experimental-feature DebugDescriptionMacro -sdk /Applications/Xcode-27.0.0-Release.Candidate.app/Contents/Developer/Platforms/WatchOS.platform/Developer/SDKs/WatchOS27.0.sdk -target arm64_32-apple-watchos9.0 -g -module-cache-path /Users/admin/builder/spi-builder-workspace/.derivedData/ModuleCache.noindex -Xfrontend -serialize-debugging-options -enable-testing -index-store-path /Users/admin/builder/spi-builder-workspace/.derivedData/Index.noindex/DataStore -Xcc -D_LIBCPP_HARDENING_MODE\=_LIBCPP_HARDENING_MODE_DEBUG -swift-version 5 -I /Users/admin/builder/spi-builder-workspace/.derivedData/Build/Products/Debug-watchos -Isystem /Applications/Xcode-27.0.0-Release.Candidate.app/Contents/Developer/Platforms/WatchOS.platform/Developer/usr/lib -F /Users/admin/builder/spi-builder-workspace/.derivedData/Build/Products/Debug-watchos -F /Applications/Xcode-27.0.0-Release.Candidate.app/Contents/Developer/Platforms/WatchOS.platform/Developer/Library/Frameworks -F /Applications/Xcode-27.0.0-Release.Candidate.app/Contents/Developer/Platforms/WatchOS.platform/Developer/SDKs/WatchOS27.0.sdk/Developer/Library/Frameworks -c -j10 -enable-batch-mode -incremental -Xcc -ivfsstatcache -Xcc /Users/admin/builder/spi-builder-workspace/.derivedData/SDKStatCaches.noindex/watchos27.0-24R360-e829b21a6f8c9b70876ba0858053c04477534ef55a1706bf4c1112bbb242f0a2.sdkstatcache -output-file-map /Users/admin/builder/spi-builder-workspace/.derivedData/Build/Intermediates.noindex/RemotePlugin.build/Debug-watchos/RemoteMovie-t.build/Objects-normal/arm64_32/RemoteMovie-OutputFileMap.json -save-temps -no-color-diagnostics -explicit-module-build -module-cache-path /Users/admin/builder/spi-builder-workspace/.derivedData/Build/Intermediates.noindex/SwiftExplicitPrecompiledModules -clang-scanner-module-cache-path /Users/admin/builder/spi-builder-workspace/.derivedData/ModuleCache.noindex -sdk-module-cache-path /Users/admin/builder/spi-builder-workspace/.derivedData/SDKExplicitPrecompiledModules -emit-dependencies -emit-module -emit-module-path /Users/admin/builder/spi-builder-workspace/.derivedData/Build/Intermediates.noindex/RemotePlugin.build/Debug-watchos/RemoteMovie-t.build/Objects-normal/arm64_32/RemoteMovie.swiftmodule -serialize-diagnostics -dependency-scan-serialize-diagnostics-path /Users/admin/builder/spi-builder-workspace/.derivedData/Build/Intermediates.noindex/RemotePlugin.build/Debug-watchos/RemoteMovie-t.build/Objects-normal/arm64_32/RemoteMovie-dependency-scan.dia -validate-clang-modules-once -clang-build-session-file /Users/admin/builder/spi-builder-workspace/.derivedData/ModuleCache.noindex/Session.modulevalidation -Xcc -fmodules-prune-interval\=86400 -Xcc -fmodules-prune-after\=345600 -emit-const-values -const-gather-protocols-list /Users/admin/builder/spi-builder-workspace/.derivedData/Build/Intermediates.noindex/RemotePlugin.build/Debug-watchos/RemoteMovie-t.build/Objects-normal/arm64_32/RemoteMovie_const_extract_protocols.json -Xcc -I/Users/admin/builder/spi-builder-workspace/.derivedData/Build/Products/Debug-watchos/include -Xcc -I/Users/admin/builder/spi-builder-workspace/.derivedData/Build/Intermediates.noindex/RemotePlugin.build/Debug-watchos/RemoteMovie-t.build/DerivedSources-normal/arm64_32 -Xcc -I/Users/admin/builder/spi-builder-workspace/.derivedData/Build/Intermediates.noindex/RemotePlugin.build/Debug-watchos/RemoteMovie-t.build/DerivedSources/arm64_32 -Xcc -I/Users/admin/builder/spi-builder-workspace/.derivedData/Build/Intermediates.noindex/RemotePlugin.build/Debug-watchos/RemoteMovie-t.build/DerivedSources -Xcc -DSWIFT_PACKAGE -Xcc -DDEBUG\=1 -emit-objc-header -emit-objc-header-path /Users/admin/builder/spi-builder-workspace/.derivedData/Build/Intermediates.noindex/RemotePlugin.build/Debug-watchos/RemoteMovie-t.build/Objects-normal/arm64_32/RemoteMovie-Swift.h -working-directory /Users/admin/builder/spi-builder-workspace/.swiftpm/xcode -experimental-emit-module-separately -disable-cmo
SwiftDriver RemoteMovie normal arm64 com.apple.xcode.tools.swift.compiler (in target 'RemoteMovie' from project 'RemotePlugin')
cd /Users/admin/builder/spi-builder-workspace/.swiftpm/xcode
builtin-SwiftDriver -- /Applications/Xcode-27.0.0-Release.Candidate.app/Contents/Developer/Toolchains/XcodeDefault.xctoolchain/usr/bin/swiftc -parse-as-library -module-name RemoteMovie -Onone @/Users/admin/builder/spi-builder-workspace/.derivedData/Build/Intermediates.noindex/RemotePlugin.build/Debug-watchos/RemoteMovie-t.build/Objects-normal/arm64/RemoteMovie.SwiftFileList -DSWIFT_PACKAGE -DDEBUG -DSWIFT_MODULE_RESOURCE_BUNDLE_UNAVAILABLE -DXcode -plugin-path /Applications/Xcode-27.0.0-Release.Candidate.app/Contents/Developer/Toolchains/XcodeDefault.xctoolchain/usr/lib/swift/host/plugins/testing -enable-experimental-feature DebugDescriptionMacro -sdk /Applications/Xcode-27.0.0-Release.Candidate.app/Contents/Developer/Platforms/WatchOS.platform/Developer/SDKs/WatchOS27.0.sdk -target arm64-apple-watchos9.0 -g -module-cache-path /Users/admin/builder/spi-builder-workspace/.derivedData/ModuleCache.noindex -Xfrontend -serialize-debugging-options -enable-testing -index-store-path /Users/admin/builder/spi-builder-workspace/.derivedData/Index.noindex/DataStore -Xcc -D_LIBCPP_HARDENING_MODE\=_LIBCPP_HARDENING_MODE_DEBUG -swift-version 5 -I /Users/admin/builder/spi-builder-workspace/.derivedData/Build/Products/Debug-watchos -Isystem /Applications/Xcode-27.0.0-Release.Candidate.app/Contents/Developer/Platforms/WatchOS.platform/Developer/usr/lib -F /Users/admin/builder/spi-builder-workspace/.derivedData/Build/Products/Debug-watchos -F /Applications/Xcode-27.0.0-Release.Candidate.app/Contents/Developer/Platforms/WatchOS.platform/Developer/Library/Frameworks -F /Applications/Xcode-27.0.0-Release.Candidate.app/Contents/Developer/Platforms/WatchOS.platform/Developer/SDKs/WatchOS27.0.sdk/Developer/Library/Frameworks -c -j10 -enable-batch-mode -incremental -Xcc -ivfsstatcache -Xcc /Users/admin/builder/spi-builder-workspace/.derivedData/SDKStatCaches.noindex/watchos27.0-24R360-e829b21a6f8c9b70876ba0858053c04477534ef55a1706bf4c1112bbb242f0a2.sdkstatcache -output-file-map /Users/admin/builder/spi-builder-workspace/.derivedData/Build/Intermediates.noindex/RemotePlugin.build/Debug-watchos/RemoteMovie-t.build/Objects-normal/arm64/RemoteMovie-OutputFileMap.json -save-temps -no-color-diagnostics -explicit-module-build -module-cache-path /Users/admin/builder/spi-builder-workspace/.derivedData/Build/Intermediates.noindex/SwiftExplicitPrecompiledModules -clang-scanner-module-cache-path /Users/admin/builder/spi-builder-workspace/.derivedData/ModuleCache.noindex -sdk-module-cache-path /Users/admin/builder/spi-builder-workspace/.derivedData/SDKExplicitPrecompiledModules -emit-dependencies -emit-module -emit-module-path /Users/admin/builder/spi-builder-workspace/.derivedData/Build/Intermediates.noindex/RemotePlugin.build/Debug-watchos/RemoteMovie-t.build/Objects-normal/arm64/RemoteMovie.swiftmodule -serialize-diagnostics -dependency-scan-serialize-diagnostics-path /Users/admin/builder/spi-builder-workspace/.derivedData/Build/Intermediates.noindex/RemotePlugin.build/Debug-watchos/RemoteMovie-t.build/Objects-normal/arm64/RemoteMovie-dependency-scan.dia -validate-clang-modules-once -clang-build-session-file /Users/admin/builder/spi-builder-workspace/.derivedData/ModuleCache.noindex/Session.modulevalidation -Xcc -fmodules-prune-interval\=86400 -Xcc -fmodules-prune-after\=345600 -emit-const-values -const-gather-protocols-list /Users/admin/builder/spi-builder-workspace/.derivedData/Build/Intermediates.noindex/RemotePlugin.build/Debug-watchos/RemoteMovie-t.build/Objects-normal/arm64/RemoteMovie_const_extract_protocols.json -Xcc -I/Users/admin/builder/spi-builder-workspace/.derivedData/Build/Products/Debug-watchos/include -Xcc -I/Users/admin/builder/spi-builder-workspace/.derivedData/Build/Intermediates.noindex/RemotePlugin.build/Debug-watchos/RemoteMovie-t.build/DerivedSources-normal/arm64 -Xcc -I/Users/admin/builder/spi-builder-workspace/.derivedData/Build/Intermediates.noindex/RemotePlugin.build/Debug-watchos/RemoteMovie-t.build/DerivedSources/arm64 -Xcc -I/Users/admin/builder/spi-builder-workspace/.derivedData/Build/Intermediates.noindex/RemotePlugin.build/Debug-watchos/RemoteMovie-t.build/DerivedSources -Xcc -DSWIFT_PACKAGE -Xcc -DDEBUG\=1 -emit-objc-header -emit-objc-header-path /Users/admin/builder/spi-builder-workspace/.derivedData/Build/Intermediates.noindex/RemotePlugin.build/Debug-watchos/RemoteMovie-t.build/Objects-normal/arm64/RemoteMovie-Swift.h -working-directory /Users/admin/builder/spi-builder-workspace/.swiftpm/xcode -experimental-emit-module-separately -disable-cmo
ScanDependencies /Users/admin/builder/spi-builder-workspace/.derivedData/Build/Intermediates.noindex/RemotePlugin.build/Debug-watchos/RemoteCapture-t.build/Objects-normal/arm64/RemoteImpl.o /Users/admin/builder/spi-builder-workspace/Sources/RemoteCapture/RemoteImpl.m normal arm64 objective-c com.apple.compilers.llvm.clang.1_0.compiler (in target 'RemoteCapture' from project 'RemotePlugin')
cd /Users/admin/builder/spi-builder-workspace/.swiftpm/xcode
Using response file: /Users/admin/builder/spi-builder-workspace/.derivedData/Build/Intermediates.noindex/RemotePlugin.build/Debug-watchos/RemoteCapture-t.build/Objects-normal/arm64/e6072d4f65d7061329687fe24e3d63a7-common-args.resp
builtin-ScanDependencies -o /Users/admin/builder/spi-builder-workspace/.derivedData/Build/Intermediates.noindex/RemotePlugin.build/Debug-watchos/RemoteCapture-t.build/Objects-normal/arm64/RemoteImpl.o.scan -- /Applications/Xcode-27.0.0-Release.Candidate.app/Contents/Developer/Toolchains/XcodeDefault.xctoolchain/usr/bin/clang -x objective-c -ivfsstatcache /Users/admin/builder/spi-builder-workspace/.derivedData/SDKStatCaches.noindex/watchos27.0-24R360-e829b21a6f8c9b70876ba0858053c04477534ef55a1706bf4c1112bbb242f0a2.sdkstatcache -target arm64-apple-watchos9.0 -fmessage-length\=0 -fdiagnostics-show-note-include-stack -fmacro-backtrace-limit\=0 -fno-color-diagnostics -fmodules-prune-interval\=86400 -fmodules-prune-after\=345600 -fbuild-session-file\=/Users/admin/builder/spi-builder-workspace/.derivedData/ModuleCache.noindex/Session.modulevalidation -fmodules-validate-once-per-build-session -Wnon-modular-include-in-framework-module -Werror\=non-modular-include-in-framework-module -Wno-trigraphs -Wno-missing-field-initializers -Wno-missing-prototypes -Wno-return-type -Wno-implicit-atomic-properties -Wno-objc-interface-ivars -Wno-arc-repeated-use-of-weak -Wno-missing-braces -Wparentheses -Wswitch -Wno-unused-function -Wno-unused-label -Wno-unused-parameter -Wno-unused-variable -Wunused-value -Wno-empty-body -Wno-uninitialized -Wno-unknown-pragmas -Wno-shadow -Wno-four-char-constants -Wno-conversion -Wno-constant-conversion -Wno-int-conversion -Wno-bool-conversion -Wno-enum-conversion -Wno-float-conversion -Wno-non-literal-null-conversion -Wno-objc-literal-conversion -Wshorten-64-to-32 -Wpointer-sign -Wno-newline-eof -Wno-selector -Wno-strict-selector-match -Wno-undeclared-selector -Wno-deprecated-implementations -Wno-implicit-fallthrough -isysroot /Applications/Xcode-27.0.0-Release.Candidate.app/Contents/Developer/Platforms/WatchOS.platform/Developer/SDKs/WatchOS27.0.sdk -fstrict-aliasing -Wprotocol -Wdeprecated-declarations -Wno-sign-conversion -Wno-infinite-recursion -Wno-comma -Wno-block-capture-autoreleasing -Wno-strict-prototypes -Wno-semicolon-before-method-body -index-store-path /Users/admin/builder/spi-builder-workspace/.derivedData/Index.noindex/DataStore @/Users/admin/builder/spi-builder-workspace/.derivedData/Build/Intermediates.noindex/RemotePlugin.build/Debug-watchos/RemoteCapture-t.build/Objects-normal/arm64/e6072d4f65d7061329687fe24e3d63a7-common-args.resp -MMD -MT dependencies -MF /Users/admin/builder/spi-builder-workspace/.derivedData/Build/Intermediates.noindex/RemotePlugin.build/Debug-watchos/RemoteCapture-t.build/Objects-normal/arm64/RemoteImpl.d --serialize-diagnostics /Users/admin/builder/spi-builder-workspace/.derivedData/Build/Intermediates.noindex/RemotePlugin.build/Debug-watchos/RemoteCapture-t.build/Objects-normal/arm64/RemoteImpl.dia -c /Users/admin/builder/spi-builder-workspace/Sources/RemoteCapture/RemoteImpl.m -o /Users/admin/builder/spi-builder-workspace/.derivedData/Build/Intermediates.noindex/RemotePlugin.build/Debug-watchos/RemoteCapture-t.build/Objects-normal/arm64/RemoteImpl.o -index-unit-output-path /RemotePlugin.build/Debug-watchos/RemoteCapture-t.build/Objects-normal/arm64/RemoteImpl.o
PrecompileModule /Users/admin/builder/spi-builder-workspace/.derivedData/Build/Intermediates.noindex/ExplicitPrecompiledModules/ptrauth-77NVLEDW6BMXSKRN9OO5F6D95.scan
cd /
builtin-precompileModule /Users/admin/builder/spi-builder-workspace/.derivedData/Build/Intermediates.noindex/ExplicitPrecompiledModules/ptrauth-77NVLEDW6BMXSKRN9OO5F6D95.scan
PrecompileModule /Users/admin/builder/spi-builder-workspace/.derivedData/Build/Intermediates.noindex/ExplicitPrecompiledModules/_Builtin_stddef-9A8280MMVG6SV8FKB2I301FGV.scan
cd /
builtin-precompileModule /Users/admin/builder/spi-builder-workspace/.derivedData/Build/Intermediates.noindex/ExplicitPrecompiledModules/_Builtin_stddef-9A8280MMVG6SV8FKB2I301FGV.scan
PrecompileModule /Users/admin/builder/spi-builder-workspace/.derivedData/Build/Intermediates.noindex/ExplicitPrecompiledModules/_Builtin_float-4CILCWYQL5YEZIG87E5Z4OX9L.scan
cd /
builtin-precompileModule /Users/admin/builder/spi-builder-workspace/.derivedData/Build/Intermediates.noindex/ExplicitPrecompiledModules/_Builtin_float-4CILCWYQL5YEZIG87E5Z4OX9L.scan
PrecompileModule /Users/admin/builder/spi-builder-workspace/.derivedData/Build/Intermediates.noindex/ExplicitPrecompiledModules/_Builtin_stdarg-3IOZNVPMSAKGQFYHHFCKH1ZNO.scan
cd /
builtin-precompileModule /Users/admin/builder/spi-builder-workspace/.derivedData/Build/Intermediates.noindex/ExplicitPrecompiledModules/_Builtin_stdarg-3IOZNVPMSAKGQFYHHFCKH1ZNO.scan
PrecompileModule /Users/admin/builder/spi-builder-workspace/.derivedData/Build/Intermediates.noindex/ExplicitPrecompiledModules/_Builtin_stdbool-1UY8LR95YHWKLE9I3D6OWXAMI.scan
cd /
builtin-precompileModule /Users/admin/builder/spi-builder-workspace/.derivedData/Build/Intermediates.noindex/ExplicitPrecompiledModules/_Builtin_stdbool-1UY8LR95YHWKLE9I3D6OWXAMI.scan
PrecompileModule /Users/admin/builder/spi-builder-workspace/.derivedData/Build/Intermediates.noindex/ExplicitPrecompiledModules/_AvailabilityInternal-1D1T34KL168ZQQ77VK15BYN76.scan
cd /
builtin-precompileModule /Users/admin/builder/spi-builder-workspace/.derivedData/Build/Intermediates.noindex/ExplicitPrecompiledModules/_AvailabilityInternal-1D1T34KL168ZQQ77VK15BYN76.scan
PrecompileModule /Users/admin/builder/spi-builder-workspace/.derivedData/Build/Intermediates.noindex/ExplicitPrecompiledModules/ptrcheck-1MNEBT8WZPSDT57KBDBJ0HBZ0.scan
cd /
builtin-precompileModule /Users/admin/builder/spi-builder-workspace/.derivedData/Build/Intermediates.noindex/ExplicitPrecompiledModules/ptrcheck-1MNEBT8WZPSDT57KBDBJ0HBZ0.scan
PrecompileModule /Users/admin/builder/spi-builder-workspace/.derivedData/Build/Intermediates.noindex/ExplicitPrecompiledModules/_Builtin_stdbool-1L2AQUM35RICHN06YBSD0DKZH.scan
cd /
builtin-precompileModule /Users/admin/builder/spi-builder-workspace/.derivedData/Build/Intermediates.noindex/ExplicitPrecompiledModules/_Builtin_stdbool-1L2AQUM35RICHN06YBSD0DKZH.scan
PrecompileModule /Users/admin/builder/spi-builder-workspace/.derivedData/Build/Intermediates.noindex/ExplicitPrecompiledModules/_Builtin_stddef-DNQJVLDLWSSDQJXZ2OJZESX8O.scan
cd /
builtin-precompileModule /Users/admin/builder/spi-builder-workspace/.derivedData/Build/Intermediates.noindex/ExplicitPrecompiledModules/_Builtin_stddef-DNQJVLDLWSSDQJXZ2OJZESX8O.scan
PrecompileModule /Users/admin/builder/spi-builder-workspace/.derivedData/Build/Intermediates.noindex/ExplicitPrecompiledModules/ptrauth-94OGWZRBSUF9KKWD54A6R9HX9.scan
cd /
builtin-precompileModule /Users/admin/builder/spi-builder-workspace/.derivedData/Build/Intermediates.noindex/ExplicitPrecompiledModules/ptrauth-94OGWZRBSUF9KKWD54A6R9HX9.scan
SwiftExplicitDependencyGeneratePcm arm64_32 /Users/admin/builder/spi-builder-workspace/.derivedData/SDKExplicitPrecompiledModules/_Builtin_stddef-H44EFHQX6XSS5MZ7QP6YJZ76.pcm
SwiftExplicitDependencyGeneratePcm arm64_32 /Users/admin/builder/spi-builder-workspace/.derivedData/SDKExplicitPrecompiledModules/ptrcheck-7ELIH9BTIGVKX3UBITM9N72WD.pcm
SwiftExplicitDependencyGeneratePcm arm64_32 /Users/admin/builder/spi-builder-workspace/.derivedData/SDKExplicitPrecompiledModules/_SwiftConcurrencyShims-6RTBPQ03V7BM9SPRK8SUE055H.pcm
SwiftExplicitDependencyGeneratePcm arm64 /Users/admin/builder/spi-builder-workspace/.derivedData/SDKExplicitPrecompiledModules/_SwiftConcurrencyShims-659N52XSKR5F0QSB880BH2FJR.pcm
SwiftExplicitDependencyGeneratePcm arm64 /Users/admin/builder/spi-builder-workspace/.derivedData/SDKExplicitPrecompiledModules/_Builtin_stdarg-A7UU8LE6MP85SM26YO7PBZNUQ.pcm
SwiftExplicitDependencyGeneratePcm arm64_32 /Users/admin/builder/spi-builder-workspace/.derivedData/SDKExplicitPrecompiledModules/_Builtin_stdarg-D305JG44A2WPI6CJY37X3QJE8.pcm
SwiftExplicitDependencyGeneratePcm arm64_32 /Users/admin/builder/spi-builder-workspace/.derivedData/SDKExplicitPrecompiledModules/SwiftShims-9CQQGWTSNTN9EB5NSHDWUJICH.pcm
SwiftExplicitDependencyGeneratePcm arm64_32 /Users/admin/builder/spi-builder-workspace/.derivedData/SDKExplicitPrecompiledModules/ptrauth-BFXF358ME5AK535N5A9Z766WU.pcm
SwiftExplicitDependencyGeneratePcm arm64 /Users/admin/builder/spi-builder-workspace/.derivedData/SDKExplicitPrecompiledModules/ptrcheck-AIF0NDOYZ8ORBNHQAQR5NNB8M.pcm
SwiftExplicitDependencyGeneratePcm arm64 /Users/admin/builder/spi-builder-workspace/.derivedData/SDKExplicitPrecompiledModules/DeveloperToolsSupport-E7CNISCB36UE8XQ9IOHK9XDX1.pcm
SwiftExplicitDependencyGeneratePcm arm64 /Users/admin/builder/spi-builder-workspace/.derivedData/SDKExplicitPrecompiledModules/SwiftShims-4MXFZPV6FEB0XBYXCGPWAMQGL.pcm
SwiftExplicitDependencyGeneratePcm arm64 /Users/admin/builder/spi-builder-workspace/.derivedData/SDKExplicitPrecompiledModules/ptrauth-3TZ9WJCGLYD25HQPWH4968ONX.pcm
SwiftExplicitDependencyGeneratePcm arm64 /Users/admin/builder/spi-builder-workspace/.derivedData/SDKExplicitPrecompiledModules/_Builtin_stdbool-83J96QSOFE9VX04AAS6310UAE.pcm
SwiftExplicitDependencyGeneratePcm arm64 /Users/admin/builder/spi-builder-workspace/.derivedData/SDKExplicitPrecompiledModules/_Builtin_stddef-1FU30Y8SWFB7OUUHMJQH5J6FM.pcm
SwiftExplicitDependencyGeneratePcm arm64_32 /Users/admin/builder/spi-builder-workspace/.derivedData/SDKExplicitPrecompiledModules/_AvailabilityInternal-244WAN3Z1QBT7PIA64EZEFY1R.pcm
SwiftExplicitDependencyGeneratePcm arm64_32 /Users/admin/builder/spi-builder-workspace/.derivedData/SDKExplicitPrecompiledModules/_Builtin_stdbool-A967K8W8YUYEC9SN52KJ7OO88.pcm
SwiftExplicitDependencyGeneratePcm arm64 /Users/admin/builder/spi-builder-workspace/.derivedData/SDKExplicitPrecompiledModules/_AvailabilityInternal-BUNV3UXM65NT37THI4W1AM0SF.pcm
SwiftExplicitDependencyGeneratePcm arm64 /Users/admin/builder/spi-builder-workspace/.derivedData/SDKExplicitPrecompiledModules/_Builtin_float-C0CW5Q4HGBQYKE77TC42IAFB5.pcm
SwiftExplicitDependencyGeneratePcm arm64_32 /Users/admin/builder/spi-builder-workspace/.derivedData/SDKExplicitPrecompiledModules/DeveloperToolsSupport-DZU5G1OCMNWU0AQRULIFHUJ1Z.pcm
SwiftExplicitDependencyGeneratePcm arm64_32 /Users/admin/builder/spi-builder-workspace/.derivedData/SDKExplicitPrecompiledModules/_Builtin_float-6KO8O3PEWRCA4WC6PPLOYO6WJ.pcm
PrecompileModule /Users/admin/builder/spi-builder-workspace/.derivedData/Build/Intermediates.noindex/ExplicitPrecompiledModules/_DarwinFoundation1-27L94RRGM74R05QY1LLEH713T.scan
cd /
builtin-precompileModule /Users/admin/builder/spi-builder-workspace/.derivedData/Build/Intermediates.noindex/ExplicitPrecompiledModules/_DarwinFoundation1-27L94RRGM74R05QY1LLEH713T.scan
PrecompileModule /Users/admin/builder/spi-builder-workspace/.derivedData/Build/Intermediates.noindex/ExplicitPrecompiledModules/_AvailabilityInternal-1KG3FCTHCO3WAGLX2YPXS87OP.scan
cd /
builtin-precompileModule /Users/admin/builder/spi-builder-workspace/.derivedData/Build/Intermediates.noindex/ExplicitPrecompiledModules/_AvailabilityInternal-1KG3FCTHCO3WAGLX2YPXS87OP.scan
PrecompileModule /Users/admin/builder/spi-builder-workspace/.derivedData/Build/Intermediates.noindex/ExplicitPrecompiledModules/_Builtin_stdarg-DFQ3207B39J8Q3IJLTVGRKF9I.scan
cd /
builtin-precompileModule /Users/admin/builder/spi-builder-workspace/.derivedData/Build/Intermediates.noindex/ExplicitPrecompiledModules/_Builtin_stdarg-DFQ3207B39J8Q3IJLTVGRKF9I.scan
PrecompileModule /Users/admin/builder/spi-builder-workspace/.derivedData/Build/Intermediates.noindex/ExplicitPrecompiledModules/_Builtin_float-67TARKQFL6CV1K0AMYRJW2PXN.scan
cd /
builtin-precompileModule /Users/admin/builder/spi-builder-workspace/.derivedData/Build/Intermediates.noindex/ExplicitPrecompiledModules/_Builtin_float-67TARKQFL6CV1K0AMYRJW2PXN.scan
PrecompileModule /Users/admin/builder/spi-builder-workspace/.derivedData/Build/Intermediates.noindex/ExplicitPrecompiledModules/ptrcheck-NW4KA8TY9ZX6MIELL56QMFZH.scan
cd /
builtin-precompileModule /Users/admin/builder/spi-builder-workspace/.derivedData/Build/Intermediates.noindex/ExplicitPrecompiledModules/ptrcheck-NW4KA8TY9ZX6MIELL56QMFZH.scan
SwiftExplicitDependencyGeneratePcm arm64_32 /Users/admin/builder/spi-builder-workspace/.derivedData/SDKExplicitPrecompiledModules/_DarwinFoundation1-2GWF9RFMPLQW4PDHS3NARVI3G.pcm
SwiftExplicitDependencyGeneratePcm arm64 /Users/admin/builder/spi-builder-workspace/.derivedData/SDKExplicitPrecompiledModules/_DarwinFoundation1-7SPX3MD0HMP55E4OLNCPNDQ53.pcm
PrecompileModule /Users/admin/builder/spi-builder-workspace/.derivedData/Build/Intermediates.noindex/ExplicitPrecompiledModules/_DarwinFoundation1-4DB7WK86PLC9PS07EQQQ0UMGN.scan
cd /
builtin-precompileModule /Users/admin/builder/spi-builder-workspace/.derivedData/Build/Intermediates.noindex/ExplicitPrecompiledModules/_DarwinFoundation1-4DB7WK86PLC9PS07EQQQ0UMGN.scan
PrecompileModule /Users/admin/builder/spi-builder-workspace/.derivedData/Build/Intermediates.noindex/ExplicitPrecompiledModules/_Builtin_limits-BJZTBSAGH7WHA7IEXEYMSLF6J.scan
cd /
builtin-precompileModule /Users/admin/builder/spi-builder-workspace/.derivedData/Build/Intermediates.noindex/ExplicitPrecompiledModules/_Builtin_limits-BJZTBSAGH7WHA7IEXEYMSLF6J.scan
PrecompileModule /Users/admin/builder/spi-builder-workspace/.derivedData/Build/Intermediates.noindex/ExplicitPrecompiledModules/_DarwinFoundation2-89GODIJSG8I0L4JC6YWGRP31C.scan
cd /
builtin-precompileModule /Users/admin/builder/spi-builder-workspace/.derivedData/Build/Intermediates.noindex/ExplicitPrecompiledModules/_DarwinFoundation2-89GODIJSG8I0L4JC6YWGRP31C.scan
PrecompileModule /Users/admin/builder/spi-builder-workspace/.derivedData/Build/Intermediates.noindex/ExplicitPrecompiledModules/_Builtin_limits-5XLNVFPT0KP0OM8GQOV9A79WL.scan
cd /
builtin-precompileModule /Users/admin/builder/spi-builder-workspace/.derivedData/Build/Intermediates.noindex/ExplicitPrecompiledModules/_Builtin_limits-5XLNVFPT0KP0OM8GQOV9A79WL.scan
PrecompileModule /Users/admin/builder/spi-builder-workspace/.derivedData/Build/Intermediates.noindex/ExplicitPrecompiledModules/_DarwinFoundation2-4OMSIYE2GVETVKR7C5EQ3O6CB.scan
cd /
builtin-precompileModule /Users/admin/builder/spi-builder-workspace/.derivedData/Build/Intermediates.noindex/ExplicitPrecompiledModules/_DarwinFoundation2-4OMSIYE2GVETVKR7C5EQ3O6CB.scan
SwiftExplicitDependencyGeneratePcm arm64_32 /Users/admin/builder/spi-builder-workspace/.derivedData/SDKExplicitPrecompiledModules/_Builtin_limits-3VKBU2AFTD65PAJZ5CJ3LHFM2.pcm
SwiftExplicitDependencyGeneratePcm arm64_32 /Users/admin/builder/spi-builder-workspace/.derivedData/SDKExplicitPrecompiledModules/_DarwinFoundation2-9MY8GOSYRO0M9MKNXF6D3MBNK.pcm
SwiftExplicitDependencyGeneratePcm arm64 /Users/admin/builder/spi-builder-workspace/.derivedData/SDKExplicitPrecompiledModules/_Builtin_limits-9GWPA2B0H20DYUNYHYCWKABJG.pcm
SwiftExplicitDependencyGeneratePcm arm64 /Users/admin/builder/spi-builder-workspace/.derivedData/SDKExplicitPrecompiledModules/_DarwinFoundation2-D0XAPJU49S5E9XMKYOFGSTB1Q.pcm
PrecompileModule /Users/admin/builder/spi-builder-workspace/.derivedData/Build/Intermediates.noindex/ExplicitPrecompiledModules/_Builtin_stdint-80Y2VP1DVGLTPPSSIDDE0JC6.scan
cd /
builtin-precompileModule /Users/admin/builder/spi-builder-workspace/.derivedData/Build/Intermediates.noindex/ExplicitPrecompiledModules/_Builtin_stdint-80Y2VP1DVGLTPPSSIDDE0JC6.scan
PrecompileModule /Users/admin/builder/spi-builder-workspace/.derivedData/Build/Intermediates.noindex/ExplicitPrecompiledModules/_Builtin_stdint-CAPZ9GBD3YR9TX7CCMXE8ORF6.scan
cd /
builtin-precompileModule /Users/admin/builder/spi-builder-workspace/.derivedData/Build/Intermediates.noindex/ExplicitPrecompiledModules/_Builtin_stdint-CAPZ9GBD3YR9TX7CCMXE8ORF6.scan
SwiftExplicitDependencyGeneratePcm arm64_32 /Users/admin/builder/spi-builder-workspace/.derivedData/SDKExplicitPrecompiledModules/_Builtin_tgmath-23PGCKURCQILXMK0MYZRYDCOU.pcm
SwiftExplicitDependencyGeneratePcm arm64_32 /Users/admin/builder/spi-builder-workspace/.derivedData/SDKExplicitPrecompiledModules/sys_types-8TLLMW08ZJWDGIIPKOYFGHHZW.pcm
SwiftExplicitDependencyGeneratePcm arm64_32 /Users/admin/builder/spi-builder-workspace/.derivedData/SDKExplicitPrecompiledModules/_Builtin_stdint-1HMXWI3V0V4TXHRWZOMZGZ80Y.pcm
SwiftExplicitDependencyGeneratePcm arm64_32 /Users/admin/builder/spi-builder-workspace/.derivedData/SDKExplicitPrecompiledModules/string_h-BFVLUQUSBZWYMLCU9QI7VZALW.pcm
SwiftExplicitDependencyGeneratePcm arm64 /Users/admin/builder/spi-builder-workspace/.derivedData/SDKExplicitPrecompiledModules/sys_types-2KXQLI78OUCDP779AE68GZJ2.pcm
SwiftExplicitDependencyGeneratePcm arm64 /Users/admin/builder/spi-builder-workspace/.derivedData/SDKExplicitPrecompiledModules/_Builtin_tgmath-8NQ96OZ0YHXEC24JI95P01UF8.pcm
SwiftExplicitDependencyGeneratePcm arm64 /Users/admin/builder/spi-builder-workspace/.derivedData/SDKExplicitPrecompiledModules/string_h-E6PRXK75PHIPCZFWOFCQ3QBMK.pcm
SwiftExplicitDependencyGeneratePcm arm64 /Users/admin/builder/spi-builder-workspace/.derivedData/SDKExplicitPrecompiledModules/_Builtin_stdint-8XMILLJZEGRN2XG7XZUXZ5RLX.pcm
PrecompileModule /Users/admin/builder/spi-builder-workspace/.derivedData/Build/Intermediates.noindex/ExplicitPrecompiledModules/_DarwinFoundation3-47L9L2CYI5B1CY928YR6L0RTQ.scan
cd /
builtin-precompileModule /Users/admin/builder/spi-builder-workspace/.derivedData/Build/Intermediates.noindex/ExplicitPrecompiledModules/_DarwinFoundation3-47L9L2CYI5B1CY928YR6L0RTQ.scan
PrecompileModule /Users/admin/builder/spi-builder-workspace/.derivedData/Build/Intermediates.noindex/ExplicitPrecompiledModules/_DarwinFoundation3-9Q3MKPA2Z5F203JTLYTXXZ9TO.scan
cd /
builtin-precompileModule /Users/admin/builder/spi-builder-workspace/.derivedData/Build/Intermediates.noindex/ExplicitPrecompiledModules/_DarwinFoundation3-9Q3MKPA2Z5F203JTLYTXXZ9TO.scan
SwiftExplicitDependencyGeneratePcm arm64_32 /Users/admin/builder/spi-builder-workspace/.derivedData/SDKExplicitPrecompiledModules/_DarwinFoundation3-3DUTYQDQSD9HUAAVY947NMWOI.pcm
SwiftExplicitDependencyGeneratePcm arm64_32 /Users/admin/builder/spi-builder-workspace/.derivedData/SDKExplicitPrecompiledModules/_Builtin_stdatomic-1TY035TURL76BF2U98PZPPZRX.pcm
SwiftExplicitDependencyGeneratePcm arm64_32 /Users/admin/builder/spi-builder-workspace/.derivedData/SDKExplicitPrecompiledModules/_Builtin_intrinsics-196IIAKDQVU42DLOZP9OQCV76.pcm
SwiftExplicitDependencyGeneratePcm arm64 /Users/admin/builder/spi-builder-workspace/.derivedData/SDKExplicitPrecompiledModules/_Builtin_stdatomic-7JEFA3KBJJJN6TKJWY3OG1VG5.pcm
SwiftExplicitDependencyGeneratePcm arm64 /Users/admin/builder/spi-builder-workspace/.derivedData/SDKExplicitPrecompiledModules/_DarwinFoundation3-B97LRG0E9GON2NUE65TVG81HU.pcm
SwiftExplicitDependencyGeneratePcm arm64 /Users/admin/builder/spi-builder-workspace/.derivedData/SDKExplicitPrecompiledModules/_Builtin_intrinsics-75960HIPCIYA06IUW8FIIPQT.pcm
PrecompileModule /Users/admin/builder/spi-builder-workspace/.derivedData/Build/Intermediates.noindex/ExplicitPrecompiledModules/_Builtin_inttypes-DY0TAH4KAB0616JY968WDY7PR.scan
cd /
builtin-precompileModule /Users/admin/builder/spi-builder-workspace/.derivedData/Build/Intermediates.noindex/ExplicitPrecompiledModules/_Builtin_inttypes-DY0TAH4KAB0616JY968WDY7PR.scan
PrecompileModule /Users/admin/builder/spi-builder-workspace/.derivedData/Build/Intermediates.noindex/ExplicitPrecompiledModules/zlib-C3OTDEOPOP87LEON9VDWEV919.scan
cd /
builtin-precompileModule /Users/admin/builder/spi-builder-workspace/.derivedData/Build/Intermediates.noindex/ExplicitPrecompiledModules/zlib-C3OTDEOPOP87LEON9VDWEV919.scan
PrecompileModule /Users/admin/builder/spi-builder-workspace/.derivedData/Build/Intermediates.noindex/ExplicitPrecompiledModules/_Builtin_inttypes-7SG4OJ7PQ5H8YWCL0E9NETU36.scan
cd /
builtin-precompileModule /Users/admin/builder/spi-builder-workspace/.derivedData/Build/Intermediates.noindex/ExplicitPrecompiledModules/_Builtin_inttypes-7SG4OJ7PQ5H8YWCL0E9NETU36.scan
PrecompileModule /Users/admin/builder/spi-builder-workspace/.derivedData/Build/Intermediates.noindex/ExplicitPrecompiledModules/zlib-CWIVHJEI9MQ2PYJ6KZTFDQHJM.scan
cd /
builtin-precompileModule /Users/admin/builder/spi-builder-workspace/.derivedData/Build/Intermediates.noindex/ExplicitPrecompiledModules/zlib-CWIVHJEI9MQ2PYJ6KZTFDQHJM.scan
PrecompileModule /Users/admin/builder/spi-builder-workspace/.derivedData/Build/Intermediates.noindex/ExplicitPrecompiledModules/Darwin-C8990ZDHWFMKKSSMJAPNW3VNT.scan
cd /
builtin-precompileModule /Users/admin/builder/spi-builder-workspace/.derivedData/Build/Intermediates.noindex/ExplicitPrecompiledModules/Darwin-C8990ZDHWFMKKSSMJAPNW3VNT.scan
PrecompileModule /Users/admin/builder/spi-builder-workspace/.derivedData/Build/Intermediates.noindex/ExplicitPrecompiledModules/Darwin-7YGJBK4O80UDEY9TS3OCRP98K.scan
cd /
builtin-precompileModule /Users/admin/builder/spi-builder-workspace/.derivedData/Build/Intermediates.noindex/ExplicitPrecompiledModules/Darwin-7YGJBK4O80UDEY9TS3OCRP98K.scan
SwiftExplicitDependencyGeneratePcm arm64_32 /Users/admin/builder/spi-builder-workspace/.derivedData/SDKExplicitPrecompiledModules/_Builtin_inttypes-D2KPCR4PEX9AQA33NGLUT5SBR.pcm
SwiftExplicitDependencyGeneratePcm arm64 /Users/admin/builder/spi-builder-workspace/.derivedData/SDKExplicitPrecompiledModules/_Builtin_inttypes-3UQSCM7WNM9EK4HZML8TY5J3D.pcm
SwiftExplicitDependencyGeneratePcm arm64_32 /Users/admin/builder/spi-builder-workspace/.derivedData/SDKExplicitPrecompiledModules/Darwin-3FVT1SKLN2ZQ5RVOABMTQBB34.pcm
SwiftExplicitDependencyGeneratePcm arm64 /Users/admin/builder/spi-builder-workspace/.derivedData/SDKExplicitPrecompiledModules/Darwin-3984OXKFNSPE77NT743WK8SEX.pcm
SwiftExplicitDependencyGeneratePcm arm64_32 /Users/admin/builder/spi-builder-workspace/.derivedData/SDKExplicitPrecompiledModules/simd-21UNWYOBUZI1LVSQ99S1XBLMO.pcm
SwiftExplicitDependencyGeneratePcm arm64 /Users/admin/builder/spi-builder-workspace/.derivedData/SDKExplicitPrecompiledModules/simd-EH08NODU6574T74ZKU61VP9BW.pcm
PrecompileModule /Users/admin/builder/spi-builder-workspace/.derivedData/Build/Intermediates.noindex/ExplicitPrecompiledModules/ObjectiveC-4EKQOUQX69AE94FX6LDMK7WEF.scan
cd /
builtin-precompileModule /Users/admin/builder/spi-builder-workspace/.derivedData/Build/Intermediates.noindex/ExplicitPrecompiledModules/ObjectiveC-4EKQOUQX69AE94FX6LDMK7WEF.scan
PrecompileModule /Users/admin/builder/spi-builder-workspace/.derivedData/Build/Intermediates.noindex/ExplicitPrecompiledModules/ObjectiveC-CUXGHLEYT7Q9A4WAI57NKINOM.scan
cd /
builtin-precompileModule /Users/admin/builder/spi-builder-workspace/.derivedData/Build/Intermediates.noindex/ExplicitPrecompiledModules/ObjectiveC-CUXGHLEYT7Q9A4WAI57NKINOM.scan
PrecompileModule /Users/admin/builder/spi-builder-workspace/.derivedData/Build/Intermediates.noindex/ExplicitPrecompiledModules/os_object-CKXNK1SZ6XDQZAHU8DV4IGVG4.scan
cd /
builtin-precompileModule /Users/admin/builder/spi-builder-workspace/.derivedData/Build/Intermediates.noindex/ExplicitPrecompiledModules/os_object-CKXNK1SZ6XDQZAHU8DV4IGVG4.scan
PrecompileModule /Users/admin/builder/spi-builder-workspace/.derivedData/Build/Intermediates.noindex/ExplicitPrecompiledModules/os_object-3P0W9N20TJW2NGCGJT0BLI4TY.scan
cd /
builtin-precompileModule /Users/admin/builder/spi-builder-workspace/.derivedData/Build/Intermediates.noindex/ExplicitPrecompiledModules/os_object-3P0W9N20TJW2NGCGJT0BLI4TY.scan
PrecompileModule /Users/admin/builder/spi-builder-workspace/.derivedData/Build/Intermediates.noindex/ExplicitPrecompiledModules/os_workgroup-AL1HTDLJVB89RV4MDY5UAAYHA.scan
cd /
builtin-precompileModule /Users/admin/builder/spi-builder-workspace/.derivedData/Build/Intermediates.noindex/ExplicitPrecompiledModules/os_workgroup-AL1HTDLJVB89RV4MDY5UAAYHA.scan
PrecompileModule /Users/admin/builder/spi-builder-workspace/.derivedData/Build/Intermediates.noindex/ExplicitPrecompiledModules/os_workgroup-8U6X8EQJZQ1JE8NOBC3QD6G3P.scan
cd /
builtin-precompileModule /Users/admin/builder/spi-builder-workspace/.derivedData/Build/Intermediates.noindex/ExplicitPrecompiledModules/os_workgroup-8U6X8EQJZQ1JE8NOBC3QD6G3P.scan
PrecompileModule /Users/admin/builder/spi-builder-workspace/.derivedData/Build/Intermediates.noindex/ExplicitPrecompiledModules/Dispatch-65NC06K7YNTB0TNUMYF911YWX.scan
cd /
builtin-precompileModule /Users/admin/builder/spi-builder-workspace/.derivedData/Build/Intermediates.noindex/ExplicitPrecompiledModules/Dispatch-65NC06K7YNTB0TNUMYF911YWX.scan
PrecompileModule /Users/admin/builder/spi-builder-workspace/.derivedData/Build/Intermediates.noindex/ExplicitPrecompiledModules/Dispatch-7K6XN4JX0HZC8FUBZSWGDT7WN.scan
cd /
builtin-precompileModule /Users/admin/builder/spi-builder-workspace/.derivedData/Build/Intermediates.noindex/ExplicitPrecompiledModules/Dispatch-7K6XN4JX0HZC8FUBZSWGDT7WN.scan
SwiftExplicitDependencyGeneratePcm arm64_32 /Users/admin/builder/spi-builder-workspace/.derivedData/SDKExplicitPrecompiledModules/ObjectiveC-6IJNELR2E80E7LUKESVCP2KET.pcm
SwiftExplicitDependencyGeneratePcm arm64_32 /Users/admin/builder/spi-builder-workspace/.derivedData/SDKExplicitPrecompiledModules/MachO-56838ZJ0NC1EBAJ0O6O8QMPDX.pcm
SwiftExplicitDependencyGeneratePcm arm64 /Users/admin/builder/spi-builder-workspace/.derivedData/SDKExplicitPrecompiledModules/MachO-2U90NNSAQILBNBPS1SA4F8TYP.pcm
SwiftExplicitDependencyGeneratePcm arm64 /Users/admin/builder/spi-builder-workspace/.derivedData/SDKExplicitPrecompiledModules/ObjectiveC-72IVD3VS2RS8Q28D9PIMY0KQP.pcm
PrecompileModule /Users/admin/builder/spi-builder-workspace/.derivedData/Build/Intermediates.noindex/ExplicitPrecompiledModules/XPC-E8K85972ST3T4HMGVNJTR0O9L.scan
cd /
builtin-precompileModule /Users/admin/builder/spi-builder-workspace/.derivedData/Build/Intermediates.noindex/ExplicitPrecompiledModules/XPC-E8K85972ST3T4HMGVNJTR0O9L.scan
PrecompileModule /Users/admin/builder/spi-builder-workspace/.derivedData/Build/Intermediates.noindex/ExplicitPrecompiledModules/XPC-5LKS0CYDGFEF4T1655ZCSAUSJ.scan
cd /
builtin-precompileModule /Users/admin/builder/spi-builder-workspace/.derivedData/Build/Intermediates.noindex/ExplicitPrecompiledModules/XPC-5LKS0CYDGFEF4T1655ZCSAUSJ.scan
PrecompileModule /Users/admin/builder/spi-builder-workspace/.derivedData/Build/Intermediates.noindex/ExplicitPrecompiledModules/CoreFoundation-6LZ0GPW8NBPNDNH9P3ZW2ZCMN.scan
cd /
builtin-precompileModule /Users/admin/builder/spi-builder-workspace/.derivedData/Build/Intermediates.noindex/ExplicitPrecompiledModules/CoreFoundation-6LZ0GPW8NBPNDNH9P3ZW2ZCMN.scan
PrecompileModule /Users/admin/builder/spi-builder-workspace/.derivedData/Build/Intermediates.noindex/ExplicitPrecompiledModules/CoreFoundation-XO7BFRASDIX63U4ECURKBEZX.scan
cd /
builtin-precompileModule /Users/admin/builder/spi-builder-workspace/.derivedData/Build/Intermediates.noindex/ExplicitPrecompiledModules/CoreFoundation-XO7BFRASDIX63U4ECURKBEZX.scan
SwiftExplicitDependencyGeneratePcm arm64_32 /Users/admin/builder/spi-builder-workspace/.derivedData/SDKExplicitPrecompiledModules/os_object-5YWTC6L4756IWSTPGXS5NM0D0.pcm
SwiftExplicitDependencyGeneratePcm arm64 /Users/admin/builder/spi-builder-workspace/.derivedData/SDKExplicitPrecompiledModules/os_object-3SDKD7F87FTZ26OON37DRYT6O.pcm
PrecompileModule /Users/admin/builder/spi-builder-workspace/.derivedData/Build/Intermediates.noindex/ExplicitPrecompiledModules/CoreGraphics-8FY5WRCZBNTO31T79KS43CA1A.scan
cd /
builtin-precompileModule /Users/admin/builder/spi-builder-workspace/.derivedData/Build/Intermediates.noindex/ExplicitPrecompiledModules/CoreGraphics-8FY5WRCZBNTO31T79KS43CA1A.scan
PrecompileModule /Users/admin/builder/spi-builder-workspace/.derivedData/Build/Intermediates.noindex/ExplicitPrecompiledModules/Security-2OETTWGFY00APED470I4A90Q6.scan
cd /
builtin-precompileModule /Users/admin/builder/spi-builder-workspace/.derivedData/Build/Intermediates.noindex/ExplicitPrecompiledModules/Security-2OETTWGFY00APED470I4A90Q6.scan
PrecompileModule /Users/admin/builder/spi-builder-workspace/.derivedData/Build/Intermediates.noindex/ExplicitPrecompiledModules/Security-3EJTMJ64MP3TKWHGVC9C25YQN.scan
cd /
builtin-precompileModule /Users/admin/builder/spi-builder-workspace/.derivedData/Build/Intermediates.noindex/ExplicitPrecompiledModules/Security-3EJTMJ64MP3TKWHGVC9C25YQN.scan
PrecompileModule /Users/admin/builder/spi-builder-workspace/.derivedData/Build/Intermediates.noindex/ExplicitPrecompiledModules/CoreGraphics-2C1NSEFQ5NZIKRZU1TRNZU0HQ.scan
cd /
builtin-precompileModule /Users/admin/builder/spi-builder-workspace/.derivedData/Build/Intermediates.noindex/ExplicitPrecompiledModules/CoreGraphics-2C1NSEFQ5NZIKRZU1TRNZU0HQ.scan
SwiftExplicitDependencyGeneratePcm arm64_32 /Users/admin/builder/spi-builder-workspace/.derivedData/SDKExplicitPrecompiledModules/os_workgroup-5JHTPDMNBUNHLJI8LPHKQK1JK.pcm
SwiftExplicitDependencyGeneratePcm arm64 /Users/admin/builder/spi-builder-workspace/.derivedData/SDKExplicitPrecompiledModules/os_workgroup-89GG5G7YC2D0ZTK6AZXXQ20DH.pcm
SwiftExplicitDependencyGeneratePcm arm64 /Users/admin/builder/spi-builder-workspace/.derivedData/SDKExplicitPrecompiledModules/Spatial-44FJGYXFAT2AQAW9Z6T7YS02U.pcm
SwiftExplicitDependencyGeneratePcm arm64_32 /Users/admin/builder/spi-builder-workspace/.derivedData/SDKExplicitPrecompiledModules/Spatial-CWVWNML3T0NXVHZDKVLD3X1YZ.pcm
PrecompileModule /Users/admin/builder/spi-builder-workspace/.derivedData/Build/Intermediates.noindex/ExplicitPrecompiledModules/Foundation-8IICTAE9GYQLKZCDMA1BN61WA.scan
cd /
builtin-precompileModule /Users/admin/builder/spi-builder-workspace/.derivedData/Build/Intermediates.noindex/ExplicitPrecompiledModules/Foundation-8IICTAE9GYQLKZCDMA1BN61WA.scan
PrecompileModule /Users/admin/builder/spi-builder-workspace/.derivedData/Build/Intermediates.noindex/ExplicitPrecompiledModules/Foundation-1A0Z4D4YNGQ5VY4RBO05L7WXL.scan
cd /
builtin-precompileModule /Users/admin/builder/spi-builder-workspace/.derivedData/Build/Intermediates.noindex/ExplicitPrecompiledModules/Foundation-1A0Z4D4YNGQ5VY4RBO05L7WXL.scan
SwiftExplicitDependencyGeneratePcm arm64_32 /Users/admin/builder/spi-builder-workspace/.derivedData/SDKExplicitPrecompiledModules/Dispatch-2P62F1T4XV63S4P99TUDTOK2Q.pcm
SwiftExplicitDependencyGeneratePcm arm64 /Users/admin/builder/spi-builder-workspace/.derivedData/SDKExplicitPrecompiledModules/Dispatch-1NLJOVAK60XP0DUB05XA59EIM.pcm
PrecompileModule /Users/admin/builder/spi-builder-workspace/.derivedData/Build/Intermediates.noindex/ExplicitPrecompiledModules/CoreVideo-5IEDQ6V4RWRB4HUEG467DEYCH.scan
cd /
builtin-precompileModule /Users/admin/builder/spi-builder-workspace/.derivedData/Build/Intermediates.noindex/ExplicitPrecompiledModules/CoreVideo-5IEDQ6V4RWRB4HUEG467DEYCH.scan
PrecompileModule /Users/admin/builder/spi-builder-workspace/.derivedData/Build/Intermediates.noindex/ExplicitPrecompiledModules/CoreText-8HOMAHDC99Q45QYSIGZTMMVCI.scan
cd /
builtin-precompileModule /Users/admin/builder/spi-builder-workspace/.derivedData/Build/Intermediates.noindex/ExplicitPrecompiledModules/CoreText-8HOMAHDC99Q45QYSIGZTMMVCI.scan
PrecompileModule /Users/admin/builder/spi-builder-workspace/.derivedData/Build/Intermediates.noindex/ExplicitPrecompiledModules/CoreVideo-1P88ISKFSSXU32QVPDRMSQH61.scan
cd /
builtin-precompileModule /Users/admin/builder/spi-builder-workspace/.derivedData/Build/Intermediates.noindex/ExplicitPrecompiledModules/CoreVideo-1P88ISKFSSXU32QVPDRMSQH61.scan
PrecompileModule /Users/admin/builder/spi-builder-workspace/.derivedData/Build/Intermediates.noindex/ExplicitPrecompiledModules/CoreText-5T84JPMQEJXC3GWK1LHTP4Z88.scan
cd /
builtin-precompileModule /Users/admin/builder/spi-builder-workspace/.derivedData/Build/Intermediates.noindex/ExplicitPrecompiledModules/CoreText-5T84JPMQEJXC3GWK1LHTP4Z88.scan
SwiftExplicitDependencyGeneratePcm arm64 /Users/admin/builder/spi-builder-workspace/.derivedData/SDKExplicitPrecompiledModules/CoreFoundation-8T2L24YC5NU7WO6WQJWRY7W08.pcm
SwiftExplicitDependencyGeneratePcm arm64 /Users/admin/builder/spi-builder-workspace/.derivedData/SDKExplicitPrecompiledModules/XPC-40DR0X1DHKGCV4J1IOLFS8MOU.pcm
SwiftExplicitDependencyGeneratePcm arm64_32 /Users/admin/builder/spi-builder-workspace/.derivedData/SDKExplicitPrecompiledModules/XPC-81Y45QFY96XYYFCW2GT6FY8S4.pcm
SwiftExplicitDependencyGeneratePcm arm64_32 /Users/admin/builder/spi-builder-workspace/.derivedData/SDKExplicitPrecompiledModules/CoreFoundation-8E6Y4BA3EXYKUGJ24GT9LGV3N.pcm
SwiftExplicitDependencyGeneratePcm arm64_32 /Users/admin/builder/spi-builder-workspace/.derivedData/SDKExplicitPrecompiledModules/os-E5IGB442IA6SBB25TTCOLK2OC.pcm
SwiftExplicitDependencyGeneratePcm arm64 /Users/admin/builder/spi-builder-workspace/.derivedData/SDKExplicitPrecompiledModules/os-5DIL6Z9LFIGLMZAHM7X2T5435.pcm
SwiftExplicitDependencyGeneratePcm arm64_32 /Users/admin/builder/spi-builder-workspace/.derivedData/SDKExplicitPrecompiledModules/CoreGraphics-9FDXYX6BKBUT6TJ2VF819E7T5.pcm
SwiftExplicitDependencyGeneratePcm arm64_32 /Users/admin/builder/spi-builder-workspace/.derivedData/SDKExplicitPrecompiledModules/CoreAudioTypes-9GVB1DHA32M46R4A9NWSI3I2K.pcm
SwiftExplicitDependencyGeneratePcm arm64_32 /Users/admin/builder/spi-builder-workspace/.derivedData/SDKExplicitPrecompiledModules/Security-D7TOWF88VWF67TB9HAFP5UWB1.pcm
SwiftExplicitDependencyGeneratePcm arm64 /Users/admin/builder/spi-builder-workspace/.derivedData/SDKExplicitPrecompiledModules/Security-6RZ6YBRU8WCUHRFFRVUK5WKMM.pcm
SwiftExplicitDependencyGeneratePcm arm64 /Users/admin/builder/spi-builder-workspace/.derivedData/SDKExplicitPrecompiledModules/CoreAudioTypes-A9MF7N5LT63G21HNFVM6BT14B.pcm
SwiftExplicitDependencyGeneratePcm arm64 /Users/admin/builder/spi-builder-workspace/.derivedData/SDKExplicitPrecompiledModules/CoreGraphics-DWNZ73GEH98SBJXZ7DEXB420K.pcm
PrecompileModule /Users/admin/builder/spi-builder-workspace/.derivedData/Build/Intermediates.noindex/ExplicitPrecompiledModules/_LocationEssentials-D4BEPN0SC9IZW34V5PVI7ME3U.scan
cd /
builtin-precompileModule /Users/admin/builder/spi-builder-workspace/.derivedData/Build/Intermediates.noindex/ExplicitPrecompiledModules/_LocationEssentials-D4BEPN0SC9IZW34V5PVI7ME3U.scan
PrecompileModule /Users/admin/builder/spi-builder-workspace/.derivedData/Build/Intermediates.noindex/ExplicitPrecompiledModules/UIUtilities-7OR3FPCE5V2OH5NWTGC5NJ8LK.scan
cd /
builtin-precompileModule /Users/admin/builder/spi-builder-workspace/.derivedData/Build/Intermediates.noindex/ExplicitPrecompiledModules/UIUtilities-7OR3FPCE5V2OH5NWTGC5NJ8LK.scan
PrecompileModule /Users/admin/builder/spi-builder-workspace/.derivedData/Build/Intermediates.noindex/ExplicitPrecompiledModules/UserNotifications-8WHU9OW7UGSRWBO762GRZHOAT.scan
cd /
builtin-precompileModule /Users/admin/builder/spi-builder-workspace/.derivedData/Build/Intermediates.noindex/ExplicitPrecompiledModules/UserNotifications-8WHU9OW7UGSRWBO762GRZHOAT.scan
PrecompileModule /Users/admin/builder/spi-builder-workspace/.derivedData/Build/Intermediates.noindex/ExplicitPrecompiledModules/Symbols-3DDMLPTJ5JODPIANJKFVVHJDT.scan
cd /
builtin-precompileModule /Users/admin/builder/spi-builder-workspace/.derivedData/Build/Intermediates.noindex/ExplicitPrecompiledModules/Symbols-3DDMLPTJ5JODPIANJKFVVHJDT.scan
PrecompileModule /Users/admin/builder/spi-builder-workspace/.derivedData/Build/Intermediates.noindex/ExplicitPrecompiledModules/UserNotifications-9JVIM8960CHM2ONO5XVL27SXJ.scan
cd /
builtin-precompileModule /Users/admin/builder/spi-builder-workspace/.derivedData/Build/Intermediates.noindex/ExplicitPrecompiledModules/UserNotifications-9JVIM8960CHM2ONO5XVL27SXJ.scan
PrecompileModule /Users/admin/builder/spi-builder-workspace/.derivedData/Build/Intermediates.noindex/ExplicitPrecompiledModules/QuartzCore-8YDD1JHOQEVHH7GFR2C111G4G.scan
cd /
builtin-precompileModule /Users/admin/builder/spi-builder-workspace/.derivedData/Build/Intermediates.noindex/ExplicitPrecompiledModules/QuartzCore-8YDD1JHOQEVHH7GFR2C111G4G.scan
PrecompileModule /Users/admin/builder/spi-builder-workspace/.derivedData/Build/Intermediates.noindex/ExplicitPrecompiledModules/QuartzCore-CM8G4I5BQTLVBA6VDDXHV5J12.scan
cd /
builtin-precompileModule /Users/admin/builder/spi-builder-workspace/.derivedData/Build/Intermediates.noindex/ExplicitPrecompiledModules/QuartzCore-CM8G4I5BQTLVBA6VDDXHV5J12.scan
PrecompileModule /Users/admin/builder/spi-builder-workspace/.derivedData/Build/Intermediates.noindex/ExplicitPrecompiledModules/CoreLocation-5PZ1R1014J4PURR5WE7GY9A2N.scan
cd /
builtin-precompileModule /Users/admin/builder/spi-builder-workspace/.derivedData/Build/Intermediates.noindex/ExplicitPrecompiledModules/CoreLocation-5PZ1R1014J4PURR5WE7GY9A2N.scan
PrecompileModule /Users/admin/builder/spi-builder-workspace/.derivedData/Build/Intermediates.noindex/ExplicitPrecompiledModules/_LocationEssentials-AZVW05C6BZAUUPPYK5LAYQLCY.scan
cd /
builtin-precompileModule /Users/admin/builder/spi-builder-workspace/.derivedData/Build/Intermediates.noindex/ExplicitPrecompiledModules/_LocationEssentials-AZVW05C6BZAUUPPYK5LAYQLCY.scan
SwiftExplicitDependencyGeneratePcm arm64_32 /Users/admin/builder/spi-builder-workspace/.derivedData/SDKExplicitPrecompiledModules/CoreAudio-5W6MX6OUPWBMUR8VD5LHT1PZF.pcm
SwiftExplicitDependencyGeneratePcm arm64 /Users/admin/builder/spi-builder-workspace/.derivedData/SDKExplicitPrecompiledModules/CoreAudio-1B79RJJTP71GE6UY9WLESAN3C.pcm
PrecompileModule /Users/admin/builder/spi-builder-workspace/.derivedData/Build/Intermediates.noindex/ExplicitPrecompiledModules/Symbols-E5KK9184PSGBT3769845RQZ64.scan
cd /
builtin-precompileModule /Users/admin/builder/spi-builder-workspace/.derivedData/Build/Intermediates.noindex/ExplicitPrecompiledModules/Symbols-E5KK9184PSGBT3769845RQZ64.scan
PrecompileModule /Users/admin/builder/spi-builder-workspace/.derivedData/Build/Intermediates.noindex/ExplicitPrecompiledModules/CoreLocation-2XJT9FJ8JVQAV1W4HGQA81Z9S.scan
cd /
builtin-precompileModule /Users/admin/builder/spi-builder-workspace/.derivedData/Build/Intermediates.noindex/ExplicitPrecompiledModules/CoreLocation-2XJT9FJ8JVQAV1W4HGQA81Z9S.scan
SwiftExplicitDependencyGeneratePcm arm64_32 /Users/admin/builder/spi-builder-workspace/.derivedData/SDKExplicitPrecompiledModules/Foundation-BJ2VQGI3OGR34500MEQ1VKHPH.pcm
SwiftExplicitDependencyGeneratePcm arm64 /Users/admin/builder/spi-builder-workspace/.derivedData/SDKExplicitPrecompiledModules/Foundation-DLBKUSGXN8QHAT8W0OARR9S8A.pcm
SwiftExplicitDependencyGeneratePcm arm64_32 /Users/admin/builder/spi-builder-workspace/.derivedData/SDKExplicitPrecompiledModules/CoreVideo-2P8HI0403J99LBDPKNFJ5D4DL.pcm
SwiftExplicitDependencyGeneratePcm arm64 /Users/admin/builder/spi-builder-workspace/.derivedData/SDKExplicitPrecompiledModules/CoreVideo-8MRR5MNWUOAW2DBPGUQ8FKK4.pcm
SwiftExplicitDependencyGeneratePcm arm64 /Users/admin/builder/spi-builder-workspace/.derivedData/SDKExplicitPrecompiledModules/ImageIO-208F4GO13XRG67XXLAMH07N4X.pcm
SwiftExplicitDependencyGeneratePcm arm64 /Users/admin/builder/spi-builder-workspace/.derivedData/SDKExplicitPrecompiledModules/CoreText-970YJN6NIYGK1316L35Z0O8QT.pcm
SwiftExplicitDependencyGeneratePcm arm64_32 /Users/admin/builder/spi-builder-workspace/.derivedData/SDKExplicitPrecompiledModules/CoreText-C9X2REPZN2V5BSU4G80FCETDR.pcm
SwiftExplicitDependencyGeneratePcm arm64_32 /Users/admin/builder/spi-builder-workspace/.derivedData/SDKExplicitPrecompiledModules/ImageIO-2Y4S05VUFWLNTRW92S35BUMG8.pcm
PrecompileModule /Users/admin/builder/spi-builder-workspace/.derivedData/Build/Intermediates.noindex/ExplicitPrecompiledModules/CoreMotion-DEIDLH4BQ5MF60FHRYBGXS837.scan
cd /
builtin-precompileModule /Users/admin/builder/spi-builder-workspace/.derivedData/Build/Intermediates.noindex/ExplicitPrecompiledModules/CoreMotion-DEIDLH4BQ5MF60FHRYBGXS837.scan
PrecompileModule /Users/admin/builder/spi-builder-workspace/.derivedData/Build/Intermediates.noindex/ExplicitPrecompiledModules/UIUtilities-3QKS62DF1BEIZ2AYFOU8FFAT7.scan
cd /
builtin-precompileModule /Users/admin/builder/spi-builder-workspace/.derivedData/Build/Intermediates.noindex/ExplicitPrecompiledModules/UIUtilities-3QKS62DF1BEIZ2AYFOU8FFAT7.scan
PrecompileModule /Users/admin/builder/spi-builder-workspace/.derivedData/Build/Intermediates.noindex/ExplicitPrecompiledModules/CoreMotion-BEXOBBQ0BUMQWWVA7PBI6MQ6W.scan
cd /
builtin-precompileModule /Users/admin/builder/spi-builder-workspace/.derivedData/Build/Intermediates.noindex/ExplicitPrecompiledModules/CoreMotion-BEXOBBQ0BUMQWWVA7PBI6MQ6W.scan
SwiftExplicitDependencyGeneratePcm arm64_32 /Users/admin/builder/spi-builder-workspace/.derivedData/SDKExplicitPrecompiledModules/CoreMedia-AO387T8CHWTTZODD1DGT0UAFA.pcm
PrecompileModule /Users/admin/builder/spi-builder-workspace/.derivedData/Build/Intermediates.noindex/ExplicitPrecompiledModules/UIKit-6MXVJMZP5DLSFT91WHPEFY9WS.scan
cd /
builtin-precompileModule /Users/admin/builder/spi-builder-workspace/.derivedData/Build/Intermediates.noindex/ExplicitPrecompiledModules/UIKit-6MXVJMZP5DLSFT91WHPEFY9WS.scan
SwiftExplicitDependencyGeneratePcm arm64 /Users/admin/builder/spi-builder-workspace/.derivedData/SDKExplicitPrecompiledModules/CoreMedia-1AJVCUZNAO74KIKMFVFUUHWDI.pcm
PrecompileModule /Users/admin/builder/spi-builder-workspace/.derivedData/Build/Intermediates.noindex/ExplicitPrecompiledModules/UIKit-54ZTA8TK8RWCNNX484ZRAMXSZ.scan
cd /
builtin-precompileModule /Users/admin/builder/spi-builder-workspace/.derivedData/Build/Intermediates.noindex/ExplicitPrecompiledModules/UIKit-54ZTA8TK8RWCNNX484ZRAMXSZ.scan
SwiftExplicitDependencyGeneratePcm arm64_32 /Users/admin/builder/spi-builder-workspace/.derivedData/SDKExplicitPrecompiledModules/UniformTypeIdentifiers-CJZ3NTHPSBH4XWX5EVOG56UZS.pcm
SwiftExplicitDependencyGeneratePcm arm64_32 /Users/admin/builder/spi-builder-workspace/.derivedData/SDKExplicitPrecompiledModules/QuartzCore-6375NPYACK5NYVHPMC1QQ8MC2.pcm
SwiftExplicitDependencyGeneratePcm arm64_32 /Users/admin/builder/spi-builder-workspace/.derivedData/SDKExplicitPrecompiledModules/Accessibility-F385OMZ5GYBUY5O4QAJB4NRII.pcm
SwiftExplicitDependencyGeneratePcm arm64_32 /Users/admin/builder/spi-builder-workspace/.derivedData/SDKExplicitPrecompiledModules/OSLog-D9AVFY0KWO7RVBIQ73CBIJVCN.pcm
SwiftExplicitDependencyGeneratePcm arm64_32 /Users/admin/builder/spi-builder-workspace/.derivedData/SDKExplicitPrecompiledModules/CoreMIDI-8Q3SSIDM9J726670QKKYTPP3W.pcm
SwiftExplicitDependencyGeneratePcm arm64_32 /Users/admin/builder/spi-builder-workspace/.derivedData/SDKExplicitPrecompiledModules/_LocationEssentials-AQ1OL9QKC3LQLY5CNSRM1HB53.pcm
SwiftExplicitDependencyGeneratePcm arm64_32 /Users/admin/builder/spi-builder-workspace/.derivedData/SDKExplicitPrecompiledModules/Symbols-1H97WMG76HU94F5VGJR19PXFY.pcm
SwiftExplicitDependencyGeneratePcm arm64_32 /Users/admin/builder/spi-builder-workspace/.derivedData/SDKExplicitPrecompiledModules/DataDetection-U9BF7WHFVA6BZGFXXXP272PS.pcm
SwiftExplicitDependencyGeneratePcm arm64 /Users/admin/builder/spi-builder-workspace/.derivedData/SDKExplicitPrecompiledModules/OSLog-B7VGO357Y3GJG35TST7DKDSI3.pcm
SwiftExplicitDependencyGeneratePcm arm64_32 /Users/admin/builder/spi-builder-workspace/.derivedData/SDKExplicitPrecompiledModules/CoreLocation-8XU5YMYM4P11RQMYCQAG65ITK.pcm
SwiftExplicitDependencyGeneratePcm arm64 /Users/admin/builder/spi-builder-workspace/.derivedData/SDKExplicitPrecompiledModules/QuartzCore-94KFMWNOU7ZLUZNB4T5DLZC9D.pcm
SwiftExplicitDependencyGeneratePcm arm64 /Users/admin/builder/spi-builder-workspace/.derivedData/SDKExplicitPrecompiledModules/UserNotifications-ARAH8MEQ0C2L0FBO39HITJMAO.pcm
SwiftExplicitDependencyGeneratePcm arm64 /Users/admin/builder/spi-builder-workspace/.derivedData/SDKExplicitPrecompiledModules/UIUtilities-IR7RNW23VAUKYI9MLCS9NL9A.pcm
SwiftExplicitDependencyGeneratePcm arm64 /Users/admin/builder/spi-builder-workspace/.derivedData/SDKExplicitPrecompiledModules/DataDetection-7BNVI1SZW5ISQL5SX4WL2X7I5.pcm
SwiftExplicitDependencyGeneratePcm arm64 /Users/admin/builder/spi-builder-workspace/.derivedData/SDKExplicitPrecompiledModules/_LocationEssentials-5ZZDGDXB6HLQUC72SJW7YJ7MK.pcm
SwiftExplicitDependencyGeneratePcm arm64_32 /Users/admin/builder/spi-builder-workspace/.derivedData/SDKExplicitPrecompiledModules/SwiftUICore-3Q7WLRD8MR9R3NGIPUBQCP6F6.pcm
SwiftExplicitDependencyGeneratePcm arm64_32 /Users/admin/builder/spi-builder-workspace/.derivedData/SDKExplicitPrecompiledModules/UserNotifications-6TBN8TEAKO014N1T2QD926XED.pcm
SwiftExplicitDependencyGeneratePcm arm64 /Users/admin/builder/spi-builder-workspace/.derivedData/SDKExplicitPrecompiledModules/CoreMIDI-DMNFPOXYVF7STUO5GNB3DF2BQ.pcm
SwiftExplicitDependencyGeneratePcm arm64_32 /Users/admin/builder/spi-builder-workspace/.derivedData/SDKExplicitPrecompiledModules/UIUtilities-9YFVNIMRC5HRVOIARNWHP1E3H.pcm
SwiftExplicitDependencyGeneratePcm arm64_32 /Users/admin/builder/spi-builder-workspace/.derivedData/SDKExplicitPrecompiledModules/CoreTransferable-5D4IR6X37682FPHJ5CBPTKQV6.pcm
SwiftExplicitDependencyGeneratePcm arm64_32 /Users/admin/builder/spi-builder-workspace/.derivedData/SDKExplicitPrecompiledModules/AVFAudio-E592LPPEJNCSUD5VBNV0IP3RS.pcm
SwiftExplicitDependencyGeneratePcm arm64_32 /Users/admin/builder/spi-builder-workspace/.derivedData/SDKExplicitPrecompiledModules/CoreMotion-1XGTVTE5PP32UHME8AC63TL6.pcm
SwiftExplicitDependencyGeneratePcm arm64 /Users/admin/builder/spi-builder-workspace/.derivedData/SDKExplicitPrecompiledModules/CoreTransferable-9PPG3SLJ55T4LITIFYX2M0NOZ.pcm
SwiftExplicitDependencyGeneratePcm arm64 /Users/admin/builder/spi-builder-workspace/.derivedData/SDKExplicitPrecompiledModules/Symbols-3EFABTJ9L5PQDJ7RQCYQWEJMM.pcm
SwiftExplicitDependencyGeneratePcm arm64 /Users/admin/builder/spi-builder-workspace/.derivedData/SDKExplicitPrecompiledModules/SwiftUICore-C1DST1IX2Z0PTH5SJJZ1IULRB.pcm
SwiftExplicitDependencyGeneratePcm arm64 /Users/admin/builder/spi-builder-workspace/.derivedData/SDKExplicitPrecompiledModules/CoreLocation-ACKJ9K7ABI14F97Y46Y6SRR17.pcm
SwiftExplicitDependencyGeneratePcm arm64 /Users/admin/builder/spi-builder-workspace/.derivedData/SDKExplicitPrecompiledModules/Accessibility-27QMG6ZQ1NKYTNBYFPM1XKNFC.pcm
SwiftExplicitDependencyGeneratePcm arm64 /Users/admin/builder/spi-builder-workspace/.derivedData/SDKExplicitPrecompiledModules/UniformTypeIdentifiers-8L08Q8DQJV8C4AW84YVGFGTRN.pcm
SwiftExplicitDependencyGeneratePcm arm64 /Users/admin/builder/spi-builder-workspace/.derivedData/SDKExplicitPrecompiledModules/AVFAudio-6A028BJEJQTO3623H6QZ4E26C.pcm
SwiftExplicitDependencyGeneratePcm arm64_32 /Users/admin/builder/spi-builder-workspace/.derivedData/SDKExplicitPrecompiledModules/UIKit-6PPV7YPZ89CZPHYAP072QH8B6.pcm
SwiftExplicitDependencyGeneratePcm arm64_32 /Users/admin/builder/spi-builder-workspace/.derivedData/SDKExplicitPrecompiledModules/AVFoundation-EPE1OBOP1126QTAL5QEGZFKYT.pcm
SwiftExplicitDependencyGeneratePcm arm64 /Users/admin/builder/spi-builder-workspace/.derivedData/SDKExplicitPrecompiledModules/CoreMotion-6RD5K48QT1F4L9CATNFD2O7YB.pcm
CompileC /Users/admin/builder/spi-builder-workspace/.derivedData/Build/Intermediates.noindex/RemotePlugin.build/Debug-watchos/RemoteCapture-t.build/Objects-normal/arm64_32/RemoteImpl.o /Users/admin/builder/spi-builder-workspace/Sources/RemoteCapture/RemoteImpl.m normal arm64_32 objective-c com.apple.compilers.llvm.clang.1_0.compiler (in target 'RemoteCapture' from project 'RemotePlugin')
cd /Users/admin/builder/spi-builder-workspace/.swiftpm/xcode
Using response file: /Users/admin/builder/spi-builder-workspace/.derivedData/Build/Intermediates.noindex/RemotePlugin.build/Debug-watchos/RemoteCapture-t.build/Objects-normal/arm64_32/e6072d4f65d7061329687fe24e3d63a7-common-args.resp
/Applications/Xcode-27.0.0-Release.Candidate.app/Contents/Developer/Toolchains/XcodeDefault.xctoolchain/usr/bin/clang -x objective-c -ivfsstatcache /Users/admin/builder/spi-builder-workspace/.derivedData/SDKStatCaches.noindex/watchos27.0-24R360-e829b21a6f8c9b70876ba0858053c04477534ef55a1706bf4c1112bbb242f0a2.sdkstatcache -target arm64_32-apple-watchos9.0 -fmessage-length\=0 -fdiagnostics-show-note-include-stack -fmacro-backtrace-limit\=0 -fno-color-diagnostics -fmodules-prune-interval\=86400 -fmodules-prune-after\=345600 -fbuild-session-file\=/Users/admin/builder/spi-builder-workspace/.derivedData/ModuleCache.noindex/Session.modulevalidation -fmodules-validate-once-per-build-session -Wnon-modular-include-in-framework-module -Werror\=non-modular-include-in-framework-module -Wno-trigraphs -Wno-missing-field-initializers -Wno-missing-prototypes -Wno-return-type -Wno-implicit-atomic-properties -Wno-objc-interface-ivars -Wno-arc-repeated-use-of-weak -Wno-missing-braces -Wparentheses -Wswitch -Wno-unused-function -Wno-unused-label -Wno-unused-parameter -Wno-unused-variable -Wunused-value -Wno-empty-body -Wno-uninitialized -Wno-unknown-pragmas -Wno-shadow -Wno-four-char-constants -Wno-conversion -Wno-constant-conversion -Wno-int-conversion -Wno-bool-conversion -Wno-enum-conversion -Wno-float-conversion -Wno-non-literal-null-conversion -Wno-objc-literal-conversion -Wno-shorten-64-to-32 -Wpointer-sign -Wno-newline-eof -Wno-selector -Wno-strict-selector-match -Wno-undeclared-selector -Wno-deprecated-implementations -Wno-implicit-fallthrough -isysroot /Applications/Xcode-27.0.0-Release.Candidate.app/Contents/Developer/Platforms/WatchOS.platform/Developer/SDKs/WatchOS27.0.sdk -fstrict-aliasing -Wprotocol -Wdeprecated-declarations -Wno-sign-conversion -Wno-infinite-recursion -Wno-comma -Wno-block-capture-autoreleasing -Wno-strict-prototypes -Wno-semicolon-before-method-body -index-store-path /Users/admin/builder/spi-builder-workspace/.derivedData/Index.noindex/DataStore @/Users/admin/builder/spi-builder-workspace/.derivedData/Build/Intermediates.noindex/RemotePlugin.build/Debug-watchos/RemoteCapture-t.build/Objects-normal/arm64_32/e6072d4f65d7061329687fe24e3d63a7-common-args.resp -MMD -MT dependencies -MF /Users/admin/builder/spi-builder-workspace/.derivedData/Build/Intermediates.noindex/RemotePlugin.build/Debug-watchos/RemoteCapture-t.build/Objects-normal/arm64_32/RemoteImpl.d --serialize-diagnostics /Users/admin/builder/spi-builder-workspace/.derivedData/Build/Intermediates.noindex/RemotePlugin.build/Debug-watchos/RemoteCapture-t.build/Objects-normal/arm64_32/RemoteImpl.dia -c /Users/admin/builder/spi-builder-workspace/Sources/RemoteCapture/RemoteImpl.m -o /Users/admin/builder/spi-builder-workspace/.derivedData/Build/Intermediates.noindex/RemotePlugin.build/Debug-watchos/RemoteCapture-t.build/Objects-normal/arm64_32/RemoteImpl.o -index-unit-output-path /RemotePlugin.build/Debug-watchos/RemoteCapture-t.build/Objects-normal/arm64_32/RemoteImpl.o
In file included from /Users/admin/builder/spi-builder-workspace/Sources/RemoteCapture/RemoteImpl.m:11:
In file included from /Users/admin/builder/spi-builder-workspace/Sources/RemoteCapture/include/RemoteCapture.h:44:
/Users/admin/builder/spi-builder-workspace/Sources/RemoteCapture/include/RemoteHeaders.h:191:29: error: 'UIEvent' is unavailable: not available on watchOS
191 | @interface UITouchesEvent : UIEvent {
| ^
In module 'UIKit' imported from /Users/admin/builder/spi-builder-workspace/Sources/RemoteCapture/include/RemoteHeaders.h:13:
/Applications/Xcode-27.0.0-Release.Candidate.app/Contents/Developer/Platforms/WatchOS.platform/Developer/SDKs/WatchOS27.0.sdk/System/Library/Frameworks/UIKit.framework/Headers/UIEvent.h:62:12: note: 'UIEvent' has been explicitly marked unavailable here
62 | @interface UIEvent : NSObject
| ^
In file included from /Users/admin/builder/spi-builder-workspace/Sources/RemoteCapture/RemoteImpl.m:11:
/Users/admin/builder/spi-builder-workspace/Sources/RemoteCapture/include/RemoteCapture.h:307:5: error: 'UITouch' is unavailable: not available on watchOS
307 | UITouch *currentTouch;
| ^
In module 'UIKit' imported from /Users/admin/builder/spi-builder-workspace/Sources/RemoteCapture/include/RemoteHeaders.h:13:
/Applications/Xcode-27.0.0-Release.Candidate.app/Contents/Developer/Platforms/WatchOS.platform/Developer/SDKs/WatchOS27.0.sdk/System/Library/Frameworks/UIKit.framework/Headers/UITouch.h:51:12: note: 'UITouch' has been explicitly marked unavailable here
51 | @interface UITouch : NSObject
| ^
In file included from /Users/admin/builder/spi-builder-workspace/Sources/RemoteCapture/RemoteImpl.m:11:
/Users/admin/builder/spi-builder-workspace/Sources/RemoteCapture/include/RemoteCapture.h:311:25: error: 'UIEvent' is unavailable: not available on watchOS
311 | @interface RCFakeEvent: UIEvent {
| ^
In module 'UIKit' imported from /Users/admin/builder/spi-builder-workspace/Sources/RemoteCapture/include/RemoteHeaders.h:13:
/Applications/Xcode-27.0.0-Release.Candidate.app/Contents/Developer/Platforms/WatchOS.platform/Developer/SDKs/WatchOS27.0.sdk/System/Library/Frameworks/UIKit.framework/Headers/UIEvent.h:62:12: note: 'UIEvent' has been explicitly marked unavailable here
62 | @interface UIEvent : NSObject
| ^
In file included from /Users/admin/builder/spi-builder-workspace/Sources/RemoteCapture/RemoteImpl.m:11:
/Users/admin/builder/spi-builder-workspace/Sources/RemoteCapture/include/RemoteCapture.h:331:4: error: 'UITouch' is unavailable: not available on watchOS
331 | - (UITouch *)_firstTouchForView:(UIView *)view {
| ^
In module 'UIKit' imported from /Users/admin/builder/spi-builder-workspace/Sources/RemoteCapture/include/RemoteHeaders.h:13:
/Applications/Xcode-27.0.0-Release.Candidate.app/Contents/Developer/Platforms/WatchOS.platform/Developer/SDKs/WatchOS27.0.sdk/System/Library/Frameworks/UIKit.framework/Headers/UITouch.h:51:12: note: 'UITouch' has been explicitly marked unavailable here
51 | @interface UITouch : NSObject
| ^
In file included from /Users/admin/builder/spi-builder-workspace/Sources/RemoteCapture/RemoteImpl.m:11:
/Users/admin/builder/spi-builder-workspace/Sources/RemoteCapture/include/RemoteCapture.h:331:34: error: 'UIView' is unavailable: not available on watchOS
331 | - (UITouch *)_firstTouchForView:(UIView *)view {
| ^
In module 'UIKit' imported from /Users/admin/builder/spi-builder-workspace/Sources/RemoteCapture/include/RemoteHeaders.h:13:
/Applications/Xcode-27.0.0-Release.Candidate.app/Contents/Developer/Platforms/WatchOS.platform/Developer/SDKs/WatchOS27.0.sdk/System/Library/Frameworks/UIKit.framework/Headers/UIView.h:152:12: note: 'UIView' has been explicitly marked unavailable here
152 | @interface UIView : UIResponder <NSCoding, UIAppearance, UIAppearanceContainer, UIDynamicItem, UITraitEnvironment, UICoordinateSpace, UIFocusItem, UIFocusItemContainer, CALayerDelegate>
| ^
In file included from /Users/admin/builder/spi-builder-workspace/Sources/RemoteCapture/RemoteImpl.m:11:
/Users/admin/builder/spi-builder-workspace/Sources/RemoteCapture/include/RemoteCapture.h:336:28: error: 'UIView' is unavailable: not available on watchOS
336 | - (NSSet *)touchesForView:(UIView *)view {
| ^
In module 'UIKit' imported from /Users/admin/builder/spi-builder-workspace/Sources/RemoteCapture/include/RemoteHeaders.h:13:
/Applications/Xcode-27.0.0-Release.Candidate.app/Contents/Developer/Platforms/WatchOS.platform/Developer/SDKs/WatchOS27.0.sdk/System/Library/Frameworks/UIKit.framework/Headers/UIView.h:152:12: note: 'UIView' has been explicitly marked unavailable here
152 | @interface UIView : UIResponder <NSCoding, UIAppearance, UIAppearanceContainer, UIDynamicItem, UITraitEnvironment, UICoordinateSpace, UIFocusItem, UIFocusItemContainer, CALayerDelegate>
| ^
In file included from /Users/admin/builder/spi-builder-workspace/Sources/RemoteCapture/RemoteImpl.m:11:
/Users/admin/builder/spi-builder-workspace/Sources/RemoteCapture/include/RemoteCapture.h:341:30: error: 'UIWindow' is unavailable: not available on watchOS
341 | - (NSSet *)touchesForWindow:(UIWindow *)window {
| ^
In module 'UIKit' imported from /Users/admin/builder/spi-builder-workspace/Sources/RemoteCapture/include/RemoteHeaders.h:13:
/Applications/Xcode-27.0.0-Release.Candidate.app/Contents/Developer/Platforms/WatchOS.platform/Developer/SDKs/WatchOS27.0.sdk/System/Library/Frameworks/UIKit.framework/Headers/UIWindow.h:22:12: note: 'UIWindow' has been explicitly marked unavailable here
22 | @interface UIWindow : UIView
| ^
In file included from /Users/admin/builder/spi-builder-workspace/Sources/RemoteCapture/RemoteImpl.m:11:
/Users/admin/builder/spi-builder-workspace/Sources/RemoteCapture/include/RemoteCapture.h:346:41: error: 'UIGestureRecognizer' is unavailable: not available on watchOS
346 | - (NSSet *)touchesForGestureRecognizer:(UIGestureRecognizer *)rec {
| ^
In module 'UIKit' imported from /Users/admin/builder/spi-builder-workspace/Sources/RemoteCapture/include/RemoteHeaders.h:13:
/Applications/Xcode-27.0.0-Release.Candidate.app/Contents/Developer/Platforms/WatchOS.platform/Developer/SDKs/WatchOS27.0.sdk/System/Library/Frameworks/UIKit.framework/Headers/UIGestureRecognizer.h:35:12: note: 'UIGestureRecognizer' has been explicitly marked unavailable here
35 | @interface UIGestureRecognizer : NSObject
| ^
In file included from /Users/admin/builder/spi-builder-workspace/Sources/RemoteCapture/RemoteImpl.m:11:
/Users/admin/builder/spi-builder-workspace/Sources/RemoteCapture/include/RemoteCapture.h:351:23: error: 'UITouch' is unavailable: not available on watchOS
351 | - (void)_removeTouch:(UITouch *)touch fromGestureRecognizer:(UIGestureRecognizer *)rec {
| ^
In module 'UIKit' imported from /Users/admin/builder/spi-builder-workspace/Sources/RemoteCapture/include/RemoteHeaders.h:13:
/Applications/Xcode-27.0.0-Release.Candidate.app/Contents/Developer/Platforms/WatchOS.platform/Developer/SDKs/WatchOS27.0.sdk/System/Library/Frameworks/UIKit.framework/Headers/UITouch.h:51:12: note: 'UITouch' has been explicitly marked unavailable here
51 | @interface UITouch : NSObject
| ^
In file included from /Users/admin/builder/spi-builder-workspace/Sources/RemoteCapture/RemoteImpl.m:11:
/Users/admin/builder/spi-builder-workspace/Sources/RemoteCapture/include/RemoteCapture.h:351:62: error: 'UIGestureRecognizer' is unavailable: not available on watchOS
351 | - (void)_removeTouch:(UITouch *)touch fromGestureRecognizer:(UIGestureRecognizer *)rec {
| ^
In module 'UIKit' imported from /Users/admin/builder/spi-builder-workspace/Sources/RemoteCapture/include/RemoteHeaders.h:13:
/Applications/Xcode-27.0.0-Release.Candidate.app/Contents/Developer/Platforms/WatchOS.platform/Developer/SDKs/WatchOS27.0.sdk/System/Library/Frameworks/UIKit.framework/Headers/UIGestureRecognizer.h:35:12: note: 'UIGestureRecognizer' has been explicitly marked unavailable here
35 | @interface UIGestureRecognizer : NSObject
| ^
In file included from /Users/admin/builder/spi-builder-workspace/Sources/RemoteCapture/RemoteImpl.m:11:
/Users/admin/builder/spi-builder-workspace/Sources/RemoteCapture/include/RemoteCapture.h:367:4: error: 'UIEventType' is unavailable: not available on watchOS
367 | - (UIEventType)type {
| ^
In module 'UIKit' imported from /Users/admin/builder/spi-builder-workspace/Sources/RemoteCapture/include/RemoteHeaders.h:13:
/Applications/Xcode-27.0.0-Release.Candidate.app/Contents/Developer/Platforms/WatchOS.platform/Developer/SDKs/WatchOS27.0.sdk/System/Library/Frameworks/UIKit.framework/Headers/UIEvent.h:18:28: note: 'UIEventType' has been explicitly marked unavailable here
18 | typedef NS_ENUM(NSInteger, UIEventType) {
| ^
In file included from /Users/admin/builder/spi-builder-workspace/Sources/RemoteCapture/RemoteImpl.m:11:
/Users/admin/builder/spi-builder-workspace/Sources/RemoteCapture/include/RemoteCapture.h:368:13: error: 'UIEventType' is unavailable: not available on watchOS
368 | return (UIEventType)0;
| ^
In module 'UIKit' imported from /Users/admin/builder/spi-builder-workspace/Sources/RemoteCapture/include/RemoteHeaders.h:13:
/Applications/Xcode-27.0.0-Release.Candidate.app/Contents/Developer/Platforms/WatchOS.platform/Developer/SDKs/WatchOS27.0.sdk/System/Library/Frameworks/UIKit.framework/Headers/UIEvent.h:18:28: note: 'UIEventType' has been explicitly marked unavailable here
18 | typedef NS_ENUM(NSInteger, UIEventType) {
| ^
In file included from /Users/admin/builder/spi-builder-workspace/Sources/RemoteCapture/RemoteImpl.m:11:
/Users/admin/builder/spi-builder-workspace/Sources/RemoteCapture/include/RemoteCapture.h:709:5: error: 'UITouch' is unavailable: not available on watchOS
709 | UITouch *realTouch; /// An actual UITouch recycled for forging events
| ^
In module 'UIKit' imported from /Users/admin/builder/spi-builder-workspace/Sources/RemoteCapture/include/RemoteHeaders.h:13:
/Applications/Xcode-27.0.0-Release.Candidate.app/Contents/Developer/Platforms/WatchOS.platform/Developer/SDKs/WatchOS27.0.sdk/System/Library/Frameworks/UIKit.framework/Headers/UITouch.h:51:12: note: 'UITouch' has been explicitly marked unavailable here
51 | @interface UITouch : NSObject
| ^
In file included from /Users/admin/builder/spi-builder-workspace/Sources/RemoteCapture/RemoteImpl.m:11:
/Users/admin/builder/spi-builder-workspace/Sources/RemoteCapture/include/RemoteCapture.h:715:4: error: 'UIApplication' is unavailable: not available on watchOS
715 | + (UIApplication *)sharedApplication {
| ^
In module 'UIKit' imported from /Users/admin/builder/spi-builder-workspace/Sources/RemoteCapture/include/RemoteHeaders.h:13:
/Applications/Xcode-27.0.0-Release.Candidate.app/Contents/Developer/Platforms/WatchOS.platform/Developer/SDKs/WatchOS27.0.sdk/System/Library/Frameworks/UIKit.framework/Headers/UIApplication.h:85:12: note: 'UIApplication' has been explicitly marked unavailable here
85 | @interface UIApplication : UIResponder
| ^
In file included from /Users/admin/builder/spi-builder-workspace/Sources/RemoteCapture/RemoteImpl.m:11:
/Users/admin/builder/spi-builder-workspace/Sources/RemoteCapture/include/RemoteCapture.h:642:21: error: 'UIScreen' is unavailable: not available on watchOS
642 | __block NSArray<UIScreen *> *screens;
| ^
In module 'UIKit' imported from /Users/admin/builder/spi-builder-workspace/Sources/RemoteCapture/include/RemoteHeaders.h:13:
/Applications/Xcode-27.0.0-Release.Candidate.app/Contents/Developer/Platforms/WatchOS.platform/Developer/SDKs/WatchOS27.0.sdk/System/Library/Frameworks/UIKit.framework/Headers/UIScreen.h:54:12: note: 'UIScreen' has been explicitly marked unavailable here
54 | @interface UIScreen : NSObject <UITraitEnvironment>
| ^
In file included from /Users/admin/builder/spi-builder-workspace/Sources/RemoteCapture/RemoteImpl.m:11:
/Users/admin/builder/spi-builder-workspace/Sources/RemoteCapture/include/RemoteCapture.h:645:33: error: 'UIScreen' is unavailable: not available on watchOS
645 | screens = [UIScreen screens];
| ^
In module 'UIKit' imported from /Users/admin/builder/spi-builder-workspace/Sources/RemoteCapture/include/RemoteHeaders.h:13:
/Applications/Xcode-27.0.0-Release.Candidate.app/Contents/Developer/Platforms/WatchOS.platform/Developer/SDKs/WatchOS27.0.sdk/System/Library/Frameworks/UIKit.framework/Headers/UIScreen.h:54:12: note: 'UIScreen' has been explicitly marked unavailable here
54 | @interface UIScreen : NSObject <UITraitEnvironment>
| ^
In file included from /Users/admin/builder/spi-builder-workspace/Sources/RemoteCapture/RemoteImpl.m:11:
/Users/admin/builder/spi-builder-workspace/Sources/RemoteCapture/include/RemoteCapture.h:645:33: error: 'screens' is unavailable: not available on watchOS
645 | screens = [UIScreen screens];
| ^
In module 'UIKit' imported from /Users/admin/builder/spi-builder-workspace/Sources/RemoteCapture/include/RemoteHeaders.h:13:
/Applications/Xcode-27.0.0-Release.Candidate.app/Contents/Developer/Platforms/WatchOS.platform/Developer/SDKs/WatchOS27.0.sdk/System/Library/Frameworks/UIKit.framework/Headers/UIScreen.h:56:60: note: property 'screens' is declared unavailable here
56 | @property(class, nonatomic, readonly) NSArray<UIScreen *> *screens API_DEPRECATED("Use UIApplication.shared.openSessions to find open sessions with scenes from other screens", ios(3.2, 16.0), visionos(1.0, 1.0)) API_UNAVAILABLE(watchos); // all screens currently attached to the device
| ^
/Applications/Xcode-27.0.0-Release.Candidate.app/Contents/Developer/Platforms/WatchOS.platform/Developer/SDKs/WatchOS27.0.sdk/System/Library/Frameworks/UIKit.framework/Headers/UIScreen.h:56:60: note: 'screens' has been explicitly marked unavailable here
In file included from /Users/admin/builder/spi-builder-workspace/Sources/RemoteCapture/RemoteImpl.m:11:
/Users/admin/builder/spi-builder-workspace/Sources/RemoteCapture/include/RemoteCapture.h:653:33: error: 'CALayer' is unavailable: not available on watchOS
653 | class_getInstanceMethod(CALayer.class, @selector(_copyRenderLayer:layerFlags:commitFlags:)),
| ^
In module 'UIKit' imported from /Users/admin/builder/spi-builder-workspace/Sources/RemoteCapture/include/RemoteHeaders.h:13:
In module 'QuartzCore' imported from /Applications/Xcode-27.0.0-Release.Candidate.app/Contents/Developer/Platforms/WatchOS.platform/Developer/SDKs/WatchOS27.0.sdk/System/Library/Frameworks/UIKit.framework/Headers/UIView.h:10:
/Applications/Xcode-27.0.0-Release.Candidate.app/Contents/Developer/Platforms/WatchOS.platform/Developer/SDKs/WatchOS27.0.sdk/System/Library/Frameworks/QuartzCore.framework/Headers/CALayer.h:117:12: note: 'CALayer' has been explicitly marked unavailable here
117 | @interface CALayer : NSObject <NSSecureCoding, CAMediaTiming>
| ^
In file included from /Users/admin/builder/spi-builder-workspace/Sources/RemoteCapture/RemoteImpl.m:11:
/Users/admin/builder/spi-builder-workspace/Sources/RemoteCapture/include/RemoteCapture.h:653:41: error: 'CALayer' is unavailable: not available on watchOS
653 | class_getInstanceMethod(CALayer.class, @selector(_copyRenderLayer:layerFlags:commitFlags:)),
| ^
In module 'UIKit' imported from /Users/admin/builder/spi-builder-workspace/Sources/RemoteCapture/include/RemoteHeaders.h:13:
In module 'QuartzCore' imported from /Applications/Xcode-27.0.0-Release.Candidate.app/Contents/Developer/Platforms/WatchOS.platform/Developer/SDKs/WatchOS27.0.sdk/System/Library/Frameworks/UIKit.framework/Headers/UIView.h:10:
/Applications/Xcode-27.0.0-Release.Candidate.app/Contents/Developer/Platforms/WatchOS.platform/Developer/SDKs/WatchOS27.0.sdk/System/Library/Frameworks/QuartzCore.framework/Headers/CALayer.h:117:12: note: 'CALayer' has been explicitly marked unavailable here
117 | @interface CALayer : NSObject <NSSecureCoding, CAMediaTiming>
| ^
fatal error: too many errors emitted, stopping now [-ferror-limit=]
20 errors generated.
Failed frontend command:
/Applications/Xcode-27.0.0-Release.Candidate.app/Contents/Developer/Toolchains/XcodeDefault.xctoolchain/usr/bin/clang -cc1 -Wundef-prefix\=TARGET_OS_ -fdiagnostics-show-note-include-stack -fmacro-backtrace-limit\=0 -ferror-limit 19 -serialize-diagnostic-file /Users/admin/builder/spi-builder-workspace/.derivedData/Build/Intermediates.noindex/RemotePlugin.build/Debug-watchos/RemoteCapture-t.build/Objects-normal/arm64_32/RemoteImpl.dia -Wdeprecated-objc-isa-usage -Werror\=deprecated-objc-isa-usage -Werror\=implicit-function-declaration -Wnon-modular-include-in-framework-module -Werror\=non-modular-include-in-framework-module -Wno-trigraphs -Wno-missing-field-initializers -Wno-missing-prototypes -Wno-return-type -Wno-implicit-atomic-properties -Wno-objc-interface-ivars -Wno-arc-repeated-use-of-weak -Wno-missing-braces -Wparentheses -Wswitch -Wno-unused-function -Wno-unused-label -Wno-unused-parameter -Wno-unused-variable -Wunused-value -Wno-empty-body -Wno-uninitialized -Wno-unknown-pragmas -Wno-shadow -Wno-four-char-constants -Wno-conversion -Wno-constant-conversion -Wno-int-conversion -Wno-bool-conversion -Wno-enum-conversion -Wno-float-conversion -Wno-non-literal-null-conversion -Wno-objc-literal-conversion -Wno-shorten-64-to-32 -Wpointer-sign -Wno-newline-eof -Wno-selector -Wno-strict-selector-match -Wno-undeclared-selector -Wno-deprecated-implementations -Wno-implicit-fallthrough -Wprotocol -Wdeprecated-declarations -Wno-sign-conversion -Wno-infinite-recursion -Wno-comma -Wno-block-capture-autoreleasing -Wno-strict-prototypes -Wno-semicolon-before-method-body -Wno-elaborated-enum-base -Wno-error\=allocator-wrappers -index-store-path /Users/admin/builder/spi-builder-workspace/.derivedData/Index.noindex/DataStore -index-unit-output-path /RemotePlugin.build/Debug-watchos/RemoteCapture-t.build/Objects-normal/arm64_32/RemoteImpl.o -fmodule-map-file\=/Applications/Xcode-27.0.0-Release.Candidate.app/Contents/Developer/Platforms/WatchOS.platform/Developer/SDKs/WatchOS.sdk/usr/include/Darwin.modulemap -fmodule-map-file\=/Applications/Xcode-27.0.0-Release.Candidate.app/Contents/Developer/Platforms/WatchOS.platform/Developer/SDKs/WatchOS.sdk/usr/include/zlib.modulemap -fmodule-map-file\=/Applications/Xcode-27.0.0-Release.Candidate.app/Contents/Developer/Platforms/WatchOS.platform/Developer/SDKs/WatchOS.sdk/usr/include/ObjectiveC.modulemap -fmodule-map-file\=/Applications/Xcode-27.0.0-Release.Candidate.app/Contents/Developer/Platforms/WatchOS.platform/Developer/SDKs/WatchOS.sdk/System/Library/Frameworks/Foundation.framework/Modules/module.modulemap -fmodule-map-file\=/Applications/Xcode-27.0.0-Release.Candidate.app/Contents/Developer/Platforms/WatchOS.platform/Developer/SDKs/WatchOS.sdk/System/Library/Frameworks/CoreGraphics.framework/Modules/module.modulemap -fmodule-map-file\=/Applications/Xcode-27.0.0-Release.Candidate.app/Contents/Developer/Platforms/WatchOS.platform/Developer/SDKs/WatchOS.sdk/System/Library/Frameworks/UIKit.framework/Modules/module.modulemap -o /Users/admin/builder/spi-builder-workspace/.derivedData/Build/Intermediates.noindex/RemotePlugin.build/Debug-watchos/RemoteCapture-t.build/Objects-normal/arm64_32/RemoteImpl.o -disable-free -emit-obj -x objective-c /Users/admin/builder/spi-builder-workspace/Sources/RemoteCapture/RemoteImpl.m -target-abi darwinpcs -target-cpu apple-s4 -target-feature +v8.3a -target-feature +aes -target-feature +complxnum -target-feature +crc -target-feature +fp-armv8 -target-feature +fullfp16 -target-feature +jsconv -target-feature +lse -target-feature +neon -target-feature +pauth -target-feature +perfmon -target-feature +ras -target-feature +rcpc -target-feature +rdm -target-feature +sha2 -triple arm64_32-apple-watchos9.0.0 -target-linker-version 1166.2 -target-sdk-version\=27.0 -fmodules-validate-system-headers -fno-modulemap-allow-subdirectory-search -isysroot /Applications/Xcode-27.0.0-Release.Candidate.app/Contents/Developer/Platforms/WatchOS.platform/Developer/SDKs/WatchOS27.0.sdk -resource-dir /Applications/Xcode-27.0.0-Release.Candidate.app/Contents/Developer/Toolchains/XcodeDefault.xctoolchain/usr/lib/clang/21 -fmodule-format\=obj -fmodule-file\=CoreGraphics\=/Users/admin/builder/spi-builder-workspace/.derivedData/Build/Intermediates.noindex/ExplicitPrecompiledModules/CoreGraphics-8FY5WRCZBNTO31T79KS43CA1A.pcm -fmodule-file\=Darwin\=/Users/admin/builder/spi-builder-workspace/.derivedData/Build/Intermediates.noindex/ExplicitPrecompiledModules/Darwin-7YGJBK4O80UDEY9TS3OCRP98K.pcm -fmodule-file\=Foundation\=/Users/admin/builder/spi-builder-workspace/.derivedData/Build/Intermediates.noindex/ExplicitPrecompiledModules/Foundation-1A0Z4D4YNGQ5VY4RBO05L7WXL.pcm -fmodule-file\=ObjectiveC\=/Users/admin/builder/spi-builder-workspace/.derivedData/Build/Intermediates.noindex/ExplicitPrecompiledModules/ObjectiveC-CUXGHLEYT7Q9A4WAI57NKINOM.pcm -fmodule-file\=UIKit\=/Users/admin/builder/spi-builder-workspace/.derivedData/Build/Intermediates.noindex/ExplicitPrecompiledModules/UIKit-54ZTA8TK8RWCNNX484ZRAMXSZ.pcm -fmodule-file\=zlib\=/Users/admin/builder/spi-builder-workspace/.derivedData/Build/Intermediates.noindex/ExplicitPrecompiledModules/zlib-CWIVHJEI9MQ2PYJ6KZTFDQHJM.pcm -I /Users/admin/builder/spi-builder-workspace/.derivedData/Build/Products/Debug-watchos/include -I /Users/admin/builder/spi-builder-workspace/Sources/RemoteCapture/include -I /Users/admin/builder/spi-builder-workspace/.derivedData/Build/Intermediates.noindex/RemotePlugin.build/Debug-watchos/RemoteCapture-t.build/DerivedSources-normal/arm64_32 -I /Users/admin/builder/spi-builder-workspace/.derivedData/Build/Intermediates.noindex/RemotePlugin.build/Debug-watchos/RemoteCapture-t.build/DerivedSources/arm64_32 -I /Users/admin/builder/spi-builder-workspace/.derivedData/Build/Intermediates.noindex/RemotePlugin.build/Debug-watchos/RemoteCapture-t.build/DerivedSources -F /Users/admin/builder/spi-builder-workspace/.derivedData/Build/Products/Debug-watchos -iframework /Applications/Xcode-27.0.0-Release.Candidate.app/Contents/Developer/Platforms/WatchOS.platform/Developer/Library/Frameworks -iframework /Applications/Xcode-27.0.0-Release.Candidate.app/Contents/Developer/Platforms/WatchOS.platform/Developer/SDKs/WatchOS27.0.sdk/Developer/Library/Frameworks -internal-isystem /Applications/Xcode-27.0.0-Release.Candidate.app/Contents/Developer/Platforms/WatchOS.platform/Developer/SDKs/WatchOS27.0.sdk/usr/local/include -internal-isystem /Applications/Xcode-27.0.0-Release.Candidate.app/Contents/Developer/Toolchains/XcodeDefault.xctoolchain/usr/lib/clang/21/include -internal-externc-isystem /Applications/Xcode-27.0.0-Release.Candidate.app/Contents/Developer/Platforms/WatchOS.platform/Developer/SDKs/WatchOS27.0.sdk/usr/include -internal-externc-isystem /Applications/Xcode-27.0.0-Release.Candidate.app/Contents/Developer/Toolchains/XcodeDefault.xctoolchain/usr/include -internal-iframework /Applications/Xcode-27.0.0-Release.Candidate.app/Contents/Developer/Platforms/WatchOS.platform/Developer/SDKs/WatchOS27.0.sdk/System/Library/Frameworks -internal-iframework /Applications/Xcode-27.0.0-Release.Candidate.app/Contents/Developer/Platforms/WatchOS.platform/Developer/SDKs/WatchOS27.0.sdk/System/Library/SubFrameworks -internal-iframework /Applications/Xcode-27.0.0-Release.Candidate.app/Contents/Developer/Platforms/WatchOS.platform/Developer/SDKs/WatchOS27.0.sdk/Library/Frameworks -ivfsstatcache /Users/admin/builder/spi-builder-workspace/.derivedData/SDKStatCaches.noindex/watchos27.0-24R360-e829b21a6f8c9b70876ba0858053c04477534ef55a1706bf4c1112bbb242f0a2.sdkstatcache -std\=gnu11 -fexceptions -fskip-odr-check-in-gmf -fmodules -fmodule-name\=RemoteCapture -fno-implicit-modules -fobjc-exceptions -fmax-type-align\=16 -fpascal-strings -fvisibility-inlines-hidden-static-local-var -mdarwin-stkchk-strong-link -fno-odr-hash-protocols -pic-level 2 -fencode-extended-block-signature -stack-protector 1 -fobjc-runtime\=watchos-9.0.0 -fobjc-arc -fobjc-runtime-has-weak -fobjc-weak -fgnuc-version\=4.2.1 -fblocks -fno-convergent-functions -ffp-contract\=on -fclang-abi-compat\=4.0 -fno-experimental-relative-c++-abi-vtables -fno-file-reproducible -clang-vendor-feature\=+disableNonDependentMemberExprInCurrentInstantiation -clang-vendor-feature\=+enableAggressiveVLAFolding -clang-vendor-feature\=+revert09abecef7bbf -clang-vendor-feature\=+thisNoAlignAttr -clang-vendor-feature\=+thisNoNullAttr -clang-vendor-feature\=+disableAtImportPrivateFrameworkInImplementationError -O0 -fno-assume-unique-vtables -fdebug-compilation-dir\=/Users/admin/builder/spi-builder-workspace/.swiftpm/xcode -fcoverage-compilation-dir\=/Users/admin/builder/spi-builder-workspace/.swiftpm/xcode -fcommon -fdwarf2-cfi-asm -fobjc-msgsend-selector-stubs -fregister-global-dtors-with-atexit -fno-strict-return -dwarf-version\=4 -debugger-tuning\=lldb -disable-llvm-verifier -dwarf-ext-refs -funwind-tables\=1 -enable-tlsdesc -clear-ast-before-backend -discard-value-names -main-file-name RemoteImpl.m -mframe-pointer\=non-leaf -debug-info-kind\=standalone -fno-loop-interchange -fdiagnostics-hotness-threshold\=0 -fdiagnostics-misexpect-tolerance\=0 -D DEBUG\=1 -D OBJC_OLD_DISPATCH_PROTOTYPES\=1 -D REMOTEPLUGIN_SERVERIPS\=\"swift64\" -D SWIFT_PACKAGE -D Xcode -fdefine-target-os-macros -MT dependencies -dependency-file /Users/admin/builder/spi-builder-workspace/.derivedData/Build/Intermediates.noindex/RemotePlugin.build/Debug-watchos/RemoteCapture-t.build/Objects-normal/arm64_32/RemoteImpl.d -skip-unused-modulemap-deps -module-file-deps\=direct -fdepfile-entry\=/Applications/Xcode-27.0.0-Release.Candidate.app/Contents/Developer/Platforms/WatchOS.platform/Developer/SDKs/WatchOS27.0.sdk/SDKSettings.json
CompileC /Users/admin/builder/spi-builder-workspace/.derivedData/Build/Intermediates.noindex/RemotePlugin.build/Debug-watchos/RemoteCapture-t.build/Objects-normal/arm64/RemoteImpl.o /Users/admin/builder/spi-builder-workspace/Sources/RemoteCapture/RemoteImpl.m normal arm64 objective-c com.apple.compilers.llvm.clang.1_0.compiler (in target 'RemoteCapture' from project 'RemotePlugin')
cd /Users/admin/builder/spi-builder-workspace/.swiftpm/xcode
Using response file: /Users/admin/builder/spi-builder-workspace/.derivedData/Build/Intermediates.noindex/RemotePlugin.build/Debug-watchos/RemoteCapture-t.build/Objects-normal/arm64/e6072d4f65d7061329687fe24e3d63a7-common-args.resp
/Applications/Xcode-27.0.0-Release.Candidate.app/Contents/Developer/Toolchains/XcodeDefault.xctoolchain/usr/bin/clang -x objective-c -ivfsstatcache /Users/admin/builder/spi-builder-workspace/.derivedData/SDKStatCaches.noindex/watchos27.0-24R360-e829b21a6f8c9b70876ba0858053c04477534ef55a1706bf4c1112bbb242f0a2.sdkstatcache -target arm64-apple-watchos9.0 -fmessage-length\=0 -fdiagnostics-show-note-include-stack -fmacro-backtrace-limit\=0 -fno-color-diagnostics -fmodules-prune-interval\=86400 -fmodules-prune-after\=345600 -fbuild-session-file\=/Users/admin/builder/spi-builder-workspace/.derivedData/ModuleCache.noindex/Session.modulevalidation -fmodules-validate-once-per-build-session -Wnon-modular-include-in-framework-module -Werror\=non-modular-include-in-framework-module -Wno-trigraphs -Wno-missing-field-initializers -Wno-missing-prototypes -Wno-return-type -Wno-implicit-atomic-properties -Wno-objc-interface-ivars -Wno-arc-repeated-use-of-weak -Wno-missing-braces -Wparentheses -Wswitch -Wno-unused-function -Wno-unused-label -Wno-unused-parameter -Wno-unused-variable -Wunused-value -Wno-empty-body -Wno-uninitialized -Wno-unknown-pragmas -Wno-shadow -Wno-four-char-constants -Wno-conversion -Wno-constant-conversion -Wno-int-conversion -Wno-bool-conversion -Wno-enum-conversion -Wno-float-conversion -Wno-non-literal-null-conversion -Wno-objc-literal-conversion -Wshorten-64-to-32 -Wpointer-sign -Wno-newline-eof -Wno-selector -Wno-strict-selector-match -Wno-undeclared-selector -Wno-deprecated-implementations -Wno-implicit-fallthrough -isysroot /Applications/Xcode-27.0.0-Release.Candidate.app/Contents/Developer/Platforms/WatchOS.platform/Developer/SDKs/WatchOS27.0.sdk -fstrict-aliasing -Wprotocol -Wdeprecated-declarations -Wno-sign-conversion -Wno-infinite-recursion -Wno-comma -Wno-block-capture-autoreleasing -Wno-strict-prototypes -Wno-semicolon-before-method-body -index-store-path /Users/admin/builder/spi-builder-workspace/.derivedData/Index.noindex/DataStore @/Users/admin/builder/spi-builder-workspace/.derivedData/Build/Intermediates.noindex/RemotePlugin.build/Debug-watchos/RemoteCapture-t.build/Objects-normal/arm64/e6072d4f65d7061329687fe24e3d63a7-common-args.resp -MMD -MT dependencies -MF /Users/admin/builder/spi-builder-workspace/.derivedData/Build/Intermediates.noindex/RemotePlugin.build/Debug-watchos/RemoteCapture-t.build/Objects-normal/arm64/RemoteImpl.d --serialize-diagnostics /Users/admin/builder/spi-builder-workspace/.derivedData/Build/Intermediates.noindex/RemotePlugin.build/Debug-watchos/RemoteCapture-t.build/Objects-normal/arm64/RemoteImpl.dia -c /Users/admin/builder/spi-builder-workspace/Sources/RemoteCapture/RemoteImpl.m -o /Users/admin/builder/spi-builder-workspace/.derivedData/Build/Intermediates.noindex/RemotePlugin.build/Debug-watchos/RemoteCapture-t.build/Objects-normal/arm64/RemoteImpl.o -index-unit-output-path /RemotePlugin.build/Debug-watchos/RemoteCapture-t.build/Objects-normal/arm64/RemoteImpl.o
In file included from /Users/admin/builder/spi-builder-workspace/Sources/RemoteCapture/RemoteImpl.m:11:
In file included from /Users/admin/builder/spi-builder-workspace/Sources/RemoteCapture/include/RemoteCapture.h:44:
/Users/admin/builder/spi-builder-workspace/Sources/RemoteCapture/include/RemoteHeaders.h:191:29: error: 'UIEvent' is unavailable: not available on watchOS
191 | @interface UITouchesEvent : UIEvent {
| ^
In module 'UIKit' imported from /Users/admin/builder/spi-builder-workspace/Sources/RemoteCapture/include/RemoteHeaders.h:13:
/Applications/Xcode-27.0.0-Release.Candidate.app/Contents/Developer/Platforms/WatchOS.platform/Developer/SDKs/WatchOS27.0.sdk/System/Library/Frameworks/UIKit.framework/Headers/UIEvent.h:62:12: note: 'UIEvent' has been explicitly marked unavailable here
62 | @interface UIEvent : NSObject
| ^
In file included from /Users/admin/builder/spi-builder-workspace/Sources/RemoteCapture/RemoteImpl.m:11:
/Users/admin/builder/spi-builder-workspace/Sources/RemoteCapture/include/RemoteCapture.h:307:5: error: 'UITouch' is unavailable: not available on watchOS
307 | UITouch *currentTouch;
| ^
In module 'UIKit' imported from /Users/admin/builder/spi-builder-workspace/Sources/RemoteCapture/include/RemoteHeaders.h:13:
/Applications/Xcode-27.0.0-Release.Candidate.app/Contents/Developer/Platforms/WatchOS.platform/Developer/SDKs/WatchOS27.0.sdk/System/Library/Frameworks/UIKit.framework/Headers/UITouch.h:51:12: note: 'UITouch' has been explicitly marked unavailable here
51 | @interface UITouch : NSObject
| ^
In file included from /Users/admin/builder/spi-builder-workspace/Sources/RemoteCapture/RemoteImpl.m:11:
/Users/admin/builder/spi-builder-workspace/Sources/RemoteCapture/include/RemoteCapture.h:311:25: error: 'UIEvent' is unavailable: not available on watchOS
311 | @interface RCFakeEvent: UIEvent {
| ^
In module 'UIKit' imported from /Users/admin/builder/spi-builder-workspace/Sources/RemoteCapture/include/RemoteHeaders.h:13:
/Applications/Xcode-27.0.0-Release.Candidate.app/Contents/Developer/Platforms/WatchOS.platform/Developer/SDKs/WatchOS27.0.sdk/System/Library/Frameworks/UIKit.framework/Headers/UIEvent.h:62:12: note: 'UIEvent' has been explicitly marked unavailable here
62 | @interface UIEvent : NSObject
| ^
In file included from /Users/admin/builder/spi-builder-workspace/Sources/RemoteCapture/RemoteImpl.m:11:
/Users/admin/builder/spi-builder-workspace/Sources/RemoteCapture/include/RemoteCapture.h:331:4: error: 'UITouch' is unavailable: not available on watchOS
331 | - (UITouch *)_firstTouchForView:(UIView *)view {
| ^
In module 'UIKit' imported from /Users/admin/builder/spi-builder-workspace/Sources/RemoteCapture/include/RemoteHeaders.h:13:
/Applications/Xcode-27.0.0-Release.Candidate.app/Contents/Developer/Platforms/WatchOS.platform/Developer/SDKs/WatchOS27.0.sdk/System/Library/Frameworks/UIKit.framework/Headers/UITouch.h:51:12: note: 'UITouch' has been explicitly marked unavailable here
51 | @interface UITouch : NSObject
| ^
In file included from /Users/admin/builder/spi-builder-workspace/Sources/RemoteCapture/RemoteImpl.m:11:
/Users/admin/builder/spi-builder-workspace/Sources/RemoteCapture/include/RemoteCapture.h:331:34: error: 'UIView' is unavailable: not available on watchOS
331 | - (UITouch *)_firstTouchForView:(UIView *)view {
| ^
In module 'UIKit' imported from /Users/admin/builder/spi-builder-workspace/Sources/RemoteCapture/include/RemoteHeaders.h:13:
/Applications/Xcode-27.0.0-Release.Candidate.app/Contents/Developer/Platforms/WatchOS.platform/Developer/SDKs/WatchOS27.0.sdk/System/Library/Frameworks/UIKit.framework/Headers/UIView.h:152:12: note: 'UIView' has been explicitly marked unavailable here
152 | @interface UIView : UIResponder <NSCoding, UIAppearance, UIAppearanceContainer, UIDynamicItem, UITraitEnvironment, UICoordinateSpace, UIFocusItem, UIFocusItemContainer, CALayerDelegate>
| ^
In file included from /Users/admin/builder/spi-builder-workspace/Sources/RemoteCapture/RemoteImpl.m:11:
/Users/admin/builder/spi-builder-workspace/Sources/RemoteCapture/include/RemoteCapture.h:336:28: error: 'UIView' is unavailable: not available on watchOS
336 | - (NSSet *)touchesForView:(UIView *)view {
| ^
In module 'UIKit' imported from /Users/admin/builder/spi-builder-workspace/Sources/RemoteCapture/include/RemoteHeaders.h:13:
/Applications/Xcode-27.0.0-Release.Candidate.app/Contents/Developer/Platforms/WatchOS.platform/Developer/SDKs/WatchOS27.0.sdk/System/Library/Frameworks/UIKit.framework/Headers/UIView.h:152:12: note: 'UIView' has been explicitly marked unavailable here
152 | @interface UIView : UIResponder <NSCoding, UIAppearance, UIAppearanceContainer, UIDynamicItem, UITraitEnvironment, UICoordinateSpace, UIFocusItem, UIFocusItemContainer, CALayerDelegate>
| ^
In file included from /Users/admin/builder/spi-builder-workspace/Sources/RemoteCapture/RemoteImpl.m:11:
/Users/admin/builder/spi-builder-workspace/Sources/RemoteCapture/include/RemoteCapture.h:341:30: error: 'UIWindow' is unavailable: not available on watchOS
341 | - (NSSet *)touchesForWindow:(UIWindow *)window {
| ^
In module 'UIKit' imported from /Users/admin/builder/spi-builder-workspace/Sources/RemoteCapture/include/RemoteHeaders.h:13:
/Applications/Xcode-27.0.0-Release.Candidate.app/Contents/Developer/Platforms/WatchOS.platform/Developer/SDKs/WatchOS27.0.sdk/System/Library/Frameworks/UIKit.framework/Headers/UIWindow.h:22:12: note: 'UIWindow' has been explicitly marked unavailable here
22 | @interface UIWindow : UIView
| ^
In file included from /Users/admin/builder/spi-builder-workspace/Sources/RemoteCapture/RemoteImpl.m:11:
/Users/admin/builder/spi-builder-workspace/Sources/RemoteCapture/include/RemoteCapture.h:346:41: error: 'UIGestureRecognizer' is unavailable: not available on watchOS
346 | - (NSSet *)touchesForGestureRecognizer:(UIGestureRecognizer *)rec {
| ^
In module 'UIKit' imported from /Users/admin/builder/spi-builder-workspace/Sources/RemoteCapture/include/RemoteHeaders.h:13:
/Applications/Xcode-27.0.0-Release.Candidate.app/Contents/Developer/Platforms/WatchOS.platform/Developer/SDKs/WatchOS27.0.sdk/System/Library/Frameworks/UIKit.framework/Headers/UIGestureRecognizer.h:35:12: note: 'UIGestureRecognizer' has been explicitly marked unavailable here
35 | @interface UIGestureRecognizer : NSObject
| ^
In file included from /Users/admin/builder/spi-builder-workspace/Sources/RemoteCapture/RemoteImpl.m:11:
/Users/admin/builder/spi-builder-workspace/Sources/RemoteCapture/include/RemoteCapture.h:351:23: error: 'UITouch' is unavailable: not available on watchOS
351 | - (void)_removeTouch:(UITouch *)touch fromGestureRecognizer:(UIGestureRecognizer *)rec {
| ^
In module 'UIKit' imported from /Users/admin/builder/spi-builder-workspace/Sources/RemoteCapture/include/RemoteHeaders.h:13:
/Applications/Xcode-27.0.0-Release.Candidate.app/Contents/Developer/Platforms/WatchOS.platform/Developer/SDKs/WatchOS27.0.sdk/System/Library/Frameworks/UIKit.framework/Headers/UITouch.h:51:12: note: 'UITouch' has been explicitly marked unavailable here
51 | @interface UITouch : NSObject
| ^
In file included from /Users/admin/builder/spi-builder-workspace/Sources/RemoteCapture/RemoteImpl.m:11:
/Users/admin/builder/spi-builder-workspace/Sources/RemoteCapture/include/RemoteCapture.h:351:62: error: 'UIGestureRecognizer' is unavailable: not available on watchOS
351 | - (void)_removeTouch:(UITouch *)touch fromGestureRecognizer:(UIGestureRecognizer *)rec {
| ^
In module 'UIKit' imported from /Users/admin/builder/spi-builder-workspace/Sources/RemoteCapture/include/RemoteHeaders.h:13:
/Applications/Xcode-27.0.0-Release.Candidate.app/Contents/Developer/Platforms/WatchOS.platform/Developer/SDKs/WatchOS27.0.sdk/System/Library/Frameworks/UIKit.framework/Headers/UIGestureRecognizer.h:35:12: note: 'UIGestureRecognizer' has been explicitly marked unavailable here
35 | @interface UIGestureRecognizer : NSObject
| ^
In file included from /Users/admin/builder/spi-builder-workspace/Sources/RemoteCapture/RemoteImpl.m:11:
/Users/admin/builder/spi-builder-workspace/Sources/RemoteCapture/include/RemoteCapture.h:367:4: error: 'UIEventType' is unavailable: not available on watchOS
367 | - (UIEventType)type {
| ^
In module 'UIKit' imported from /Users/admin/builder/spi-builder-workspace/Sources/RemoteCapture/include/RemoteHeaders.h:13:
/Applications/Xcode-27.0.0-Release.Candidate.app/Contents/Developer/Platforms/WatchOS.platform/Developer/SDKs/WatchOS27.0.sdk/System/Library/Frameworks/UIKit.framework/Headers/UIEvent.h:18:28: note: 'UIEventType' has been explicitly marked unavailable here
18 | typedef NS_ENUM(NSInteger, UIEventType) {
| ^
In file included from /Users/admin/builder/spi-builder-workspace/Sources/RemoteCapture/RemoteImpl.m:11:
/Users/admin/builder/spi-builder-workspace/Sources/RemoteCapture/include/RemoteCapture.h:368:13: error: 'UIEventType' is unavailable: not available on watchOS
368 | return (UIEventType)0;
| ^
In module 'UIKit' imported from /Users/admin/builder/spi-builder-workspace/Sources/RemoteCapture/include/RemoteHeaders.h:13:
/Applications/Xcode-27.0.0-Release.Candidate.app/Contents/Developer/Platforms/WatchOS.platform/Developer/SDKs/WatchOS27.0.sdk/System/Library/Frameworks/UIKit.framework/Headers/UIEvent.h:18:28: note: 'UIEventType' has been explicitly marked unavailable here
18 | typedef NS_ENUM(NSInteger, UIEventType) {
| ^
In file included from /Users/admin/builder/spi-builder-workspace/Sources/RemoteCapture/RemoteImpl.m:11:
/Users/admin/builder/spi-builder-workspace/Sources/RemoteCapture/include/RemoteCapture.h:709:5: error: 'UITouch' is unavailable: not available on watchOS
709 | UITouch *realTouch; /// An actual UITouch recycled for forging events
| ^
In module 'UIKit' imported from /Users/admin/builder/spi-builder-workspace/Sources/RemoteCapture/include/RemoteHeaders.h:13:
/Applications/Xcode-27.0.0-Release.Candidate.app/Contents/Developer/Platforms/WatchOS.platform/Developer/SDKs/WatchOS27.0.sdk/System/Library/Frameworks/UIKit.framework/Headers/UITouch.h:51:12: note: 'UITouch' has been explicitly marked unavailable here
51 | @interface UITouch : NSObject
| ^
In file included from /Users/admin/builder/spi-builder-workspace/Sources/RemoteCapture/RemoteImpl.m:11:
/Users/admin/builder/spi-builder-workspace/Sources/RemoteCapture/include/RemoteCapture.h:715:4: error: 'UIApplication' is unavailable: not available on watchOS
715 | + (UIApplication *)sharedApplication {
| ^
In module 'UIKit' imported from /Users/admin/builder/spi-builder-workspace/Sources/RemoteCapture/include/RemoteHeaders.h:13:
/Applications/Xcode-27.0.0-Release.Candidate.app/Contents/Developer/Platforms/WatchOS.platform/Developer/SDKs/WatchOS27.0.sdk/System/Library/Frameworks/UIKit.framework/Headers/UIApplication.h:85:12: note: 'UIApplication' has been explicitly marked unavailable here
85 | @interface UIApplication : UIResponder
| ^
In file included from /Users/admin/builder/spi-builder-workspace/Sources/RemoteCapture/RemoteImpl.m:11:
/Users/admin/builder/spi-builder-workspace/Sources/RemoteCapture/include/RemoteCapture.h:642:21: error: 'UIScreen' is unavailable: not available on watchOS
642 | __block NSArray<UIScreen *> *screens;
| ^
In module 'UIKit' imported from /Users/admin/builder/spi-builder-workspace/Sources/RemoteCapture/include/RemoteHeaders.h:13:
/Applications/Xcode-27.0.0-Release.Candidate.app/Contents/Developer/Platforms/WatchOS.platform/Developer/SDKs/WatchOS27.0.sdk/System/Library/Frameworks/UIKit.framework/Headers/UIScreen.h:54:12: note: 'UIScreen' has been explicitly marked unavailable here
54 | @interface UIScreen : NSObject <UITraitEnvironment>
| ^
In file included from /Users/admin/builder/spi-builder-workspace/Sources/RemoteCapture/RemoteImpl.m:11:
/Users/admin/builder/spi-builder-workspace/Sources/RemoteCapture/include/RemoteCapture.h:645:33: error: 'UIScreen' is unavailable: not available on watchOS
645 | screens = [UIScreen screens];
| ^
In module 'UIKit' imported from /Users/admin/builder/spi-builder-workspace/Sources/RemoteCapture/include/RemoteHeaders.h:13:
/Applications/Xcode-27.0.0-Release.Candidate.app/Contents/Developer/Platforms/WatchOS.platform/Developer/SDKs/WatchOS27.0.sdk/System/Library/Frameworks/UIKit.framework/Headers/UIScreen.h:54:12: note: 'UIScreen' has been explicitly marked unavailable here
54 | @interface UIScreen : NSObject <UITraitEnvironment>
| ^
In file included from /Users/admin/builder/spi-builder-workspace/Sources/RemoteCapture/RemoteImpl.m:11:
/Users/admin/builder/spi-builder-workspace/Sources/RemoteCapture/include/RemoteCapture.h:645:33: error: 'screens' is unavailable: not available on watchOS
645 | screens = [UIScreen screens];
| ^
In module 'UIKit' imported from /Users/admin/builder/spi-builder-workspace/Sources/RemoteCapture/include/RemoteHeaders.h:13:
/Applications/Xcode-27.0.0-Release.Candidate.app/Contents/Developer/Platforms/WatchOS.platform/Developer/SDKs/WatchOS27.0.sdk/System/Library/Frameworks/UIKit.framework/Headers/UIScreen.h:56:60: note: property 'screens' is declared unavailable here
56 | @property(class, nonatomic, readonly) NSArray<UIScreen *> *screens API_DEPRECATED("Use UIApplication.shared.openSessions to find open sessions with scenes from other screens", ios(3.2, 16.0), visionos(1.0, 1.0)) API_UNAVAILABLE(watchos); // all screens currently attached to the device
| ^
/Applications/Xcode-27.0.0-Release.Candidate.app/Contents/Developer/Platforms/WatchOS.platform/Developer/SDKs/WatchOS27.0.sdk/System/Library/Frameworks/UIKit.framework/Headers/UIScreen.h:56:60: note: 'screens' has been explicitly marked unavailable here
In file included from /Users/admin/builder/spi-builder-workspace/Sources/RemoteCapture/RemoteImpl.m:11:
/Users/admin/builder/spi-builder-workspace/Sources/RemoteCapture/include/RemoteCapture.h:653:33: error: 'CALayer' is unavailable: not available on watchOS
653 | class_getInstanceMethod(CALayer.class, @selector(_copyRenderLayer:layerFlags:commitFlags:)),
| ^
In module 'UIKit' imported from /Users/admin/builder/spi-builder-workspace/Sources/RemoteCapture/include/RemoteHeaders.h:13:
In module 'QuartzCore' imported from /Applications/Xcode-27.0.0-Release.Candidate.app/Contents/Developer/Platforms/WatchOS.platform/Developer/SDKs/WatchOS27.0.sdk/System/Library/Frameworks/UIKit.framework/Headers/UIView.h:10:
/Applications/Xcode-27.0.0-Release.Candidate.app/Contents/Developer/Platforms/WatchOS.platform/Developer/SDKs/WatchOS27.0.sdk/System/Library/Frameworks/QuartzCore.framework/Headers/CALayer.h:117:12: note: 'CALayer' has been explicitly marked unavailable here
117 | @interface CALayer : NSObject <NSSecureCoding, CAMediaTiming>
| ^
In file included from /Users/admin/builder/spi-builder-workspace/Sources/RemoteCapture/RemoteImpl.m:11:
/Users/admin/builder/spi-builder-workspace/Sources/RemoteCapture/include/RemoteCapture.h:653:41: error: 'CALayer' is unavailable: not available on watchOS
653 | class_getInstanceMethod(CALayer.class, @selector(_copyRenderLayer:layerFlags:commitFlags:)),
| ^
In module 'UIKit' imported from /Users/admin/builder/spi-builder-workspace/Sources/RemoteCapture/include/RemoteHeaders.h:13:
In module 'QuartzCore' imported from /Applications/Xcode-27.0.0-Release.Candidate.app/Contents/Developer/Platforms/WatchOS.platform/Developer/SDKs/WatchOS27.0.sdk/System/Library/Frameworks/UIKit.framework/Headers/UIView.h:10:
/Applications/Xcode-27.0.0-Release.Candidate.app/Contents/Developer/Platforms/WatchOS.platform/Developer/SDKs/WatchOS27.0.sdk/System/Library/Frameworks/QuartzCore.framework/Headers/CALayer.h:117:12: note: 'CALayer' has been explicitly marked unavailable here
117 | @interface CALayer : NSObject <NSSecureCoding, CAMediaTiming>
| ^
fatal error: too many errors emitted, stopping now [-ferror-limit=]
20 errors generated.
Failed frontend command:
/Applications/Xcode-27.0.0-Release.Candidate.app/Contents/Developer/Toolchains/XcodeDefault.xctoolchain/usr/bin/clang -cc1 -Wundef-prefix\=TARGET_OS_ -fdiagnostics-show-note-include-stack -fmacro-backtrace-limit\=0 -ferror-limit 19 -serialize-diagnostic-file /Users/admin/builder/spi-builder-workspace/.derivedData/Build/Intermediates.noindex/RemotePlugin.build/Debug-watchos/RemoteCapture-t.build/Objects-normal/arm64/RemoteImpl.dia -Wdeprecated-objc-isa-usage -Werror\=deprecated-objc-isa-usage -Werror\=implicit-function-declaration -Wnon-modular-include-in-framework-module -Werror\=non-modular-include-in-framework-module -Wno-trigraphs -Wno-missing-field-initializers -Wno-missing-prototypes -Wno-return-type -Wno-implicit-atomic-properties -Wno-objc-interface-ivars -Wno-arc-repeated-use-of-weak -Wno-missing-braces -Wparentheses -Wswitch -Wno-unused-function -Wno-unused-label -Wno-unused-parameter -Wno-unused-variable -Wunused-value -Wno-empty-body -Wno-uninitialized -Wno-unknown-pragmas -Wno-shadow -Wno-four-char-constants -Wno-conversion -Wno-constant-conversion -Wno-int-conversion -Wno-bool-conversion -Wno-enum-conversion -Wno-float-conversion -Wno-non-literal-null-conversion -Wno-objc-literal-conversion -Wshorten-64-to-32 -Wpointer-sign -Wno-newline-eof -Wno-selector -Wno-strict-selector-match -Wno-undeclared-selector -Wno-deprecated-implementations -Wno-implicit-fallthrough -Wprotocol -Wdeprecated-declarations -Wno-sign-conversion -Wno-infinite-recursion -Wno-comma -Wno-block-capture-autoreleasing -Wno-strict-prototypes -Wno-semicolon-before-method-body -Wno-elaborated-enum-base -Wno-error\=allocator-wrappers -index-store-path /Users/admin/builder/spi-builder-workspace/.derivedData/Index.noindex/DataStore -index-unit-output-path /RemotePlugin.build/Debug-watchos/RemoteCapture-t.build/Objects-normal/arm64/RemoteImpl.o -fmodule-map-file\=/Applications/Xcode-27.0.0-Release.Candidate.app/Contents/Developer/Platforms/WatchOS.platform/Developer/SDKs/WatchOS.sdk/usr/include/Darwin.modulemap -fmodule-map-file\=/Applications/Xcode-27.0.0-Release.Candidate.app/Contents/Developer/Platforms/WatchOS.platform/Developer/SDKs/WatchOS.sdk/usr/include/zlib.modulemap -fmodule-map-file\=/Applications/Xcode-27.0.0-Release.Candidate.app/Contents/Developer/Platforms/WatchOS.platform/Developer/SDKs/WatchOS.sdk/usr/include/ObjectiveC.modulemap -fmodule-map-file\=/Applications/Xcode-27.0.0-Release.Candidate.app/Contents/Developer/Platforms/WatchOS.platform/Developer/SDKs/WatchOS.sdk/System/Library/Frameworks/Foundation.framework/Modules/module.modulemap -fmodule-map-file\=/Applications/Xcode-27.0.0-Release.Candidate.app/Contents/Developer/Platforms/WatchOS.platform/Developer/SDKs/WatchOS.sdk/System/Library/Frameworks/CoreGraphics.framework/Modules/module.modulemap -fmodule-map-file\=/Applications/Xcode-27.0.0-Release.Candidate.app/Contents/Developer/Platforms/WatchOS.platform/Developer/SDKs/WatchOS.sdk/System/Library/Frameworks/UIKit.framework/Modules/module.modulemap -o /Users/admin/builder/spi-builder-workspace/.derivedData/Build/Intermediates.noindex/RemotePlugin.build/Debug-watchos/RemoteCapture-t.build/Objects-normal/arm64/RemoteImpl.o -disable-free -emit-obj -x objective-c /Users/admin/builder/spi-builder-workspace/Sources/RemoteCapture/RemoteImpl.m -target-abi darwinpcs -target-cpu apple-s9 -target-feature +v8.6a -target-feature +aes -target-feature +bf16 -target-feature +complxnum -target-feature +crc -target-feature +dotprod -target-feature +fp-armv8 -target-feature +fp16fml -target-feature +fpac -target-feature +fullfp16 -target-feature +hcx -target-feature +i8mm -target-feature +jsconv -target-feature +lse -target-feature +neon -target-feature +pauth -target-feature +perfmon -target-feature +ras -target-feature +rcpc -target-feature +rdm -target-feature +sha2 -target-feature +sha3 -target-feature +ssbs -triple arm64-apple-watchos9.0.0 -target-linker-version 1166.2 -target-sdk-version\=27.0 -fmodules-validate-system-headers -fno-modulemap-allow-subdirectory-search -isysroot /Applications/Xcode-27.0.0-Release.Candidate.app/Contents/Developer/Platforms/WatchOS.platform/Developer/SDKs/WatchOS27.0.sdk -resource-dir /Applications/Xcode-27.0.0-Release.Candidate.app/Contents/Developer/Toolchains/XcodeDefault.xctoolchain/usr/lib/clang/21 -fmodule-format\=obj -fmodule-file\=CoreGraphics\=/Users/admin/builder/spi-builder-workspace/.derivedData/Build/Intermediates.noindex/ExplicitPrecompiledModules/CoreGraphics-2C1NSEFQ5NZIKRZU1TRNZU0HQ.pcm -fmodule-file\=Darwin\=/Users/admin/builder/spi-builder-workspace/.derivedData/Build/Intermediates.noindex/ExplicitPrecompiledModules/Darwin-C8990ZDHWFMKKSSMJAPNW3VNT.pcm -fmodule-file\=Foundation\=/Users/admin/builder/spi-builder-workspace/.derivedData/Build/Intermediates.noindex/ExplicitPrecompiledModules/Foundation-8IICTAE9GYQLKZCDMA1BN61WA.pcm -fmodule-file\=ObjectiveC\=/Users/admin/builder/spi-builder-workspace/.derivedData/Build/Intermediates.noindex/ExplicitPrecompiledModules/ObjectiveC-4EKQOUQX69AE94FX6LDMK7WEF.pcm -fmodule-file\=UIKit\=/Users/admin/builder/spi-builder-workspace/.derivedData/Build/Intermediates.noindex/ExplicitPrecompiledModules/UIKit-6MXVJMZP5DLSFT91WHPEFY9WS.pcm -fmodule-file\=zlib\=/Users/admin/builder/spi-builder-workspace/.derivedData/Build/Intermediates.noindex/ExplicitPrecompiledModules/zlib-C3OTDEOPOP87LEON9VDWEV919.pcm -I /Users/admin/builder/spi-builder-workspace/.derivedData/Build/Products/Debug-watchos/include -I /Users/admin/builder/spi-builder-workspace/Sources/RemoteCapture/include -I /Users/admin/builder/spi-builder-workspace/.derivedData/Build/Intermediates.noindex/RemotePlugin.build/Debug-watchos/RemoteCapture-t.build/DerivedSources-normal/arm64 -I /Users/admin/builder/spi-builder-workspace/.derivedData/Build/Intermediates.noindex/RemotePlugin.build/Debug-watchos/RemoteCapture-t.build/DerivedSources/arm64 -I /Users/admin/builder/spi-builder-workspace/.derivedData/Build/Intermediates.noindex/RemotePlugin.build/Debug-watchos/RemoteCapture-t.build/DerivedSources -F /Users/admin/builder/spi-builder-workspace/.derivedData/Build/Products/Debug-watchos -iframework /Applications/Xcode-27.0.0-Release.Candidate.app/Contents/Developer/Platforms/WatchOS.platform/Developer/Library/Frameworks -iframework /Applications/Xcode-27.0.0-Release.Candidate.app/Contents/Developer/Platforms/WatchOS.platform/Developer/SDKs/WatchOS27.0.sdk/Developer/Library/Frameworks -internal-isystem /Applications/Xcode-27.0.0-Release.Candidate.app/Contents/Developer/Platforms/WatchOS.platform/Developer/SDKs/WatchOS27.0.sdk/usr/local/include -internal-isystem /Applications/Xcode-27.0.0-Release.Candidate.app/Contents/Developer/Toolchains/XcodeDefault.xctoolchain/usr/lib/clang/21/include -internal-externc-isystem /Applications/Xcode-27.0.0-Release.Candidate.app/Contents/Developer/Platforms/WatchOS.platform/Developer/SDKs/WatchOS27.0.sdk/usr/include -internal-externc-isystem /Applications/Xcode-27.0.0-Release.Candidate.app/Contents/Developer/Toolchains/XcodeDefault.xctoolchain/usr/include -internal-iframework /Applications/Xcode-27.0.0-Release.Candidate.app/Contents/Developer/Platforms/WatchOS.platform/Developer/SDKs/WatchOS27.0.sdk/System/Library/Frameworks -internal-iframework /Applications/Xcode-27.0.0-Release.Candidate.app/Contents/Developer/Platforms/WatchOS.platform/Developer/SDKs/WatchOS27.0.sdk/System/Library/SubFrameworks -internal-iframework /Applications/Xcode-27.0.0-Release.Candidate.app/Contents/Developer/Platforms/WatchOS.platform/Developer/SDKs/WatchOS27.0.sdk/Library/Frameworks -ivfsstatcache /Users/admin/builder/spi-builder-workspace/.derivedData/SDKStatCaches.noindex/watchos27.0-24R360-e829b21a6f8c9b70876ba0858053c04477534ef55a1706bf4c1112bbb242f0a2.sdkstatcache -std\=gnu11 -fexceptions -fskip-odr-check-in-gmf -fmodules -fmodule-name\=RemoteCapture -fno-implicit-modules -fobjc-exceptions -fmax-type-align\=16 -fpascal-strings -fstack-check -fvisibility-inlines-hidden-static-local-var -mdarwin-stkchk-strong-link -fno-odr-hash-protocols -pic-level 2 -fencode-extended-block-signature -stack-protector 1 -fobjc-runtime\=watchos-9.0.0 -fobjc-arc -fobjc-runtime-has-weak -fobjc-weak -fgnuc-version\=4.2.1 -fblocks -fno-convergent-functions -ffp-contract\=on -fclang-abi-compat\=4.0 -fno-experimental-relative-c++-abi-vtables -fno-file-reproducible -clang-vendor-feature\=+disableNonDependentMemberExprInCurrentInstantiation -clang-vendor-feature\=+enableAggressiveVLAFolding -clang-vendor-feature\=+revert09abecef7bbf -clang-vendor-feature\=+thisNoAlignAttr -clang-vendor-feature\=+thisNoNullAttr -clang-vendor-feature\=+disableAtImportPrivateFrameworkInImplementationError -O0 -fno-assume-unique-vtables -fdebug-compilation-dir\=/Users/admin/builder/spi-builder-workspace/.swiftpm/xcode -fcoverage-compilation-dir\=/Users/admin/builder/spi-builder-workspace/.swiftpm/xcode -fcommon -fdwarf2-cfi-asm -fobjc-msgsend-selector-stubs -fregister-global-dtors-with-atexit -fno-strict-return -dwarf-version\=4 -debugger-tuning\=lldb -disable-llvm-verifier -dwarf-ext-refs -funwind-tables\=1 -enable-tlsdesc -clear-ast-before-backend -discard-value-names -main-file-name RemoteImpl.m -mframe-pointer\=non-leaf -debug-info-kind\=standalone -fno-loop-interchange -fdiagnostics-hotness-threshold\=0 -fdiagnostics-misexpect-tolerance\=0 -D DEBUG\=1 -D OBJC_OLD_DISPATCH_PROTOTYPES\=1 -D REMOTEPLUGIN_SERVERIPS\=\"swift64\" -D SWIFT_PACKAGE -D Xcode -fdefine-target-os-macros -MT dependencies -dependency-file /Users/admin/builder/spi-builder-workspace/.derivedData/Build/Intermediates.noindex/RemotePlugin.build/Debug-watchos/RemoteCapture-t.build/Objects-normal/arm64/RemoteImpl.d -skip-unused-modulemap-deps -module-file-deps\=direct -fdepfile-entry\=/Applications/Xcode-27.0.0-Release.Candidate.app/Contents/Developer/Platforms/WatchOS.platform/Developer/SDKs/WatchOS27.0.sdk/SDKSettings.json
SwiftExplicitDependencyGeneratePcm arm64 /Users/admin/builder/spi-builder-workspace/.derivedData/SDKExplicitPrecompiledModules/AVFoundation-78VW43DHMXH57E9M5JLISD2E9.pcm
SwiftExplicitDependencyGeneratePcm arm64 /Users/admin/builder/spi-builder-workspace/.derivedData/SDKExplicitPrecompiledModules/UIKit-27R3P1YMV4C6JLDT661G3MRIA.pcm
PruneExplicitPrecompiledModules /Users/admin/builder/spi-builder-workspace/.derivedData/Build/Intermediates.noindex/ExplicitPrecompiledModules
PruneExplicitPrecompiledModules /Users/admin/builder/spi-builder-workspace/.derivedData/SDKExplicitPrecompiledModules
PruneExplicitPrecompiledModules /Users/admin/builder/spi-builder-workspace/.derivedData/Build/Intermediates.noindex/SwiftExplicitPrecompiledModules
2026-09-17 17:50:44.602 xcodebuild[652:4302] [MT] IDERunDestination: Supported platforms for the buildables in the current scheme is empty.
** BUILD FAILED **
The following build commands failed:
CompileC /Users/admin/builder/spi-builder-workspace/.derivedData/Build/Intermediates.noindex/RemotePlugin.build/Debug-watchos/RemoteCapture-t.build/Objects-normal/arm64_32/RemoteImpl.o /Users/admin/builder/spi-builder-workspace/Sources/RemoteCapture/RemoteImpl.m normal arm64_32 objective-c com.apple.compilers.llvm.clang.1_0.compiler (in target 'RemoteCapture' from project 'RemotePlugin')
CompileC /Users/admin/builder/spi-builder-workspace/.derivedData/Build/Intermediates.noindex/RemotePlugin.build/Debug-watchos/RemoteCapture-t.build/Objects-normal/arm64/RemoteImpl.o /Users/admin/builder/spi-builder-workspace/Sources/RemoteCapture/RemoteImpl.m normal arm64 objective-c com.apple.compilers.llvm.clang.1_0.compiler (in target 'RemoteCapture' from project 'RemotePlugin')
Building workspace RemotePlugin with scheme RemotePlugin-Package
(3 failures)
Command line invocation:
/Applications/Xcode-27.0.0-Release.Candidate.app/Contents/Developer/usr/bin/xcodebuild -IDEClonedSourcePackagesDirPathOverride=/Users/admin/builder/spi-builder-workspace/.dependencies -resolvePackageDependencies
Resolve Package Graph
Resolved source packages:
RemotePlugin: /Users/admin/builder/spi-builder-workspace
resolved source packages: RemotePlugin
2026-09-17 17:50:50.472 xcodebuild[861:5059] [MT] IDERunDestination: Supported platforms for the buildables in the current scheme is empty.
{
"dependencies" : [
],
"manifest_display_name" : "RemotePlugin",
"name" : "RemotePlugin",
"path" : "/Users/admin/builder/spi-builder-workspace",
"platforms" : [
{
"name" : "ios",
"version" : "10.0"
},
{
"name" : "macos",
"version" : "10.12"
}
],
"products" : [
{
"name" : "RemoteCapture",
"targets" : [
"RemoteCapture"
],
"type" : {
"library" : [
"automatic"
]
}
},
{
"name" : "RemoteMovie",
"targets" : [
"RemoteMovie"
],
"type" : {
"library" : [
"automatic"
]
}
},
{
"name" : "RemoteUI",
"targets" : [
"RemoteUI"
],
"type" : {
"library" : [
"automatic"
]
}
}
],
"targets" : [
{
"c99name" : "RemoteUI",
"module_type" : "ClangTarget",
"name" : "RemoteUI",
"path" : "Sources/RemoteUI",
"product_memberships" : [
"RemoteUI"
],
"sources" : [
"RMDeviceController.m",
"RMImageView.m",
"RMMacroManager.m",
"RMPluginController.m",
"RMWindowController.m"
],
"target_dependencies" : [
"RemoteCapture",
"RemoteMovie"
],
"type" : "library"
},
{
"c99name" : "RemoteMovie",
"module_type" : "SwiftTarget",
"name" : "RemoteMovie",
"path" : "Sources/RemoteMovie",
"product_memberships" : [
"RemoteMovie",
"RemoteUI"
],
"sources" : [
"TimeLapseBuilder.swift"
],
"type" : "library"
},
{
"c99name" : "RemoteCapture",
"module_type" : "ClangTarget",
"name" : "RemoteCapture",
"path" : "Sources/RemoteCapture",
"product_memberships" : [
"RemoteCapture",
"RemoteUI"
],
"sources" : [
"RemoteImpl.m"
],
"type" : "library"
}
],
"tools_version" : "5.0"
}
{
"workspace" : {
"name" : "RemotePlugin",
"schemes" : [
"RemoteCapture",
"RemoteMovie",
"RemotePlugin-Package",
"RemoteUI"
]
}
}
2026-09-17 17:50:51.667 xcodebuild[869:5128] [MT] IDERunDestination: Supported platforms for the buildables in the current scheme is empty.
Running build ...
env DEVELOPER_DIR=/Applications/Xcode-27.0.0-Release.Candidate.app xcrun xcodebuild -IDEClonedSourcePackagesDirPathOverride=$PWD/.dependencies -skipMacroValidation -skipPackagePluginValidation -derivedDataPath $PWD/.derivedData build -scheme RemotePlugin-Package -destination generic/platform=watchOS
Command line invocation:
/Applications/Xcode-27.0.0-Release.Candidate.app/Contents/Developer/usr/bin/xcodebuild -IDEClonedSourcePackagesDirPathOverride=/Users/admin/builder/spi-builder-workspace/.dependencies -skipMacroValidation -skipPackagePluginValidation -derivedDataPath /Users/admin/builder/spi-builder-workspace/.derivedData build -scheme RemotePlugin-Package -destination generic/platform=watchOS
Resolve Package Graph
Resolved source packages:
RemotePlugin: /Users/admin/builder/spi-builder-workspace
ComputePackagePrebuildTargetDependencyGraph
Prepare packages
CreateBuildRequest
SendProjectDescription
CreateBuildOperation
ComputeTargetDependencyGraph
note: Building targets in dependency order
note: Target dependency graph (6 targets)
Target 'RemoteUI-product' in project 'RemotePlugin'
➜ Explicit dependency on target 'RemoteUI' in project 'RemotePlugin'
➜ Explicit dependency on target 'RemoteCapture' in project 'RemotePlugin'
➜ Explicit dependency on target 'RemoteMovie' in project 'RemotePlugin'
Target 'RemoteUI' in project 'RemotePlugin'
➜ Explicit dependency on target 'RemoteCapture' in project 'RemotePlugin'
➜ Explicit dependency on target 'RemoteMovie' in project 'RemotePlugin'
Target 'RemoteMovie-product' in project 'RemotePlugin'
➜ Explicit dependency on target 'RemoteMovie' in project 'RemotePlugin'
Target 'RemoteMovie' in project 'RemotePlugin' (no dependencies)
Target 'RemoteCapture-product' in project 'RemotePlugin'
➜ Explicit dependency on target 'RemoteCapture' in project 'RemotePlugin'
Target 'RemoteCapture' in project 'RemotePlugin' (no dependencies)
GatherProvisioningInputs
CreateBuildDescription
ClangStatCache /Applications/Xcode-27.0.0-Release.Candidate.app/Contents/Developer/Toolchains/XcodeDefault.xctoolchain/usr/bin/clang-stat-cache /Applications/Xcode-27.0.0-Release.Candidate.app/Contents/Developer/Platforms/WatchOS.platform/Developer/SDKs/WatchOS27.0.sdk /Users/admin/builder/spi-builder-workspace/.derivedData/SDKStatCaches.noindex/watchos27.0-24R360-e829b21a6f8c9b70876ba0858053c04477534ef55a1706bf4c1112bbb242f0a2.sdkstatcache
cd /Users/admin/builder/spi-builder-workspace/.swiftpm/xcode
/Applications/Xcode-27.0.0-Release.Candidate.app/Contents/Developer/Toolchains/XcodeDefault.xctoolchain/usr/bin/clang-stat-cache /Applications/Xcode-27.0.0-Release.Candidate.app/Contents/Developer/Platforms/WatchOS.platform/Developer/SDKs/WatchOS27.0.sdk -o /Users/admin/builder/spi-builder-workspace/.derivedData/SDKStatCaches.noindex/watchos27.0-24R360-e829b21a6f8c9b70876ba0858053c04477534ef55a1706bf4c1112bbb242f0a2.sdkstatcache
SwiftDriver RemoteMovie normal arm64 com.apple.xcode.tools.swift.compiler (in target 'RemoteMovie' from project 'RemotePlugin')
cd /Users/admin/builder/spi-builder-workspace/.swiftpm/xcode
builtin-SwiftDriver -- /Applications/Xcode-27.0.0-Release.Candidate.app/Contents/Developer/Toolchains/XcodeDefault.xctoolchain/usr/bin/swiftc -parse-as-library -module-name RemoteMovie -Onone @/Users/admin/builder/spi-builder-workspace/.derivedData/Build/Intermediates.noindex/RemotePlugin.build/Debug-watchos/RemoteMovie-t.build/Objects-normal/arm64/RemoteMovie.SwiftFileList -DSWIFT_PACKAGE -DDEBUG -DSWIFT_MODULE_RESOURCE_BUNDLE_UNAVAILABLE -DXcode -plugin-path /Applications/Xcode-27.0.0-Release.Candidate.app/Contents/Developer/Toolchains/XcodeDefault.xctoolchain/usr/lib/swift/host/plugins/testing -enable-experimental-feature DebugDescriptionMacro -sdk /Applications/Xcode-27.0.0-Release.Candidate.app/Contents/Developer/Platforms/WatchOS.platform/Developer/SDKs/WatchOS27.0.sdk -target arm64-apple-watchos9.0 -g -module-cache-path /Users/admin/builder/spi-builder-workspace/.derivedData/ModuleCache.noindex -Xfrontend -serialize-debugging-options -enable-testing -index-store-path /Users/admin/builder/spi-builder-workspace/.derivedData/Index.noindex/DataStore -Xcc -D_LIBCPP_HARDENING_MODE\=_LIBCPP_HARDENING_MODE_DEBUG -swift-version 5 -I /Users/admin/builder/spi-builder-workspace/.derivedData/Build/Products/Debug-watchos -Isystem /Applications/Xcode-27.0.0-Release.Candidate.app/Contents/Developer/Platforms/WatchOS.platform/Developer/usr/lib -F /Users/admin/builder/spi-builder-workspace/.derivedData/Build/Products/Debug-watchos -F /Applications/Xcode-27.0.0-Release.Candidate.app/Contents/Developer/Platforms/WatchOS.platform/Developer/Library/Frameworks -F /Applications/Xcode-27.0.0-Release.Candidate.app/Contents/Developer/Platforms/WatchOS.platform/Developer/SDKs/WatchOS27.0.sdk/Developer/Library/Frameworks -c -j10 -enable-batch-mode -incremental -Xcc -ivfsstatcache -Xcc /Users/admin/builder/spi-builder-workspace/.derivedData/SDKStatCaches.noindex/watchos27.0-24R360-e829b21a6f8c9b70876ba0858053c04477534ef55a1706bf4c1112bbb242f0a2.sdkstatcache -output-file-map /Users/admin/builder/spi-builder-workspace/.derivedData/Build/Intermediates.noindex/RemotePlugin.build/Debug-watchos/RemoteMovie-t.build/Objects-normal/arm64/RemoteMovie-OutputFileMap.json -save-temps -no-color-diagnostics -explicit-module-build -module-cache-path /Users/admin/builder/spi-builder-workspace/.derivedData/Build/Intermediates.noindex/SwiftExplicitPrecompiledModules -clang-scanner-module-cache-path /Users/admin/builder/spi-builder-workspace/.derivedData/ModuleCache.noindex -sdk-module-cache-path /Users/admin/builder/spi-builder-workspace/.derivedData/SDKExplicitPrecompiledModules -emit-dependencies -emit-module -emit-module-path /Users/admin/builder/spi-builder-workspace/.derivedData/Build/Intermediates.noindex/RemotePlugin.build/Debug-watchos/RemoteMovie-t.build/Objects-normal/arm64/RemoteMovie.swiftmodule -serialize-diagnostics -dependency-scan-serialize-diagnostics-path /Users/admin/builder/spi-builder-workspace/.derivedData/Build/Intermediates.noindex/RemotePlugin.build/Debug-watchos/RemoteMovie-t.build/Objects-normal/arm64/RemoteMovie-dependency-scan.dia -validate-clang-modules-once -clang-build-session-file /Users/admin/builder/spi-builder-workspace/.derivedData/ModuleCache.noindex/Session.modulevalidation -Xcc -fmodules-prune-interval\=86400 -Xcc -fmodules-prune-after\=345600 -emit-const-values -const-gather-protocols-list /Users/admin/builder/spi-builder-workspace/.derivedData/Build/Intermediates.noindex/RemotePlugin.build/Debug-watchos/RemoteMovie-t.build/Objects-normal/arm64/RemoteMovie_const_extract_protocols.json -Xcc -I/Users/admin/builder/spi-builder-workspace/.derivedData/Build/Products/Debug-watchos/include -Xcc -I/Users/admin/builder/spi-builder-workspace/.derivedData/Build/Intermediates.noindex/RemotePlugin.build/Debug-watchos/RemoteMovie-t.build/DerivedSources-normal/arm64 -Xcc -I/Users/admin/builder/spi-builder-workspace/.derivedData/Build/Intermediates.noindex/RemotePlugin.build/Debug-watchos/RemoteMovie-t.build/DerivedSources/arm64 -Xcc -I/Users/admin/builder/spi-builder-workspace/.derivedData/Build/Intermediates.noindex/RemotePlugin.build/Debug-watchos/RemoteMovie-t.build/DerivedSources -Xcc -DSWIFT_PACKAGE -Xcc -DDEBUG\=1 -emit-objc-header -emit-objc-header-path /Users/admin/builder/spi-builder-workspace/.derivedData/Build/Intermediates.noindex/RemotePlugin.build/Debug-watchos/RemoteMovie-t.build/Objects-normal/arm64/RemoteMovie-Swift.h -working-directory /Users/admin/builder/spi-builder-workspace/.swiftpm/xcode -experimental-emit-module-separately -disable-cmo
SwiftDriver RemoteMovie normal arm64_32 com.apple.xcode.tools.swift.compiler (in target 'RemoteMovie' from project 'RemotePlugin')
cd /Users/admin/builder/spi-builder-workspace/.swiftpm/xcode
builtin-SwiftDriver -- /Applications/Xcode-27.0.0-Release.Candidate.app/Contents/Developer/Toolchains/XcodeDefault.xctoolchain/usr/bin/swiftc -parse-as-library -module-name RemoteMovie -Onone @/Users/admin/builder/spi-builder-workspace/.derivedData/Build/Intermediates.noindex/RemotePlugin.build/Debug-watchos/RemoteMovie-t.build/Objects-normal/arm64_32/RemoteMovie.SwiftFileList -DSWIFT_PACKAGE -DDEBUG -DSWIFT_MODULE_RESOURCE_BUNDLE_UNAVAILABLE -DXcode -plugin-path /Applications/Xcode-27.0.0-Release.Candidate.app/Contents/Developer/Toolchains/XcodeDefault.xctoolchain/usr/lib/swift/host/plugins/testing -enable-experimental-feature DebugDescriptionMacro -sdk /Applications/Xcode-27.0.0-Release.Candidate.app/Contents/Developer/Platforms/WatchOS.platform/Developer/SDKs/WatchOS27.0.sdk -target arm64_32-apple-watchos9.0 -g -module-cache-path /Users/admin/builder/spi-builder-workspace/.derivedData/ModuleCache.noindex -Xfrontend -serialize-debugging-options -enable-testing -index-store-path /Users/admin/builder/spi-builder-workspace/.derivedData/Index.noindex/DataStore -Xcc -D_LIBCPP_HARDENING_MODE\=_LIBCPP_HARDENING_MODE_DEBUG -swift-version 5 -I /Users/admin/builder/spi-builder-workspace/.derivedData/Build/Products/Debug-watchos -Isystem /Applications/Xcode-27.0.0-Release.Candidate.app/Contents/Developer/Platforms/WatchOS.platform/Developer/usr/lib -F /Users/admin/builder/spi-builder-workspace/.derivedData/Build/Products/Debug-watchos -F /Applications/Xcode-27.0.0-Release.Candidate.app/Contents/Developer/Platforms/WatchOS.platform/Developer/Library/Frameworks -F /Applications/Xcode-27.0.0-Release.Candidate.app/Contents/Developer/Platforms/WatchOS.platform/Developer/SDKs/WatchOS27.0.sdk/Developer/Library/Frameworks -c -j10 -enable-batch-mode -incremental -Xcc -ivfsstatcache -Xcc /Users/admin/builder/spi-builder-workspace/.derivedData/SDKStatCaches.noindex/watchos27.0-24R360-e829b21a6f8c9b70876ba0858053c04477534ef55a1706bf4c1112bbb242f0a2.sdkstatcache -output-file-map /Users/admin/builder/spi-builder-workspace/.derivedData/Build/Intermediates.noindex/RemotePlugin.build/Debug-watchos/RemoteMovie-t.build/Objects-normal/arm64_32/RemoteMovie-OutputFileMap.json -save-temps -no-color-diagnostics -explicit-module-build -module-cache-path /Users/admin/builder/spi-builder-workspace/.derivedData/Build/Intermediates.noindex/SwiftExplicitPrecompiledModules -clang-scanner-module-cache-path /Users/admin/builder/spi-builder-workspace/.derivedData/ModuleCache.noindex -sdk-module-cache-path /Users/admin/builder/spi-builder-workspace/.derivedData/SDKExplicitPrecompiledModules -emit-dependencies -emit-module -emit-module-path /Users/admin/builder/spi-builder-workspace/.derivedData/Build/Intermediates.noindex/RemotePlugin.build/Debug-watchos/RemoteMovie-t.build/Objects-normal/arm64_32/RemoteMovie.swiftmodule -serialize-diagnostics -dependency-scan-serialize-diagnostics-path /Users/admin/builder/spi-builder-workspace/.derivedData/Build/Intermediates.noindex/RemotePlugin.build/Debug-watchos/RemoteMovie-t.build/Objects-normal/arm64_32/RemoteMovie-dependency-scan.dia -validate-clang-modules-once -clang-build-session-file /Users/admin/builder/spi-builder-workspace/.derivedData/ModuleCache.noindex/Session.modulevalidation -Xcc -fmodules-prune-interval\=86400 -Xcc -fmodules-prune-after\=345600 -emit-const-values -const-gather-protocols-list /Users/admin/builder/spi-builder-workspace/.derivedData/Build/Intermediates.noindex/RemotePlugin.build/Debug-watchos/RemoteMovie-t.build/Objects-normal/arm64_32/RemoteMovie_const_extract_protocols.json -Xcc -I/Users/admin/builder/spi-builder-workspace/.derivedData/Build/Products/Debug-watchos/include -Xcc -I/Users/admin/builder/spi-builder-workspace/.derivedData/Build/Intermediates.noindex/RemotePlugin.build/Debug-watchos/RemoteMovie-t.build/DerivedSources-normal/arm64_32 -Xcc -I/Users/admin/builder/spi-builder-workspace/.derivedData/Build/Intermediates.noindex/RemotePlugin.build/Debug-watchos/RemoteMovie-t.build/DerivedSources/arm64_32 -Xcc -I/Users/admin/builder/spi-builder-workspace/.derivedData/Build/Intermediates.noindex/RemotePlugin.build/Debug-watchos/RemoteMovie-t.build/DerivedSources -Xcc -DSWIFT_PACKAGE -Xcc -DDEBUG\=1 -emit-objc-header -emit-objc-header-path /Users/admin/builder/spi-builder-workspace/.derivedData/Build/Intermediates.noindex/RemotePlugin.build/Debug-watchos/RemoteMovie-t.build/Objects-normal/arm64_32/RemoteMovie-Swift.h -working-directory /Users/admin/builder/spi-builder-workspace/.swiftpm/xcode -experimental-emit-module-separately -disable-cmo
CompileC /Users/admin/builder/spi-builder-workspace/.derivedData/Build/Intermediates.noindex/RemotePlugin.build/Debug-watchos/RemoteCapture-t.build/Objects-normal/arm64_32/RemoteImpl.o /Users/admin/builder/spi-builder-workspace/Sources/RemoteCapture/RemoteImpl.m normal arm64_32 objective-c com.apple.compilers.llvm.clang.1_0.compiler (in target 'RemoteCapture' from project 'RemotePlugin')
cd /Users/admin/builder/spi-builder-workspace/.swiftpm/xcode
Using response file: /Users/admin/builder/spi-builder-workspace/.derivedData/Build/Intermediates.noindex/RemotePlugin.build/Debug-watchos/RemoteCapture-t.build/Objects-normal/arm64_32/e6072d4f65d7061329687fe24e3d63a7-common-args.resp
/Applications/Xcode-27.0.0-Release.Candidate.app/Contents/Developer/Toolchains/XcodeDefault.xctoolchain/usr/bin/clang -x objective-c -ivfsstatcache /Users/admin/builder/spi-builder-workspace/.derivedData/SDKStatCaches.noindex/watchos27.0-24R360-e829b21a6f8c9b70876ba0858053c04477534ef55a1706bf4c1112bbb242f0a2.sdkstatcache -target arm64_32-apple-watchos9.0 -fmessage-length\=0 -fdiagnostics-show-note-include-stack -fmacro-backtrace-limit\=0 -fno-color-diagnostics -fmodules-prune-interval\=86400 -fmodules-prune-after\=345600 -fbuild-session-file\=/Users/admin/builder/spi-builder-workspace/.derivedData/ModuleCache.noindex/Session.modulevalidation -fmodules-validate-once-per-build-session -Wnon-modular-include-in-framework-module -Werror\=non-modular-include-in-framework-module -Wno-trigraphs -Wno-missing-field-initializers -Wno-missing-prototypes -Wno-return-type -Wno-implicit-atomic-properties -Wno-objc-interface-ivars -Wno-arc-repeated-use-of-weak -Wno-missing-braces -Wparentheses -Wswitch -Wno-unused-function -Wno-unused-label -Wno-unused-parameter -Wno-unused-variable -Wunused-value -Wno-empty-body -Wno-uninitialized -Wno-unknown-pragmas -Wno-shadow -Wno-four-char-constants -Wno-conversion -Wno-constant-conversion -Wno-int-conversion -Wno-bool-conversion -Wno-enum-conversion -Wno-float-conversion -Wno-non-literal-null-conversion -Wno-objc-literal-conversion -Wno-shorten-64-to-32 -Wpointer-sign -Wno-newline-eof -Wno-selector -Wno-strict-selector-match -Wno-undeclared-selector -Wno-deprecated-implementations -Wno-implicit-fallthrough -isysroot /Applications/Xcode-27.0.0-Release.Candidate.app/Contents/Developer/Platforms/WatchOS.platform/Developer/SDKs/WatchOS27.0.sdk -fstrict-aliasing -Wprotocol -Wdeprecated-declarations -Wno-sign-conversion -Wno-infinite-recursion -Wno-comma -Wno-block-capture-autoreleasing -Wno-strict-prototypes -Wno-semicolon-before-method-body -index-store-path /Users/admin/builder/spi-builder-workspace/.derivedData/Index.noindex/DataStore @/Users/admin/builder/spi-builder-workspace/.derivedData/Build/Intermediates.noindex/RemotePlugin.build/Debug-watchos/RemoteCapture-t.build/Objects-normal/arm64_32/e6072d4f65d7061329687fe24e3d63a7-common-args.resp -MMD -MT dependencies -MF /Users/admin/builder/spi-builder-workspace/.derivedData/Build/Intermediates.noindex/RemotePlugin.build/Debug-watchos/RemoteCapture-t.build/Objects-normal/arm64_32/RemoteImpl.d --serialize-diagnostics /Users/admin/builder/spi-builder-workspace/.derivedData/Build/Intermediates.noindex/RemotePlugin.build/Debug-watchos/RemoteCapture-t.build/Objects-normal/arm64_32/RemoteImpl.dia -c /Users/admin/builder/spi-builder-workspace/Sources/RemoteCapture/RemoteImpl.m -o /Users/admin/builder/spi-builder-workspace/.derivedData/Build/Intermediates.noindex/RemotePlugin.build/Debug-watchos/RemoteCapture-t.build/Objects-normal/arm64_32/RemoteImpl.o -index-unit-output-path /RemotePlugin.build/Debug-watchos/RemoteCapture-t.build/Objects-normal/arm64_32/RemoteImpl.o
In file included from /Users/admin/builder/spi-builder-workspace/Sources/RemoteCapture/RemoteImpl.m:11:
In file included from /Users/admin/builder/spi-builder-workspace/Sources/RemoteCapture/include/RemoteCapture.h:44:
/Users/admin/builder/spi-builder-workspace/Sources/RemoteCapture/include/RemoteHeaders.h:191:29: error: 'UIEvent' is unavailable: not available on watchOS
191 | @interface UITouchesEvent : UIEvent {
| ^
In module 'UIKit' imported from /Users/admin/builder/spi-builder-workspace/Sources/RemoteCapture/include/RemoteHeaders.h:13:
/Applications/Xcode-27.0.0-Release.Candidate.app/Contents/Developer/Platforms/WatchOS.platform/Developer/SDKs/WatchOS27.0.sdk/System/Library/Frameworks/UIKit.framework/Headers/UIEvent.h:62:12: note: 'UIEvent' has been explicitly marked unavailable here
62 | @interface UIEvent : NSObject
| ^
In file included from /Users/admin/builder/spi-builder-workspace/Sources/RemoteCapture/RemoteImpl.m:11:
/Users/admin/builder/spi-builder-workspace/Sources/RemoteCapture/include/RemoteCapture.h:307:5: error: 'UITouch' is unavailable: not available on watchOS
307 | UITouch *currentTouch;
| ^
In module 'UIKit' imported from /Users/admin/builder/spi-builder-workspace/Sources/RemoteCapture/include/RemoteHeaders.h:13:
/Applications/Xcode-27.0.0-Release.Candidate.app/Contents/Developer/Platforms/WatchOS.platform/Developer/SDKs/WatchOS27.0.sdk/System/Library/Frameworks/UIKit.framework/Headers/UITouch.h:51:12: note: 'UITouch' has been explicitly marked unavailable here
51 | @interface UITouch : NSObject
| ^
In file included from /Users/admin/builder/spi-builder-workspace/Sources/RemoteCapture/RemoteImpl.m:11:
/Users/admin/builder/spi-builder-workspace/Sources/RemoteCapture/include/RemoteCapture.h:311:25: error: 'UIEvent' is unavailable: not available on watchOS
311 | @interface RCFakeEvent: UIEvent {
| ^
In module 'UIKit' imported from /Users/admin/builder/spi-builder-workspace/Sources/RemoteCapture/include/RemoteHeaders.h:13:
/Applications/Xcode-27.0.0-Release.Candidate.app/Contents/Developer/Platforms/WatchOS.platform/Developer/SDKs/WatchOS27.0.sdk/System/Library/Frameworks/UIKit.framework/Headers/UIEvent.h:62:12: note: 'UIEvent' has been explicitly marked unavailable here
62 | @interface UIEvent : NSObject
| ^
In file included from /Users/admin/builder/spi-builder-workspace/Sources/RemoteCapture/RemoteImpl.m:11:
/Users/admin/builder/spi-builder-workspace/Sources/RemoteCapture/include/RemoteCapture.h:331:4: error: 'UITouch' is unavailable: not available on watchOS
331 | - (UITouch *)_firstTouchForView:(UIView *)view {
| ^
In module 'UIKit' imported from /Users/admin/builder/spi-builder-workspace/Sources/RemoteCapture/include/RemoteHeaders.h:13:
/Applications/Xcode-27.0.0-Release.Candidate.app/Contents/Developer/Platforms/WatchOS.platform/Developer/SDKs/WatchOS27.0.sdk/System/Library/Frameworks/UIKit.framework/Headers/UITouch.h:51:12: note: 'UITouch' has been explicitly marked unavailable here
51 | @interface UITouch : NSObject
| ^
In file included from /Users/admin/builder/spi-builder-workspace/Sources/RemoteCapture/RemoteImpl.m:11:
/Users/admin/builder/spi-builder-workspace/Sources/RemoteCapture/include/RemoteCapture.h:331:34: error: 'UIView' is unavailable: not available on watchOS
331 | - (UITouch *)_firstTouchForView:(UIView *)view {
| ^
In module 'UIKit' imported from /Users/admin/builder/spi-builder-workspace/Sources/RemoteCapture/include/RemoteHeaders.h:13:
/Applications/Xcode-27.0.0-Release.Candidate.app/Contents/Developer/Platforms/WatchOS.platform/Developer/SDKs/WatchOS27.0.sdk/System/Library/Frameworks/UIKit.framework/Headers/UIView.h:152:12: note: 'UIView' has been explicitly marked unavailable here
152 | @interface UIView : UIResponder <NSCoding, UIAppearance, UIAppearanceContainer, UIDynamicItem, UITraitEnvironment, UICoordinateSpace, UIFocusItem, UIFocusItemContainer, CALayerDelegate>
| ^
In file included from /Users/admin/builder/spi-builder-workspace/Sources/RemoteCapture/RemoteImpl.m:11:
/Users/admin/builder/spi-builder-workspace/Sources/RemoteCapture/include/RemoteCapture.h:336:28: error: 'UIView' is unavailable: not available on watchOS
336 | - (NSSet *)touchesForView:(UIView *)view {
| ^
In module 'UIKit' imported from /Users/admin/builder/spi-builder-workspace/Sources/RemoteCapture/include/RemoteHeaders.h:13:
/Applications/Xcode-27.0.0-Release.Candidate.app/Contents/Developer/Platforms/WatchOS.platform/Developer/SDKs/WatchOS27.0.sdk/System/Library/Frameworks/UIKit.framework/Headers/UIView.h:152:12: note: 'UIView' has been explicitly marked unavailable here
152 | @interface UIView : UIResponder <NSCoding, UIAppearance, UIAppearanceContainer, UIDynamicItem, UITraitEnvironment, UICoordinateSpace, UIFocusItem, UIFocusItemContainer, CALayerDelegate>
| ^
In file included from /Users/admin/builder/spi-builder-workspace/Sources/RemoteCapture/RemoteImpl.m:11:
/Users/admin/builder/spi-builder-workspace/Sources/RemoteCapture/include/RemoteCapture.h:341:30: error: 'UIWindow' is unavailable: not available on watchOS
341 | - (NSSet *)touchesForWindow:(UIWindow *)window {
| ^
In module 'UIKit' imported from /Users/admin/builder/spi-builder-workspace/Sources/RemoteCapture/include/RemoteHeaders.h:13:
/Applications/Xcode-27.0.0-Release.Candidate.app/Contents/Developer/Platforms/WatchOS.platform/Developer/SDKs/WatchOS27.0.sdk/System/Library/Frameworks/UIKit.framework/Headers/UIWindow.h:22:12: note: 'UIWindow' has been explicitly marked unavailable here
22 | @interface UIWindow : UIView
| ^
In file included from /Users/admin/builder/spi-builder-workspace/Sources/RemoteCapture/RemoteImpl.m:11:
/Users/admin/builder/spi-builder-workspace/Sources/RemoteCapture/include/RemoteCapture.h:346:41: error: 'UIGestureRecognizer' is unavailable: not available on watchOS
346 | - (NSSet *)touchesForGestureRecognizer:(UIGestureRecognizer *)rec {
| ^
In module 'UIKit' imported from /Users/admin/builder/spi-builder-workspace/Sources/RemoteCapture/include/RemoteHeaders.h:13:
/Applications/Xcode-27.0.0-Release.Candidate.app/Contents/Developer/Platforms/WatchOS.platform/Developer/SDKs/WatchOS27.0.sdk/System/Library/Frameworks/UIKit.framework/Headers/UIGestureRecognizer.h:35:12: note: 'UIGestureRecognizer' has been explicitly marked unavailable here
35 | @interface UIGestureRecognizer : NSObject
| ^
In file included from /Users/admin/builder/spi-builder-workspace/Sources/RemoteCapture/RemoteImpl.m:11:
/Users/admin/builder/spi-builder-workspace/Sources/RemoteCapture/include/RemoteCapture.h:351:23: error: 'UITouch' is unavailable: not available on watchOS
351 | - (void)_removeTouch:(UITouch *)touch fromGestureRecognizer:(UIGestureRecognizer *)rec {
| ^
In module 'UIKit' imported from /Users/admin/builder/spi-builder-workspace/Sources/RemoteCapture/include/RemoteHeaders.h:13:
/Applications/Xcode-27.0.0-Release.Candidate.app/Contents/Developer/Platforms/WatchOS.platform/Developer/SDKs/WatchOS27.0.sdk/System/Library/Frameworks/UIKit.framework/Headers/UITouch.h:51:12: note: 'UITouch' has been explicitly marked unavailable here
51 | @interface UITouch : NSObject
| ^
In file included from /Users/admin/builder/spi-builder-workspace/Sources/RemoteCapture/RemoteImpl.m:11:
/Users/admin/builder/spi-builder-workspace/Sources/RemoteCapture/include/RemoteCapture.h:351:62: error: 'UIGestureRecognizer' is unavailable: not available on watchOS
351 | - (void)_removeTouch:(UITouch *)touch fromGestureRecognizer:(UIGestureRecognizer *)rec {
| ^
In module 'UIKit' imported from /Users/admin/builder/spi-builder-workspace/Sources/RemoteCapture/include/RemoteHeaders.h:13:
/Applications/Xcode-27.0.0-Release.Candidate.app/Contents/Developer/Platforms/WatchOS.platform/Developer/SDKs/WatchOS27.0.sdk/System/Library/Frameworks/UIKit.framework/Headers/UIGestureRecognizer.h:35:12: note: 'UIGestureRecognizer' has been explicitly marked unavailable here
35 | @interface UIGestureRecognizer : NSObject
| ^
In file included from /Users/admin/builder/spi-builder-workspace/Sources/RemoteCapture/RemoteImpl.m:11:
/Users/admin/builder/spi-builder-workspace/Sources/RemoteCapture/include/RemoteCapture.h:367:4: error: 'UIEventType' is unavailable: not available on watchOS
367 | - (UIEventType)type {
| ^
In module 'UIKit' imported from /Users/admin/builder/spi-builder-workspace/Sources/RemoteCapture/include/RemoteHeaders.h:13:
/Applications/Xcode-27.0.0-Release.Candidate.app/Contents/Developer/Platforms/WatchOS.platform/Developer/SDKs/WatchOS27.0.sdk/System/Library/Frameworks/UIKit.framework/Headers/UIEvent.h:18:28: note: 'UIEventType' has been explicitly marked unavailable here
18 | typedef NS_ENUM(NSInteger, UIEventType) {
| ^
In file included from /Users/admin/builder/spi-builder-workspace/Sources/RemoteCapture/RemoteImpl.m:11:
/Users/admin/builder/spi-builder-workspace/Sources/RemoteCapture/include/RemoteCapture.h:368:13: error: 'UIEventType' is unavailable: not available on watchOS
368 | return (UIEventType)0;
| ^
In module 'UIKit' imported from /Users/admin/builder/spi-builder-workspace/Sources/RemoteCapture/include/RemoteHeaders.h:13:
/Applications/Xcode-27.0.0-Release.Candidate.app/Contents/Developer/Platforms/WatchOS.platform/Developer/SDKs/WatchOS27.0.sdk/System/Library/Frameworks/UIKit.framework/Headers/UIEvent.h:18:28: note: 'UIEventType' has been explicitly marked unavailable here
18 | typedef NS_ENUM(NSInteger, UIEventType) {
| ^
In file included from /Users/admin/builder/spi-builder-workspace/Sources/RemoteCapture/RemoteImpl.m:11:
/Users/admin/builder/spi-builder-workspace/Sources/RemoteCapture/include/RemoteCapture.h:709:5: error: 'UITouch' is unavailable: not available on watchOS
709 | UITouch *realTouch; /// An actual UITouch recycled for forging events
| ^
In module 'UIKit' imported from /Users/admin/builder/spi-builder-workspace/Sources/RemoteCapture/include/RemoteHeaders.h:13:
/Applications/Xcode-27.0.0-Release.Candidate.app/Contents/Developer/Platforms/WatchOS.platform/Developer/SDKs/WatchOS27.0.sdk/System/Library/Frameworks/UIKit.framework/Headers/UITouch.h:51:12: note: 'UITouch' has been explicitly marked unavailable here
51 | @interface UITouch : NSObject
| ^
In file included from /Users/admin/builder/spi-builder-workspace/Sources/RemoteCapture/RemoteImpl.m:11:
/Users/admin/builder/spi-builder-workspace/Sources/RemoteCapture/include/RemoteCapture.h:715:4: error: 'UIApplication' is unavailable: not available on watchOS
715 | + (UIApplication *)sharedApplication {
| ^
In module 'UIKit' imported from /Users/admin/builder/spi-builder-workspace/Sources/RemoteCapture/include/RemoteHeaders.h:13:
/Applications/Xcode-27.0.0-Release.Candidate.app/Contents/Developer/Platforms/WatchOS.platform/Developer/SDKs/WatchOS27.0.sdk/System/Library/Frameworks/UIKit.framework/Headers/UIApplication.h:85:12: note: 'UIApplication' has been explicitly marked unavailable here
85 | @interface UIApplication : UIResponder
| ^
In file included from /Users/admin/builder/spi-builder-workspace/Sources/RemoteCapture/RemoteImpl.m:11:
/Users/admin/builder/spi-builder-workspace/Sources/RemoteCapture/include/RemoteCapture.h:642:21: error: 'UIScreen' is unavailable: not available on watchOS
642 | __block NSArray<UIScreen *> *screens;
| ^
In module 'UIKit' imported from /Users/admin/builder/spi-builder-workspace/Sources/RemoteCapture/include/RemoteHeaders.h:13:
/Applications/Xcode-27.0.0-Release.Candidate.app/Contents/Developer/Platforms/WatchOS.platform/Developer/SDKs/WatchOS27.0.sdk/System/Library/Frameworks/UIKit.framework/Headers/UIScreen.h:54:12: note: 'UIScreen' has been explicitly marked unavailable here
54 | @interface UIScreen : NSObject <UITraitEnvironment>
| ^
In file included from /Users/admin/builder/spi-builder-workspace/Sources/RemoteCapture/RemoteImpl.m:11:
/Users/admin/builder/spi-builder-workspace/Sources/RemoteCapture/include/RemoteCapture.h:645:33: error: 'UIScreen' is unavailable: not available on watchOS
645 | screens = [UIScreen screens];
| ^
In module 'UIKit' imported from /Users/admin/builder/spi-builder-workspace/Sources/RemoteCapture/include/RemoteHeaders.h:13:
/Applications/Xcode-27.0.0-Release.Candidate.app/Contents/Developer/Platforms/WatchOS.platform/Developer/SDKs/WatchOS27.0.sdk/System/Library/Frameworks/UIKit.framework/Headers/UIScreen.h:54:12: note: 'UIScreen' has been explicitly marked unavailable here
54 | @interface UIScreen : NSObject <UITraitEnvironment>
| ^
In file included from /Users/admin/builder/spi-builder-workspace/Sources/RemoteCapture/RemoteImpl.m:11:
/Users/admin/builder/spi-builder-workspace/Sources/RemoteCapture/include/RemoteCapture.h:645:33: error: 'screens' is unavailable: not available on watchOS
645 | screens = [UIScreen screens];
| ^
In module 'UIKit' imported from /Users/admin/builder/spi-builder-workspace/Sources/RemoteCapture/include/RemoteHeaders.h:13:
/Applications/Xcode-27.0.0-Release.Candidate.app/Contents/Developer/Platforms/WatchOS.platform/Developer/SDKs/WatchOS27.0.sdk/System/Library/Frameworks/UIKit.framework/Headers/UIScreen.h:56:60: note: property 'screens' is declared unavailable here
56 | @property(class, nonatomic, readonly) NSArray<UIScreen *> *screens API_DEPRECATED("Use UIApplication.shared.openSessions to find open sessions with scenes from other screens", ios(3.2, 16.0), visionos(1.0, 1.0)) API_UNAVAILABLE(watchos); // all screens currently attached to the device
| ^
/Applications/Xcode-27.0.0-Release.Candidate.app/Contents/Developer/Platforms/WatchOS.platform/Developer/SDKs/WatchOS27.0.sdk/System/Library/Frameworks/UIKit.framework/Headers/UIScreen.h:56:60: note: 'screens' has been explicitly marked unavailable here
In file included from /Users/admin/builder/spi-builder-workspace/Sources/RemoteCapture/RemoteImpl.m:11:
/Users/admin/builder/spi-builder-workspace/Sources/RemoteCapture/include/RemoteCapture.h:653:33: error: 'CALayer' is unavailable: not available on watchOS
653 | class_getInstanceMethod(CALayer.class, @selector(_copyRenderLayer:layerFlags:commitFlags:)),
| ^
In module 'UIKit' imported from /Users/admin/builder/spi-builder-workspace/Sources/RemoteCapture/include/RemoteHeaders.h:13:
In module 'QuartzCore' imported from /Applications/Xcode-27.0.0-Release.Candidate.app/Contents/Developer/Platforms/WatchOS.platform/Developer/SDKs/WatchOS27.0.sdk/System/Library/Frameworks/UIKit.framework/Headers/UIView.h:10:
/Applications/Xcode-27.0.0-Release.Candidate.app/Contents/Developer/Platforms/WatchOS.platform/Developer/SDKs/WatchOS27.0.sdk/System/Library/Frameworks/QuartzCore.framework/Headers/CALayer.h:117:12: note: 'CALayer' has been explicitly marked unavailable here
117 | @interface CALayer : NSObject <NSSecureCoding, CAMediaTiming>
| ^
In file included from /Users/admin/builder/spi-builder-workspace/Sources/RemoteCapture/RemoteImpl.m:11:
/Users/admin/builder/spi-builder-workspace/Sources/RemoteCapture/include/RemoteCapture.h:653:41: error: 'CALayer' is unavailable: not available on watchOS
653 | class_getInstanceMethod(CALayer.class, @selector(_copyRenderLayer:layerFlags:commitFlags:)),
| ^
In module 'UIKit' imported from /Users/admin/builder/spi-builder-workspace/Sources/RemoteCapture/include/RemoteHeaders.h:13:
In module 'QuartzCore' imported from /Applications/Xcode-27.0.0-Release.Candidate.app/Contents/Developer/Platforms/WatchOS.platform/Developer/SDKs/WatchOS27.0.sdk/System/Library/Frameworks/UIKit.framework/Headers/UIView.h:10:
/Applications/Xcode-27.0.0-Release.Candidate.app/Contents/Developer/Platforms/WatchOS.platform/Developer/SDKs/WatchOS27.0.sdk/System/Library/Frameworks/QuartzCore.framework/Headers/CALayer.h:117:12: note: 'CALayer' has been explicitly marked unavailable here
117 | @interface CALayer : NSObject <NSSecureCoding, CAMediaTiming>
| ^
fatal error: too many errors emitted, stopping now [-ferror-limit=]
20 errors generated.
Failed frontend command:
/Applications/Xcode-27.0.0-Release.Candidate.app/Contents/Developer/Toolchains/XcodeDefault.xctoolchain/usr/bin/clang -cc1 -Wundef-prefix\=TARGET_OS_ -fdiagnostics-show-note-include-stack -fmacro-backtrace-limit\=0 -ferror-limit 19 -serialize-diagnostic-file /Users/admin/builder/spi-builder-workspace/.derivedData/Build/Intermediates.noindex/RemotePlugin.build/Debug-watchos/RemoteCapture-t.build/Objects-normal/arm64_32/RemoteImpl.dia -Wdeprecated-objc-isa-usage -Werror\=deprecated-objc-isa-usage -Werror\=implicit-function-declaration -Wnon-modular-include-in-framework-module -Werror\=non-modular-include-in-framework-module -Wno-trigraphs -Wno-missing-field-initializers -Wno-missing-prototypes -Wno-return-type -Wno-implicit-atomic-properties -Wno-objc-interface-ivars -Wno-arc-repeated-use-of-weak -Wno-missing-braces -Wparentheses -Wswitch -Wno-unused-function -Wno-unused-label -Wno-unused-parameter -Wno-unused-variable -Wunused-value -Wno-empty-body -Wno-uninitialized -Wno-unknown-pragmas -Wno-shadow -Wno-four-char-constants -Wno-conversion -Wno-constant-conversion -Wno-int-conversion -Wno-bool-conversion -Wno-enum-conversion -Wno-float-conversion -Wno-non-literal-null-conversion -Wno-objc-literal-conversion -Wno-shorten-64-to-32 -Wpointer-sign -Wno-newline-eof -Wno-selector -Wno-strict-selector-match -Wno-undeclared-selector -Wno-deprecated-implementations -Wno-implicit-fallthrough -Wprotocol -Wdeprecated-declarations -Wno-sign-conversion -Wno-infinite-recursion -Wno-comma -Wno-block-capture-autoreleasing -Wno-strict-prototypes -Wno-semicolon-before-method-body -Wno-elaborated-enum-base -Wno-error\=allocator-wrappers -index-store-path /Users/admin/builder/spi-builder-workspace/.derivedData/Index.noindex/DataStore -index-unit-output-path /RemotePlugin.build/Debug-watchos/RemoteCapture-t.build/Objects-normal/arm64_32/RemoteImpl.o -fmodule-map-file\=/Applications/Xcode-27.0.0-Release.Candidate.app/Contents/Developer/Platforms/WatchOS.platform/Developer/SDKs/WatchOS.sdk/usr/include/Darwin.modulemap -fmodule-map-file\=/Applications/Xcode-27.0.0-Release.Candidate.app/Contents/Developer/Platforms/WatchOS.platform/Developer/SDKs/WatchOS.sdk/usr/include/zlib.modulemap -fmodule-map-file\=/Applications/Xcode-27.0.0-Release.Candidate.app/Contents/Developer/Platforms/WatchOS.platform/Developer/SDKs/WatchOS.sdk/usr/include/ObjectiveC.modulemap -fmodule-map-file\=/Applications/Xcode-27.0.0-Release.Candidate.app/Contents/Developer/Platforms/WatchOS.platform/Developer/SDKs/WatchOS.sdk/System/Library/Frameworks/Foundation.framework/Modules/module.modulemap -fmodule-map-file\=/Applications/Xcode-27.0.0-Release.Candidate.app/Contents/Developer/Platforms/WatchOS.platform/Developer/SDKs/WatchOS.sdk/System/Library/Frameworks/CoreGraphics.framework/Modules/module.modulemap -fmodule-map-file\=/Applications/Xcode-27.0.0-Release.Candidate.app/Contents/Developer/Platforms/WatchOS.platform/Developer/SDKs/WatchOS.sdk/System/Library/Frameworks/UIKit.framework/Modules/module.modulemap -o /Users/admin/builder/spi-builder-workspace/.derivedData/Build/Intermediates.noindex/RemotePlugin.build/Debug-watchos/RemoteCapture-t.build/Objects-normal/arm64_32/RemoteImpl.o -disable-free -emit-obj -x objective-c /Users/admin/builder/spi-builder-workspace/Sources/RemoteCapture/RemoteImpl.m -target-abi darwinpcs -target-cpu apple-s4 -target-feature +v8.3a -target-feature +aes -target-feature +complxnum -target-feature +crc -target-feature +fp-armv8 -target-feature +fullfp16 -target-feature +jsconv -target-feature +lse -target-feature +neon -target-feature +pauth -target-feature +perfmon -target-feature +ras -target-feature +rcpc -target-feature +rdm -target-feature +sha2 -triple arm64_32-apple-watchos9.0.0 -target-linker-version 1166.2 -target-sdk-version\=27.0 -fmodules-validate-system-headers -fno-modulemap-allow-subdirectory-search -isysroot /Applications/Xcode-27.0.0-Release.Candidate.app/Contents/Developer/Platforms/WatchOS.platform/Developer/SDKs/WatchOS27.0.sdk -resource-dir /Applications/Xcode-27.0.0-Release.Candidate.app/Contents/Developer/Toolchains/XcodeDefault.xctoolchain/usr/lib/clang/21 -fmodule-format\=obj -fmodule-file\=CoreGraphics\=/Users/admin/builder/spi-builder-workspace/.derivedData/Build/Intermediates.noindex/ExplicitPrecompiledModules/CoreGraphics-8FY5WRCZBNTO31T79KS43CA1A.pcm -fmodule-file\=Darwin\=/Users/admin/builder/spi-builder-workspace/.derivedData/Build/Intermediates.noindex/ExplicitPrecompiledModules/Darwin-7YGJBK4O80UDEY9TS3OCRP98K.pcm -fmodule-file\=Foundation\=/Users/admin/builder/spi-builder-workspace/.derivedData/Build/Intermediates.noindex/ExplicitPrecompiledModules/Foundation-1A0Z4D4YNGQ5VY4RBO05L7WXL.pcm -fmodule-file\=ObjectiveC\=/Users/admin/builder/spi-builder-workspace/.derivedData/Build/Intermediates.noindex/ExplicitPrecompiledModules/ObjectiveC-CUXGHLEYT7Q9A4WAI57NKINOM.pcm -fmodule-file\=UIKit\=/Users/admin/builder/spi-builder-workspace/.derivedData/Build/Intermediates.noindex/ExplicitPrecompiledModules/UIKit-54ZTA8TK8RWCNNX484ZRAMXSZ.pcm -fmodule-file\=zlib\=/Users/admin/builder/spi-builder-workspace/.derivedData/Build/Intermediates.noindex/ExplicitPrecompiledModules/zlib-CWIVHJEI9MQ2PYJ6KZTFDQHJM.pcm -I /Users/admin/builder/spi-builder-workspace/.derivedData/Build/Products/Debug-watchos/include -I /Users/admin/builder/spi-builder-workspace/Sources/RemoteCapture/include -I /Users/admin/builder/spi-builder-workspace/.derivedData/Build/Intermediates.noindex/RemotePlugin.build/Debug-watchos/RemoteCapture-t.build/DerivedSources-normal/arm64_32 -I /Users/admin/builder/spi-builder-workspace/.derivedData/Build/Intermediates.noindex/RemotePlugin.build/Debug-watchos/RemoteCapture-t.build/DerivedSources/arm64_32 -I /Users/admin/builder/spi-builder-workspace/.derivedData/Build/Intermediates.noindex/RemotePlugin.build/Debug-watchos/RemoteCapture-t.build/DerivedSources -F /Users/admin/builder/spi-builder-workspace/.derivedData/Build/Products/Debug-watchos -iframework /Applications/Xcode-27.0.0-Release.Candidate.app/Contents/Developer/Platforms/WatchOS.platform/Developer/Library/Frameworks -iframework /Applications/Xcode-27.0.0-Release.Candidate.app/Contents/Developer/Platforms/WatchOS.platform/Developer/SDKs/WatchOS27.0.sdk/Developer/Library/Frameworks -internal-isystem /Applications/Xcode-27.0.0-Release.Candidate.app/Contents/Developer/Platforms/WatchOS.platform/Developer/SDKs/WatchOS27.0.sdk/usr/local/include -internal-isystem /Applications/Xcode-27.0.0-Release.Candidate.app/Contents/Developer/Toolchains/XcodeDefault.xctoolchain/usr/lib/clang/21/include -internal-externc-isystem /Applications/Xcode-27.0.0-Release.Candidate.app/Contents/Developer/Platforms/WatchOS.platform/Developer/SDKs/WatchOS27.0.sdk/usr/include -internal-externc-isystem /Applications/Xcode-27.0.0-Release.Candidate.app/Contents/Developer/Toolchains/XcodeDefault.xctoolchain/usr/include -internal-iframework /Applications/Xcode-27.0.0-Release.Candidate.app/Contents/Developer/Platforms/WatchOS.platform/Developer/SDKs/WatchOS27.0.sdk/System/Library/Frameworks -internal-iframework /Applications/Xcode-27.0.0-Release.Candidate.app/Contents/Developer/Platforms/WatchOS.platform/Developer/SDKs/WatchOS27.0.sdk/System/Library/SubFrameworks -internal-iframework /Applications/Xcode-27.0.0-Release.Candidate.app/Contents/Developer/Platforms/WatchOS.platform/Developer/SDKs/WatchOS27.0.sdk/Library/Frameworks -ivfsstatcache /Users/admin/builder/spi-builder-workspace/.derivedData/SDKStatCaches.noindex/watchos27.0-24R360-e829b21a6f8c9b70876ba0858053c04477534ef55a1706bf4c1112bbb242f0a2.sdkstatcache -std\=gnu11 -fexceptions -fskip-odr-check-in-gmf -fmodules -fmodule-name\=RemoteCapture -fno-implicit-modules -fobjc-exceptions -fmax-type-align\=16 -fpascal-strings -fvisibility-inlines-hidden-static-local-var -mdarwin-stkchk-strong-link -fno-odr-hash-protocols -pic-level 2 -fencode-extended-block-signature -stack-protector 1 -fobjc-runtime\=watchos-9.0.0 -fobjc-arc -fobjc-runtime-has-weak -fobjc-weak -fgnuc-version\=4.2.1 -fblocks -fno-convergent-functions -ffp-contract\=on -fclang-abi-compat\=4.0 -fno-experimental-relative-c++-abi-vtables -fno-file-reproducible -clang-vendor-feature\=+disableNonDependentMemberExprInCurrentInstantiation -clang-vendor-feature\=+enableAggressiveVLAFolding -clang-vendor-feature\=+revert09abecef7bbf -clang-vendor-feature\=+thisNoAlignAttr -clang-vendor-feature\=+thisNoNullAttr -clang-vendor-feature\=+disableAtImportPrivateFrameworkInImplementationError -O0 -fno-assume-unique-vtables -fdebug-compilation-dir\=/Users/admin/builder/spi-builder-workspace/.swiftpm/xcode -fcoverage-compilation-dir\=/Users/admin/builder/spi-builder-workspace/.swiftpm/xcode -fcommon -fdwarf2-cfi-asm -fobjc-msgsend-selector-stubs -fregister-global-dtors-with-atexit -fno-strict-return -dwarf-version\=4 -debugger-tuning\=lldb -disable-llvm-verifier -dwarf-ext-refs -funwind-tables\=1 -enable-tlsdesc -clear-ast-before-backend -discard-value-names -main-file-name RemoteImpl.m -mframe-pointer\=non-leaf -debug-info-kind\=standalone -fno-loop-interchange -fdiagnostics-hotness-threshold\=0 -fdiagnostics-misexpect-tolerance\=0 -D DEBUG\=1 -D OBJC_OLD_DISPATCH_PROTOTYPES\=1 -D REMOTEPLUGIN_SERVERIPS\=\"swift64\" -D SWIFT_PACKAGE -D Xcode -fdefine-target-os-macros -MT dependencies -dependency-file /Users/admin/builder/spi-builder-workspace/.derivedData/Build/Intermediates.noindex/RemotePlugin.build/Debug-watchos/RemoteCapture-t.build/Objects-normal/arm64_32/RemoteImpl.d -skip-unused-modulemap-deps -module-file-deps\=direct -fdepfile-entry\=/Applications/Xcode-27.0.0-Release.Candidate.app/Contents/Developer/Platforms/WatchOS.platform/Developer/SDKs/WatchOS27.0.sdk/SDKSettings.json
CompileC /Users/admin/builder/spi-builder-workspace/.derivedData/Build/Intermediates.noindex/RemotePlugin.build/Debug-watchos/RemoteCapture-t.build/Objects-normal/arm64/RemoteImpl.o /Users/admin/builder/spi-builder-workspace/Sources/RemoteCapture/RemoteImpl.m normal arm64 objective-c com.apple.compilers.llvm.clang.1_0.compiler (in target 'RemoteCapture' from project 'RemotePlugin')
cd /Users/admin/builder/spi-builder-workspace/.swiftpm/xcode
Using response file: /Users/admin/builder/spi-builder-workspace/.derivedData/Build/Intermediates.noindex/RemotePlugin.build/Debug-watchos/RemoteCapture-t.build/Objects-normal/arm64/e6072d4f65d7061329687fe24e3d63a7-common-args.resp
/Applications/Xcode-27.0.0-Release.Candidate.app/Contents/Developer/Toolchains/XcodeDefault.xctoolchain/usr/bin/clang -x objective-c -ivfsstatcache /Users/admin/builder/spi-builder-workspace/.derivedData/SDKStatCaches.noindex/watchos27.0-24R360-e829b21a6f8c9b70876ba0858053c04477534ef55a1706bf4c1112bbb242f0a2.sdkstatcache -target arm64-apple-watchos9.0 -fmessage-length\=0 -fdiagnostics-show-note-include-stack -fmacro-backtrace-limit\=0 -fno-color-diagnostics -fmodules-prune-interval\=86400 -fmodules-prune-after\=345600 -fbuild-session-file\=/Users/admin/builder/spi-builder-workspace/.derivedData/ModuleCache.noindex/Session.modulevalidation -fmodules-validate-once-per-build-session -Wnon-modular-include-in-framework-module -Werror\=non-modular-include-in-framework-module -Wno-trigraphs -Wno-missing-field-initializers -Wno-missing-prototypes -Wno-return-type -Wno-implicit-atomic-properties -Wno-objc-interface-ivars -Wno-arc-repeated-use-of-weak -Wno-missing-braces -Wparentheses -Wswitch -Wno-unused-function -Wno-unused-label -Wno-unused-parameter -Wno-unused-variable -Wunused-value -Wno-empty-body -Wno-uninitialized -Wno-unknown-pragmas -Wno-shadow -Wno-four-char-constants -Wno-conversion -Wno-constant-conversion -Wno-int-conversion -Wno-bool-conversion -Wno-enum-conversion -Wno-float-conversion -Wno-non-literal-null-conversion -Wno-objc-literal-conversion -Wshorten-64-to-32 -Wpointer-sign -Wno-newline-eof -Wno-selector -Wno-strict-selector-match -Wno-undeclared-selector -Wno-deprecated-implementations -Wno-implicit-fallthrough -isysroot /Applications/Xcode-27.0.0-Release.Candidate.app/Contents/Developer/Platforms/WatchOS.platform/Developer/SDKs/WatchOS27.0.sdk -fstrict-aliasing -Wprotocol -Wdeprecated-declarations -Wno-sign-conversion -Wno-infinite-recursion -Wno-comma -Wno-block-capture-autoreleasing -Wno-strict-prototypes -Wno-semicolon-before-method-body -index-store-path /Users/admin/builder/spi-builder-workspace/.derivedData/Index.noindex/DataStore @/Users/admin/builder/spi-builder-workspace/.derivedData/Build/Intermediates.noindex/RemotePlugin.build/Debug-watchos/RemoteCapture-t.build/Objects-normal/arm64/e6072d4f65d7061329687fe24e3d63a7-common-args.resp -MMD -MT dependencies -MF /Users/admin/builder/spi-builder-workspace/.derivedData/Build/Intermediates.noindex/RemotePlugin.build/Debug-watchos/RemoteCapture-t.build/Objects-normal/arm64/RemoteImpl.d --serialize-diagnostics /Users/admin/builder/spi-builder-workspace/.derivedData/Build/Intermediates.noindex/RemotePlugin.build/Debug-watchos/RemoteCapture-t.build/Objects-normal/arm64/RemoteImpl.dia -c /Users/admin/builder/spi-builder-workspace/Sources/RemoteCapture/RemoteImpl.m -o /Users/admin/builder/spi-builder-workspace/.derivedData/Build/Intermediates.noindex/RemotePlugin.build/Debug-watchos/RemoteCapture-t.build/Objects-normal/arm64/RemoteImpl.o -index-unit-output-path /RemotePlugin.build/Debug-watchos/RemoteCapture-t.build/Objects-normal/arm64/RemoteImpl.o
In file included from /Users/admin/builder/spi-builder-workspace/Sources/RemoteCapture/RemoteImpl.m:11:
In file included from /Users/admin/builder/spi-builder-workspace/Sources/RemoteCapture/include/RemoteCapture.h:44:
/Users/admin/builder/spi-builder-workspace/Sources/RemoteCapture/include/RemoteHeaders.h:191:29: error: 'UIEvent' is unavailable: not available on watchOS
191 | @interface UITouchesEvent : UIEvent {
| ^
In module 'UIKit' imported from /Users/admin/builder/spi-builder-workspace/Sources/RemoteCapture/include/RemoteHeaders.h:13:
/Applications/Xcode-27.0.0-Release.Candidate.app/Contents/Developer/Platforms/WatchOS.platform/Developer/SDKs/WatchOS27.0.sdk/System/Library/Frameworks/UIKit.framework/Headers/UIEvent.h:62:12: note: 'UIEvent' has been explicitly marked unavailable here
62 | @interface UIEvent : NSObject
| ^
In file included from /Users/admin/builder/spi-builder-workspace/Sources/RemoteCapture/RemoteImpl.m:11:
/Users/admin/builder/spi-builder-workspace/Sources/RemoteCapture/include/RemoteCapture.h:307:5: error: 'UITouch' is unavailable: not available on watchOS
307 | UITouch *currentTouch;
| ^
In module 'UIKit' imported from /Users/admin/builder/spi-builder-workspace/Sources/RemoteCapture/include/RemoteHeaders.h:13:
/Applications/Xcode-27.0.0-Release.Candidate.app/Contents/Developer/Platforms/WatchOS.platform/Developer/SDKs/WatchOS27.0.sdk/System/Library/Frameworks/UIKit.framework/Headers/UITouch.h:51:12: note: 'UITouch' has been explicitly marked unavailable here
51 | @interface UITouch : NSObject
| ^
In file included from /Users/admin/builder/spi-builder-workspace/Sources/RemoteCapture/RemoteImpl.m:11:
/Users/admin/builder/spi-builder-workspace/Sources/RemoteCapture/include/RemoteCapture.h:311:25: error: 'UIEvent' is unavailable: not available on watchOS
311 | @interface RCFakeEvent: UIEvent {
| ^
In module 'UIKit' imported from /Users/admin/builder/spi-builder-workspace/Sources/RemoteCapture/include/RemoteHeaders.h:13:
/Applications/Xcode-27.0.0-Release.Candidate.app/Contents/Developer/Platforms/WatchOS.platform/Developer/SDKs/WatchOS27.0.sdk/System/Library/Frameworks/UIKit.framework/Headers/UIEvent.h:62:12: note: 'UIEvent' has been explicitly marked unavailable here
62 | @interface UIEvent : NSObject
| ^
In file included from /Users/admin/builder/spi-builder-workspace/Sources/RemoteCapture/RemoteImpl.m:11:
/Users/admin/builder/spi-builder-workspace/Sources/RemoteCapture/include/RemoteCapture.h:331:4: error: 'UITouch' is unavailable: not available on watchOS
331 | - (UITouch *)_firstTouchForView:(UIView *)view {
| ^
In module 'UIKit' imported from /Users/admin/builder/spi-builder-workspace/Sources/RemoteCapture/include/RemoteHeaders.h:13:
/Applications/Xcode-27.0.0-Release.Candidate.app/Contents/Developer/Platforms/WatchOS.platform/Developer/SDKs/WatchOS27.0.sdk/System/Library/Frameworks/UIKit.framework/Headers/UITouch.h:51:12: note: 'UITouch' has been explicitly marked unavailable here
51 | @interface UITouch : NSObject
| ^
In file included from /Users/admin/builder/spi-builder-workspace/Sources/RemoteCapture/RemoteImpl.m:11:
/Users/admin/builder/spi-builder-workspace/Sources/RemoteCapture/include/RemoteCapture.h:331:34: error: 'UIView' is unavailable: not available on watchOS
331 | - (UITouch *)_firstTouchForView:(UIView *)view {
| ^
In module 'UIKit' imported from /Users/admin/builder/spi-builder-workspace/Sources/RemoteCapture/include/RemoteHeaders.h:13:
/Applications/Xcode-27.0.0-Release.Candidate.app/Contents/Developer/Platforms/WatchOS.platform/Developer/SDKs/WatchOS27.0.sdk/System/Library/Frameworks/UIKit.framework/Headers/UIView.h:152:12: note: 'UIView' has been explicitly marked unavailable here
152 | @interface UIView : UIResponder <NSCoding, UIAppearance, UIAppearanceContainer, UIDynamicItem, UITraitEnvironment, UICoordinateSpace, UIFocusItem, UIFocusItemContainer, CALayerDelegate>
| ^
In file included from /Users/admin/builder/spi-builder-workspace/Sources/RemoteCapture/RemoteImpl.m:11:
/Users/admin/builder/spi-builder-workspace/Sources/RemoteCapture/include/RemoteCapture.h:336:28: error: 'UIView' is unavailable: not available on watchOS
336 | - (NSSet *)touchesForView:(UIView *)view {
| ^
In module 'UIKit' imported from /Users/admin/builder/spi-builder-workspace/Sources/RemoteCapture/include/RemoteHeaders.h:13:
/Applications/Xcode-27.0.0-Release.Candidate.app/Contents/Developer/Platforms/WatchOS.platform/Developer/SDKs/WatchOS27.0.sdk/System/Library/Frameworks/UIKit.framework/Headers/UIView.h:152:12: note: 'UIView' has been explicitly marked unavailable here
152 | @interface UIView : UIResponder <NSCoding, UIAppearance, UIAppearanceContainer, UIDynamicItem, UITraitEnvironment, UICoordinateSpace, UIFocusItem, UIFocusItemContainer, CALayerDelegate>
| ^
In file included from /Users/admin/builder/spi-builder-workspace/Sources/RemoteCapture/RemoteImpl.m:11:
/Users/admin/builder/spi-builder-workspace/Sources/RemoteCapture/include/RemoteCapture.h:341:30: error: 'UIWindow' is unavailable: not available on watchOS
341 | - (NSSet *)touchesForWindow:(UIWindow *)window {
| ^
In module 'UIKit' imported from /Users/admin/builder/spi-builder-workspace/Sources/RemoteCapture/include/RemoteHeaders.h:13:
/Applications/Xcode-27.0.0-Release.Candidate.app/Contents/Developer/Platforms/WatchOS.platform/Developer/SDKs/WatchOS27.0.sdk/System/Library/Frameworks/UIKit.framework/Headers/UIWindow.h:22:12: note: 'UIWindow' has been explicitly marked unavailable here
22 | @interface UIWindow : UIView
| ^
In file included from /Users/admin/builder/spi-builder-workspace/Sources/RemoteCapture/RemoteImpl.m:11:
/Users/admin/builder/spi-builder-workspace/Sources/RemoteCapture/include/RemoteCapture.h:346:41: error: 'UIGestureRecognizer' is unavailable: not available on watchOS
346 | - (NSSet *)touchesForGestureRecognizer:(UIGestureRecognizer *)rec {
| ^
In module 'UIKit' imported from /Users/admin/builder/spi-builder-workspace/Sources/RemoteCapture/include/RemoteHeaders.h:13:
/Applications/Xcode-27.0.0-Release.Candidate.app/Contents/Developer/Platforms/WatchOS.platform/Developer/SDKs/WatchOS27.0.sdk/System/Library/Frameworks/UIKit.framework/Headers/UIGestureRecognizer.h:35:12: note: 'UIGestureRecognizer' has been explicitly marked unavailable here
35 | @interface UIGestureRecognizer : NSObject
| ^
In file included from /Users/admin/builder/spi-builder-workspace/Sources/RemoteCapture/RemoteImpl.m:11:
/Users/admin/builder/spi-builder-workspace/Sources/RemoteCapture/include/RemoteCapture.h:351:23: error: 'UITouch' is unavailable: not available on watchOS
351 | - (void)_removeTouch:(UITouch *)touch fromGestureRecognizer:(UIGestureRecognizer *)rec {
| ^
In module 'UIKit' imported from /Users/admin/builder/spi-builder-workspace/Sources/RemoteCapture/include/RemoteHeaders.h:13:
/Applications/Xcode-27.0.0-Release.Candidate.app/Contents/Developer/Platforms/WatchOS.platform/Developer/SDKs/WatchOS27.0.sdk/System/Library/Frameworks/UIKit.framework/Headers/UITouch.h:51:12: note: 'UITouch' has been explicitly marked unavailable here
51 | @interface UITouch : NSObject
| ^
In file included from /Users/admin/builder/spi-builder-workspace/Sources/RemoteCapture/RemoteImpl.m:11:
/Users/admin/builder/spi-builder-workspace/Sources/RemoteCapture/include/RemoteCapture.h:351:62: error: 'UIGestureRecognizer' is unavailable: not available on watchOS
351 | - (void)_removeTouch:(UITouch *)touch fromGestureRecognizer:(UIGestureRecognizer *)rec {
| ^
In module 'UIKit' imported from /Users/admin/builder/spi-builder-workspace/Sources/RemoteCapture/include/RemoteHeaders.h:13:
/Applications/Xcode-27.0.0-Release.Candidate.app/Contents/Developer/Platforms/WatchOS.platform/Developer/SDKs/WatchOS27.0.sdk/System/Library/Frameworks/UIKit.framework/Headers/UIGestureRecognizer.h:35:12: note: 'UIGestureRecognizer' has been explicitly marked unavailable here
35 | @interface UIGestureRecognizer : NSObject
| ^
In file included from /Users/admin/builder/spi-builder-workspace/Sources/RemoteCapture/RemoteImpl.m:11:
/Users/admin/builder/spi-builder-workspace/Sources/RemoteCapture/include/RemoteCapture.h:367:4: error: 'UIEventType' is unavailable: not available on watchOS
367 | - (UIEventType)type {
| ^
In module 'UIKit' imported from /Users/admin/builder/spi-builder-workspace/Sources/RemoteCapture/include/RemoteHeaders.h:13:
/Applications/Xcode-27.0.0-Release.Candidate.app/Contents/Developer/Platforms/WatchOS.platform/Developer/SDKs/WatchOS27.0.sdk/System/Library/Frameworks/UIKit.framework/Headers/UIEvent.h:18:28: note: 'UIEventType' has been explicitly marked unavailable here
18 | typedef NS_ENUM(NSInteger, UIEventType) {
| ^
In file included from /Users/admin/builder/spi-builder-workspace/Sources/RemoteCapture/RemoteImpl.m:11:
/Users/admin/builder/spi-builder-workspace/Sources/RemoteCapture/include/RemoteCapture.h:368:13: error: 'UIEventType' is unavailable: not available on watchOS
368 | return (UIEventType)0;
| ^
In module 'UIKit' imported from /Users/admin/builder/spi-builder-workspace/Sources/RemoteCapture/include/RemoteHeaders.h:13:
/Applications/Xcode-27.0.0-Release.Candidate.app/Contents/Developer/Platforms/WatchOS.platform/Developer/SDKs/WatchOS27.0.sdk/System/Library/Frameworks/UIKit.framework/Headers/UIEvent.h:18:28: note: 'UIEventType' has been explicitly marked unavailable here
18 | typedef NS_ENUM(NSInteger, UIEventType) {
| ^
In file included from /Users/admin/builder/spi-builder-workspace/Sources/RemoteCapture/RemoteImpl.m:11:
/Users/admin/builder/spi-builder-workspace/Sources/RemoteCapture/include/RemoteCapture.h:709:5: error: 'UITouch' is unavailable: not available on watchOS
709 | UITouch *realTouch; /// An actual UITouch recycled for forging events
| ^
In module 'UIKit' imported from /Users/admin/builder/spi-builder-workspace/Sources/RemoteCapture/include/RemoteHeaders.h:13:
/Applications/Xcode-27.0.0-Release.Candidate.app/Contents/Developer/Platforms/WatchOS.platform/Developer/SDKs/WatchOS27.0.sdk/System/Library/Frameworks/UIKit.framework/Headers/UITouch.h:51:12: note: 'UITouch' has been explicitly marked unavailable here
51 | @interface UITouch : NSObject
| ^
In file included from /Users/admin/builder/spi-builder-workspace/Sources/RemoteCapture/RemoteImpl.m:11:
/Users/admin/builder/spi-builder-workspace/Sources/RemoteCapture/include/RemoteCapture.h:715:4: error: 'UIApplication' is unavailable: not available on watchOS
715 | + (UIApplication *)sharedApplication {
| ^
In module 'UIKit' imported from /Users/admin/builder/spi-builder-workspace/Sources/RemoteCapture/include/RemoteHeaders.h:13:
/Applications/Xcode-27.0.0-Release.Candidate.app/Contents/Developer/Platforms/WatchOS.platform/Developer/SDKs/WatchOS27.0.sdk/System/Library/Frameworks/UIKit.framework/Headers/UIApplication.h:85:12: note: 'UIApplication' has been explicitly marked unavailable here
85 | @interface UIApplication : UIResponder
| ^
In file included from /Users/admin/builder/spi-builder-workspace/Sources/RemoteCapture/RemoteImpl.m:11:
/Users/admin/builder/spi-builder-workspace/Sources/RemoteCapture/include/RemoteCapture.h:642:21: error: 'UIScreen' is unavailable: not available on watchOS
642 | __block NSArray<UIScreen *> *screens;
| ^
In module 'UIKit' imported from /Users/admin/builder/spi-builder-workspace/Sources/RemoteCapture/include/RemoteHeaders.h:13:
/Applications/Xcode-27.0.0-Release.Candidate.app/Contents/Developer/Platforms/WatchOS.platform/Developer/SDKs/WatchOS27.0.sdk/System/Library/Frameworks/UIKit.framework/Headers/UIScreen.h:54:12: note: 'UIScreen' has been explicitly marked unavailable here
54 | @interface UIScreen : NSObject <UITraitEnvironment>
| ^
In file included from /Users/admin/builder/spi-builder-workspace/Sources/RemoteCapture/RemoteImpl.m:11:
/Users/admin/builder/spi-builder-workspace/Sources/RemoteCapture/include/RemoteCapture.h:645:33: error: 'UIScreen' is unavailable: not available on watchOS
645 | screens = [UIScreen screens];
| ^
In module 'UIKit' imported from /Users/admin/builder/spi-builder-workspace/Sources/RemoteCapture/include/RemoteHeaders.h:13:
/Applications/Xcode-27.0.0-Release.Candidate.app/Contents/Developer/Platforms/WatchOS.platform/Developer/SDKs/WatchOS27.0.sdk/System/Library/Frameworks/UIKit.framework/Headers/UIScreen.h:54:12: note: 'UIScreen' has been explicitly marked unavailable here
54 | @interface UIScreen : NSObject <UITraitEnvironment>
| ^
In file included from /Users/admin/builder/spi-builder-workspace/Sources/RemoteCapture/RemoteImpl.m:11:
/Users/admin/builder/spi-builder-workspace/Sources/RemoteCapture/include/RemoteCapture.h:645:33: error: 'screens' is unavailable: not available on watchOS
645 | screens = [UIScreen screens];
| ^
In module 'UIKit' imported from /Users/admin/builder/spi-builder-workspace/Sources/RemoteCapture/include/RemoteHeaders.h:13:
/Applications/Xcode-27.0.0-Release.Candidate.app/Contents/Developer/Platforms/WatchOS.platform/Developer/SDKs/WatchOS27.0.sdk/System/Library/Frameworks/UIKit.framework/Headers/UIScreen.h:56:60: note: property 'screens' is declared unavailable here
56 | @property(class, nonatomic, readonly) NSArray<UIScreen *> *screens API_DEPRECATED("Use UIApplication.shared.openSessions to find open sessions with scenes from other screens", ios(3.2, 16.0), visionos(1.0, 1.0)) API_UNAVAILABLE(watchos); // all screens currently attached to the device
| ^
/Applications/Xcode-27.0.0-Release.Candidate.app/Contents/Developer/Platforms/WatchOS.platform/Developer/SDKs/WatchOS27.0.sdk/System/Library/Frameworks/UIKit.framework/Headers/UIScreen.h:56:60: note: 'screens' has been explicitly marked unavailable here
In file included from /Users/admin/builder/spi-builder-workspace/Sources/RemoteCapture/RemoteImpl.m:11:
/Users/admin/builder/spi-builder-workspace/Sources/RemoteCapture/include/RemoteCapture.h:653:33: error: 'CALayer' is unavailable: not available on watchOS
653 | class_getInstanceMethod(CALayer.class, @selector(_copyRenderLayer:layerFlags:commitFlags:)),
| ^
In module 'UIKit' imported from /Users/admin/builder/spi-builder-workspace/Sources/RemoteCapture/include/RemoteHeaders.h:13:
In module 'QuartzCore' imported from /Applications/Xcode-27.0.0-Release.Candidate.app/Contents/Developer/Platforms/WatchOS.platform/Developer/SDKs/WatchOS27.0.sdk/System/Library/Frameworks/UIKit.framework/Headers/UIView.h:10:
/Applications/Xcode-27.0.0-Release.Candidate.app/Contents/Developer/Platforms/WatchOS.platform/Developer/SDKs/WatchOS27.0.sdk/System/Library/Frameworks/QuartzCore.framework/Headers/CALayer.h:117:12: note: 'CALayer' has been explicitly marked unavailable here
117 | @interface CALayer : NSObject <NSSecureCoding, CAMediaTiming>
| ^
In file included from /Users/admin/builder/spi-builder-workspace/Sources/RemoteCapture/RemoteImpl.m:11:
/Users/admin/builder/spi-builder-workspace/Sources/RemoteCapture/include/RemoteCapture.h:653:41: error: 'CALayer' is unavailable: not available on watchOS
653 | class_getInstanceMethod(CALayer.class, @selector(_copyRenderLayer:layerFlags:commitFlags:)),
| ^
In module 'UIKit' imported from /Users/admin/builder/spi-builder-workspace/Sources/RemoteCapture/include/RemoteHeaders.h:13:
In module 'QuartzCore' imported from /Applications/Xcode-27.0.0-Release.Candidate.app/Contents/Developer/Platforms/WatchOS.platform/Developer/SDKs/WatchOS27.0.sdk/System/Library/Frameworks/UIKit.framework/Headers/UIView.h:10:
/Applications/Xcode-27.0.0-Release.Candidate.app/Contents/Developer/Platforms/WatchOS.platform/Developer/SDKs/WatchOS27.0.sdk/System/Library/Frameworks/QuartzCore.framework/Headers/CALayer.h:117:12: note: 'CALayer' has been explicitly marked unavailable here
117 | @interface CALayer : NSObject <NSSecureCoding, CAMediaTiming>
| ^
fatal error: too many errors emitted, stopping now [-ferror-limit=]
20 errors generated.
Failed frontend command:
/Applications/Xcode-27.0.0-Release.Candidate.app/Contents/Developer/Toolchains/XcodeDefault.xctoolchain/usr/bin/clang -cc1 -Wundef-prefix\=TARGET_OS_ -fdiagnostics-show-note-include-stack -fmacro-backtrace-limit\=0 -ferror-limit 19 -serialize-diagnostic-file /Users/admin/builder/spi-builder-workspace/.derivedData/Build/Intermediates.noindex/RemotePlugin.build/Debug-watchos/RemoteCapture-t.build/Objects-normal/arm64/RemoteImpl.dia -Wdeprecated-objc-isa-usage -Werror\=deprecated-objc-isa-usage -Werror\=implicit-function-declaration -Wnon-modular-include-in-framework-module -Werror\=non-modular-include-in-framework-module -Wno-trigraphs -Wno-missing-field-initializers -Wno-missing-prototypes -Wno-return-type -Wno-implicit-atomic-properties -Wno-objc-interface-ivars -Wno-arc-repeated-use-of-weak -Wno-missing-braces -Wparentheses -Wswitch -Wno-unused-function -Wno-unused-label -Wno-unused-parameter -Wno-unused-variable -Wunused-value -Wno-empty-body -Wno-uninitialized -Wno-unknown-pragmas -Wno-shadow -Wno-four-char-constants -Wno-conversion -Wno-constant-conversion -Wno-int-conversion -Wno-bool-conversion -Wno-enum-conversion -Wno-float-conversion -Wno-non-literal-null-conversion -Wno-objc-literal-conversion -Wshorten-64-to-32 -Wpointer-sign -Wno-newline-eof -Wno-selector -Wno-strict-selector-match -Wno-undeclared-selector -Wno-deprecated-implementations -Wno-implicit-fallthrough -Wprotocol -Wdeprecated-declarations -Wno-sign-conversion -Wno-infinite-recursion -Wno-comma -Wno-block-capture-autoreleasing -Wno-strict-prototypes -Wno-semicolon-before-method-body -Wno-elaborated-enum-base -Wno-error\=allocator-wrappers -index-store-path /Users/admin/builder/spi-builder-workspace/.derivedData/Index.noindex/DataStore -index-unit-output-path /RemotePlugin.build/Debug-watchos/RemoteCapture-t.build/Objects-normal/arm64/RemoteImpl.o -fmodule-map-file\=/Applications/Xcode-27.0.0-Release.Candidate.app/Contents/Developer/Platforms/WatchOS.platform/Developer/SDKs/WatchOS.sdk/usr/include/Darwin.modulemap -fmodule-map-file\=/Applications/Xcode-27.0.0-Release.Candidate.app/Contents/Developer/Platforms/WatchOS.platform/Developer/SDKs/WatchOS.sdk/usr/include/zlib.modulemap -fmodule-map-file\=/Applications/Xcode-27.0.0-Release.Candidate.app/Contents/Developer/Platforms/WatchOS.platform/Developer/SDKs/WatchOS.sdk/usr/include/ObjectiveC.modulemap -fmodule-map-file\=/Applications/Xcode-27.0.0-Release.Candidate.app/Contents/Developer/Platforms/WatchOS.platform/Developer/SDKs/WatchOS.sdk/System/Library/Frameworks/Foundation.framework/Modules/module.modulemap -fmodule-map-file\=/Applications/Xcode-27.0.0-Release.Candidate.app/Contents/Developer/Platforms/WatchOS.platform/Developer/SDKs/WatchOS.sdk/System/Library/Frameworks/CoreGraphics.framework/Modules/module.modulemap -fmodule-map-file\=/Applications/Xcode-27.0.0-Release.Candidate.app/Contents/Developer/Platforms/WatchOS.platform/Developer/SDKs/WatchOS.sdk/System/Library/Frameworks/UIKit.framework/Modules/module.modulemap -o /Users/admin/builder/spi-builder-workspace/.derivedData/Build/Intermediates.noindex/RemotePlugin.build/Debug-watchos/RemoteCapture-t.build/Objects-normal/arm64/RemoteImpl.o -disable-free -emit-obj -x objective-c /Users/admin/builder/spi-builder-workspace/Sources/RemoteCapture/RemoteImpl.m -target-abi darwinpcs -target-cpu apple-s9 -target-feature +v8.6a -target-feature +aes -target-feature +bf16 -target-feature +complxnum -target-feature +crc -target-feature +dotprod -target-feature +fp-armv8 -target-feature +fp16fml -target-feature +fpac -target-feature +fullfp16 -target-feature +hcx -target-feature +i8mm -target-feature +jsconv -target-feature +lse -target-feature +neon -target-feature +pauth -target-feature +perfmon -target-feature +ras -target-feature +rcpc -target-feature +rdm -target-feature +sha2 -target-feature +sha3 -target-feature +ssbs -triple arm64-apple-watchos9.0.0 -target-linker-version 1166.2 -target-sdk-version\=27.0 -fmodules-validate-system-headers -fno-modulemap-allow-subdirectory-search -isysroot /Applications/Xcode-27.0.0-Release.Candidate.app/Contents/Developer/Platforms/WatchOS.platform/Developer/SDKs/WatchOS27.0.sdk -resource-dir /Applications/Xcode-27.0.0-Release.Candidate.app/Contents/Developer/Toolchains/XcodeDefault.xctoolchain/usr/lib/clang/21 -fmodule-format\=obj -fmodule-file\=CoreGraphics\=/Users/admin/builder/spi-builder-workspace/.derivedData/Build/Intermediates.noindex/ExplicitPrecompiledModules/CoreGraphics-2C1NSEFQ5NZIKRZU1TRNZU0HQ.pcm -fmodule-file\=Darwin\=/Users/admin/builder/spi-builder-workspace/.derivedData/Build/Intermediates.noindex/ExplicitPrecompiledModules/Darwin-C8990ZDHWFMKKSSMJAPNW3VNT.pcm -fmodule-file\=Foundation\=/Users/admin/builder/spi-builder-workspace/.derivedData/Build/Intermediates.noindex/ExplicitPrecompiledModules/Foundation-8IICTAE9GYQLKZCDMA1BN61WA.pcm -fmodule-file\=ObjectiveC\=/Users/admin/builder/spi-builder-workspace/.derivedData/Build/Intermediates.noindex/ExplicitPrecompiledModules/ObjectiveC-4EKQOUQX69AE94FX6LDMK7WEF.pcm -fmodule-file\=UIKit\=/Users/admin/builder/spi-builder-workspace/.derivedData/Build/Intermediates.noindex/ExplicitPrecompiledModules/UIKit-6MXVJMZP5DLSFT91WHPEFY9WS.pcm -fmodule-file\=zlib\=/Users/admin/builder/spi-builder-workspace/.derivedData/Build/Intermediates.noindex/ExplicitPrecompiledModules/zlib-C3OTDEOPOP87LEON9VDWEV919.pcm -I /Users/admin/builder/spi-builder-workspace/.derivedData/Build/Products/Debug-watchos/include -I /Users/admin/builder/spi-builder-workspace/Sources/RemoteCapture/include -I /Users/admin/builder/spi-builder-workspace/.derivedData/Build/Intermediates.noindex/RemotePlugin.build/Debug-watchos/RemoteCapture-t.build/DerivedSources-normal/arm64 -I /Users/admin/builder/spi-builder-workspace/.derivedData/Build/Intermediates.noindex/RemotePlugin.build/Debug-watchos/RemoteCapture-t.build/DerivedSources/arm64 -I /Users/admin/builder/spi-builder-workspace/.derivedData/Build/Intermediates.noindex/RemotePlugin.build/Debug-watchos/RemoteCapture-t.build/DerivedSources -F /Users/admin/builder/spi-builder-workspace/.derivedData/Build/Products/Debug-watchos -iframework /Applications/Xcode-27.0.0-Release.Candidate.app/Contents/Developer/Platforms/WatchOS.platform/Developer/Library/Frameworks -iframework /Applications/Xcode-27.0.0-Release.Candidate.app/Contents/Developer/Platforms/WatchOS.platform/Developer/SDKs/WatchOS27.0.sdk/Developer/Library/Frameworks -internal-isystem /Applications/Xcode-27.0.0-Release.Candidate.app/Contents/Developer/Platforms/WatchOS.platform/Developer/SDKs/WatchOS27.0.sdk/usr/local/include -internal-isystem /Applications/Xcode-27.0.0-Release.Candidate.app/Contents/Developer/Toolchains/XcodeDefault.xctoolchain/usr/lib/clang/21/include -internal-externc-isystem /Applications/Xcode-27.0.0-Release.Candidate.app/Contents/Developer/Platforms/WatchOS.platform/Developer/SDKs/WatchOS27.0.sdk/usr/include -internal-externc-isystem /Applications/Xcode-27.0.0-Release.Candidate.app/Contents/Developer/Toolchains/XcodeDefault.xctoolchain/usr/include -internal-iframework /Applications/Xcode-27.0.0-Release.Candidate.app/Contents/Developer/Platforms/WatchOS.platform/Developer/SDKs/WatchOS27.0.sdk/System/Library/Frameworks -internal-iframework /Applications/Xcode-27.0.0-Release.Candidate.app/Contents/Developer/Platforms/WatchOS.platform/Developer/SDKs/WatchOS27.0.sdk/System/Library/SubFrameworks -internal-iframework /Applications/Xcode-27.0.0-Release.Candidate.app/Contents/Developer/Platforms/WatchOS.platform/Developer/SDKs/WatchOS27.0.sdk/Library/Frameworks -ivfsstatcache /Users/admin/builder/spi-builder-workspace/.derivedData/SDKStatCaches.noindex/watchos27.0-24R360-e829b21a6f8c9b70876ba0858053c04477534ef55a1706bf4c1112bbb242f0a2.sdkstatcache -std\=gnu11 -fexceptions -fskip-odr-check-in-gmf -fmodules -fmodule-name\=RemoteCapture -fno-implicit-modules -fobjc-exceptions -fmax-type-align\=16 -fpascal-strings -fstack-check -fvisibility-inlines-hidden-static-local-var -mdarwin-stkchk-strong-link -fno-odr-hash-protocols -pic-level 2 -fencode-extended-block-signature -stack-protector 1 -fobjc-runtime\=watchos-9.0.0 -fobjc-arc -fobjc-runtime-has-weak -fobjc-weak -fgnuc-version\=4.2.1 -fblocks -fno-convergent-functions -ffp-contract\=on -fclang-abi-compat\=4.0 -fno-experimental-relative-c++-abi-vtables -fno-file-reproducible -clang-vendor-feature\=+disableNonDependentMemberExprInCurrentInstantiation -clang-vendor-feature\=+enableAggressiveVLAFolding -clang-vendor-feature\=+revert09abecef7bbf -clang-vendor-feature\=+thisNoAlignAttr -clang-vendor-feature\=+thisNoNullAttr -clang-vendor-feature\=+disableAtImportPrivateFrameworkInImplementationError -O0 -fno-assume-unique-vtables -fdebug-compilation-dir\=/Users/admin/builder/spi-builder-workspace/.swiftpm/xcode -fcoverage-compilation-dir\=/Users/admin/builder/spi-builder-workspace/.swiftpm/xcode -fcommon -fdwarf2-cfi-asm -fobjc-msgsend-selector-stubs -fregister-global-dtors-with-atexit -fno-strict-return -dwarf-version\=4 -debugger-tuning\=lldb -disable-llvm-verifier -dwarf-ext-refs -funwind-tables\=1 -enable-tlsdesc -clear-ast-before-backend -discard-value-names -main-file-name RemoteImpl.m -mframe-pointer\=non-leaf -debug-info-kind\=standalone -fno-loop-interchange -fdiagnostics-hotness-threshold\=0 -fdiagnostics-misexpect-tolerance\=0 -D DEBUG\=1 -D OBJC_OLD_DISPATCH_PROTOTYPES\=1 -D REMOTEPLUGIN_SERVERIPS\=\"swift64\" -D SWIFT_PACKAGE -D Xcode -fdefine-target-os-macros -MT dependencies -dependency-file /Users/admin/builder/spi-builder-workspace/.derivedData/Build/Intermediates.noindex/RemotePlugin.build/Debug-watchos/RemoteCapture-t.build/Objects-normal/arm64/RemoteImpl.d -skip-unused-modulemap-deps -module-file-deps\=direct -fdepfile-entry\=/Applications/Xcode-27.0.0-Release.Candidate.app/Contents/Developer/Platforms/WatchOS.platform/Developer/SDKs/WatchOS27.0.sdk/SDKSettings.json
PruneExplicitPrecompiledModules /Users/admin/builder/spi-builder-workspace/.derivedData/Build/Intermediates.noindex/SwiftExplicitPrecompiledModules
PruneExplicitPrecompiledModules /Users/admin/builder/spi-builder-workspace/.derivedData/SDKExplicitPrecompiledModules
PruneExplicitPrecompiledModules /Users/admin/builder/spi-builder-workspace/.derivedData/Build/Intermediates.noindex/ExplicitPrecompiledModules
2026-09-17 17:50:52.610 xcodebuild[870:5151] [MT] IDERunDestination: Supported platforms for the buildables in the current scheme is empty.
** BUILD FAILED **
The following build commands failed:
CompileC /Users/admin/builder/spi-builder-workspace/.derivedData/Build/Intermediates.noindex/RemotePlugin.build/Debug-watchos/RemoteCapture-t.build/Objects-normal/arm64_32/RemoteImpl.o /Users/admin/builder/spi-builder-workspace/Sources/RemoteCapture/RemoteImpl.m normal arm64_32 objective-c com.apple.compilers.llvm.clang.1_0.compiler (in target 'RemoteCapture' from project 'RemotePlugin')
CompileC /Users/admin/builder/spi-builder-workspace/.derivedData/Build/Intermediates.noindex/RemotePlugin.build/Debug-watchos/RemoteCapture-t.build/Objects-normal/arm64/RemoteImpl.o /Users/admin/builder/spi-builder-workspace/Sources/RemoteCapture/RemoteImpl.m normal arm64 objective-c com.apple.compilers.llvm.clang.1_0.compiler (in target 'RemoteCapture' from project 'RemotePlugin')
Building workspace RemotePlugin with scheme RemotePlugin-Package
(3 failures)
BUILD FAILURE 6.4 watchOS