The Swift Package Index logo.Swift Package Index

Build Information

Failed to build NeoBrutalism, reference main (ea0333), with Swift 6.2 for macOS (Xcode) using Xcode 26.3 on 28 Aug 2026 22:36:28 UTC.

Build Command

env DEVELOPER_DIR=/Applications/Xcode-26.3.0.app xcrun xcodebuild -IDEClonedSourcePackagesDirPathOverride=$PWD/.dependencies -skipMacroValidation -skipPackagePluginValidation -derivedDataPath $PWD/.derivedData build -scheme NeoBrutalism -destination platform=macOS,arch=arm64

Build Log

========================================
RunAll
========================================
Builder version: 5.0.2
Interrupt handler set up.
========================================
Checkout
========================================
Clone URL: https://github.com/rational-kunal/NeoBrutalism.git
Reference: main
Initialized empty Git repository in /Users/admin/builder/spi-builder-workspace/.git/
From https://github.com/rational-kunal/NeoBrutalism
 * branch            main       -> FETCH_HEAD
 * [new branch]      main       -> origin/main
HEAD is now at ea0333e docs: add note on AI-assisted development to README (#71)
Cloned https://github.com/rational-kunal/NeoBrutalism.git
Revision (git rev-parse @):
ea0333ed4e4bf7b7709ae339cafb8f8bdef26939
SPI manifest file found: $PWD/.spi.yml
SUCCESS checkout https://github.com/rational-kunal/NeoBrutalism.git at main
========================================
Build
========================================
Selected platform:         macosXcodebuild
Swift version:             6.2
Building package at path:  $PWD
https://github.com/rational-kunal/NeoBrutalism.git
Command line invocation:
    /Applications/Xcode-26.3.0.app/Contents/Developer/usr/bin/xcodebuild -IDEClonedSourcePackagesDirPathOverride=/Users/admin/builder/spi-builder-workspace/.dependencies -resolvePackageDependencies
Resolve Package Graph
Fetching from https://github.com/pointfreeco/swift-snapshot-testing
Fetching from https://github.com/pointfreeco/swift-custom-dump
Fetching from https://github.com/swiftlang/swift-syntax
Fetching from https://github.com/pointfreeco/xctest-dynamic-overlay
Creating working copy of package ‘swift-custom-dump’
Checking out 1.7.3 of package ‘swift-custom-dump’
Creating working copy of package ‘swift-snapshot-testing’
Checking out 1.19.4 of package ‘swift-snapshot-testing’
Creating working copy of package ‘swift-syntax’
Checking out 603.0.2 of package ‘swift-syntax’
Creating working copy of package ‘xctest-dynamic-overlay’
Checking out 1.13.1 of package ‘xctest-dynamic-overlay’
Resolve Package Graph
Resolved source packages:
  xctest-dynamic-overlay: https://github.com/pointfreeco/xctest-dynamic-overlay @ 1.13.1
  swift-snapshot-testing: https://github.com/pointfreeco/swift-snapshot-testing @ 1.19.4
  NeoBrutalism: /Users/admin/builder/spi-builder-workspace
  swift-syntax: https://github.com/swiftlang/swift-syntax @ 603.0.2
  swift-custom-dump: https://github.com/pointfreeco/swift-custom-dump @ 1.7.3
resolved source packages: xctest-dynamic-overlay, swift-snapshot-testing, NeoBrutalism, swift-syntax, swift-custom-dump
2026-08-28 18:35:55.713 xcodebuild[534:3089] [MT] IDERunDestination: Supported platforms for the buildables in the current scheme is empty.
{
  "dependencies" : [
    {
      "identity" : "swift-snapshot-testing",
      "requirement" : {
        "range" : [
          {
            "lower_bound" : "1.18.4",
            "upper_bound" : "2.0.0"
          }
        ]
      },
      "type" : "sourceControl",
      "url" : "https://github.com/pointfreeco/swift-snapshot-testing"
    }
  ],
  "manifest_display_name" : "NeoBrutalism",
  "name" : "NeoBrutalism",
  "path" : "/Users/admin/builder/spi-builder-workspace",
  "platforms" : [
    {
      "name" : "ios",
      "version" : "17.0"
    }
  ],
  "products" : [
    {
      "name" : "NeoBrutalism",
      "targets" : [
        "NeoBrutalism"
      ],
      "type" : {
        "library" : [
          "automatic"
        ]
      }
    }
  ],
  "targets" : [
    {
      "c99name" : "NeoBrutalismTests",
      "module_type" : "SwiftTarget",
      "name" : "NeoBrutalismTests",
      "path" : "Tests/NeoBrutalismTests",
      "product_dependencies" : [
        "SnapshotTesting"
      ],
      "sources" : [
        "AccordionTests.swift",
        "AlertTests.swift",
        "BadgeTests.swift",
        "ButtonTests.swift",
        "CheckboxTests.swift",
        "CollapsableTests.swift",
        "ControlGroupTests.swift",
        "DialogTests.swift",
        "GaugeTests.swift",
        "GroupBoxTests.swift",
        "InputTests.swift",
        "LabelTests.swift",
        "LabeledContentTests.swift",
        "ListTests.swift",
        "MenuTests.swift",
        "NavigationTests.swift",
        "ProgressTests.swift",
        "RadioTests.swift",
        "RootModifierTests.swift",
        "SegmentedPickerTests.swift",
        "SkeletonTests.swift",
        "SliderTests.swift",
        "SnapshotHelper.swift",
        "StepperTests.swift",
        "SwipeActionsTests.swift",
        "SwitchTests.swift",
        "TabViewTests.swift",
        "ThemePresetTests.swift",
        "Unit/APIShapeTests.swift",
        "Unit/BuilderTests.swift",
        "Unit/CornerSetTests.swift",
        "Unit/SliderMathTests.swift"
      ],
      "target_dependencies" : [
        "NeoBrutalism"
      ],
      "type" : "test"
    },
    {
      "c99name" : "NeoBrutalism",
      "module_type" : "SwiftTarget",
      "name" : "NeoBrutalism",
      "path" : "Sources/NeoBrutalism",
      "product_memberships" : [
        "NeoBrutalism"
      ],
      "sources" : [
        "Common/Equatable+.swift",
        "Common/NBBarMeter.swift",
        "Common/NBDisabledEffect.swift",
        "Common/NBOverlayWindow.swift",
        "Common/NBPressEffect.swift",
        "Common/NeoBrutalismBoxModifier.swift",
        "Common/NeoBrutalismModifier.swift",
        "Common/Theme+Presets.swift",
        "Common/Theme.swift",
        "Components/Accordion/Accordion.swift",
        "Components/Accordion/AccordionDisclosureGroupStyle.swift",
        "Components/Alert.swift",
        "Components/Badge.swift",
        "Components/Button.swift",
        "Components/Checkbox/Checkbox.swift",
        "Components/Checkbox/CheckboxShape.swift",
        "Components/Collapsable.swift",
        "Components/ControlGroup/ControlGroupStyle.swift",
        "Components/Dialog.swift",
        "Components/Drawer.swift",
        "Components/Gauge/GaugeStyle.swift",
        "Components/GroupBox/GroupBoxStyle.swift",
        "Components/Input.swift",
        "Components/Label/LabelStyle.swift",
        "Components/LabeledContent/LabeledContentStyle.swift",
        "Components/List/ListModifiers.swift",
        "Components/Menu/MenuStyle.swift",
        "Components/Menu/NBMenu.swift",
        "Components/Navigation/NavigationModifiers.swift",
        "Components/Progress.swift",
        "Components/Radio/Radio.swift",
        "Components/Radio/RadioIndicator.swift",
        "Components/Radio/RadioItem.swift",
        "Components/Radio/RadioStyle.swift",
        "Components/SegmentedPicker/NBSegmentedPicker.swift",
        "Components/Skeleton/RoundSkeleton.swift",
        "Components/Skeleton/SkeletonModifier.swift",
        "Components/Skeleton/SkeletonPulse.swift",
        "Components/Skeleton/TextSkeleton.swift",
        "Components/Slider.swift",
        "Components/Stepper/NBStepper.swift",
        "Components/SwipeActions/NBSwipeActions.swift",
        "Components/Switch/Switch.swift",
        "Components/Tabs/NBTabView.swift",
        "Internal/NeoBrutalismPreviewHelper.swift"
      ],
      "type" : "library"
    }
  ],
  "tools_version" : "6.0"
}
{
  "workspace" : {
    "name" : "spi-builder-workspace",
    "schemes" : [
      "NeoBrutalism"
    ]
  }
}
2026-08-28 18:36:14.185 xcodebuild[876:5187] [MT] IDERunDestination: Supported platforms for the buildables in the current scheme is empty.
Running build ...
env DEVELOPER_DIR=/Applications/Xcode-26.3.0.app xcrun xcodebuild -IDEClonedSourcePackagesDirPathOverride=$PWD/.dependencies -skipMacroValidation -skipPackagePluginValidation -derivedDataPath $PWD/.derivedData build -scheme NeoBrutalism -destination platform=macOS,arch=arm64
Command line invocation:
    /Applications/Xcode-26.3.0.app/Contents/Developer/usr/bin/xcodebuild -IDEClonedSourcePackagesDirPathOverride=/Users/admin/builder/spi-builder-workspace/.dependencies -skipMacroValidation -skipPackagePluginValidation -derivedDataPath /Users/admin/builder/spi-builder-workspace/.derivedData build -scheme NeoBrutalism -destination platform=macOS,arch=arm64
Resolve Package Graph
Resolve Package Graph
Resolved source packages:
  swift-syntax: https://github.com/swiftlang/swift-syntax @ 603.0.2
  swift-custom-dump: https://github.com/pointfreeco/swift-custom-dump @ 1.7.3
  xctest-dynamic-overlay: https://github.com/pointfreeco/xctest-dynamic-overlay @ 1.13.1
  swift-snapshot-testing: https://github.com/pointfreeco/swift-snapshot-testing @ 1.19.4
  NeoBrutalism: /Users/admin/builder/spi-builder-workspace
ComputePackagePrebuildTargetDependencyGraph
Prepare packages
CreateBuildRequest
SendProjectDescription
CreateBuildOperation
ComputeTargetDependencyGraph
note: Building targets in dependency order
note: Target dependency graph (2 targets)
    Target 'NeoBrutalism' in project 'NeoBrutalism'
        ➜ Explicit dependency on target 'NeoBrutalism' in project 'NeoBrutalism'
    Target 'NeoBrutalism' in project 'NeoBrutalism' (no dependencies)
GatherProvisioningInputs
CreateBuildDescription
ExecuteExternalTool /Applications/Xcode-26.3.0.app/Contents/Developer/Toolchains/XcodeDefault.xctoolchain/usr/bin/clang -v -E -dM -isysroot /Applications/Xcode-26.3.0.app/Contents/Developer/Platforms/MacOSX.platform/Developer/SDKs/MacOSX26.2.sdk -x c -c /dev/null
ExecuteExternalTool /Applications/Xcode-26.3.0.app/Contents/Developer/Toolchains/XcodeDefault.xctoolchain/usr/bin/swiftc --version
ExecuteExternalTool /Applications/Xcode-26.3.0.app/Contents/Developer/Toolchains/XcodeDefault.xctoolchain/usr/bin/ld -version_details
ReadFileContents /Applications/Xcode-26.3.0.app/Contents/Developer/Toolchains/XcodeDefault.xctoolchain/usr/share/docc/features.json
Build description signature: 6a035203c591408b4190820a727b3ae9
Build description path: /Users/admin/builder/spi-builder-workspace/.derivedData/Build/Intermediates.noindex/XCBuildData/6a035203c591408b4190820a727b3ae9.xcbuilddata
ClangStatCache /Applications/Xcode-26.3.0.app/Contents/Developer/Toolchains/XcodeDefault.xctoolchain/usr/bin/clang-stat-cache /Applications/Xcode-26.3.0.app/Contents/Developer/Platforms/MacOSX.platform/Developer/SDKs/MacOSX26.2.sdk /Users/admin/builder/spi-builder-workspace/.derivedData/SDKStatCaches.noindex/macosx26.2-25C58-dc75598d0054f22ec865fa860f139d726b10091eae1b9012e514a50b0de53ce7.sdkstatcache
    cd /Users/admin/builder/spi-builder-workspace/.swiftpm/xcode
    /Applications/Xcode-26.3.0.app/Contents/Developer/Toolchains/XcodeDefault.xctoolchain/usr/bin/clang-stat-cache /Applications/Xcode-26.3.0.app/Contents/Developer/Platforms/MacOSX.platform/Developer/SDKs/MacOSX26.2.sdk -o /Users/admin/builder/spi-builder-workspace/.derivedData/SDKStatCaches.noindex/macosx26.2-25C58-dc75598d0054f22ec865fa860f139d726b10091eae1b9012e514a50b0de53ce7.sdkstatcache
CreateBuildDirectory /Users/admin/builder/spi-builder-workspace/.derivedData/Build/Products
    cd /Users/admin/builder/spi-builder-workspace/.swiftpm/xcode
    builtin-create-build-directory /Users/admin/builder/spi-builder-workspace/.derivedData/Build/Products
CreateBuildDirectory /Users/admin/builder/spi-builder-workspace/.derivedData/Build/Intermediates.noindex
    cd /Users/admin/builder/spi-builder-workspace/.swiftpm/xcode
    builtin-create-build-directory /Users/admin/builder/spi-builder-workspace/.derivedData/Build/Intermediates.noindex
CreateBuildDirectory /Users/admin/builder/spi-builder-workspace/.derivedData/Build/Intermediates.noindex/ExplicitPrecompiledModules
    cd /Users/admin/builder/spi-builder-workspace/.swiftpm/xcode
    builtin-create-build-directory /Users/admin/builder/spi-builder-workspace/.derivedData/Build/Intermediates.noindex/ExplicitPrecompiledModules
CreateBuildDirectory /Users/admin/builder/spi-builder-workspace/.derivedData/Build/Intermediates.noindex/SwiftExplicitPrecompiledModules
    cd /Users/admin/builder/spi-builder-workspace/.swiftpm/xcode
    builtin-create-build-directory /Users/admin/builder/spi-builder-workspace/.derivedData/Build/Intermediates.noindex/SwiftExplicitPrecompiledModules
CreateBuildDirectory /Users/admin/builder/spi-builder-workspace/.derivedData/Build/Intermediates.noindex/EagerLinkingTBDs/Debug
    cd /Users/admin/builder/spi-builder-workspace/.swiftpm/xcode
    builtin-create-build-directory /Users/admin/builder/spi-builder-workspace/.derivedData/Build/Intermediates.noindex/EagerLinkingTBDs/Debug
CreateBuildDirectory /Users/admin/builder/spi-builder-workspace/.derivedData/Build/Products/Debug
    cd /Users/admin/builder/spi-builder-workspace/.swiftpm/xcode
    builtin-create-build-directory /Users/admin/builder/spi-builder-workspace/.derivedData/Build/Products/Debug
CreateBuildDirectory /Users/admin/builder/spi-builder-workspace/.derivedData/Build/Products/Debug/PackageFrameworks
    cd /Users/admin/builder/spi-builder-workspace/.swiftpm/xcode
    builtin-create-build-directory /Users/admin/builder/spi-builder-workspace/.derivedData/Build/Products/Debug/PackageFrameworks
WriteAuxiliaryFile /Users/admin/builder/spi-builder-workspace/.derivedData/Build/Intermediates.noindex/NeoBrutalism.build/Debug/NeoBrutalism.build/NeoBrutalism.DependencyMetadataFileList (in target 'NeoBrutalism' from project 'NeoBrutalism')
    cd /Users/admin/builder/spi-builder-workspace
    write-file /Users/admin/builder/spi-builder-workspace/.derivedData/Build/Intermediates.noindex/NeoBrutalism.build/Debug/NeoBrutalism.build/NeoBrutalism.DependencyMetadataFileList
WriteAuxiliaryFile /Users/admin/builder/spi-builder-workspace/.derivedData/Build/Intermediates.noindex/NeoBrutalism.build/Debug/NeoBrutalism.build/NeoBrutalism.DependencyStaticMetadataFileList (in target 'NeoBrutalism' from project 'NeoBrutalism')
    cd /Users/admin/builder/spi-builder-workspace
    write-file /Users/admin/builder/spi-builder-workspace/.derivedData/Build/Intermediates.noindex/NeoBrutalism.build/Debug/NeoBrutalism.build/NeoBrutalism.DependencyStaticMetadataFileList
WriteAuxiliaryFile /Users/admin/builder/spi-builder-workspace/.derivedData/Build/Intermediates.noindex/NeoBrutalism.build/Debug/NeoBrutalism.build/NeoBrutalism.modulemap (in target 'NeoBrutalism' from project 'NeoBrutalism')
    cd /Users/admin/builder/spi-builder-workspace
    write-file /Users/admin/builder/spi-builder-workspace/.derivedData/Build/Intermediates.noindex/NeoBrutalism.build/Debug/NeoBrutalism.build/NeoBrutalism.modulemap
WriteAuxiliaryFile /Users/admin/builder/spi-builder-workspace/.derivedData/Build/Intermediates.noindex/NeoBrutalism.build/Debug/NeoBrutalism.build/Objects-normal/arm64/NeoBrutalism.SwiftConstValuesFileList (in target 'NeoBrutalism' from project 'NeoBrutalism')
    cd /Users/admin/builder/spi-builder-workspace
    write-file /Users/admin/builder/spi-builder-workspace/.derivedData/Build/Intermediates.noindex/NeoBrutalism.build/Debug/NeoBrutalism.build/Objects-normal/arm64/NeoBrutalism.SwiftConstValuesFileList
WriteAuxiliaryFile /Users/admin/builder/spi-builder-workspace/.derivedData/Build/Intermediates.noindex/NeoBrutalism.build/Debug/NeoBrutalism.build/Objects-normal/arm64/NeoBrutalism.SwiftFileList (in target 'NeoBrutalism' from project 'NeoBrutalism')
    cd /Users/admin/builder/spi-builder-workspace
    write-file /Users/admin/builder/spi-builder-workspace/.derivedData/Build/Intermediates.noindex/NeoBrutalism.build/Debug/NeoBrutalism.build/Objects-normal/arm64/NeoBrutalism.SwiftFileList
WriteAuxiliaryFile /Users/admin/builder/spi-builder-workspace/.derivedData/Build/Intermediates.noindex/NeoBrutalism.build/Debug/NeoBrutalism.build/Objects-normal/arm64/NeoBrutalism-OutputFileMap.json (in target 'NeoBrutalism' from project 'NeoBrutalism')
    cd /Users/admin/builder/spi-builder-workspace
    write-file /Users/admin/builder/spi-builder-workspace/.derivedData/Build/Intermediates.noindex/NeoBrutalism.build/Debug/NeoBrutalism.build/Objects-normal/arm64/NeoBrutalism-OutputFileMap.json
WriteAuxiliaryFile /Users/admin/builder/spi-builder-workspace/.derivedData/Build/Intermediates.noindex/NeoBrutalism.build/Debug/NeoBrutalism.build/Objects-normal/arm64/NeoBrutalism.LinkFileList (in target 'NeoBrutalism' from project 'NeoBrutalism')
    cd /Users/admin/builder/spi-builder-workspace
    write-file /Users/admin/builder/spi-builder-workspace/.derivedData/Build/Intermediates.noindex/NeoBrutalism.build/Debug/NeoBrutalism.build/Objects-normal/arm64/NeoBrutalism.LinkFileList
WriteAuxiliaryFile /Users/admin/builder/spi-builder-workspace/.derivedData/Build/Intermediates.noindex/NeoBrutalism.build/Debug/NeoBrutalism.build/Objects-normal/arm64/NeoBrutalism_const_extract_protocols.json (in target 'NeoBrutalism' from project 'NeoBrutalism')
    cd /Users/admin/builder/spi-builder-workspace
    write-file /Users/admin/builder/spi-builder-workspace/.derivedData/Build/Intermediates.noindex/NeoBrutalism.build/Debug/NeoBrutalism.build/Objects-normal/arm64/NeoBrutalism_const_extract_protocols.json
Copy /Users/admin/builder/spi-builder-workspace/.derivedData/Build/Intermediates.noindex/GeneratedModuleMaps/NeoBrutalism.modulemap /Users/admin/builder/spi-builder-workspace/.derivedData/Build/Intermediates.noindex/NeoBrutalism.build/Debug/NeoBrutalism.build/NeoBrutalism.modulemap (in target 'NeoBrutalism' from project 'NeoBrutalism')
    cd /Users/admin/builder/spi-builder-workspace
    builtin-copy -exclude .DS_Store -exclude CVS -exclude .svn -exclude .git -exclude .hg -resolve-src-symlinks /Users/admin/builder/spi-builder-workspace/.derivedData/Build/Intermediates.noindex/NeoBrutalism.build/Debug/NeoBrutalism.build/NeoBrutalism.modulemap /Users/admin/builder/spi-builder-workspace/.derivedData/Build/Intermediates.noindex/GeneratedModuleMaps
SwiftDriver NeoBrutalism normal arm64 com.apple.xcode.tools.swift.compiler (in target 'NeoBrutalism' from project 'NeoBrutalism')
    cd /Users/admin/builder/spi-builder-workspace/.swiftpm/xcode
    builtin-SwiftDriver -- /Applications/Xcode-26.3.0.app/Contents/Developer/Toolchains/XcodeDefault.xctoolchain/usr/bin/swiftc -module-name NeoBrutalism -Onone -enforce-exclusivity\=checked @/Users/admin/builder/spi-builder-workspace/.derivedData/Build/Intermediates.noindex/NeoBrutalism.build/Debug/NeoBrutalism.build/Objects-normal/arm64/NeoBrutalism.SwiftFileList -DSWIFT_PACKAGE -DDEBUG -DSWIFT_MODULE_RESOURCE_BUNDLE_UNAVAILABLE -DXcode -plugin-path /Applications/Xcode-26.3.0.app/Contents/Developer/Toolchains/XcodeDefault.xctoolchain/usr/lib/swift/host/plugins/testing -enable-experimental-feature DebugDescriptionMacro -sdk /Applications/Xcode-26.3.0.app/Contents/Developer/Platforms/MacOSX.platform/Developer/SDKs/MacOSX26.2.sdk -target arm64-apple-macos10.13 -g -module-cache-path /Users/admin/builder/spi-builder-workspace/.derivedData/ModuleCache.noindex -Xfrontend -serialize-debugging-options -profile-coverage-mapping -profile-generate -enable-testing -index-store-path /Users/admin/builder/spi-builder-workspace/.derivedData/Index.noindex/DataStore -Xcc -D_LIBCPP_HARDENING_MODE\=_LIBCPP_HARDENING_MODE_DEBUG -swift-version 6 -I /Users/admin/builder/spi-builder-workspace/.derivedData/Build/Products/Debug -Isystem /Applications/Xcode-26.3.0.app/Contents/Developer/Platforms/MacOSX.platform/Developer/usr/lib -F /Users/admin/builder/spi-builder-workspace/.derivedData/Build/Products/Debug -F /Applications/Xcode-26.3.0.app/Contents/Developer/Platforms/MacOSX.platform/Developer/Library/Frameworks -c -j10 -enable-batch-mode -incremental -Xcc -ivfsstatcache -Xcc /Users/admin/builder/spi-builder-workspace/.derivedData/SDKStatCaches.noindex/macosx26.2-25C58-dc75598d0054f22ec865fa860f139d726b10091eae1b9012e514a50b0de53ce7.sdkstatcache -output-file-map /Users/admin/builder/spi-builder-workspace/.derivedData/Build/Intermediates.noindex/NeoBrutalism.build/Debug/NeoBrutalism.build/Objects-normal/arm64/NeoBrutalism-OutputFileMap.json -use-frontend-parseable-output -save-temps -no-color-diagnostics -explicit-module-build -module-cache-path /Users/admin/builder/spi-builder-workspace/.derivedData/Build/Intermediates.noindex/SwiftExplicitPrecompiledModules -clang-scanner-module-cache-path /Users/admin/builder/spi-builder-workspace/.derivedData/ModuleCache.noindex -sdk-module-cache-path /Users/admin/builder/spi-builder-workspace/.derivedData/ModuleCache.noindex -serialize-diagnostics -emit-dependencies -emit-module -emit-module-path /Users/admin/builder/spi-builder-workspace/.derivedData/Build/Intermediates.noindex/NeoBrutalism.build/Debug/NeoBrutalism.build/Objects-normal/arm64/NeoBrutalism.swiftmodule -validate-clang-modules-once -clang-build-session-file /Users/admin/builder/spi-builder-workspace/.derivedData/ModuleCache.noindex/Session.modulevalidation -package-name spi_builder_workspace -Xcc -I/Users/admin/builder/spi-builder-workspace/.derivedData/Build/Intermediates.noindex/NeoBrutalism.build/Debug/NeoBrutalism.build/swift-overrides.hmap -emit-const-values -Xfrontend -const-gather-protocols-file -Xfrontend /Users/admin/builder/spi-builder-workspace/.derivedData/Build/Intermediates.noindex/NeoBrutalism.build/Debug/NeoBrutalism.build/Objects-normal/arm64/NeoBrutalism_const_extract_protocols.json -Xcc -I/Users/admin/builder/spi-builder-workspace/.derivedData/Build/Products/Debug/include -Xcc -I/Users/admin/builder/spi-builder-workspace/.derivedData/Build/Intermediates.noindex/NeoBrutalism.build/Debug/NeoBrutalism.build/DerivedSources-normal/arm64 -Xcc -I/Users/admin/builder/spi-builder-workspace/.derivedData/Build/Intermediates.noindex/NeoBrutalism.build/Debug/NeoBrutalism.build/DerivedSources/arm64 -Xcc -I/Users/admin/builder/spi-builder-workspace/.derivedData/Build/Intermediates.noindex/NeoBrutalism.build/Debug/NeoBrutalism.build/DerivedSources -Xcc -DSWIFT_PACKAGE -Xcc -DDEBUG\=1 -emit-objc-header -emit-objc-header-path /Users/admin/builder/spi-builder-workspace/.derivedData/Build/Intermediates.noindex/NeoBrutalism.build/Debug/NeoBrutalism.build/Objects-normal/arm64/NeoBrutalism-Swift.h -working-directory /Users/admin/builder/spi-builder-workspace/.swiftpm/xcode -experimental-emit-module-separately -disable-cmo
/Users/admin/builder/spi-builder-workspace/Sources/NeoBrutalism/Common/NBOverlayWindow.swift:2:8: error: Unable to find module dependency: 'UIKit'
import UIKit
       ^ (in target 'NeoBrutalism' from project 'NeoBrutalism')
/Users/admin/builder/spi-builder-workspace/Sources/NeoBrutalism/Common/NBOverlayWindow.swift:2:8: note: A dependency of main module 'NeoBrutalism'
import UIKit
       ^ (in target 'NeoBrutalism' from project 'NeoBrutalism')
2026-08-28 18:36:18.132 xcodebuild[890:5277] [MT] IDERunDestination: Supported platforms for the buildables in the current scheme is empty.
--- xcodebuild: WARNING: Using the first of multiple matching destinations:
{ platform:macOS, arch:arm64, id:75a43284d91f9f48541fdb5f92a5ac1ed1ea3d0f, name:My Mac }
{ platform:macOS, arch:arm64, variant:Mac Catalyst, id:75a43284d91f9f48541fdb5f92a5ac1ed1ea3d0f, name:My Mac }
{ platform:macOS, arch:arm64, variant:DriverKit, id:75a43284d91f9f48541fdb5f92a5ac1ed1ea3d0f, name:My Mac }
{ platform:macOS, arch:arm64, variant:Designed for [iPad,iPhone], id:75a43284d91f9f48541fdb5f92a5ac1ed1ea3d0f, name:My Mac }
/Users/admin/builder/spi-builder-workspace/Sources/NeoBrutalism/Common/NBOverlayWindow.swift:2:8: error: Unable to find module dependency: 'UIKit'
import UIKit
       ^
/Users/admin/builder/spi-builder-workspace/Sources/NeoBrutalism/Common/NBOverlayWindow.swift:2:8: note: a dependency of main module 'NeoBrutalism'
import UIKit
       ^
** BUILD FAILED **
The following build commands failed:
	SwiftDriver NeoBrutalism normal arm64 com.apple.xcode.tools.swift.compiler (in target 'NeoBrutalism' from project 'NeoBrutalism')
	Building workspace spi-builder-workspace with scheme NeoBrutalism
(2 failures)
Command line invocation:
    /Applications/Xcode-26.3.0.app/Contents/Developer/usr/bin/xcodebuild -IDEClonedSourcePackagesDirPathOverride=/Users/admin/builder/spi-builder-workspace/.dependencies -resolvePackageDependencies
Resolve Package Graph
Resolved source packages:
  NeoBrutalism: /Users/admin/builder/spi-builder-workspace
  xctest-dynamic-overlay: https://github.com/pointfreeco/xctest-dynamic-overlay @ 1.13.1
  swift-snapshot-testing: https://github.com/pointfreeco/swift-snapshot-testing @ 1.19.4
  swift-custom-dump: https://github.com/pointfreeco/swift-custom-dump @ 1.7.3
  swift-syntax: https://github.com/swiftlang/swift-syntax @ 603.0.2
resolved source packages: NeoBrutalism, xctest-dynamic-overlay, swift-snapshot-testing, swift-custom-dump, swift-syntax
2026-08-28 18:36:25.270 xcodebuild[962:5744] [MT] IDERunDestination: Supported platforms for the buildables in the current scheme is empty.
{
  "dependencies" : [
    {
      "identity" : "swift-snapshot-testing",
      "requirement" : {
        "range" : [
          {
            "lower_bound" : "1.18.4",
            "upper_bound" : "2.0.0"
          }
        ]
      },
      "type" : "sourceControl",
      "url" : "https://github.com/pointfreeco/swift-snapshot-testing"
    }
  ],
  "manifest_display_name" : "NeoBrutalism",
  "name" : "NeoBrutalism",
  "path" : "/Users/admin/builder/spi-builder-workspace",
  "platforms" : [
    {
      "name" : "ios",
      "version" : "17.0"
    }
  ],
  "products" : [
    {
      "name" : "NeoBrutalism",
      "targets" : [
        "NeoBrutalism"
      ],
      "type" : {
        "library" : [
          "automatic"
        ]
      }
    }
  ],
  "targets" : [
    {
      "c99name" : "NeoBrutalismTests",
      "module_type" : "SwiftTarget",
      "name" : "NeoBrutalismTests",
      "path" : "Tests/NeoBrutalismTests",
      "product_dependencies" : [
        "SnapshotTesting"
      ],
      "sources" : [
        "AccordionTests.swift",
        "AlertTests.swift",
        "BadgeTests.swift",
        "ButtonTests.swift",
        "CheckboxTests.swift",
        "CollapsableTests.swift",
        "ControlGroupTests.swift",
        "DialogTests.swift",
        "GaugeTests.swift",
        "GroupBoxTests.swift",
        "InputTests.swift",
        "LabelTests.swift",
        "LabeledContentTests.swift",
        "ListTests.swift",
        "MenuTests.swift",
        "NavigationTests.swift",
        "ProgressTests.swift",
        "RadioTests.swift",
        "RootModifierTests.swift",
        "SegmentedPickerTests.swift",
        "SkeletonTests.swift",
        "SliderTests.swift",
        "SnapshotHelper.swift",
        "StepperTests.swift",
        "SwipeActionsTests.swift",
        "SwitchTests.swift",
        "TabViewTests.swift",
        "ThemePresetTests.swift",
        "Unit/APIShapeTests.swift",
        "Unit/BuilderTests.swift",
        "Unit/CornerSetTests.swift",
        "Unit/SliderMathTests.swift"
      ],
      "target_dependencies" : [
        "NeoBrutalism"
      ],
      "type" : "test"
    },
    {
      "c99name" : "NeoBrutalism",
      "module_type" : "SwiftTarget",
      "name" : "NeoBrutalism",
      "path" : "Sources/NeoBrutalism",
      "product_memberships" : [
        "NeoBrutalism"
      ],
      "sources" : [
        "Common/Equatable+.swift",
        "Common/NBBarMeter.swift",
        "Common/NBDisabledEffect.swift",
        "Common/NBOverlayWindow.swift",
        "Common/NBPressEffect.swift",
        "Common/NeoBrutalismBoxModifier.swift",
        "Common/NeoBrutalismModifier.swift",
        "Common/Theme+Presets.swift",
        "Common/Theme.swift",
        "Components/Accordion/Accordion.swift",
        "Components/Accordion/AccordionDisclosureGroupStyle.swift",
        "Components/Alert.swift",
        "Components/Badge.swift",
        "Components/Button.swift",
        "Components/Checkbox/Checkbox.swift",
        "Components/Checkbox/CheckboxShape.swift",
        "Components/Collapsable.swift",
        "Components/ControlGroup/ControlGroupStyle.swift",
        "Components/Dialog.swift",
        "Components/Drawer.swift",
        "Components/Gauge/GaugeStyle.swift",
        "Components/GroupBox/GroupBoxStyle.swift",
        "Components/Input.swift",
        "Components/Label/LabelStyle.swift",
        "Components/LabeledContent/LabeledContentStyle.swift",
        "Components/List/ListModifiers.swift",
        "Components/Menu/MenuStyle.swift",
        "Components/Menu/NBMenu.swift",
        "Components/Navigation/NavigationModifiers.swift",
        "Components/Progress.swift",
        "Components/Radio/Radio.swift",
        "Components/Radio/RadioIndicator.swift",
        "Components/Radio/RadioItem.swift",
        "Components/Radio/RadioStyle.swift",
        "Components/SegmentedPicker/NBSegmentedPicker.swift",
        "Components/Skeleton/RoundSkeleton.swift",
        "Components/Skeleton/SkeletonModifier.swift",
        "Components/Skeleton/SkeletonPulse.swift",
        "Components/Skeleton/TextSkeleton.swift",
        "Components/Slider.swift",
        "Components/Stepper/NBStepper.swift",
        "Components/SwipeActions/NBSwipeActions.swift",
        "Components/Switch/Switch.swift",
        "Components/Tabs/NBTabView.swift",
        "Internal/NeoBrutalismPreviewHelper.swift"
      ],
      "type" : "library"
    }
  ],
  "tools_version" : "6.0"
}
{
  "workspace" : {
    "name" : "spi-builder-workspace",
    "schemes" : [
      "NeoBrutalism"
    ]
  }
}
2026-08-28 18:36:26.731 xcodebuild[982:5857] [MT] IDERunDestination: Supported platforms for the buildables in the current scheme is empty.
Running build ...
env DEVELOPER_DIR=/Applications/Xcode-26.3.0.app xcrun xcodebuild -IDEClonedSourcePackagesDirPathOverride=$PWD/.dependencies -skipMacroValidation -skipPackagePluginValidation -derivedDataPath $PWD/.derivedData build -scheme NeoBrutalism -destination platform=macOS,arch=arm64
Command line invocation:
    /Applications/Xcode-26.3.0.app/Contents/Developer/usr/bin/xcodebuild -IDEClonedSourcePackagesDirPathOverride=/Users/admin/builder/spi-builder-workspace/.dependencies -skipMacroValidation -skipPackagePluginValidation -derivedDataPath /Users/admin/builder/spi-builder-workspace/.derivedData build -scheme NeoBrutalism -destination platform=macOS,arch=arm64
Resolve Package Graph
Resolved source packages:
  NeoBrutalism: /Users/admin/builder/spi-builder-workspace
  swift-snapshot-testing: https://github.com/pointfreeco/swift-snapshot-testing @ 1.19.4
  swift-custom-dump: https://github.com/pointfreeco/swift-custom-dump @ 1.7.3
  swift-syntax: https://github.com/swiftlang/swift-syntax @ 603.0.2
  xctest-dynamic-overlay: https://github.com/pointfreeco/xctest-dynamic-overlay @ 1.13.1
ComputePackagePrebuildTargetDependencyGraph
Prepare packages
CreateBuildRequest
SendProjectDescription
CreateBuildOperation
ComputeTargetDependencyGraph
note: Building targets in dependency order
note: Target dependency graph (2 targets)
    Target 'NeoBrutalism' in project 'NeoBrutalism'
        ➜ Explicit dependency on target 'NeoBrutalism' in project 'NeoBrutalism'
    Target 'NeoBrutalism' in project 'NeoBrutalism' (no dependencies)
GatherProvisioningInputs
CreateBuildDescription
ClangStatCache /Applications/Xcode-26.3.0.app/Contents/Developer/Toolchains/XcodeDefault.xctoolchain/usr/bin/clang-stat-cache /Applications/Xcode-26.3.0.app/Contents/Developer/Platforms/MacOSX.platform/Developer/SDKs/MacOSX26.2.sdk /Users/admin/builder/spi-builder-workspace/.derivedData/SDKStatCaches.noindex/macosx26.2-25C58-dc75598d0054f22ec865fa860f139d726b10091eae1b9012e514a50b0de53ce7.sdkstatcache
    cd /Users/admin/builder/spi-builder-workspace/.swiftpm/xcode
    /Applications/Xcode-26.3.0.app/Contents/Developer/Toolchains/XcodeDefault.xctoolchain/usr/bin/clang-stat-cache /Applications/Xcode-26.3.0.app/Contents/Developer/Platforms/MacOSX.platform/Developer/SDKs/MacOSX26.2.sdk -o /Users/admin/builder/spi-builder-workspace/.derivedData/SDKStatCaches.noindex/macosx26.2-25C58-dc75598d0054f22ec865fa860f139d726b10091eae1b9012e514a50b0de53ce7.sdkstatcache
SwiftDriver NeoBrutalism normal arm64 com.apple.xcode.tools.swift.compiler (in target 'NeoBrutalism' from project 'NeoBrutalism')
    cd /Users/admin/builder/spi-builder-workspace/.swiftpm/xcode
    builtin-SwiftDriver -- /Applications/Xcode-26.3.0.app/Contents/Developer/Toolchains/XcodeDefault.xctoolchain/usr/bin/swiftc -module-name NeoBrutalism -Onone -enforce-exclusivity\=checked @/Users/admin/builder/spi-builder-workspace/.derivedData/Build/Intermediates.noindex/NeoBrutalism.build/Debug/NeoBrutalism.build/Objects-normal/arm64/NeoBrutalism.SwiftFileList -DSWIFT_PACKAGE -DDEBUG -DSWIFT_MODULE_RESOURCE_BUNDLE_UNAVAILABLE -DXcode -plugin-path /Applications/Xcode-26.3.0.app/Contents/Developer/Toolchains/XcodeDefault.xctoolchain/usr/lib/swift/host/plugins/testing -enable-experimental-feature DebugDescriptionMacro -sdk /Applications/Xcode-26.3.0.app/Contents/Developer/Platforms/MacOSX.platform/Developer/SDKs/MacOSX26.2.sdk -target arm64-apple-macos10.13 -g -module-cache-path /Users/admin/builder/spi-builder-workspace/.derivedData/ModuleCache.noindex -Xfrontend -serialize-debugging-options -profile-coverage-mapping -profile-generate -enable-testing -index-store-path /Users/admin/builder/spi-builder-workspace/.derivedData/Index.noindex/DataStore -Xcc -D_LIBCPP_HARDENING_MODE\=_LIBCPP_HARDENING_MODE_DEBUG -swift-version 6 -I /Users/admin/builder/spi-builder-workspace/.derivedData/Build/Products/Debug -Isystem /Applications/Xcode-26.3.0.app/Contents/Developer/Platforms/MacOSX.platform/Developer/usr/lib -F /Users/admin/builder/spi-builder-workspace/.derivedData/Build/Products/Debug -F /Applications/Xcode-26.3.0.app/Contents/Developer/Platforms/MacOSX.platform/Developer/Library/Frameworks -c -j10 -enable-batch-mode -incremental -Xcc -ivfsstatcache -Xcc /Users/admin/builder/spi-builder-workspace/.derivedData/SDKStatCaches.noindex/macosx26.2-25C58-dc75598d0054f22ec865fa860f139d726b10091eae1b9012e514a50b0de53ce7.sdkstatcache -output-file-map /Users/admin/builder/spi-builder-workspace/.derivedData/Build/Intermediates.noindex/NeoBrutalism.build/Debug/NeoBrutalism.build/Objects-normal/arm64/NeoBrutalism-OutputFileMap.json -use-frontend-parseable-output -save-temps -no-color-diagnostics -explicit-module-build -module-cache-path /Users/admin/builder/spi-builder-workspace/.derivedData/Build/Intermediates.noindex/SwiftExplicitPrecompiledModules -clang-scanner-module-cache-path /Users/admin/builder/spi-builder-workspace/.derivedData/ModuleCache.noindex -sdk-module-cache-path /Users/admin/builder/spi-builder-workspace/.derivedData/ModuleCache.noindex -serialize-diagnostics -emit-dependencies -emit-module -emit-module-path /Users/admin/builder/spi-builder-workspace/.derivedData/Build/Intermediates.noindex/NeoBrutalism.build/Debug/NeoBrutalism.build/Objects-normal/arm64/NeoBrutalism.swiftmodule -validate-clang-modules-once -clang-build-session-file /Users/admin/builder/spi-builder-workspace/.derivedData/ModuleCache.noindex/Session.modulevalidation -package-name spi_builder_workspace -Xcc -I/Users/admin/builder/spi-builder-workspace/.derivedData/Build/Intermediates.noindex/NeoBrutalism.build/Debug/NeoBrutalism.build/swift-overrides.hmap -emit-const-values -Xfrontend -const-gather-protocols-file -Xfrontend /Users/admin/builder/spi-builder-workspace/.derivedData/Build/Intermediates.noindex/NeoBrutalism.build/Debug/NeoBrutalism.build/Objects-normal/arm64/NeoBrutalism_const_extract_protocols.json -Xcc -I/Users/admin/builder/spi-builder-workspace/.derivedData/Build/Products/Debug/include -Xcc -I/Users/admin/builder/spi-builder-workspace/.derivedData/Build/Intermediates.noindex/NeoBrutalism.build/Debug/NeoBrutalism.build/DerivedSources-normal/arm64 -Xcc -I/Users/admin/builder/spi-builder-workspace/.derivedData/Build/Intermediates.noindex/NeoBrutalism.build/Debug/NeoBrutalism.build/DerivedSources/arm64 -Xcc -I/Users/admin/builder/spi-builder-workspace/.derivedData/Build/Intermediates.noindex/NeoBrutalism.build/Debug/NeoBrutalism.build/DerivedSources -Xcc -DSWIFT_PACKAGE -Xcc -DDEBUG\=1 -emit-objc-header -emit-objc-header-path /Users/admin/builder/spi-builder-workspace/.derivedData/Build/Intermediates.noindex/NeoBrutalism.build/Debug/NeoBrutalism.build/Objects-normal/arm64/NeoBrutalism-Swift.h -working-directory /Users/admin/builder/spi-builder-workspace/.swiftpm/xcode -experimental-emit-module-separately -disable-cmo
/Users/admin/builder/spi-builder-workspace/Sources/NeoBrutalism/Common/NBOverlayWindow.swift:2:8: error: Unable to find module dependency: 'UIKit'
import UIKit
       ^ (in target 'NeoBrutalism' from project 'NeoBrutalism')
/Users/admin/builder/spi-builder-workspace/Sources/NeoBrutalism/Common/NBOverlayWindow.swift:2:8: note: A dependency of main module 'NeoBrutalism'
import UIKit
       ^ (in target 'NeoBrutalism' from project 'NeoBrutalism')
2026-08-28 18:36:27.926 xcodebuild[996:5925] [MT] IDERunDestination: Supported platforms for the buildables in the current scheme is empty.
--- xcodebuild: WARNING: Using the first of multiple matching destinations:
{ platform:macOS, arch:arm64, id:75a43284d91f9f48541fdb5f92a5ac1ed1ea3d0f, name:My Mac }
{ platform:macOS, arch:arm64, variant:Mac Catalyst, id:75a43284d91f9f48541fdb5f92a5ac1ed1ea3d0f, name:My Mac }
{ platform:macOS, arch:arm64, variant:DriverKit, id:75a43284d91f9f48541fdb5f92a5ac1ed1ea3d0f, name:My Mac }
{ platform:macOS, arch:arm64, variant:Designed for [iPad,iPhone], id:75a43284d91f9f48541fdb5f92a5ac1ed1ea3d0f, name:My Mac }
/Users/admin/builder/spi-builder-workspace/Sources/NeoBrutalism/Common/NBOverlayWindow.swift:2:8: error: Unable to find module dependency: 'UIKit'
import UIKit
       ^
/Users/admin/builder/spi-builder-workspace/Sources/NeoBrutalism/Common/NBOverlayWindow.swift:2:8: note: a dependency of main module 'NeoBrutalism'
import UIKit
       ^
** BUILD FAILED **
The following build commands failed:
	SwiftDriver NeoBrutalism normal arm64 com.apple.xcode.tools.swift.compiler (in target 'NeoBrutalism' from project 'NeoBrutalism')
	Building workspace spi-builder-workspace with scheme NeoBrutalism
(2 failures)
BUILD FAILURE 6.2 macosXcodebuild