The Swift Package Index logo.Swift Package Index

Build Information

Failed to build swift-algokit, reference main (2502d3), with Swift 6.4 for Wasm on 4 Oct 2026 06:16:30 UTC.

Build Command

bash -c docker run --pull=always --rm -v "checkouts-54344843-2":/host -w "$PWD" -e JAVA_HOME="/root/.sdkman/candidates/java/current" -e SPI_BUILD="1" -e SPI_PROCESSING="1" registry.gitlab.com/saguaro1/spi-images:wasm-6.4-latest swift build --swift-sdk swift-6.4.x-DEVELOPMENT-SNAPSHOT-2026-09-04-a_wasm 2>&1

Build Log

========================================
RunAll
========================================
Builder version: 5.1.1
Interrupt handler set up.
========================================
Checkout
========================================
Clone URL: https://github.com/CorvidLabs/swift-algokit.git
Reference: main
Initialized empty Git repository in /host/spi-builder-workspace/.git/
hint: Using 'master' as the name for the initial branch. This default branch name
hint: is subject to change. To configure the initial branch name to use in all
hint: of your new repositories, which will suppress this warning, call:
hint:
hint: 	git config --global init.defaultBranch <name>
hint:
hint: Names commonly chosen instead of 'master' are 'main', 'trunk' and
hint: 'development'. The just-created branch can be renamed via this command:
hint:
hint: 	git branch -m <name>
From https://github.com/CorvidLabs/swift-algokit
 * branch            main       -> FETCH_HEAD
 * [new branch]      main       -> origin/main
HEAD is now at 2502d3a Fix: build against swift-algorand 0.4 (AlgoKit(network:) throws) (#20)
Cloned https://github.com/CorvidLabs/swift-algokit.git
Revision (git rev-parse @):
2502d3aef9ac2d83ff31a52c00d533fbab21e235
SUCCESS checkout https://github.com/CorvidLabs/swift-algokit.git at main
========================================
Build
========================================
Selected platform:         wasm
Swift version:             6.4
Building package at path:  $PWD
https://github.com/CorvidLabs/swift-algokit.git
Running build ...
bash -c docker run --pull=always --rm -v "checkouts-54344843-2":/host -w "$PWD" -e JAVA_HOME="/root/.sdkman/candidates/java/current" -e SPI_BUILD="1" -e SPI_PROCESSING="1" registry.gitlab.com/saguaro1/spi-images:wasm-6.4-latest swift build --swift-sdk swift-6.4.x-DEVELOPMENT-SNAPSHOT-2026-09-04-a_wasm 2>&1
wasm-6.4-latest: Pulling from saguaro1/spi-images
Digest: sha256:4328fdb43c680d205c1d6761b1e3267aa38277eefdda9ddfb17b6a0f1a77857a
Status: Image is up to date for registry.gitlab.com/saguaro1/spi-images:wasm-6.4-latest
Fetching https://github.com/CorvidLabs/swift-algorand.git
Fetching https://github.com/swiftlang/swift-docc-plugin
[1/2345] Fetching swift-docc-plugin
[236/3170] Fetching swift-docc-plugin, swift-algorand
Fetched https://github.com/CorvidLabs/swift-algorand.git (0.48s)
Fetched https://github.com/swiftlang/swift-docc-plugin (0.48s)
Computing version for https://github.com/CorvidLabs/swift-algorand.git
Computed https://github.com/CorvidLabs/swift-algorand.git at 0.4.0 (0.65s)
Fetching https://github.com/apple/swift-crypto.git
[1/18572] Fetching swift-crypto
Fetched https://github.com/apple/swift-crypto.git (1.12s)
Computing version for https://github.com/swiftlang/swift-docc-plugin
Computed https://github.com/swiftlang/swift-docc-plugin at 1.5.0 (2.21s)
Fetching https://github.com/swiftlang/swift-docc-symbolkit
[1/3833] Fetching swift-docc-symbolkit
Fetched https://github.com/swiftlang/swift-docc-symbolkit (0.60s)
Computing version for https://github.com/swiftlang/swift-docc-symbolkit
Computed https://github.com/swiftlang/swift-docc-symbolkit at 1.0.0 (0.84s)
Computing version for https://github.com/apple/swift-crypto.git
Computed https://github.com/apple/swift-crypto.git at 3.15.1 (0.26s)
Fetching https://github.com/apple/swift-asn1.git
[1/1986] Fetching swift-asn1
Fetched https://github.com/apple/swift-asn1.git (0.42s)
Computing version for https://github.com/apple/swift-asn1.git
Computed https://github.com/apple/swift-asn1.git at 1.7.3 (1.50s)
Creating working copy for https://github.com/apple/swift-asn1.git
Working copy of https://github.com/apple/swift-asn1.git resolved at 1.7.3
Creating working copy for https://github.com/CorvidLabs/swift-algorand.git
Working copy of https://github.com/CorvidLabs/swift-algorand.git resolved at 0.4.0
Creating working copy for https://github.com/swiftlang/swift-docc-symbolkit
Working copy of https://github.com/swiftlang/swift-docc-symbolkit resolved at 1.0.0
Creating working copy for https://github.com/apple/swift-crypto.git
Working copy of https://github.com/apple/swift-crypto.git resolved at 3.15.1
Creating working copy for https://github.com/swiftlang/swift-docc-plugin
Working copy of https://github.com/swiftlang/swift-docc-plugin resolved at 1.5.0
Building for debugging...
[Provisioning 5 / 10]
[Pre-planning 1 / 215]
[Planning deferred tasks]
[12 / 433] Crypto
[47 / 442] CryptoBoringWrapper
[48 / 442] CCryptoBoringSSL
[50 / 442] CCryptoBoringSSL
[53 / 442] CCryptoBoringSSL
[55 / 442] CCryptoBoringSSL
[58 / 442] CCryptoBoringSSL
[62 / 442] CCryptoBoringSSL
[65 / 442] CCryptoBoringSSL
[69 / 442] CCryptoBoringSSL
[70 / 442] CCryptoBoringSSL
[73 / 442] CryptoBoringWrapper
[78 / 442] CCryptoBoringSSL
[80 / 442] CCryptoBoringSSL
[84 / 442] CCryptoBoringSSL
[86 / 442] CCryptoBoringSSL
[91 / 442] CCryptoBoringSSL
[98 / 442] CCryptoBoringSSL
[99 / 442] CCryptoBoringSSL
[100 / 442] CCryptoBoringSSL
[101 / 442] CCryptoBoringSSL
[102 / 442] CCryptoBoringSSL
[104 / 442] CCryptoBoringSSL
[106 / 442] CCryptoBoringSSL
[109 / 442] CCryptoBoringSSL
[111 / 442] CCryptoBoringSSL
[114 / 442] CCryptoBoringSSL
[116 / 442] CCryptoBoringSSL
[117 / 442] CCryptoBoringSSL
[120 / 442] CCryptoBoringSSL
[121 / 442] CCryptoBoringSSL
[125 / 442] CCryptoBoringSSL
[129 / 442] CCryptoBoringSSL
[132 / 442] CCryptoBoringSSL
[134 / 442] CCryptoBoringSSL
[136 / 442] CCryptoBoringSSL
[137 / 442] CCryptoBoringSSL
[141 / 442] CCryptoBoringSSL
[143 / 442] CCryptoBoringSSL
[145 / 442] CCryptoBoringSSL
[148 / 442] CCryptoBoringSSL
[152 / 442] CCryptoBoringSSL
[158 / 442] CCryptoBoringSSL
[165 / 442] CCryptoBoringSSL
[174 / 442] CCryptoBoringSSL
[179 / 442] CCryptoBoringSSL
[183 / 442] CCryptoBoringSSL
[187 / 442] CCryptoBoringSSL
[188 / 442] CCryptoBoringSSL
[190 / 442] CCryptoBoringSSL
[194 / 442] CCryptoBoringSSL
[196 / 442] CCryptoBoringSSL
[197 / 442] CCryptoBoringSSL
[198 / 442] CCryptoBoringSSL
[200 / 442] CCryptoBoringSSL
[202 / 442] CCryptoBoringSSL
[204 / 442] CCryptoBoringSSL
[206 / 442] CCryptoBoringSSL
[207 / 442] CCryptoBoringSSL
[208 / 442] CCryptoBoringSSL
[210 / 442] CCryptoBoringSSL
[211 / 442] CCryptoBoringSSL
[212 / 442] CCryptoBoringSSL
[214 / 442] CCryptoBoringSSL
[216 / 442] CCryptoBoringSSL
[221 / 442] CCryptoBoringSSL
[223 / 442] CCryptoBoringSSL
[225 / 442] CCryptoBoringSSL
[229 / 442] CCryptoBoringSSL
[236 / 442] CCryptoBoringSSL
[240 / 442] CCryptoBoringSSL
[245 / 442] CCryptoBoringSSL
[248 / 442] CCryptoBoringSSL
[249 / 442] CCryptoBoringSSL
[253 / 442] CCryptoBoringSSL
[262 / 442] CCryptoBoringSSL
[272 / 442] CCryptoBoringSSL
[273 / 442] CCryptoBoringSSL
[277 / 442] CCryptoBoringSSL
[280 / 442] CCryptoBoringSSL
[281 / 442] CCryptoBoringSSL
[284 / 442] CCryptoBoringSSL
[286 / 442] CCryptoBoringSSL
[290 / 442] CCryptoBoringSSL
[293 / 442] CCryptoBoringSSL
[296 / 442] CCryptoBoringSSL
[298 / 442] CCryptoBoringSSL
[301 / 442] CCryptoBoringSSL
[304 / 442] CCryptoBoringSSL
[307 / 442] CCryptoBoringSSL
[309 / 442] CCryptoBoringSSL
[310 / 442] CCryptoBoringSSL
[313 / 442] CCryptoBoringSSL
[315 / 442] CCryptoBoringSSL
[317 / 442] CCryptoBoringSSL
[318 / 442] CCryptoBoringSSL
[320 / 442] CCryptoBoringSSL
[323 / 442] CCryptoBoringSSL
[325 / 442] CCryptoBoringSSL
[327 / 442] CCryptoBoringSSL
[333 / 442] CCryptoBoringSSL
[341 / 442] CCryptoBoringSSL
[348 / 442] CCryptoBoringSSL
[349 / 442] CCryptoBoringSSL
[351 / 442] CCryptoBoringSSL
[354 / 442] CCryptoBoringSSL
[360 / 442] CCryptoBoringSSL
[362 / 442] CCryptoBoringSSL
[364 / 442] CCryptoBoringSSL
[367 / 442] CCryptoBoringSSL
[371 / 442] CCryptoBoringSSL
[378 / 442] CCryptoBoringSSL
[384 / 442] CCryptoBoringSSL
[388 / 442] CCryptoBoringSSL
[396 / 442] CCryptoBoringSSL
[398 / 442] CCryptoBoringSSL
[400 / 442] CCryptoBoringSSL
[403 / 442] CCryptoBoringSSL
[405 / 442] CCryptoBoringSSL
[406 / 442] CCryptoBoringSSL
[408 / 442] CCryptoBoringSSL
[409 / 442] CCryptoBoringSSL
[413 / 442] CryptoBoringWrapper
[415 / 442] CryptoBoringWrapper
[416 / 442] Crypto
[418 / 443] CCryptoBoringSSL
[420 / 452] Crypto
[421 / 452] Crypto
[423 / 452] Crypto
[427 / 452] CryptoBoringWrapper
[428 / 452] Crypto-product
[430 / 452] Crypto-product
[432 / 452] CryptoBoringWrapper
[437 / 454]
[439 / 463] Algorand
[440 / 463] Algorand
[441 / 463] Algorand
[443 / 463] Algorand
[446 / 464] Crypto
error: SwiftCompile normal wasm32 /host/spi-builder-workspace/.build/checkouts/swift-algorand/Sources/Algorand/IndexerClient.swift failed with a nonzero exit code. Command line:     cd /host
    builtin-SwiftPerFileCompile IndexerClient.swift
/host/spi-builder-workspace/.build/checkouts/swift-algorand/Sources/Algorand/IndexerClient.swift:21:26: error: 'URLSession' is unavailable: This type has moved to the FoundationNetworking module. Import that module to use it.
 19 |     /// A dedicated session with real deadlines makes a slow or unreachable node
 20 |     /// fail its own request instead of starving the process.
 21 |     private let session: URLSession
    |                          `- error: 'URLSession' is unavailable: This type has moved to the FoundationNetworking module. Import that module to use it.
 22 |
 23 |     /// Applied per-request as well as on the configuration: on Linux the
Foundation.URLSession:2:18: note: 'URLSession' has been explicitly marked unavailable here
1 | @available(*, unavailable, message: "This type has moved to the FoundationNetworking module. Import that module to use it.")
2 | public typealias URLSession = AnyObject
  |                  `- note: 'URLSession' has been explicitly marked unavailable here
/host/spi-builder-workspace/.build/checkouts/swift-algorand/Sources/Algorand/IndexerClient.swift:59:10: error: 'URLSession' is unavailable: This type has moved to the FoundationNetworking module. Import that module to use it.
 57 |         requestTimeout: TimeInterval,
 58 |         resourceTimeout: TimeInterval
 59 |     ) -> URLSession {
    |          `- error: 'URLSession' is unavailable: This type has moved to the FoundationNetworking module. Import that module to use it.
 60 |         let configuration = URLSessionConfiguration.default
 61 |         configuration.timeoutIntervalForRequest = requestTimeout
Foundation.URLSession:2:18: note: 'URLSession' has been explicitly marked unavailable here
1 | @available(*, unavailable, message: "This type has moved to the FoundationNetworking module. Import that module to use it.")
2 | public typealias URLSession = AnyObject
  |                  `- note: 'URLSession' has been explicitly marked unavailable here
/host/spi-builder-workspace/.build/checkouts/swift-algorand/Sources/Algorand/IndexerClient.swift:60:53: error: type 'URLSessionConfiguration' (aka 'AnyObject') has no member 'default'
 58 |         resourceTimeout: TimeInterval
 59 |     ) -> URLSession {
 60 |         let configuration = URLSessionConfiguration.default
    |                                                     `- error: type 'URLSessionConfiguration' (aka 'AnyObject') has no member 'default'
 61 |         configuration.timeoutIntervalForRequest = requestTimeout
 62 |         configuration.timeoutIntervalForResource = resourceTimeout
/host/spi-builder-workspace/.build/checkouts/swift-algorand/Sources/Algorand/IndexerClient.swift:72:16: error: 'URLSession' (aka 'AnyObject') cannot be constructed because it has no accessible initializers
 70 |             configuration.waitsForConnectivity = false
 71 |         #endif
 72 |         return URLSession(configuration: configuration)
    |                `- error: 'URLSession' (aka 'AnyObject') cannot be constructed because it has no accessible initializers
 73 |     }
 74 |
/host/spi-builder-workspace/.build/checkouts/swift-algorand/Sources/Algorand/IndexerClient.swift:72:16: error: return expression of type '_' expected to be an instance of a class or class-constrained type
 70 |             configuration.waitsForConnectivity = false
 71 |         #endif
 72 |         return URLSession(configuration: configuration)
    |                `- error: return expression of type '_' expected to be an instance of a class or class-constrained type
 73 |     }
 74 |
/host/spi-builder-workspace/.build/checkouts/swift-algorand/Sources/Algorand/IndexerClient.swift:83:17: error: value of type 'URLSession' (aka 'AnyObject') has no member 'invalidateAndCancel'
 81 |     /// a discarded client has no one left to receive its responses.
 82 |     deinit {
 83 |         session.invalidateAndCancel()
    |                 `- error: value of type 'URLSession' (aka 'AnyObject') has no member 'invalidateAndCancel'
 84 |     }
 85 |
/host/spi-builder-workspace/.build/checkouts/swift-algorand/Sources/Algorand/IndexerClient.swift:325:23: error: cannot find 'URLRequest' in scope
323 |
324 |     private func get<T: Decodable>(url: URL) async throws -> T {
325 |         var request = URLRequest(url: url)
    |                       `- error: cannot find 'URLRequest' in scope
326 |         request.timeoutInterval = requestTimeout
327 |         request.httpMethod = "GET"
/host/spi-builder-workspace/.build/checkouts/swift-algorand/Sources/Algorand/IndexerClient.swift:333:50: error: value of type 'URLSession' (aka 'AnyObject') has no member 'data'
331 |         }
332 |
333 |         let (data, response) = try await session.data(for: request)
    |                                                  `- error: value of type 'URLSession' (aka 'AnyObject') has no member 'data'
334 |
335 |         guard let httpResponse = response as? HTTPURLResponse else {
Failed frontend command:
/usr/bin/swift-frontend -frontend -c /host/spi-builder-workspace/.build/checkouts/swift-algorand/Sources/Algorand/Account.swift /host/spi-builder-workspace/.build/checkouts/swift-algorand/Sources/Algorand/Address+PostQuantum.swift /host/spi-builder-workspace/.build/checkouts/swift-algorand/Sources/Algorand/Address.swift /host/spi-builder-workspace/.build/checkouts/swift-algorand/Sources/Algorand/AlgodClient.swift /host/spi-builder-workspace/.build/checkouts/swift-algorand/Sources/Algorand/AlgorandConfiguration.swift /host/spi-builder-workspace/.build/checkouts/swift-algorand/Sources/Algorand/AlgorandConsensus.swift /host/spi-builder-workspace/.build/checkouts/swift-algorand/Sources/Algorand/AlgorandError.swift /host/spi-builder-workspace/.build/checkouts/swift-algorand/Sources/Algorand/AmountError.swift /host/spi-builder-workspace/.build/checkouts/swift-algorand/Sources/Algorand/ApplicationTransaction.swift /host/spi-builder-workspace/.build/checkouts/swift-algorand/Sources/Algorand/AssetTransaction.swift /host/spi-builder-workspace/.build/checkouts/swift-algorand/Sources/Algorand/AtomicTransactionGroup+Fees.swift /host/spi-builder-workspace/.build/checkouts/swift-algorand/Sources/Algorand/AtomicTransactionGroup.swift /host/spi-builder-workspace/.build/checkouts/swift-algorand/Sources/Algorand/BIP39Wordlist.swift /host/spi-builder-workspace/.build/checkouts/swift-algorand/Sources/Algorand/CanonicalBoxReferences.swift /host/spi-builder-workspace/.build/checkouts/swift-algorand/Sources/Algorand/CanonicalTransactionFields.swift -primary-file /host/spi-builder-workspace/.build/checkouts/swift-algorand/Sources/Algorand/Edwards25519.swift -primary-file /host/spi-builder-workspace/.build/checkouts/swift-algorand/Sources/Algorand/EndpointURL.swift -primary-file /host/spi-builder-workspace/.build/checkouts/swift-algorand/Sources/Algorand/FeeError.swift -primary-file /host/spi-builder-workspace/.build/checkouts/swift-algorand/Sources/Algorand/FeeStrategy.swift -primary-file /host/spi-builder-workspace/.build/checkouts/swift-algorand/Sources/Algorand/IndexerClient.swift /host/spi-builder-workspace/.build/checkouts/swift-algorand/Sources/Algorand/KeyRegistrationTransaction.swift /host/spi-builder-workspace/.build/checkouts/swift-algorand/Sources/Algorand/MessagePackWriter.swift /host/spi-builder-workspace/.build/checkouts/swift-algorand/Sources/Algorand/MicroAlgos.swift /host/spi-builder-workspace/.build/checkouts/swift-algorand/Sources/Algorand/Mnemonic.swift /host/spi-builder-workspace/.build/checkouts/swift-algorand/Sources/Algorand/PQScheme.swift /host/spi-builder-workspace/.build/checkouts/swift-algorand/Sources/Algorand/PQSignature.swift /host/spi-builder-workspace/.build/checkouts/swift-algorand/Sources/Algorand/PaymentTransaction.swift /host/spi-builder-workspace/.build/checkouts/swift-algorand/Sources/Algorand/SHA512_256.swift /host/spi-builder-workspace/.build/checkouts/swift-algorand/Sources/Algorand/SecureRandom.swift /host/spi-builder-workspace/.build/checkouts/swift-algorand/Sources/Algorand/SignedTransaction.swift /host/spi-builder-workspace/.build/checkouts/swift-algorand/Sources/Algorand/SimulateRequest+MessagePack.swift /host/spi-builder-workspace/.build/checkouts/swift-algorand/Sources/Algorand/Transaction+Signing.swift /host/spi-builder-workspace/.build/checkouts/swift-algorand/Sources/Algorand/Transaction.swift /host/spi-builder-workspace/.build/checkouts/swift-algorand/Sources/Algorand/TransactionAuthorization.swift /host/spi-builder-workspace/.build/checkouts/swift-algorand/Sources/Algorand/TransactionSigner.swift /host/spi-builder-workspace/.build/checkouts/swift-algorand/Sources/Algorand/TransactionUsage.swift -supplementary-output-file-map /host/spi-builder-workspace/.build/out/Intermediates.noindex/swift-algorand.build/Debug-webassembly-wasm32/Algorand-t.build/Objects-normal/wasm32/supplementaryOutputs-12 -target wasm32-unknown-wasip1 -disable-objc-interop -sdk /root/.swiftpm/swift-sdks/swift-6.4.x-DEVELOPMENT-SNAPSHOT-2026-09-04-a_wasm.artifactbundle/swift-6.4.x-DEVELOPMENT-SNAPSHOT-2026-09-04-a_wasm/wasm32-unknown-wasip1/WASI.sdk -sysroot /root/.swiftpm/swift-sdks/swift-6.4.x-DEVELOPMENT-SNAPSHOT-2026-09-04-a_wasm.artifactbundle/swift-6.4.x-DEVELOPMENT-SNAPSHOT-2026-09-04-a_wasm/wasm32-unknown-wasip1/WASI.sdk -I /host/spi-builder-workspace/.build/out/Products/Debug-webassembly-wasm32 -module-cache-path /host/spi-builder-workspace/.build/out/ModuleCache.noindex -color-diagnostics -Xcc -fcolor-diagnostics -enable-testing -g -debug-info-format\=dwarf -dwarf-version\=4 -suppress-warnings -swift-version 6 -Onone -D SWIFT_PACKAGE -D DEBUG -D SWIFT_MODULE_RESOURCE_BUNDLE_UNAVAILABLE -D Xcode -serialize-debugging-options -enable-experimental-feature DebugDescriptionMacro -empty-abi-descriptor -external-plugin-path /usr/lib/swift/host/plugins/testing\#/usr/bin/swift-plugin-server -user-module-version 0.4.0 -validate-clang-modules-once -clang-build-session-file /host/spi-builder-workspace/.build/out/ModuleCache.noindex/Session.modulevalidation -Xcc -working-directory -Xcc /host -resource-dir /root/.swiftpm/swift-sdks/swift-6.4.x-DEVELOPMENT-SNAPSHOT-2026-09-04-a_wasm.artifactbundle/swift-6.4.x-DEVELOPMENT-SNAPSHOT-2026-09-04-a_wasm/wasm32-unknown-wasip1/swift.xctoolchain/usr/lib/swift_static -use-static-resource-dir -enable-anonymous-context-mangled-names -file-compilation-dir /host -Xcc -resource-dir -Xcc /root/.swiftpm/swift-sdks/swift-6.4.x-DEVELOPMENT-SNAPSHOT-2026-09-04-a_wasm.artifactbundle/swift-6.4.x-DEVELOPMENT-SNAPSHOT-2026-09-04-a_wasm/wasm32-unknown-wasip1/swift.xctoolchain/usr/lib/swift_static/clang -Xcc -fmodule-map-file\=/host/spi-builder-workspace/.build/checkouts/swift-crypto/Sources/CCryptoBoringSSLShims/include/module.modulemap -Xcc -fmodule-map-file\=/host/spi-builder-workspace/.build/checkouts/swift-crypto/Sources/CCryptoBoringSSL/include/module.modulemap -Xcc -D_LIBCPP_HARDENING_MODE\=_LIBCPP_HARDENING_MODE_DEBUG -Xcc -fmodules-prune-interval\=86400 -Xcc -fmodules-prune-after\=345600 -Xcc -I/host/spi-builder-workspace/.build/checkouts/swift-crypto/Sources/CCryptoBoringSSLShims/include -Xcc -I/host/spi-builder-workspace/.build/checkouts/swift-crypto/Sources/CCryptoBoringSSL/include -Xcc -I/host/spi-builder-workspace/.build/out/Products/Debug-webassembly-wasm32/include -Xcc -I/host/spi-builder-workspace/.build/out/Intermediates.noindex/swift-algorand.build/Debug-webassembly-wasm32/Algorand-t.build/DerivedSources-normal/wasm32 -Xcc -I/host/spi-builder-workspace/.build/out/Intermediates.noindex/swift-algorand.build/Debug-webassembly-wasm32/Algorand-t.build/DerivedSources/wasm32 -Xcc -I/host/spi-builder-workspace/.build/out/Intermediates.noindex/swift-algorand.build/Debug-webassembly-wasm32/Algorand-t.build/DerivedSources -Xcc -DSWIFT_PACKAGE -Xcc -DDEBUG\=1 -no-auto-bridging-header-chaining -module-name Algorand -package-name swift_algorand -const-gather-protocols-file /host/spi-builder-workspace/.build/out/Intermediates.noindex/swift-algorand.build/Debug-webassembly-wasm32/Algorand-t.build/Objects-normal/wasm32/Algorand_const_extract_protocols.json -in-process-plugin-server-path /usr/lib/swift/host/libSwiftInProcPluginServer.so -plugin-path /usr/lib/swift/host/plugins -plugin-path /usr/local/lib/swift/host/plugins -parse-as-library -o /host/spi-builder-workspace/.build/out/Intermediates.noindex/swift-algorand.build/Debug-webassembly-wasm32/Algorand-t.build/Objects-normal/wasm32/Edwards25519.o -o /host/spi-builder-workspace/.build/out/Intermediates.noindex/swift-algorand.build/Debug-webassembly-wasm32/Algorand-t.build/Objects-normal/wasm32/EndpointURL.o -o /host/spi-builder-workspace/.build/out/Intermediates.noindex/swift-algorand.build/Debug-webassembly-wasm32/Algorand-t.build/Objects-normal/wasm32/FeeError.o -o /host/spi-builder-workspace/.build/out/Intermediates.noindex/swift-algorand.build/Debug-webassembly-wasm32/Algorand-t.build/Objects-normal/wasm32/FeeStrategy.o -o /host/spi-builder-workspace/.build/out/Intermediates.noindex/swift-algorand.build/Debug-webassembly-wasm32/Algorand-t.build/Objects-normal/wasm32/IndexerClient.o -index-unit-output-path /swift-algorand.build/Debug-webassembly-wasm32/Algorand-t.build/Objects-normal/wasm32/Edwards25519.o -index-unit-output-path /swift-algorand.build/Debug-webassembly-wasm32/Algorand-t.build/Objects-normal/wasm32/EndpointURL.o -index-unit-output-path /swift-algorand.build/Debug-webassembly-wasm32/Algorand-t.build/Objects-normal/wasm32/FeeError.o -index-unit-output-path /swift-algorand.build/Debug-webassembly-wasm32/Algorand-t.build/Objects-normal/wasm32/FeeStrategy.o -index-unit-output-path /swift-algorand.build/Debug-webassembly-wasm32/Algorand-t.build/Objects-normal/wasm32/IndexerClient.o -index-store-path /host/spi-builder-workspace/.build/out -index-system-modules
error: Build failed
BUILD FAILURE 6.4 wasm