The Swift Package Index logo.Swift Package Index

Build Information

Failed to build AFNetworks, reference master (c9f89e), with Swift 6.4 for Linux on 17 Sep 2026 04:13:26 UTC.

Build Command

bash -c docker run --pull=always --rm -v "checkouts-54344845-1":/host -w "$PWD" -e JAVA_HOME="/root/.sdkman/candidates/java/current" -e SPI_BUILD="1" -e SPI_PROCESSING="1" registry.gitlab.com/saguaro1/spi-images:basic-6.4-latest swift build --triple x86_64-unknown-linux-gnu 2>&1

Build Log

========================================
RunAll
========================================
Builder version: 5.1.0
Interrupt handler set up.
========================================
Checkout
========================================
Clone URL: https://github.com/BeAppOnline/AFNetwork.git
Reference: master
Initialized empty Git repository in /host/spi-builder-workspace/.git/
hint: Using 'master' as the name for the initial branch. This default branch name
hint: is subject to change. To configure the initial branch name to use in all
hint: of your new repositories, which will suppress this warning, call:
hint:
hint: 	git config --global init.defaultBranch <name>
hint:
hint: Names commonly chosen instead of 'master' are 'main', 'trunk' and
hint: 'development'. The just-created branch can be renamed via this command:
hint:
hint: 	git branch -m <name>
From https://github.com/BeAppOnline/AFNetwork
 * branch            master     -> FETCH_HEAD
 * [new branch]      master     -> origin/master
HEAD is now at c9f89e9 improvements
Cloned https://github.com/BeAppOnline/AFNetwork.git
Revision (git rev-parse @):
c9f89e96c61afed5a00a0c3a5d13f4532bcefcae
SUCCESS checkout https://github.com/BeAppOnline/AFNetwork.git at master
========================================
Build
========================================
Selected platform:         linux
Swift version:             6.4
Building package at path:  $PWD
https://github.com/BeAppOnline/AFNetwork.git
Running build ...
bash -c docker run --pull=always --rm -v "checkouts-54344845-1":/host -w "$PWD" -e JAVA_HOME="/root/.sdkman/candidates/java/current" -e SPI_BUILD="1" -e SPI_PROCESSING="1" registry.gitlab.com/saguaro1/spi-images:basic-6.4-latest swift build --triple x86_64-unknown-linux-gnu 2>&1
basic-6.4-latest: Pulling from saguaro1/spi-images
Digest: sha256:c77fcce225e223ac0fafed844619173fc6de8d62dd560eeb28db3182af6a282b
Status: Image is up to date for registry.gitlab.com/saguaro1/spi-images:basic-6.4-latest
Building for debugging...
[Planning deferred tasks]
error: SwiftCompile normal x86_64 failed with a nonzero exit code. Command line:     cd /host

/host/spi-builder-workspace/Sources/AFNetworks/Infrastucture/Network/Endpoint.swift:76:72: error: cannot find type 'URLRequest' in scope
 74 |     var bodyJsonSerializationOption: JSONSerialization.WritingOptions? { get }
 75 |
 76 |     func urlRequest(with networkConfig: NetworkConfigurable) throws -> URLRequest
    |                                                                        `- error: cannot find type 'URLRequest' in scope
 77 | }
 78 |
/host/spi-builder-workspace/Sources/AFNetworks/Infrastucture/Network/Endpoint.swift:102:72: error: cannot find type 'URLRequest' in scope
100 |     }
101 |
102 |     public func urlRequest(with config: NetworkConfigurable) throws -> URLRequest {
    |                                                                        `- error: cannot find type 'URLRequest' in scope
103 |
104 |         let url = try self.url(with: config)
/host/spi-builder-workspace/Sources/AFNetworks/Infrastucture/Network/NetworkService + SessionManager/NetworkService + SessionManager + ErrorLogger.swift:50:32: error: cannot find type 'URLRequest' in scope
48 |     typealias CompletionHandler = (Data?, URLResponse?, Error?) -> Void
49 |
50 |     func request(_ urlRequest: URLRequest, completion: @escaping CompletionHandler) -> NetworkCancellable
   |                                `- error: cannot find type 'URLRequest' in scope
51 | }
52 |
/host/spi-builder-workspace/Sources/AFNetworks/Infrastucture/Network/NetworkService + SessionManager/NetworkService + SessionManager + ErrorLogger.swift:55:23: error: cannot find type 'URLRequest' in scope
53 | // MARK: - Network Error Logger
54 | public protocol NetworkErrorLogger {
55 |     func log(request: URLRequest)
   |                       `- error: cannot find type 'URLRequest' in scope
56 |     func log(responseData data: Data?, response: URLResponse?)
57 |     func log(error: Error)
/host/spi-builder-workspace/Sources/AFNetworks/Infrastucture/Network/NetworkService + SessionManager/DefaultNetworkService/DefaultNetworkService.swift:23:35: error: cannot find type 'URLRequest' in scope
21 |     }
22 |
23 |     private func request(request: URLRequest, completion: @escaping CompletionHandler) -> NetworkCancellable {
   |                                   `- error: cannot find type 'URLRequest' in scope
24 |
25 |         let sessionDataTask = sessionManager.request(request) { (data, urlResponse, requestError) in
/host/spi-builder-workspace/Sources/AFNetworks/Infrastucture/Network/NetworkService + SessionManager/DefaultNetworkSessionManager/DefaultSessionManager.swift:18:36: error: cannot find type 'URLRequest' in scope
16 |     public init() {}
17 |
18 |     public func request(_ request: URLRequest,
   |                                    `- error: cannot find type 'URLRequest' in scope
19 |                         completion: @escaping CompletionHandler) -> NetworkCancellable {
20 |         let task = URLSession.shared.dataTask(with: request, completionHandler: completion)
/host/spi-builder-workspace/Sources/AFNetworks/Infrastucture/Network/NetworkService + SessionManager/ErrorLogger/DefaultNetworkErrorLogger.swift:15:30: error: cannot find type 'URLRequest' in scope
13 |     public init() { }
14 |
15 |     public func log(request: URLRequest) {
   |                              `- error: cannot find type 'URLRequest' in scope
16 |         #if DEBUG
17 |         print("-------------")
/host/spi-builder-workspace/Sources/AFNetworks/Infrastucture/Network/NetworkService + SessionManager/ErrorLogger/DefaultNetworkErrorLogger.swift:30:57: error: 'URLResponse' is unavailable: This type has moved to the FoundationNetworking module. Import that module to use it.
28 |     }
29 |
30 |     public func log(responseData data: Data?, response: URLResponse?) {
   |                                                         `- error: 'URLResponse' is unavailable: This type has moved to the FoundationNetworking module. Import that module to use it.
31 |         #if DEBUG
32 |         guard let data = data else { return }
Foundation.URLResponse:2:18: note: 'URLResponse' has been explicitly marked unavailable here
1 | @available(*, unavailable, message: "This type has moved to the FoundationNetworking module. Import that module to use it.")
2 | public typealias URLResponse = AnyObject
  |                  `- note: 'URLResponse' has been explicitly marked unavailable here
/host/spi-builder-workspace/Sources/AFNetworks/Infrastucture/Network/NetworkService + SessionManager/NetworkService + SessionManager + ErrorLogger.swift:37:1: error: non-nominal type 'URLSessionTask' (aka 'AnyObject') cannot be extended [#]8;;https://docs.swift.org/compiler/documentation/diagnostics/nominal-types\NominalTypes]8;;\]
35 | }
36 |
37 | extension URLSessionTask: NetworkCancellable { }
   | `- error: non-nominal type 'URLSessionTask' (aka 'AnyObject') cannot be extended [#]8;;https://docs.swift.org/compiler/documentation/diagnostics/nominal-types\NominalTypes]8;;\]
38 |
39 | // MARK: - Network Service Protocol
/host/spi-builder-workspace/Sources/AFNetworks/Infrastucture/Network/NetworkService + SessionManager/NetworkService + SessionManager + ErrorLogger.swift:48:43: error: 'URLResponse' is unavailable: This type has moved to the FoundationNetworking module. Import that module to use it.
46 | // MARK: - Network Session Manager Protocol
47 | public protocol NetworkSessionManager {
48 |     typealias CompletionHandler = (Data?, URLResponse?, Error?) -> Void
   |                                           `- error: 'URLResponse' is unavailable: This type has moved to the FoundationNetworking module. Import that module to use it.
49 |
50 |     func request(_ urlRequest: URLRequest, completion: @escaping CompletionHandler) -> NetworkCancellable
Foundation.URLResponse:2:18: note: 'URLResponse' has been explicitly marked unavailable here
1 | @available(*, unavailable, message: "This type has moved to the FoundationNetworking module. Import that module to use it.")
2 | public typealias URLResponse = AnyObject
  |                  `- note: 'URLResponse' has been explicitly marked unavailable here
/host/spi-builder-workspace/Sources/AFNetworks/Infrastucture/Network/NetworkService + SessionManager/NetworkService + SessionManager + ErrorLogger.swift:56:50: error: 'URLResponse' is unavailable: This type has moved to the FoundationNetworking module. Import that module to use it.
54 | public protocol NetworkErrorLogger {
55 |     func log(request: URLRequest)
56 |     func log(responseData data: Data?, response: URLResponse?)
   |                                                  `- error: 'URLResponse' is unavailable: This type has moved to the FoundationNetworking module. Import that module to use it.
57 |     func log(error: Error)
58 | }
Foundation.URLResponse:2:18: note: 'URLResponse' has been explicitly marked unavailable here
1 | @available(*, unavailable, message: "This type has moved to the FoundationNetworking module. Import that module to use it.")
2 | public typealias URLResponse = AnyObject
  |                  `- note: 'URLResponse' has been explicitly marked unavailable here
[#NominalTypes]: <https://docs.swift.org/compiler/documentation/diagnostics/nominal-types>
Failed frontend command:
/usr/bin/swift-frontend -frontend -emit-module -experimental-skip-non-inlinable-function-bodies-without-types /host/spi-builder-workspace/Sources/AFNetworks/Infrastucture/Network/DataTransferService/DataTransfer\ Service\ +\ ErrorResolver\ +\ ErrorLogger.swift /host/spi-builder-workspace/Sources/AFNetworks/Infrastucture/Network/DataTransferService/DefaultDataTransferErrorLogger/DefaultDataTransferErrorLogger.swift /host/spi-builder-workspace/Sources/AFNetworks/Infrastucture/Network/DataTransferService/DefaultDataTransferErrorResolver/DefaultDataTransferErrorResolver.swift /host/spi-builder-workspace/Sources/AFNetworks/Infrastucture/Network/DataTransferService/DefaultDataTransferService/DefaultDataTransferService.swift /host/spi-builder-workspace/Sources/AFNetworks/Infrastucture/Network/Endpoint.swift /host/spi-builder-workspace/Sources/AFNetworks/Infrastucture/Network/NetworkConfig.swift /host/spi-builder-workspace/Sources/AFNetworks/Infrastucture/Network/NetworkService\ +\ SessionManager/DefaultNetworkService/DefaultNetworkService.swift /host/spi-builder-workspace/Sources/AFNetworks/Infrastucture/Network/NetworkService\ +\ SessionManager/DefaultNetworkSessionManager/DefaultSessionManager.swift /host/spi-builder-workspace/Sources/AFNetworks/Infrastucture/Network/NetworkService\ +\ SessionManager/ErrorLogger/DefaultNetworkErrorLogger.swift /host/spi-builder-workspace/Sources/AFNetworks/Infrastucture/Network/NetworkService\ +\ SessionManager/NetworkService\ +\ SessionManager\ +\ ErrorLogger.swift -target x86_64-unknown-linux-gnu -disable-objc-interop -I /host/spi-builder-workspace/.build/out/Products/Debug-linux-x86_64 -module-cache-path /host/spi-builder-workspace/.build/out/ModuleCache.noindex -color-diagnostics -Xcc -fcolor-diagnostics -enable-testing -g -debug-info-format\=dwarf -dwarf-version\=4 -swift-version 5 -Onone -D SWIFT_PACKAGE -D DEBUG -D SWIFT_MODULE_RESOURCE_BUNDLE_UNAVAILABLE -D Xcode -serialize-debugging-options -enable-experimental-feature DebugDescriptionMacro -empty-abi-descriptor -external-plugin-path /usr/lib/swift/host/plugins/testing\#/usr/bin/swift-plugin-server -validate-clang-modules-once -clang-build-session-file /host/spi-builder-workspace/.build/out/ModuleCache.noindex/Session.modulevalidation -Xcc -working-directory -Xcc /host -enable-anonymous-context-mangled-names -file-compilation-dir /host -Xcc -fno-omit-frame-pointer -Xcc -D_LIBCPP_HARDENING_MODE\=_LIBCPP_HARDENING_MODE_DEBUG -Xcc -fmodules-prune-interval\=86400 -Xcc -fmodules-prune-after\=345600 -Xcc -I/host/spi-builder-workspace/.build/out/Products/Debug-linux-x86_64/include -Xcc -I/host/spi-builder-workspace/.build/out/Intermediates.noindex/AFNetworks.build/Debug-linux-x86_64/AFNetworks-t.build/DerivedSources-normal/x86_64 -Xcc -I/host/spi-builder-workspace/.build/out/Intermediates.noindex/AFNetworks.build/Debug-linux-x86_64/AFNetworks-t.build/DerivedSources/x86_64 -Xcc -I/host/spi-builder-workspace/.build/out/Intermediates.noindex/AFNetworks.build/Debug-linux-x86_64/AFNetworks-t.build/DerivedSources -Xcc -DSWIFT_PACKAGE -Xcc -DDEBUG\=1 -no-auto-bridging-header-chaining -module-name AFNetworks -const-gather-protocols-file /host/spi-builder-workspace/.build/out/Intermediates.noindex/AFNetworks.build/Debug-linux-x86_64/AFNetworks-t.build/Objects-normal/x86_64/AFNetworks_const_extract_protocols.json -in-process-plugin-server-path /usr/lib/swift/host/libSwiftInProcPluginServer.so -plugin-path /usr/lib/swift/host/plugins -plugin-path /usr/local/lib/swift/host/plugins -emit-module-doc-path /host/spi-builder-workspace/.build/out/Intermediates.noindex/AFNetworks.build/Debug-linux-x86_64/AFNetworks-t.build/Objects-normal/x86_64/Modules/AFNetworks.swiftdoc -emit-module-source-info-path /host/spi-builder-workspace/.build/out/Intermediates.noindex/AFNetworks.build/Debug-linux-x86_64/AFNetworks-t.build/Objects-normal/x86_64/Modules/AFNetworks.swiftsourceinfo -emit-objc-header-path /host/spi-builder-workspace/.build/out/Intermediates.noindex/AFNetworks.build/Debug-linux-x86_64/AFNetworks-t.build/Objects-normal/x86_64/AFNetworks-Swift.h -serialize-diagnostics-path /host/spi-builder-workspace/.build/out/Intermediates.noindex/AFNetworks.build/Debug-linux-x86_64/AFNetworks-t.build/Objects-normal/x86_64/AFNetworks-primary-emit-module.dia -emit-dependencies-path /host/spi-builder-workspace/.build/out/Intermediates.noindex/AFNetworks.build/Debug-linux-x86_64/AFNetworks-t.build/Objects-normal/x86_64/AFNetworks-primary-emit-module.d -parse-as-library -o /host/spi-builder-workspace/.build/out/Intermediates.noindex/AFNetworks.build/Debug-linux-x86_64/AFNetworks-t.build/Objects-normal/x86_64/Modules/AFNetworks.swiftmodule
error: Build failed
BUILD FAILURE 6.4 linux