The Swift Package Index logo.Swift Package Index

Build Information

Failed to build OptionalAPI with Swift 5.8 for macOS (Xcode) using Xcode 14.3 at 5.2.0.

Build Command

env DEVELOPER_DIR=/Applications/Xcode-14.3.1.app xcrun xcodebuild -IDEClonedSourcePackagesDirPathOverride=$PWD/checkout/.dependencies -skipPackagePluginValidation -derivedDataPath $PWD/checkout/.derivedData build -scheme OptionalAPI -destination platform=macos,arch=arm64

Build Log

{
  "workspace" : {
    "name" : "spi-builder-workspace",
    "schemes" : [
      "OptionalAPI"
    ]
  }
}
2024-01-21 17:11:55.405 xcodebuild[71612:21873211] DVTCoreDeviceEnabledState: DVTCoreDeviceEnabledState_Disabled set via user default (DVTEnableCoreDevice=disabled)
Running build ...
env DEVELOPER_DIR=/Applications/Xcode-14.3.1.app xcrun xcodebuild -IDEClonedSourcePackagesDirPathOverride=$PWD/checkout/.dependencies -skipPackagePluginValidation -derivedDataPath $PWD/checkout/.derivedData build -scheme OptionalAPI -destination platform=macos,arch=arm64
Command line invocation:
    /Applications/Xcode-14.3.1.app/Contents/Developer/usr/bin/xcodebuild -IDEClonedSourcePackagesDirPathOverride=/Users/admin/builds/vMd7uqzK/1/finestructure/swiftpackageindex-builder/spi-builder-workspace/.dependencies -skipPackagePluginValidation -derivedDataPath /Users/admin/builds/vMd7uqzK/1/finestructure/swiftpackageindex-builder/spi-builder-workspace/.derivedData build -scheme OptionalAPI -destination platform=macos,arch=arm64
User defaults from command line:
    IDEClonedSourcePackagesDirPathOverride = /Users/admin/builds/vMd7uqzK/1/finestructure/swiftpackageindex-builder/spi-builder-workspace/.dependencies
    IDEDerivedDataPathOverride = /Users/admin/builds/vMd7uqzK/1/finestructure/swiftpackageindex-builder/spi-builder-workspace/.derivedData
    IDEPackageSupportUseBuiltinSCM = YES
Resolve Package Graph
Resolved source packages:
  AliasWonderland: https://github.com/sloik/AliasWonderland.git @ 4.0.1
  swift-syntax: https://github.com/apple/swift-syntax.git @ 509.1.0
  OptionalAPI: /Users/admin/builds/vMd7uqzK/1/finestructure/swiftpackageindex-builder/spi-builder-workspace
  swift-snapshot-testing: https://github.com/pointfreeco/swift-snapshot-testing.git @ 1.15.2
Prepare packages
Computing target dependency graph and provisioning inputs
Create build description
Build description signature: 0e9887756e9bd27abe23974883e7365a
Build description path: /Users/admin/builds/vMd7uqzK/1/finestructure/swiftpackageindex-builder/spi-builder-workspace/.derivedData/Build/Intermediates.noindex/XCBuildData/0e9887756e9bd27abe23974883e7365a.xcbuilddata
note: Building targets in dependency order
CreateBuildDirectory /Users/admin/builds/vMd7uqzK/1/finestructure/swiftpackageindex-builder/spi-builder-workspace/.derivedData/Build/Products
    cd /Users/admin/builds/vMd7uqzK/1/finestructure/swiftpackageindex-builder/spi-builder-workspace/.swiftpm/xcode
    builtin-create-build-directory /Users/admin/builds/vMd7uqzK/1/finestructure/swiftpackageindex-builder/spi-builder-workspace/.derivedData/Build/Products
CreateBuildDirectory /Users/admin/builds/vMd7uqzK/1/finestructure/swiftpackageindex-builder/spi-builder-workspace/.derivedData/Build/Intermediates.noindex
    cd /Users/admin/builds/vMd7uqzK/1/finestructure/swiftpackageindex-builder/spi-builder-workspace/.swiftpm/xcode
    builtin-create-build-directory /Users/admin/builds/vMd7uqzK/1/finestructure/swiftpackageindex-builder/spi-builder-workspace/.derivedData/Build/Intermediates.noindex
ClangStatCache /Applications/Xcode-14.3.1.app/Contents/Developer/Toolchains/XcodeDefault.xctoolchain/usr/bin/clang-stat-cache /Applications/Xcode-14.3.1.app/Contents/Developer/Platforms/MacOSX.platform/Developer/SDKs/MacOSX13.3.sdk /Users/admin/builds/vMd7uqzK/1/finestructure/swiftpackageindex-builder/spi-builder-workspace/.derivedData/SDKStatCaches.noindex/macosx13.3-22E245-.sdkstatcache
    cd /Users/admin/builds/vMd7uqzK/1/finestructure/swiftpackageindex-builder/spi-builder-workspace/.swiftpm/xcode
    /Applications/Xcode-14.3.1.app/Contents/Developer/Toolchains/XcodeDefault.xctoolchain/usr/bin/clang-stat-cache /Applications/Xcode-14.3.1.app/Contents/Developer/Platforms/MacOSX.platform/Developer/SDKs/MacOSX13.3.sdk -o /Users/admin/builds/vMd7uqzK/1/finestructure/swiftpackageindex-builder/spi-builder-workspace/.derivedData/SDKStatCaches.noindex/macosx13.3-22E245-.sdkstatcache
CreateBuildDirectory /Users/admin/builds/vMd7uqzK/1/finestructure/swiftpackageindex-builder/spi-builder-workspace/.derivedData/Build/Products/Debug
    cd /Users/admin/builds/vMd7uqzK/1/finestructure/swiftpackageindex-builder/spi-builder-workspace/.swiftpm/xcode
    builtin-create-build-directory /Users/admin/builds/vMd7uqzK/1/finestructure/swiftpackageindex-builder/spi-builder-workspace/.derivedData/Build/Products/Debug
CreateBuildDirectory /Users/admin/builds/vMd7uqzK/1/finestructure/swiftpackageindex-builder/spi-builder-workspace/.derivedData/Build/Intermediates.noindex/EagerLinkingTBDs/Debug
    cd /Users/admin/builds/vMd7uqzK/1/finestructure/swiftpackageindex-builder/spi-builder-workspace/.swiftpm/xcode
    builtin-create-build-directory /Users/admin/builds/vMd7uqzK/1/finestructure/swiftpackageindex-builder/spi-builder-workspace/.derivedData/Build/Intermediates.noindex/EagerLinkingTBDs/Debug
CreateBuildDirectory /Users/admin/builds/vMd7uqzK/1/finestructure/swiftpackageindex-builder/spi-builder-workspace/.derivedData/Build/Products/Debug/PackageFrameworks
    cd /Users/admin/builds/vMd7uqzK/1/finestructure/swiftpackageindex-builder/spi-builder-workspace/.swiftpm/xcode
    builtin-create-build-directory /Users/admin/builds/vMd7uqzK/1/finestructure/swiftpackageindex-builder/spi-builder-workspace/.derivedData/Build/Products/Debug/PackageFrameworks
MkDir /Users/admin/builds/vMd7uqzK/1/finestructure/swiftpackageindex-builder/spi-builder-workspace/.derivedData/Build/Products/Debug/OptionalAPITests.xctest/Contents/MacOS (in target 'OptionalAPITests' from project 'OptionalAPI')
    cd /Users/admin/builds/vMd7uqzK/1/finestructure/swiftpackageindex-builder/spi-builder-workspace
    /bin/mkdir -p /Users/admin/builds/vMd7uqzK/1/finestructure/swiftpackageindex-builder/spi-builder-workspace/.derivedData/Build/Products/Debug/OptionalAPITests.xctest/Contents/MacOS
MkDir /Users/admin/builds/vMd7uqzK/1/finestructure/swiftpackageindex-builder/spi-builder-workspace/.derivedData/Build/Products/Debug/OptionalAPITests.xctest/Contents (in target 'OptionalAPITests' from project 'OptionalAPI')
    cd /Users/admin/builds/vMd7uqzK/1/finestructure/swiftpackageindex-builder/spi-builder-workspace
    /bin/mkdir -p /Users/admin/builds/vMd7uqzK/1/finestructure/swiftpackageindex-builder/spi-builder-workspace/.derivedData/Build/Products/Debug/OptionalAPITests.xctest/Contents
MkDir /Users/admin/builds/vMd7uqzK/1/finestructure/swiftpackageindex-builder/spi-builder-workspace/.derivedData/Build/Products/Debug/OptionalAPITests.xctest (in target 'OptionalAPITests' from project 'OptionalAPI')
    cd /Users/admin/builds/vMd7uqzK/1/finestructure/swiftpackageindex-builder/spi-builder-workspace
    /bin/mkdir -p /Users/admin/builds/vMd7uqzK/1/finestructure/swiftpackageindex-builder/spi-builder-workspace/.derivedData/Build/Products/Debug/OptionalAPITests.xctest
CreateBuildDirectory /Users/admin/builds/vMd7uqzK/1/finestructure/swiftpackageindex-builder/spi-builder-workspace/.derivedData/Build/Products/Debug/PackageFrameworks/PackageFrameworks
    cd /Users/admin/builds/vMd7uqzK/1/finestructure/swiftpackageindex-builder/spi-builder-workspace/.swiftpm/xcode
    builtin-create-build-directory /Users/admin/builds/vMd7uqzK/1/finestructure/swiftpackageindex-builder/spi-builder-workspace/.derivedData/Build/Products/Debug/PackageFrameworks/PackageFrameworks
SymLink /Users/admin/builds/vMd7uqzK/1/finestructure/swiftpackageindex-builder/spi-builder-workspace/.derivedData/Build/Products/Debug/PackageFrameworks/OptionalAPI.framework/Versions/Current A (in target 'OptionalAPI' from project 'OptionalAPI')
    cd /Users/admin/builds/vMd7uqzK/1/finestructure/swiftpackageindex-builder/spi-builder-workspace
    /bin/ln -sfh A /Users/admin/builds/vMd7uqzK/1/finestructure/swiftpackageindex-builder/spi-builder-workspace/.derivedData/Build/Products/Debug/PackageFrameworks/OptionalAPI.framework/Versions/Current
SymLink /Users/admin/builds/vMd7uqzK/1/finestructure/swiftpackageindex-builder/spi-builder-workspace/.derivedData/Build/Products/Debug/PackageFrameworks/OptionalAPI.framework/Resources Versions/Current/Resources (in target 'OptionalAPI' from project 'OptionalAPI')
    cd /Users/admin/builds/vMd7uqzK/1/finestructure/swiftpackageindex-builder/spi-builder-workspace
    /bin/ln -sfh Versions/Current/Resources /Users/admin/builds/vMd7uqzK/1/finestructure/swiftpackageindex-builder/spi-builder-workspace/.derivedData/Build/Products/Debug/PackageFrameworks/OptionalAPI.framework/Resources
SymLink /Users/admin/builds/vMd7uqzK/1/finestructure/swiftpackageindex-builder/spi-builder-workspace/.derivedData/Build/Products/Debug/PackageFrameworks/OptionalAPI.framework/OptionalAPI Versions/Current/OptionalAPI (in target 'OptionalAPI' from project 'OptionalAPI')
    cd /Users/admin/builds/vMd7uqzK/1/finestructure/swiftpackageindex-builder/spi-builder-workspace
    /bin/ln -sfh Versions/Current/OptionalAPI /Users/admin/builds/vMd7uqzK/1/finestructure/swiftpackageindex-builder/spi-builder-workspace/.derivedData/Build/Products/Debug/PackageFrameworks/OptionalAPI.framework/OptionalAPI
MkDir /Users/admin/builds/vMd7uqzK/1/finestructure/swiftpackageindex-builder/spi-builder-workspace/.derivedData/Build/Products/Debug/PackageFrameworks/OptionalAPI.framework/Versions/A/Resources (in target 'OptionalAPI' from project 'OptionalAPI')
    cd /Users/admin/builds/vMd7uqzK/1/finestructure/swiftpackageindex-builder/spi-builder-workspace
    /bin/mkdir -p /Users/admin/builds/vMd7uqzK/1/finestructure/swiftpackageindex-builder/spi-builder-workspace/.derivedData/Build/Products/Debug/PackageFrameworks/OptionalAPI.framework/Versions/A/Resources
MkDir /Users/admin/builds/vMd7uqzK/1/finestructure/swiftpackageindex-builder/spi-builder-workspace/.derivedData/Build/Products/Debug/PackageFrameworks/OptionalAPI.framework/Versions/A (in target 'OptionalAPI' from project 'OptionalAPI')
    cd /Users/admin/builds/vMd7uqzK/1/finestructure/swiftpackageindex-builder/spi-builder-workspace
    /bin/mkdir -p /Users/admin/builds/vMd7uqzK/1/finestructure/swiftpackageindex-builder/spi-builder-workspace/.derivedData/Build/Products/Debug/PackageFrameworks/OptionalAPI.framework/Versions/A
MkDir /Users/admin/builds/vMd7uqzK/1/finestructure/swiftpackageindex-builder/spi-builder-workspace/.derivedData/Build/Products/Debug/PackageFrameworks/OptionalAPI.framework/Versions (in target 'OptionalAPI' from project 'OptionalAPI')
    cd /Users/admin/builds/vMd7uqzK/1/finestructure/swiftpackageindex-builder/spi-builder-workspace
    /bin/mkdir -p /Users/admin/builds/vMd7uqzK/1/finestructure/swiftpackageindex-builder/spi-builder-workspace/.derivedData/Build/Products/Debug/PackageFrameworks/OptionalAPI.framework/Versions
MkDir /Users/admin/builds/vMd7uqzK/1/finestructure/swiftpackageindex-builder/spi-builder-workspace/.derivedData/Build/Products/Debug/PackageFrameworks/OptionalAPI.framework (in target 'OptionalAPI' from project 'OptionalAPI')
    cd /Users/admin/builds/vMd7uqzK/1/finestructure/swiftpackageindex-builder/spi-builder-workspace
    /bin/mkdir -p /Users/admin/builds/vMd7uqzK/1/finestructure/swiftpackageindex-builder/spi-builder-workspace/.derivedData/Build/Products/Debug/PackageFrameworks/OptionalAPI.framework
SymLink /Users/admin/builds/vMd7uqzK/1/finestructure/swiftpackageindex-builder/spi-builder-workspace/.derivedData/Build/Products/Debug/PackageFrameworks/AliasWonderland.framework/Versions/Current A (in target 'AliasWonderland' from project 'AliasWonderland')
    cd /Users/admin/builds/vMd7uqzK/1/finestructure/swiftpackageindex-builder/spi-builder-workspace/.dependencies/checkouts/AliasWonderland
    /bin/ln -sfh A /Users/admin/builds/vMd7uqzK/1/finestructure/swiftpackageindex-builder/spi-builder-workspace/.derivedData/Build/Products/Debug/PackageFrameworks/AliasWonderland.framework/Versions/Current
SymLink /Users/admin/builds/vMd7uqzK/1/finestructure/swiftpackageindex-builder/spi-builder-workspace/.derivedData/Build/Products/Debug/PackageFrameworks/AliasWonderland.framework/Resources Versions/Current/Resources (in target 'AliasWonderland' from project 'AliasWonderland')
    cd /Users/admin/builds/vMd7uqzK/1/finestructure/swiftpackageindex-builder/spi-builder-workspace/.dependencies/checkouts/AliasWonderland
    /bin/ln -sfh Versions/Current/Resources /Users/admin/builds/vMd7uqzK/1/finestructure/swiftpackageindex-builder/spi-builder-workspace/.derivedData/Build/Products/Debug/PackageFrameworks/AliasWonderland.framework/Resources
SymLink /Users/admin/builds/vMd7uqzK/1/finestructure/swiftpackageindex-builder/spi-builder-workspace/.derivedData/Build/Products/Debug/PackageFrameworks/AliasWonderland.framework/AliasWonderland Versions/Current/AliasWonderland (in target 'AliasWonderland' from project 'AliasWonderland')
    cd /Users/admin/builds/vMd7uqzK/1/finestructure/swiftpackageindex-builder/spi-builder-workspace/.dependencies/checkouts/AliasWonderland
    /bin/ln -sfh Versions/Current/AliasWonderland /Users/admin/builds/vMd7uqzK/1/finestructure/swiftpackageindex-builder/spi-builder-workspace/.derivedData/Build/Products/Debug/PackageFrameworks/AliasWonderland.framework/AliasWonderland
MkDir /Users/admin/builds/vMd7uqzK/1/finestructure/swiftpackageindex-builder/spi-builder-workspace/.derivedData/Build/Products/Debug/PackageFrameworks/AliasWonderland.framework/Versions/A/Resources (in target 'AliasWonderland' from project 'AliasWonderland')
    cd /Users/admin/builds/vMd7uqzK/1/finestructure/swiftpackageindex-builder/spi-builder-workspace/.dependencies/checkouts/AliasWonderland
    /bin/mkdir -p /Users/admin/builds/vMd7uqzK/1/finestructure/swiftpackageindex-builder/spi-builder-workspace/.derivedData/Build/Products/Debug/PackageFrameworks/AliasWonderland.framework/Versions/A/Resources
MkDir /Users/admin/builds/vMd7uqzK/1/finestructure/swiftpackageindex-builder/spi-builder-workspace/.derivedData/Build/Products/Debug/PackageFrameworks/AliasWonderland.framework/Versions/A (in target 'AliasWonderland' from project 'AliasWonderland')
    cd /Users/admin/builds/vMd7uqzK/1/finestructure/swiftpackageindex-builder/spi-builder-workspace/.dependencies/checkouts/AliasWonderland
    /bin/mkdir -p /Users/admin/builds/vMd7uqzK/1/finestructure/swiftpackageindex-builder/spi-builder-workspace/.derivedData/Build/Products/Debug/PackageFrameworks/AliasWonderland.framework/Versions/A
MkDir /Users/admin/builds/vMd7uqzK/1/finestructure/swiftpackageindex-builder/spi-builder-workspace/.derivedData/Build/Products/Debug/PackageFrameworks/AliasWonderland.framework/Versions (in target 'AliasWonderland' from project 'AliasWonderland')
    cd /Users/admin/builds/vMd7uqzK/1/finestructure/swiftpackageindex-builder/spi-builder-workspace/.dependencies/checkouts/AliasWonderland
    /bin/mkdir -p /Users/admin/builds/vMd7uqzK/1/finestructure/swiftpackageindex-builder/spi-builder-workspace/.derivedData/Build/Products/Debug/PackageFrameworks/AliasWonderland.framework/Versions
MkDir /Users/admin/builds/vMd7uqzK/1/finestructure/swiftpackageindex-builder/spi-builder-workspace/.derivedData/Build/Products/Debug/PackageFrameworks/AliasWonderland.framework (in target 'AliasWonderland' from project 'AliasWonderland')
    cd /Users/admin/builds/vMd7uqzK/1/finestructure/swiftpackageindex-builder/spi-builder-workspace/.dependencies/checkouts/AliasWonderland
    /bin/mkdir -p /Users/admin/builds/vMd7uqzK/1/finestructure/swiftpackageindex-builder/spi-builder-workspace/.derivedData/Build/Products/Debug/PackageFrameworks/AliasWonderland.framework
WriteAuxiliaryFile /Users/admin/builds/vMd7uqzK/1/finestructure/swiftpackageindex-builder/spi-builder-workspace/.derivedData/Build/Intermediates.noindex/swift-snapshot-testing.build/Debug/SnapshotTesting.build/SnapshotTesting.modulemap (in target 'SnapshotTesting' from project 'swift-snapshot-testing')
    cd /Users/admin/builds/vMd7uqzK/1/finestructure/swiftpackageindex-builder/spi-builder-workspace/.dependencies/checkouts/swift-snapshot-testing
    write-file /Users/admin/builds/vMd7uqzK/1/finestructure/swiftpackageindex-builder/spi-builder-workspace/.derivedData/Build/Intermediates.noindex/swift-snapshot-testing.build/Debug/SnapshotTesting.build/SnapshotTesting.modulemap
WriteAuxiliaryFile /Users/admin/builds/vMd7uqzK/1/finestructure/swiftpackageindex-builder/spi-builder-workspace/.derivedData/Build/Intermediates.noindex/AliasWonderland.build/Debug/AliasWonderland.build/AliasWonderland.modulemap (in target 'AliasWonderland' from project 'AliasWonderland')
    cd /Users/admin/builds/vMd7uqzK/1/finestructure/swiftpackageindex-builder/spi-builder-workspace/.dependencies/checkouts/AliasWonderland
    write-file /Users/admin/builds/vMd7uqzK/1/finestructure/swiftpackageindex-builder/spi-builder-workspace/.derivedData/Build/Intermediates.noindex/AliasWonderland.build/Debug/AliasWonderland.build/AliasWonderland.modulemap
Copy /Users/admin/builds/vMd7uqzK/1/finestructure/swiftpackageindex-builder/spi-builder-workspace/.derivedData/Build/Intermediates.noindex/GeneratedModuleMaps/SnapshotTesting.modulemap /Users/admin/builds/vMd7uqzK/1/finestructure/swiftpackageindex-builder/spi-builder-workspace/.derivedData/Build/Intermediates.noindex/swift-snapshot-testing.build/Debug/SnapshotTesting.build/SnapshotTesting.modulemap (in target 'SnapshotTesting' from project 'swift-snapshot-testing')
    cd /Users/admin/builds/vMd7uqzK/1/finestructure/swiftpackageindex-builder/spi-builder-workspace/.dependencies/checkouts/swift-snapshot-testing
    builtin-copy -exclude .DS_Store -exclude CVS -exclude .svn -exclude .git -exclude .hg -resolve-src-symlinks /Users/admin/builds/vMd7uqzK/1/finestructure/swiftpackageindex-builder/spi-builder-workspace/.derivedData/Build/Intermediates.noindex/swift-snapshot-testing.build/Debug/SnapshotTesting.build/SnapshotTesting.modulemap /Users/admin/builds/vMd7uqzK/1/finestructure/swiftpackageindex-builder/spi-builder-workspace/.derivedData/Build/Intermediates.noindex/GeneratedModuleMaps
Copy /Users/admin/builds/vMd7uqzK/1/finestructure/swiftpackageindex-builder/spi-builder-workspace/.derivedData/Build/Intermediates.noindex/GeneratedModuleMaps/AliasWonderland.modulemap /Users/admin/builds/vMd7uqzK/1/finestructure/swiftpackageindex-builder/spi-builder-workspace/.derivedData/Build/Intermediates.noindex/AliasWonderland.build/Debug/AliasWonderland.build/AliasWonderland.modulemap (in target 'AliasWonderland' from project 'AliasWonderland')
    cd /Users/admin/builds/vMd7uqzK/1/finestructure/swiftpackageindex-builder/spi-builder-workspace/.dependencies/checkouts/AliasWonderland
    builtin-copy -exclude .DS_Store -exclude CVS -exclude .svn -exclude .git -exclude .hg -resolve-src-symlinks /Users/admin/builds/vMd7uqzK/1/finestructure/swiftpackageindex-builder/spi-builder-workspace/.derivedData/Build/Intermediates.noindex/AliasWonderland.build/Debug/AliasWonderland.build/AliasWonderland.modulemap /Users/admin/builds/vMd7uqzK/1/finestructure/swiftpackageindex-builder/spi-builder-workspace/.derivedData/Build/Intermediates.noindex/GeneratedModuleMaps
WriteAuxiliaryFile /Users/admin/builds/vMd7uqzK/1/finestructure/swiftpackageindex-builder/spi-builder-workspace/.derivedData/Build/Intermediates.noindex/AliasWonderland.build/Debug/AliasWonderland.build/Objects-normal/arm64/AliasWonderland.LinkFileList (in target 'AliasWonderland' from project 'AliasWonderland')
    cd /Users/admin/builds/vMd7uqzK/1/finestructure/swiftpackageindex-builder/spi-builder-workspace/.dependencies/checkouts/AliasWonderland
    write-file /Users/admin/builds/vMd7uqzK/1/finestructure/swiftpackageindex-builder/spi-builder-workspace/.derivedData/Build/Intermediates.noindex/AliasWonderland.build/Debug/AliasWonderland.build/Objects-normal/arm64/AliasWonderland.LinkFileList
WriteAuxiliaryFile /Users/admin/builds/vMd7uqzK/1/finestructure/swiftpackageindex-builder/spi-builder-workspace/.derivedData/Build/Intermediates.noindex/AliasWonderland.build/Debug/AliasWonderland.build/Objects-normal/arm64/AliasWonderland.SwiftFileList (in target 'AliasWonderland' from project 'AliasWonderland')
    cd /Users/admin/builds/vMd7uqzK/1/finestructure/swiftpackageindex-builder/spi-builder-workspace/.dependencies/checkouts/AliasWonderland
    write-file /Users/admin/builds/vMd7uqzK/1/finestructure/swiftpackageindex-builder/spi-builder-workspace/.derivedData/Build/Intermediates.noindex/AliasWonderland.build/Debug/AliasWonderland.build/Objects-normal/arm64/AliasWonderland.SwiftFileList
WriteAuxiliaryFile /Users/admin/builds/vMd7uqzK/1/finestructure/swiftpackageindex-builder/spi-builder-workspace/.derivedData/Build/Intermediates.noindex/AliasWonderland.build/Debug/AliasWonderland.build/Objects-normal/arm64/AliasWonderland-OutputFileMap.json (in target 'AliasWonderland' from project 'AliasWonderland')
    cd /Users/admin/builds/vMd7uqzK/1/finestructure/swiftpackageindex-builder/spi-builder-workspace/.dependencies/checkouts/AliasWonderland
    write-file /Users/admin/builds/vMd7uqzK/1/finestructure/swiftpackageindex-builder/spi-builder-workspace/.derivedData/Build/Intermediates.noindex/AliasWonderland.build/Debug/AliasWonderland.build/Objects-normal/arm64/AliasWonderland-OutputFileMap.json
WriteAuxiliaryFile /Users/admin/builds/vMd7uqzK/1/finestructure/swiftpackageindex-builder/spi-builder-workspace/.derivedData/Build/Intermediates.noindex/swift-snapshot-testing.build/Debug/SnapshotTesting.build/Objects-normal/arm64/SnapshotTesting.LinkFileList (in target 'SnapshotTesting' from project 'swift-snapshot-testing')
    cd /Users/admin/builds/vMd7uqzK/1/finestructure/swiftpackageindex-builder/spi-builder-workspace/.dependencies/checkouts/swift-snapshot-testing
    write-file /Users/admin/builds/vMd7uqzK/1/finestructure/swiftpackageindex-builder/spi-builder-workspace/.derivedData/Build/Intermediates.noindex/swift-snapshot-testing.build/Debug/SnapshotTesting.build/Objects-normal/arm64/SnapshotTesting.LinkFileList
WriteAuxiliaryFile /Users/admin/builds/vMd7uqzK/1/finestructure/swiftpackageindex-builder/spi-builder-workspace/.derivedData/Build/Intermediates.noindex/swift-snapshot-testing.build/Debug/SnapshotTesting.build/Objects-normal/arm64/SnapshotTesting-OutputFileMap.json (in target 'SnapshotTesting' from project 'swift-snapshot-testing')
    cd /Users/admin/builds/vMd7uqzK/1/finestructure/swiftpackageindex-builder/spi-builder-workspace/.dependencies/checkouts/swift-snapshot-testing
    write-file /Users/admin/builds/vMd7uqzK/1/finestructure/swiftpackageindex-builder/spi-builder-workspace/.derivedData/Build/Intermediates.noindex/swift-snapshot-testing.build/Debug/SnapshotTesting.build/Objects-normal/arm64/SnapshotTesting-OutputFileMap.json
WriteAuxiliaryFile /Users/admin/builds/vMd7uqzK/1/finestructure/swiftpackageindex-builder/spi-builder-workspace/.derivedData/Build/Intermediates.noindex/swift-snapshot-testing.build/Debug/SnapshotTesting.build/Objects-normal/arm64/SnapshotTesting.SwiftFileList (in target 'SnapshotTesting' from project 'swift-snapshot-testing')
    cd /Users/admin/builds/vMd7uqzK/1/finestructure/swiftpackageindex-builder/spi-builder-workspace/.dependencies/checkouts/swift-snapshot-testing
    write-file /Users/admin/builds/vMd7uqzK/1/finestructure/swiftpackageindex-builder/spi-builder-workspace/.derivedData/Build/Intermediates.noindex/swift-snapshot-testing.build/Debug/SnapshotTesting.build/Objects-normal/arm64/SnapshotTesting.SwiftFileList
SwiftDriver SnapshotTesting normal arm64 com.apple.xcode.tools.swift.compiler (in target 'SnapshotTesting' from project 'swift-snapshot-testing')
    cd /Users/admin/builds/vMd7uqzK/1/finestructure/swiftpackageindex-builder/spi-builder-workspace/.dependencies/checkouts/swift-snapshot-testing
    builtin-SwiftDriver -- /Applications/Xcode-14.3.1.app/Contents/Developer/Toolchains/XcodeDefault.xctoolchain/usr/bin/swiftc -module-name SnapshotTesting -Onone -enforce-exclusivity\=checked @/Users/admin/builds/vMd7uqzK/1/finestructure/swiftpackageindex-builder/spi-builder-workspace/.derivedData/Build/Intermediates.noindex/swift-snapshot-testing.build/Debug/SnapshotTesting.build/Objects-normal/arm64/SnapshotTesting.SwiftFileList -DSWIFT_PACKAGE -DDEBUG -DXcode -sdk /Applications/Xcode-14.3.1.app/Contents/Developer/Platforms/MacOSX.platform/Developer/SDKs/MacOSX13.3.sdk -target arm64-apple-macos10.15 -g -module-cache-path /Users/admin/builds/vMd7uqzK/1/finestructure/swiftpackageindex-builder/spi-builder-workspace/.derivedData/ModuleCache.noindex -Xfrontend -serialize-debugging-options -enable-testing -index-store-path /Users/admin/builds/vMd7uqzK/1/finestructure/swiftpackageindex-builder/spi-builder-workspace/.derivedData/Index.noindex/DataStore -swift-version 5 -I /Users/admin/builds/vMd7uqzK/1/finestructure/swiftpackageindex-builder/spi-builder-workspace/.derivedData/Build/Products/Debug -I /Applications/Xcode-14.3.1.app/Contents/Developer/Platforms/MacOSX.platform/Developer/usr/lib -F /Users/admin/builds/vMd7uqzK/1/finestructure/swiftpackageindex-builder/spi-builder-workspace/.derivedData/Build/Products/Debug -F /Applications/Xcode-14.3.1.app/Contents/Developer/Platforms/MacOSX.platform/Developer/Library/Frameworks -c -j4 -enable-batch-mode -incremental -Xcc -ivfsstatcache -Xcc /Users/admin/builds/vMd7uqzK/1/finestructure/swiftpackageindex-builder/spi-builder-workspace/.derivedData/SDKStatCaches.noindex/macosx13.3-22E245-.sdkstatcache -output-file-map /Users/admin/builds/vMd7uqzK/1/finestructure/swiftpackageindex-builder/spi-builder-workspace/.derivedData/Build/Intermediates.noindex/swift-snapshot-testing.build/Debug/SnapshotTesting.build/Objects-normal/arm64/SnapshotTesting-OutputFileMap.json -use-frontend-parseable-output -save-temps -no-color-diagnostics -serialize-diagnostics -emit-dependencies -emit-module -emit-module-path /Users/admin/builds/vMd7uqzK/1/finestructure/swiftpackageindex-builder/spi-builder-workspace/.derivedData/Build/Intermediates.noindex/swift-snapshot-testing.build/Debug/SnapshotTesting.build/Objects-normal/arm64/SnapshotTesting.swiftmodule -Xcc -I/Users/admin/builds/vMd7uqzK/1/finestructure/swiftpackageindex-builder/spi-builder-workspace/.derivedData/Build/Intermediates.noindex/swift-snapshot-testing.build/Debug/SnapshotTesting.build/swift-overrides.hmap -Xcc -I/Users/admin/builds/vMd7uqzK/1/finestructure/swiftpackageindex-builder/spi-builder-workspace/.derivedData/Build/Products/Debug/include -Xcc -I/Users/admin/builds/vMd7uqzK/1/finestructure/swiftpackageindex-builder/spi-builder-workspace/.derivedData/Build/Intermediates.noindex/swift-snapshot-testing.build/Debug/SnapshotTesting.build/DerivedSources-normal/arm64 -Xcc -I/Users/admin/builds/vMd7uqzK/1/finestructure/swiftpackageindex-builder/spi-builder-workspace/.derivedData/Build/Intermediates.noindex/swift-snapshot-testing.build/Debug/SnapshotTesting.build/DerivedSources/arm64 -Xcc -I/Users/admin/builds/vMd7uqzK/1/finestructure/swiftpackageindex-builder/spi-builder-workspace/.derivedData/Build/Intermediates.noindex/swift-snapshot-testing.build/Debug/SnapshotTesting.build/DerivedSources -Xcc -DSWIFT_PACKAGE -Xcc -DDEBUG\=1 -emit-objc-header -emit-objc-header-path /Users/admin/builds/vMd7uqzK/1/finestructure/swiftpackageindex-builder/spi-builder-workspace/.derivedData/Build/Intermediates.noindex/swift-snapshot-testing.build/Debug/SnapshotTesting.build/Objects-normal/arm64/SnapshotTesting-Swift.h -working-directory /Users/admin/builds/vMd7uqzK/1/finestructure/swiftpackageindex-builder/spi-builder-workspace/.dependencies/checkouts/swift-snapshot-testing -experimental-emit-module-separately -disable-cmo
SwiftDriver AliasWonderland normal arm64 com.apple.xcode.tools.swift.compiler (in target 'AliasWonderland' from project 'AliasWonderland')
    cd /Users/admin/builds/vMd7uqzK/1/finestructure/swiftpackageindex-builder/spi-builder-workspace/.dependencies/checkouts/AliasWonderland
    builtin-SwiftDriver -- /Applications/Xcode-14.3.1.app/Contents/Developer/Toolchains/XcodeDefault.xctoolchain/usr/bin/swiftc -module-name AliasWonderland -Onone -enforce-exclusivity\=checked @/Users/admin/builds/vMd7uqzK/1/finestructure/swiftpackageindex-builder/spi-builder-workspace/.derivedData/Build/Intermediates.noindex/AliasWonderland.build/Debug/AliasWonderland.build/Objects-normal/arm64/AliasWonderland.SwiftFileList -DSWIFT_PACKAGE -DDEBUG -DXcode -sdk /Applications/Xcode-14.3.1.app/Contents/Developer/Platforms/MacOSX.platform/Developer/SDKs/MacOSX13.3.sdk -target arm64-apple-macos10.13 -g -module-cache-path /Users/admin/builds/vMd7uqzK/1/finestructure/swiftpackageindex-builder/spi-builder-workspace/.derivedData/ModuleCache.noindex -Xfrontend -serialize-debugging-options -enable-testing -index-store-path /Users/admin/builds/vMd7uqzK/1/finestructure/swiftpackageindex-builder/spi-builder-workspace/.derivedData/Index.noindex/DataStore -swift-version 5 -I /Users/admin/builds/vMd7uqzK/1/finestructure/swiftpackageindex-builder/spi-builder-workspace/.derivedData/Build/Products/Debug -I /Applications/Xcode-14.3.1.app/Contents/Developer/Platforms/MacOSX.platform/Developer/usr/lib -F /Users/admin/builds/vMd7uqzK/1/finestructure/swiftpackageindex-builder/spi-builder-workspace/.derivedData/Build/Products/Debug -F /Applications/Xcode-14.3.1.app/Contents/Developer/Platforms/MacOSX.platform/Developer/Library/Frameworks -c -j4 -enable-batch-mode -incremental -Xcc -ivfsstatcache -Xcc /Users/admin/builds/vMd7uqzK/1/finestructure/swiftpackageindex-builder/spi-builder-workspace/.derivedData/SDKStatCaches.noindex/macosx13.3-22E245-.sdkstatcache -output-file-map /Users/admin/builds/vMd7uqzK/1/finestructure/swiftpackageindex-builder/spi-builder-workspace/.derivedData/Build/Intermediates.noindex/AliasWonderland.build/Debug/AliasWonderland.build/Objects-normal/arm64/AliasWonderland-OutputFileMap.json -use-frontend-parseable-output -save-temps -no-color-diagnostics -serialize-diagnostics -emit-dependencies -emit-module -emit-module-path /Users/admin/builds/vMd7uqzK/1/finestructure/swiftpackageindex-builder/spi-builder-workspace/.derivedData/Build/Intermediates.noindex/AliasWonderland.build/Debug/AliasWonderland.build/Objects-normal/arm64/AliasWonderland.swiftmodule -Xcc -I/Users/admin/builds/vMd7uqzK/1/finestructure/swiftpackageindex-builder/spi-builder-workspace/.derivedData/Build/Intermediates.noindex/AliasWonderland.build/Debug/AliasWonderland.build/swift-overrides.hmap -Xcc -I/Users/admin/builds/vMd7uqzK/1/finestructure/swiftpackageindex-builder/spi-builder-workspace/.derivedData/Build/Products/Debug/include -Xcc -I/Users/admin/builds/vMd7uqzK/1/finestructure/swiftpackageindex-builder/spi-builder-workspace/.derivedData/Build/Intermediates.noindex/AliasWonderland.build/Debug/AliasWonderland.build/DerivedSources-normal/arm64 -Xcc -I/Users/admin/builds/vMd7uqzK/1/finestructure/swiftpackageindex-builder/spi-builder-workspace/.derivedData/Build/Intermediates.noindex/AliasWonderland.build/Debug/AliasWonderland.build/DerivedSources/arm64 -Xcc -I/Users/admin/builds/vMd7uqzK/1/finestructure/swiftpackageindex-builder/spi-builder-workspace/.derivedData/Build/Intermediates.noindex/AliasWonderland.build/Debug/AliasWonderland.build/DerivedSources -Xcc -DSWIFT_PACKAGE -Xcc -DDEBUG\=1 -emit-objc-header -emit-objc-header-path /Users/admin/builds/vMd7uqzK/1/finestructure/swiftpackageindex-builder/spi-builder-workspace/.derivedData/Build/Intermediates.noindex/AliasWonderland.build/Debug/AliasWonderland.build/Objects-normal/arm64/AliasWonderland-Swift.h -working-directory /Users/admin/builds/vMd7uqzK/1/finestructure/swiftpackageindex-builder/spi-builder-workspace/.dependencies/checkouts/AliasWonderland -experimental-emit-module-separately -disable-cmo
SwiftEmitModule normal arm64 Emitting\ module\ for\ AliasWonderland (in target 'AliasWonderland' from project 'AliasWonderland')
    cd /Users/admin/builds/vMd7uqzK/1/finestructure/swiftpackageindex-builder/spi-builder-workspace/.dependencies/checkouts/AliasWonderland
    builtin-swiftTaskExecution -- /Applications/Xcode-14.3.1.app/Contents/Developer/Toolchains/XcodeDefault.xctoolchain/usr/bin/swift-frontend -frontend -emit-module -experimental-skip-non-inlinable-function-bodies-without-types /Users/admin/builds/vMd7uqzK/1/finestructure/swiftpackageindex-builder/spi-builder-workspace/.dependencies/checkouts/AliasWonderland/Sources/AliasWonderland/ClosuresAliases.swift /Users/admin/builds/vMd7uqzK/1/finestructure/swiftpackageindex-builder/spi-builder-workspace/.dependencies/checkouts/AliasWonderland/Sources/AliasWonderland/SideEffectAliases.swift -target arm64-apple-macos10.13 -Xllvm -aarch64-use-tbi -enable-objc-interop -sdk /Applications/Xcode-14.3.1.app/Contents/Developer/Platforms/MacOSX.platform/Developer/SDKs/MacOSX13.3.sdk -I /Users/admin/builds/vMd7uqzK/1/finestructure/swiftpackageindex-builder/spi-builder-workspace/.derivedData/Build/Products/Debug -I /Applications/Xcode-14.3.1.app/Contents/Developer/Platforms/MacOSX.platform/Developer/usr/lib -F /Users/admin/builds/vMd7uqzK/1/finestructure/swiftpackageindex-builder/spi-builder-workspace/.derivedData/Build/Products/Debug -F /Applications/Xcode-14.3.1.app/Contents/Developer/Platforms/MacOSX.platform/Developer/Library/Frameworks -no-color-diagnostics -enable-testing -g -module-cache-path /Users/admin/builds/vMd7uqzK/1/finestructure/swiftpackageindex-builder/spi-builder-workspace/.derivedData/ModuleCache.noindex -swift-version 5 -enforce-exclusivity\=checked -Onone -D SWIFT_PACKAGE -D DEBUG -D Xcode -serialize-debugging-options -empty-abi-descriptor -Xcc -working-directory -Xcc /Users/admin/builds/vMd7uqzK/1/finestructure/swiftpackageindex-builder/spi-builder-workspace/.dependencies/checkouts/AliasWonderland -resource-dir /Applications/Xcode-14.3.1.app/Contents/Developer/Toolchains/XcodeDefault.xctoolchain/usr/lib/swift -enable-anonymous-context-mangled-names -Xcc -ivfsstatcache -Xcc /Users/admin/builds/vMd7uqzK/1/finestructure/swiftpackageindex-builder/spi-builder-workspace/.derivedData/SDKStatCaches.noindex/macosx13.3-22E245-.sdkstatcache -Xcc -I/Users/admin/builds/vMd7uqzK/1/finestructure/swiftpackageindex-builder/spi-builder-workspace/.derivedData/Build/Intermediates.noindex/AliasWonderland.build/Debug/AliasWonderland.build/swift-overrides.hmap -Xcc -I/Users/admin/builds/vMd7uqzK/1/finestructure/swiftpackageindex-builder/spi-builder-workspace/.derivedData/Build/Products/Debug/include -Xcc -I/Users/admin/builds/vMd7uqzK/1/finestructure/swiftpackageindex-builder/spi-builder-workspace/.derivedData/Build/Intermediates.noindex/AliasWonderland.build/Debug/AliasWonderland.build/DerivedSources-normal/arm64 -Xcc -I/Users/admin/builds/vMd7uqzK/1/finestructure/swiftpackageindex-builder/spi-builder-workspace/.derivedData/Build/Intermediates.noindex/AliasWonderland.build/Debug/AliasWonderland.build/DerivedSources/arm64 -Xcc -I/Users/admin/builds/vMd7uqzK/1/finestructure/swiftpackageindex-builder/spi-builder-workspace/.derivedData/Build/Intermediates.noindex/AliasWonderland.build/Debug/AliasWonderland.build/DerivedSources -Xcc -DSWIFT_PACKAGE -Xcc -DDEBUG\=1 -module-name AliasWonderland -disable-clang-spi -target-sdk-version 13.3 -target-sdk-name macosx13.3 -emit-module-doc-path /Users/admin/builds/vMd7uqzK/1/finestructure/swiftpackageindex-builder/spi-builder-workspace/.derivedData/Build/Intermediates.noindex/AliasWonderland.build/Debug/AliasWonderland.build/Objects-normal/arm64/AliasWonderland.swiftdoc -emit-module-source-info-path /Users/admin/builds/vMd7uqzK/1/finestructure/swiftpackageindex-builder/spi-builder-workspace/.derivedData/Build/Intermediates.noindex/AliasWonderland.build/Debug/AliasWonderland.build/Objects-normal/arm64/AliasWonderland.swiftsourceinfo -emit-objc-header-path /Users/admin/builds/vMd7uqzK/1/finestructure/swiftpackageindex-builder/spi-builder-workspace/.derivedData/Build/Intermediates.noindex/AliasWonderland.build/Debug/AliasWonderland.build/Objects-normal/arm64/AliasWonderland-Swift.h -serialize-diagnostics-path /Users/admin/builds/vMd7uqzK/1/finestructure/swiftpackageindex-builder/spi-builder-workspace/.derivedData/Build/Intermediates.noindex/AliasWonderland.build/Debug/AliasWonderland.build/Objects-normal/arm64/AliasWonderland-master-emit-module.dia -emit-dependencies-path /Users/admin/builds/vMd7uqzK/1/finestructure/swiftpackageindex-builder/spi-builder-workspace/.derivedData/Build/Intermediates.noindex/AliasWonderland.build/Debug/AliasWonderland.build/Objects-normal/arm64/AliasWonderland-master-emit-module.d -o /Users/admin/builds/vMd7uqzK/1/finestructure/swiftpackageindex-builder/spi-builder-workspace/.derivedData/Build/Intermediates.noindex/AliasWonderland.build/Debug/AliasWonderland.build/Objects-normal/arm64/AliasWonderland.swiftmodule -emit-abi-descriptor-path /Users/admin/builds/vMd7uqzK/1/finestructure/swiftpackageindex-builder/spi-builder-workspace/.derivedData/Build/Intermediates.noindex/AliasWonderland.build/Debug/AliasWonderland.build/Objects-normal/arm64/AliasWonderland.abi.json
/Users/admin/builds/vMd7uqzK/1/finestructure/swiftpackageindex-builder/spi-builder-workspace/.dependencies/checkouts/AliasWonderland/Sources/AliasWonderland/ClosuresAliases.swift:10:31: error: expected '>' to complete generic parameter list
public typealias Closure<each I, O>           = (repeat each I)              -> O
                              ^
/Users/admin/builds/vMd7uqzK/1/finestructure/swiftpackageindex-builder/spi-builder-workspace/.dependencies/checkouts/AliasWonderland/Sources/AliasWonderland/ClosuresAliases.swift:10:25: note: to match this opening '<'
public typealias Closure<each I, O>           = (repeat each I)              -> O
                        ^
/Users/admin/builds/vMd7uqzK/1/finestructure/swiftpackageindex-builder/spi-builder-workspace/.dependencies/checkouts/AliasWonderland/Sources/AliasWonderland/ClosuresAliases.swift:10:62: error: expected ':' following argument label and parameter name
public typealias Closure<each I, O>           = (repeat each I)              -> O
                                                             ^
/Users/admin/builds/vMd7uqzK/1/finestructure/swiftpackageindex-builder/spi-builder-workspace/.dependencies/checkouts/AliasWonderland/Sources/AliasWonderland/ClosuresAliases.swift:11:37: error: expected '>' to complete generic parameter list
public typealias ThrowsClosure<each I,O>      = (repeat each I) throws       -> O
                                    ^
/Users/admin/builds/vMd7uqzK/1/finestructure/swiftpackageindex-builder/spi-builder-workspace/.dependencies/checkouts/AliasWonderland/Sources/AliasWonderland/ClosuresAliases.swift:11:31: note: to match this opening '<'
public typealias ThrowsClosure<each I,O>      = (repeat each I) throws       -> O
                              ^
/Users/admin/builds/vMd7uqzK/1/finestructure/swiftpackageindex-builder/spi-builder-workspace/.dependencies/checkouts/AliasWonderland/Sources/AliasWonderland/ClosuresAliases.swift:11:62: error: expected ':' following argument label and parameter name
public typealias ThrowsClosure<each I,O>      = (repeat each I) throws       -> O
                                                             ^
/Users/admin/builds/vMd7uqzK/1/finestructure/swiftpackageindex-builder/spi-builder-workspace/.dependencies/checkouts/AliasWonderland/Sources/AliasWonderland/ClosuresAliases.swift:12:36: error: expected '>' to complete generic parameter list
public typealias AsyncClosure<each I, O>      = (repeat each I) async        -> O
                                   ^
/Users/admin/builds/vMd7uqzK/1/finestructure/swiftpackageindex-builder/spi-builder-workspace/.dependencies/checkouts/AliasWonderland/Sources/AliasWonderland/ClosuresAliases.swift:12:30: note: to match this opening '<'
public typealias AsyncClosure<each I, O>      = (repeat each I) async        -> O
                             ^
/Users/admin/builds/vMd7uqzK/1/finestructure/swiftpackageindex-builder/spi-builder-workspace/.dependencies/checkouts/AliasWonderland/Sources/AliasWonderland/ClosuresAliases.swift:12:62: error: expected ':' following argument label and parameter name
public typealias AsyncClosure<each I, O>      = (repeat each I) async        -> O
                                                             ^
/Users/admin/builds/vMd7uqzK/1/finestructure/swiftpackageindex-builder/spi-builder-workspace/.dependencies/checkouts/AliasWonderland/Sources/AliasWonderland/ClosuresAliases.swift:13:42: error: expected '>' to complete generic parameter list
public typealias AsyncThrowsClosure<each I,O> = (repeat each I) async throws -> O
                                         ^
/Users/admin/builds/vMd7uqzK/1/finestructure/swiftpackageindex-builder/spi-builder-workspace/.dependencies/checkouts/AliasWonderland/Sources/AliasWonderland/ClosuresAliases.swift:13:36: note: to match this opening '<'
public typealias AsyncThrowsClosure<each I,O> = (repeat each I) async throws -> O
                                   ^
/Users/admin/builds/vMd7uqzK/1/finestructure/swiftpackageindex-builder/spi-builder-workspace/.dependencies/checkouts/AliasWonderland/Sources/AliasWonderland/ClosuresAliases.swift:13:62: error: expected ':' following argument label and parameter name
public typealias AsyncThrowsClosure<each I,O> = (repeat each I) async throws -> O
                                                             ^
/Users/admin/builds/vMd7uqzK/1/finestructure/swiftpackageindex-builder/spi-builder-workspace/.dependencies/checkouts/AliasWonderland/Sources/AliasWonderland/ClosuresAliases.swift:23:32: error: expected '>' to complete generic parameter list
public typealias Producer<each T>              = ()                 -> (repeat each T)
                               ^
/Users/admin/builds/vMd7uqzK/1/finestructure/swiftpackageindex-builder/spi-builder-workspace/.dependencies/checkouts/AliasWonderland/Sources/AliasWonderland/ClosuresAliases.swift:23:26: note: to match this opening '<'
public typealias Producer<each T>              = ()                 -> (repeat each T)
                         ^
/Users/admin/builds/vMd7uqzK/1/finestructure/swiftpackageindex-builder/spi-builder-workspace/.dependencies/checkouts/AliasWonderland/Sources/AliasWonderland/ClosuresAliases.swift:23:85: error: expected ':' following argument label and parameter name
public typealias Producer<each T>              = ()                 -> (repeat each T)
                                                                                    ^
/Users/admin/builds/vMd7uqzK/1/finestructure/swiftpackageindex-builder/spi-builder-workspace/.dependencies/checkouts/AliasWonderland/Sources/AliasWonderland/ClosuresAliases.swift:25:38: error: expected '>' to complete generic parameter list
public typealias ThrowsProducer<each T>        = () throws          -> (repeat each T)
                                     ^
/Users/admin/builds/vMd7uqzK/1/finestructure/swiftpackageindex-builder/spi-builder-workspace/.dependencies/checkouts/AliasWonderland/Sources/AliasWonderland/ClosuresAliases.swift:25:32: note: to match this opening '<'
public typealias ThrowsProducer<each T>        = () throws          -> (repeat each T)
                               ^
/Users/admin/builds/vMd7uqzK/1/finestructure/swiftpackageindex-builder/spi-builder-workspace/.dependencies/checkouts/AliasWonderland/Sources/AliasWonderland/ClosuresAliases.swift:25:85: error: expected ':' following argument label and parameter name
public typealias ThrowsProducer<each T>        = () throws          -> (repeat each T)
                                                                                    ^
/Users/admin/builds/vMd7uqzK/1/finestructure/swiftpackageindex-builder/spi-builder-workspace/.dependencies/checkouts/AliasWonderland/Sources/AliasWonderland/ClosuresAliases.swift:28:37: error: expected '>' to complete generic parameter list
public typealias AsyncProducer<each T>         = () async           -> (repeat each T)
                                    ^
/Users/admin/builds/vMd7uqzK/1/finestructure/swiftpackageindex-builder/spi-builder-workspace/.dependencies/checkouts/AliasWonderland/Sources/AliasWonderland/ClosuresAliases.swift:28:31: note: to match this opening '<'
public typealias AsyncProducer<each T>         = () async           -> (repeat each T)
                              ^
/Users/admin/builds/vMd7uqzK/1/finestructure/swiftpackageindex-builder/spi-builder-workspace/.dependencies/checkouts/AliasWonderland/Sources/AliasWonderland/ClosuresAliases.swift:28:85: error: expected ':' following argument label and parameter name
public typealias AsyncProducer<each T>         = () async           -> (repeat each T)
                                                                                    ^
/Users/admin/builds/vMd7uqzK/1/finestructure/swiftpackageindex-builder/spi-builder-workspace/.dependencies/checkouts/AliasWonderland/Sources/AliasWonderland/ClosuresAliases.swift:31:43: error: expected '>' to complete generic parameter list
public typealias AsyncThrowsProducer<each T>   = () async throws    -> (repeat each T)
                                          ^
/Users/admin/builds/vMd7uqzK/1/finestructure/swiftpackageindex-builder/spi-builder-workspace/.dependencies/checkouts/AliasWonderland/Sources/AliasWonderland/ClosuresAliases.swift:31:37: note: to match this opening '<'
public typealias AsyncThrowsProducer<each T>   = () async throws    -> (repeat each T)
                                    ^
/Users/admin/builds/vMd7uqzK/1/finestructure/swiftpackageindex-builder/spi-builder-workspace/.dependencies/checkouts/AliasWonderland/Sources/AliasWonderland/ClosuresAliases.swift:31:85: error: expected ':' following argument label and parameter name
public typealias AsyncThrowsProducer<each T>   = () async throws    -> (repeat each T)
                                                                                    ^
/Users/admin/builds/vMd7uqzK/1/finestructure/swiftpackageindex-builder/spi-builder-workspace/.dependencies/checkouts/AliasWonderland/Sources/AliasWonderland/ClosuresAliases.swift:34:45: error: expected '>' to complete generic parameter list
public typealias SendableAsyncProducer<each T> = @Sendable () async -> (repeat each T)
                                            ^
/Users/admin/builds/vMd7uqzK/1/finestructure/swiftpackageindex-builder/spi-builder-workspace/.dependencies/checkouts/AliasWonderland/Sources/AliasWonderland/ClosuresAliases.swift:34:39: note: to match this opening '<'
public typealias SendableAsyncProducer<each T> = @Sendable () async -> (repeat each T)
                                      ^
/Users/admin/builds/vMd7uqzK/1/finestructure/swiftpackageindex-builder/spi-builder-workspace/.dependencies/checkouts/AliasWonderland/Sources/AliasWonderland/ClosuresAliases.swift:34:85: error: expected ':' following argument label and parameter name
public typealias SendableAsyncProducer<each T> = @Sendable () async -> (repeat each T)
                                                                                    ^
/Users/admin/builds/vMd7uqzK/1/finestructure/swiftpackageindex-builder/spi-builder-workspace/.dependencies/checkouts/AliasWonderland/Sources/AliasWonderland/SideEffectAliases.swift:33:32: error: expected '>' to complete generic parameter list
public typealias Consumer<each I>       = (repeat each I)        -> Void
                               ^
/Users/admin/builds/vMd7uqzK/1/finestructure/swiftpackageindex-builder/spi-builder-workspace/.dependencies/checkouts/AliasWonderland/Sources/AliasWonderland/SideEffectAliases.swift:33:26: note: to match this opening '<'
public typealias Consumer<each I>       = (repeat each I)        -> Void
                         ^
/Users/admin/builds/vMd7uqzK/1/finestructure/swiftpackageindex-builder/spi-builder-workspace/.dependencies/checkouts/AliasWonderland/Sources/AliasWonderland/SideEffectAliases.swift:33:56: error: expected ':' following argument label and parameter name
public typealias Consumer<each I>       = (repeat each I)        -> Void
                                                       ^
/Users/admin/builds/vMd7uqzK/1/finestructure/swiftpackageindex-builder/spi-builder-workspace/.dependencies/checkouts/AliasWonderland/Sources/AliasWonderland/SideEffectAliases.swift:34:38: error: expected '>' to complete generic parameter list
public typealias ThrowsConsumer<each I> = (repeat each I) throws -> Void
                                     ^
/Users/admin/builds/vMd7uqzK/1/finestructure/swiftpackageindex-builder/spi-builder-workspace/.dependencies/checkouts/AliasWonderland/Sources/AliasWonderland/SideEffectAliases.swift:34:32: note: to match this opening '<'
public typealias ThrowsConsumer<each I> = (repeat each I) throws -> Void
                               ^
/Users/admin/builds/vMd7uqzK/1/finestructure/swiftpackageindex-builder/spi-builder-workspace/.dependencies/checkouts/AliasWonderland/Sources/AliasWonderland/SideEffectAliases.swift:34:56: error: expected ':' following argument label and parameter name
public typealias ThrowsConsumer<each I> = (repeat each I) throws -> Void
                                                       ^
/Users/admin/builds/vMd7uqzK/1/finestructure/swiftpackageindex-builder/spi-builder-workspace/.dependencies/checkouts/AliasWonderland/Sources/AliasWonderland/SideEffectAliases.swift:39:37: error: expected '>' to complete generic parameter list
public typealias AsyncConsumer<each I> = (repeat each I) async -> Void
                                    ^
/Users/admin/builds/vMd7uqzK/1/finestructure/swiftpackageindex-builder/spi-builder-workspace/.dependencies/checkouts/AliasWonderland/Sources/AliasWonderland/SideEffectAliases.swift:39:31: note: to match this opening '<'
public typealias AsyncConsumer<each I> = (repeat each I) async -> Void
                              ^
/Users/admin/builds/vMd7uqzK/1/finestructure/swiftpackageindex-builder/spi-builder-workspace/.dependencies/checkouts/AliasWonderland/Sources/AliasWonderland/SideEffectAliases.swift:39:55: error: expected ':' following argument label and parameter name
public typealias AsyncConsumer<each I> = (repeat each I) async -> Void
                                                      ^
/Users/admin/builds/vMd7uqzK/1/finestructure/swiftpackageindex-builder/spi-builder-workspace/.dependencies/checkouts/AliasWonderland/Sources/AliasWonderland/SideEffectAliases.swift:43:43: error: expected '>' to complete generic parameter list
public typealias AsyncThrowsConsumer<each I> = (repeat each I) async throws -> Void
                                          ^
/Users/admin/builds/vMd7uqzK/1/finestructure/swiftpackageindex-builder/spi-builder-workspace/.dependencies/checkouts/AliasWonderland/Sources/AliasWonderland/SideEffectAliases.swift:43:37: note: to match this opening '<'
public typealias AsyncThrowsConsumer<each I> = (repeat each I) async throws -> Void
                                    ^
/Users/admin/builds/vMd7uqzK/1/finestructure/swiftpackageindex-builder/spi-builder-workspace/.dependencies/checkouts/AliasWonderland/Sources/AliasWonderland/SideEffectAliases.swift:43:61: error: expected ':' following argument label and parameter name
public typealias AsyncThrowsConsumer<each I> = (repeat each I) async throws -> Void
                                                            ^
/Users/admin/builds/vMd7uqzK/1/finestructure/swiftpackageindex-builder/spi-builder-workspace/.dependencies/checkouts/AliasWonderland/Sources/AliasWonderland/ClosuresAliases.swift:10:62: error: cannot find type 'I' in scope
public typealias Closure<each I, O>           = (repeat each I)              -> O
                                                             ^
/Users/admin/builds/vMd7uqzK/1/finestructure/swiftpackageindex-builder/spi-builder-workspace/.dependencies/checkouts/AliasWonderland/Sources/AliasWonderland/ClosuresAliases.swift:10:81: error: cannot find type 'O' in scope
public typealias Closure<each I, O>           = (repeat each I)              -> O
                                                                                ^
/Users/admin/builds/vMd7uqzK/1/finestructure/swiftpackageindex-builder/spi-builder-workspace/.dependencies/checkouts/AliasWonderland/Sources/AliasWonderland/ClosuresAliases.swift:11:62: error: cannot find type 'I' in scope
public typealias ThrowsClosure<each I,O>      = (repeat each I) throws       -> O
                                                             ^
/Users/admin/builds/vMd7uqzK/1/finestructure/swiftpackageindex-builder/spi-builder-workspace/.dependencies/checkouts/AliasWonderland/Sources/AliasWonderland/ClosuresAliases.swift:11:81: error: cannot find type 'O' in scope
public typealias ThrowsClosure<each I,O>      = (repeat each I) throws       -> O
                                                                                ^
/Users/admin/builds/vMd7uqzK/1/finestructure/swiftpackageindex-builder/spi-builder-workspace/.dependencies/checkouts/AliasWonderland/Sources/AliasWonderland/ClosuresAliases.swift:12:62: error: cannot find type 'I' in scope
public typealias AsyncClosure<each I, O>      = (repeat each I) async        -> O
                                                             ^
/Users/admin/builds/vMd7uqzK/1/finestructure/swiftpackageindex-builder/spi-builder-workspace/.dependencies/checkouts/AliasWonderland/Sources/AliasWonderland/ClosuresAliases.swift:12:81: error: cannot find type 'O' in scope
public typealias AsyncClosure<each I, O>      = (repeat each I) async        -> O
                                                                                ^
/Users/admin/builds/vMd7uqzK/1/finestructure/swiftpackageindex-builder/spi-builder-workspace/.dependencies/checkouts/AliasWonderland/Sources/AliasWonderland/ClosuresAliases.swift:13:62: error: cannot find type 'I' in scope
public typealias AsyncThrowsClosure<each I,O> = (repeat each I) async throws -> O
                                                             ^
/Users/admin/builds/vMd7uqzK/1/finestructure/swiftpackageindex-builder/spi-builder-workspace/.dependencies/checkouts/AliasWonderland/Sources/AliasWonderland/ClosuresAliases.swift:13:81: error: cannot find type 'O' in scope
public typealias AsyncThrowsClosure<each I,O> = (repeat each I) async throws -> O
                                                                                ^
/Users/admin/builds/vMd7uqzK/1/finestructure/swiftpackageindex-builder/spi-builder-workspace/.dependencies/checkouts/AliasWonderland/Sources/AliasWonderland/ClosuresAliases.swift:23:85: error: cannot find type 'T' in scope
public typealias Producer<each T>              = ()                 -> (repeat each T)
                                                                                    ^
/Users/admin/builds/vMd7uqzK/1/finestructure/swiftpackageindex-builder/spi-builder-workspace/.dependencies/checkouts/AliasWonderland/Sources/AliasWonderland/ClosuresAliases.swift:25:85: error: cannot find type 'T' in scope
public typealias ThrowsProducer<each T>        = () throws          -> (repeat each T)
                                                                                    ^
/Users/admin/builds/vMd7uqzK/1/finestructure/swiftpackageindex-builder/spi-builder-workspace/.dependencies/checkouts/AliasWonderland/Sources/AliasWonderland/ClosuresAliases.swift:28:85: error: cannot find type 'T' in scope
public typealias AsyncProducer<each T>         = () async           -> (repeat each T)
                                                                                    ^
/Users/admin/builds/vMd7uqzK/1/finestructure/swiftpackageindex-builder/spi-builder-workspace/.dependencies/checkouts/AliasWonderland/Sources/AliasWonderland/ClosuresAliases.swift:31:85: error: cannot find type 'T' in scope
public typealias AsyncThrowsProducer<each T>   = () async throws    -> (repeat each T)
                                                                                    ^
/Users/admin/builds/vMd7uqzK/1/finestructure/swiftpackageindex-builder/spi-builder-workspace/.dependencies/checkouts/AliasWonderland/Sources/AliasWonderland/ClosuresAliases.swift:34:85: error: cannot find type 'T' in scope
public typealias SendableAsyncProducer<each T> = @Sendable () async -> (repeat each T)
                                                                                    ^
/Users/admin/builds/vMd7uqzK/1/finestructure/swiftpackageindex-builder/spi-builder-workspace/.dependencies/checkouts/AliasWonderland/Sources/AliasWonderland/SideEffectAliases.swift:33:56: error: cannot find type 'I' in scope
public typealias Consumer<each I>       = (repeat each I)        -> Void
                                                       ^
/Users/admin/builds/vMd7uqzK/1/finestructure/swiftpackageindex-builder/spi-builder-workspace/.dependencies/checkouts/AliasWonderland/Sources/AliasWonderland/SideEffectAliases.swift:34:56: error: cannot find type 'I' in scope
public typealias ThrowsConsumer<each I> = (repeat each I) throws -> Void
                                                       ^
/Users/admin/builds/vMd7uqzK/1/finestructure/swiftpackageindex-builder/spi-builder-workspace/.dependencies/checkouts/AliasWonderland/Sources/AliasWonderland/SideEffectAliases.swift:39:55: error: cannot find type 'I' in scope
public typealias AsyncConsumer<each I> = (repeat each I) async -> Void
                                                      ^
/Users/admin/builds/vMd7uqzK/1/finestructure/swiftpackageindex-builder/spi-builder-workspace/.dependencies/checkouts/AliasWonderland/Sources/AliasWonderland/SideEffectAliases.swift:43:61: error: cannot find type 'I' in scope
public typealias AsyncThrowsConsumer<each I> = (repeat each I) async throws -> Void
                                                            ^
SwiftCompile normal arm64 Compiling\ SideEffectAliases.swift /Users/admin/builds/vMd7uqzK/1/finestructure/swiftpackageindex-builder/spi-builder-workspace/.dependencies/checkouts/AliasWonderland/Sources/AliasWonderland/SideEffectAliases.swift (in target 'AliasWonderland' from project 'AliasWonderland')
    cd /Users/admin/builds/vMd7uqzK/1/finestructure/swiftpackageindex-builder/spi-builder-workspace/.dependencies/checkouts/AliasWonderland
    builtin-swiftTaskExecution -- /Applications/Xcode-14.3.1.app/Contents/Developer/Toolchains/XcodeDefault.xctoolchain/usr/bin/swift-frontend -frontend -c /Users/admin/builds/vMd7uqzK/1/finestructure/swiftpackageindex-builder/spi-builder-workspace/.dependencies/checkouts/AliasWonderland/Sources/AliasWonderland/ClosuresAliases.swift -primary-file /Users/admin/builds/vMd7uqzK/1/finestructure/swiftpackageindex-builder/spi-builder-workspace/.dependencies/checkouts/AliasWonderland/Sources/AliasWonderland/SideEffectAliases.swift -emit-dependencies-path /Users/admin/builds/vMd7uqzK/1/finestructure/swiftpackageindex-builder/spi-builder-workspace/.derivedData/Build/Intermediates.noindex/AliasWonderland.build/Debug/AliasWonderland.build/Objects-normal/arm64/SideEffectAliases.d -emit-reference-dependencies-path /Users/admin/builds/vMd7uqzK/1/finestructure/swiftpackageindex-builder/spi-builder-workspace/.derivedData/Build/Intermediates.noindex/AliasWonderland.build/Debug/AliasWonderland.build/Objects-normal/arm64/SideEffectAliases.swiftdeps -serialize-diagnostics-path /Users/admin/builds/vMd7uqzK/1/finestructure/swiftpackageindex-builder/spi-builder-workspace/.derivedData/Build/Intermediates.noindex/AliasWonderland.build/Debug/AliasWonderland.build/Objects-normal/arm64/SideEffectAliases.dia -target arm64-apple-macos10.13 -Xllvm -aarch64-use-tbi -enable-objc-interop -sdk /Applications/Xcode-14.3.1.app/Contents/Developer/Platforms/MacOSX.platform/Developer/SDKs/MacOSX13.3.sdk -I /Users/admin/builds/vMd7uqzK/1/finestructure/swiftpackageindex-builder/spi-builder-workspace/.derivedData/Build/Products/Debug -I /Applications/Xcode-14.3.1.app/Contents/Developer/Platforms/MacOSX.platform/Developer/usr/lib -F /Users/admin/builds/vMd7uqzK/1/finestructure/swiftpackageindex-builder/spi-builder-workspace/.derivedData/Build/Products/Debug -F /Applications/Xcode-14.3.1.app/Contents/Developer/Platforms/MacOSX.platform/Developer/Library/Frameworks -no-color-diagnostics -enable-testing -g -module-cache-path /Users/admin/builds/vMd7uqzK/1/finestructure/swiftpackageindex-builder/spi-builder-workspace/.derivedData/ModuleCache.noindex -swift-version 5 -enforce-exclusivity\=checked -Onone -D SWIFT_PACKAGE -D DEBUG -D Xcode -serialize-debugging-options -empty-abi-descriptor -Xcc -working-directory -Xcc /Users/admin/builds/vMd7uqzK/1/finestructure/swiftpackageindex-builder/spi-builder-workspace/.dependencies/checkouts/AliasWonderland -resource-dir /Applications/Xcode-14.3.1.app/Contents/Developer/Toolchains/XcodeDefault.xctoolchain/usr/lib/swift -enable-anonymous-context-mangled-names -Xcc -ivfsstatcache -Xcc /Users/admin/builds/vMd7uqzK/1/finestructure/swiftpackageindex-builder/spi-builder-workspace/.derivedData/SDKStatCaches.noindex/macosx13.3-22E245-.sdkstatcache -Xcc -I/Users/admin/builds/vMd7uqzK/1/finestructure/swiftpackageindex-builder/spi-builder-workspace/.derivedData/Build/Intermediates.noindex/AliasWonderland.build/Debug/AliasWonderland.build/swift-overrides.hmap -Xcc -I/Users/admin/builds/vMd7uqzK/1/finestructure/swiftpackageindex-builder/spi-builder-workspace/.derivedData/Build/Products/Debug/include -Xcc -I/Users/admin/builds/vMd7uqzK/1/finestructure/swiftpackageindex-builder/spi-builder-workspace/.derivedData/Build/Intermediates.noindex/AliasWonderland.build/Debug/AliasWonderland.build/DerivedSources-normal/arm64 -Xcc -I/Users/admin/builds/vMd7uqzK/1/finestructure/swiftpackageindex-builder/spi-builder-workspace/.derivedData/Build/Intermediates.noindex/AliasWonderland.build/Debug/AliasWonderland.build/DerivedSources/arm64 -Xcc -I/Users/admin/builds/vMd7uqzK/1/finestructure/swiftpackageindex-builder/spi-builder-workspace/.derivedData/Build/Intermediates.noindex/AliasWonderland.build/Debug/AliasWonderland.build/DerivedSources -Xcc -DSWIFT_PACKAGE -Xcc -DDEBUG\=1 -module-name AliasWonderland -frontend-parseable-output -disable-clang-spi -target-sdk-version 13.3 -target-sdk-name macosx13.3 -o /Users/admin/builds/vMd7uqzK/1/finestructure/swiftpackageindex-builder/spi-builder-workspace/.derivedData/Build/Intermediates.noindex/AliasWonderland.build/Debug/AliasWonderland.build/Objects-normal/arm64/SideEffectAliases.o -index-unit-output-path /AliasWonderland.build/Debug/AliasWonderland.build/Objects-normal/arm64/SideEffectAliases.o -index-store-path /Users/admin/builds/vMd7uqzK/1/finestructure/swiftpackageindex-builder/spi-builder-workspace/.derivedData/Index.noindex/DataStore -index-system-modules
SwiftCompile normal arm64 /Users/admin/builds/vMd7uqzK/1/finestructure/swiftpackageindex-builder/spi-builder-workspace/.dependencies/checkouts/AliasWonderland/Sources/AliasWonderland/SideEffectAliases.swift (in target 'AliasWonderland' from project 'AliasWonderland')
    cd /Users/admin/builds/vMd7uqzK/1/finestructure/swiftpackageindex-builder/spi-builder-workspace/.dependencies/checkouts/AliasWonderland
    /Applications/Xcode-14.3.1.app/Contents/Developer/Toolchains/XcodeDefault.xctoolchain/usr/bin/swift-frontend -c /Users/admin/builds/vMd7uqzK/1/finestructure/swiftpackageindex-builder/spi-builder-workspace/.dependencies/checkouts/AliasWonderland/Sources/AliasWonderland/ClosuresAliases.swift -primary-file /Users/admin/builds/vMd7uqzK/1/finestructure/swiftpackageindex-builder/spi-builder-workspace/.dependencies/checkouts/AliasWonderland/Sources/AliasWonderland/SideEffectAliases.swift -emit-dependencies-path /Users/admin/builds/vMd7uqzK/1/finestructure/swiftpackageindex-builder/spi-builder-workspace/.derivedData/Build/Intermediates.noindex/AliasWonderland.build/Debug/AliasWonderland.build/Objects-normal/arm64/SideEffectAliases.d -emit-reference-dependencies-path /Users/admin/builds/vMd7uqzK/1/finestructure/swiftpackageindex-builder/spi-builder-workspace/.derivedData/Build/Intermediates.noindex/AliasWonderland.build/Debug/AliasWonderland.build/Objects-normal/arm64/SideEffectAliases.swiftdeps -serialize-diagnostics-path /Users/admin/builds/vMd7uqzK/1/finestructure/swiftpackageindex-builder/spi-builder-workspace/.derivedData/Build/Intermediates.noindex/AliasWonderland.build/Debug/AliasWonderland.build/Objects-normal/arm64/SideEffectAliases.dia -target arm64-apple-macos10.13 -Xllvm -aarch64-use-tbi -enable-objc-interop -sdk /Applications/Xcode-14.3.1.app/Contents/Developer/Platforms/MacOSX.platform/Developer/SDKs/MacOSX13.3.sdk -I /Users/admin/builds/vMd7uqzK/1/finestructure/swiftpackageindex-builder/spi-builder-workspace/.derivedData/Build/Products/Debug -I /Applications/Xcode-14.3.1.app/Contents/Developer/Platforms/MacOSX.platform/Developer/usr/lib -F /Users/admin/builds/vMd7uqzK/1/finestructure/swiftpackageindex-builder/spi-builder-workspace/.derivedData/Build/Products/Debug -F /Applications/Xcode-14.3.1.app/Contents/Developer/Platforms/MacOSX.platform/Developer/Library/Frameworks -no-color-diagnostics -enable-testing -g -module-cache-path /Users/admin/builds/vMd7uqzK/1/finestructure/swiftpackageindex-builder/spi-builder-workspace/.derivedData/ModuleCache.noindex -swift-version 5 -enforce-exclusivity\=checked -Onone -D SWIFT_PACKAGE -D DEBUG -D Xcode -serialize-debugging-options -empty-abi-descriptor -Xcc -working-directory -Xcc /Users/admin/builds/vMd7uqzK/1/finestructure/swiftpackageindex-builder/spi-builder-workspace/.dependencies/checkouts/AliasWonderland -resource-dir /Applications/Xcode-14.3.1.app/Contents/Developer/Toolchains/XcodeDefault.xctoolchain/usr/lib/swift -enable-anonymous-context-mangled-names -Xcc -ivfsstatcache -Xcc /Users/admin/builds/vMd7uqzK/1/finestructure/swiftpackageindex-builder/spi-builder-workspace/.derivedData/SDKStatCaches.noindex/macosx13.3-22E245-.sdkstatcache -Xcc -I/Users/admin/builds/vMd7uqzK/1/finestructure/swiftpackageindex-builder/spi-builder-workspace/.derivedData/Build/Intermediates.noindex/AliasWonderland.build/Debug/AliasWonderland.build/swift-overrides.hmap -Xcc -I/Users/admin/builds/vMd7uqzK/1/finestructure/swiftpackageindex-builder/spi-builder-workspace/.derivedData/Build/Products/Debug/include -Xcc -I/Users/admin/builds/vMd7uqzK/1/finestructure/swiftpackageindex-builder/spi-builder-workspace/.derivedData/Build/Intermediates.noindex/AliasWonderland.build/Debug/AliasWonderland.build/DerivedSources-normal/arm64 -Xcc -I/Users/admin/builds/vMd7uqzK/1/finestructure/swiftpackageindex-builder/spi-builder-workspace/.derivedData/Build/Intermediates.noindex/AliasWonderland.build/Debug/AliasWonderland.build/DerivedSources/arm64 -Xcc -I/Users/admin/builds/vMd7uqzK/1/finestructure/swiftpackageindex-builder/spi-builder-workspace/.derivedData/Build/Intermediates.noindex/AliasWonderland.build/Debug/AliasWonderland.build/DerivedSources -Xcc -DSWIFT_PACKAGE -Xcc -DDEBUG\=1 -module-name AliasWonderland -frontend-parseable-output -disable-clang-spi -target-sdk-version 13.3 -target-sdk-name macosx13.3 -o /Users/admin/builds/vMd7uqzK/1/finestructure/swiftpackageindex-builder/spi-builder-workspace/.derivedData/Build/Intermediates.noindex/AliasWonderland.build/Debug/AliasWonderland.build/Objects-normal/arm64/SideEffectAliases.o -index-unit-output-path /AliasWonderland.build/Debug/AliasWonderland.build/Objects-normal/arm64/SideEffectAliases.o -index-store-path /Users/admin/builds/vMd7uqzK/1/finestructure/swiftpackageindex-builder/spi-builder-workspace/.derivedData/Index.noindex/DataStore -index-system-modules
SwiftCompile normal arm64 Compiling\ ClosuresAliases.swift /Users/admin/builds/vMd7uqzK/1/finestructure/swiftpackageindex-builder/spi-builder-workspace/.dependencies/checkouts/AliasWonderland/Sources/AliasWonderland/ClosuresAliases.swift (in target 'AliasWonderland' from project 'AliasWonderland')
    cd /Users/admin/builds/vMd7uqzK/1/finestructure/swiftpackageindex-builder/spi-builder-workspace/.dependencies/checkouts/AliasWonderland
    builtin-swiftTaskExecution -- /Applications/Xcode-14.3.1.app/Contents/Developer/Toolchains/XcodeDefault.xctoolchain/usr/bin/swift-frontend -frontend -c -primary-file /Users/admin/builds/vMd7uqzK/1/finestructure/swiftpackageindex-builder/spi-builder-workspace/.dependencies/checkouts/AliasWonderland/Sources/AliasWonderland/ClosuresAliases.swift /Users/admin/builds/vMd7uqzK/1/finestructure/swiftpackageindex-builder/spi-builder-workspace/.dependencies/checkouts/AliasWonderland/Sources/AliasWonderland/SideEffectAliases.swift -emit-dependencies-path /Users/admin/builds/vMd7uqzK/1/finestructure/swiftpackageindex-builder/spi-builder-workspace/.derivedData/Build/Intermediates.noindex/AliasWonderland.build/Debug/AliasWonderland.build/Objects-normal/arm64/ClosuresAliases.d -emit-reference-dependencies-path /Users/admin/builds/vMd7uqzK/1/finestructure/swiftpackageindex-builder/spi-builder-workspace/.derivedData/Build/Intermediates.noindex/AliasWonderland.build/Debug/AliasWonderland.build/Objects-normal/arm64/ClosuresAliases.swiftdeps -serialize-diagnostics-path /Users/admin/builds/vMd7uqzK/1/finestructure/swiftpackageindex-builder/spi-builder-workspace/.derivedData/Build/Intermediates.noindex/AliasWonderland.build/Debug/AliasWonderland.build/Objects-normal/arm64/ClosuresAliases.dia -target arm64-apple-macos10.13 -Xllvm -aarch64-use-tbi -enable-objc-interop -sdk /Applications/Xcode-14.3.1.app/Contents/Developer/Platforms/MacOSX.platform/Developer/SDKs/MacOSX13.3.sdk -I /Users/admin/builds/vMd7uqzK/1/finestructure/swiftpackageindex-builder/spi-builder-workspace/.derivedData/Build/Products/Debug -I /Applications/Xcode-14.3.1.app/Contents/Developer/Platforms/MacOSX.platform/Developer/usr/lib -F /Users/admin/builds/vMd7uqzK/1/finestructure/swiftpackageindex-builder/spi-builder-workspace/.derivedData/Build/Products/Debug -F /Applications/Xcode-14.3.1.app/Contents/Developer/Platforms/MacOSX.platform/Developer/Library/Frameworks -no-color-diagnostics -enable-testing -g -module-cache-path /Users/admin/builds/vMd7uqzK/1/finestructure/swiftpackageindex-builder/spi-builder-workspace/.derivedData/ModuleCache.noindex -swift-version 5 -enforce-exclusivity\=checked -Onone -D SWIFT_PACKAGE -D DEBUG -D Xcode -serialize-debugging-options -empty-abi-descriptor -Xcc -working-directory -Xcc /Users/admin/builds/vMd7uqzK/1/finestructure/swiftpackageindex-builder/spi-builder-workspace/.dependencies/checkouts/AliasWonderland -resource-dir /Applications/Xcode-14.3.1.app/Contents/Developer/Toolchains/XcodeDefault.xctoolchain/usr/lib/swift -enable-anonymous-context-mangled-names -Xcc -ivfsstatcache -Xcc /Users/admin/builds/vMd7uqzK/1/finestructure/swiftpackageindex-builder/spi-builder-workspace/.derivedData/SDKStatCaches.noindex/macosx13.3-22E245-.sdkstatcache -Xcc -I/Users/admin/builds/vMd7uqzK/1/finestructure/swiftpackageindex-builder/spi-builder-workspace/.derivedData/Build/Intermediates.noindex/AliasWonderland.build/Debug/AliasWonderland.build/swift-overrides.hmap -Xcc -I/Users/admin/builds/vMd7uqzK/1/finestructure/swiftpackageindex-builder/spi-builder-workspace/.derivedData/Build/Products/Debug/include -Xcc -I/Users/admin/builds/vMd7uqzK/1/finestructure/swiftpackageindex-builder/spi-builder-workspace/.derivedData/Build/Intermediates.noindex/AliasWonderland.build/Debug/AliasWonderland.build/DerivedSources-normal/arm64 -Xcc -I/Users/admin/builds/vMd7uqzK/1/finestructure/swiftpackageindex-builder/spi-builder-workspace/.derivedData/Build/Intermediates.noindex/AliasWonderland.build/Debug/AliasWonderland.build/DerivedSources/arm64 -Xcc -I/Users/admin/builds/vMd7uqzK/1/finestructure/swiftpackageindex-builder/spi-builder-workspace/.derivedData/Build/Intermediates.noindex/AliasWonderland.build/Debug/AliasWonderland.build/DerivedSources -Xcc -DSWIFT_PACKAGE -Xcc -DDEBUG\=1 -module-name AliasWonderland -frontend-parseable-output -disable-clang-spi -target-sdk-version 13.3 -target-sdk-name macosx13.3 -o /Users/admin/builds/vMd7uqzK/1/finestructure/swiftpackageindex-builder/spi-builder-workspace/.derivedData/Build/Intermediates.noindex/AliasWonderland.build/Debug/AliasWonderland.build/Objects-normal/arm64/ClosuresAliases.o -index-unit-output-path /AliasWonderland.build/Debug/AliasWonderland.build/Objects-normal/arm64/ClosuresAliases.o -index-store-path /Users/admin/builds/vMd7uqzK/1/finestructure/swiftpackageindex-builder/spi-builder-workspace/.derivedData/Index.noindex/DataStore -index-system-modules
SwiftCompile normal arm64 /Users/admin/builds/vMd7uqzK/1/finestructure/swiftpackageindex-builder/spi-builder-workspace/.dependencies/checkouts/AliasWonderland/Sources/AliasWonderland/ClosuresAliases.swift (in target 'AliasWonderland' from project 'AliasWonderland')
    cd /Users/admin/builds/vMd7uqzK/1/finestructure/swiftpackageindex-builder/spi-builder-workspace/.dependencies/checkouts/AliasWonderland
    /Applications/Xcode-14.3.1.app/Contents/Developer/Toolchains/XcodeDefault.xctoolchain/usr/bin/swift-frontend -c -primary-file /Users/admin/builds/vMd7uqzK/1/finestructure/swiftpackageindex-builder/spi-builder-workspace/.dependencies/checkouts/AliasWonderland/Sources/AliasWonderland/ClosuresAliases.swift /Users/admin/builds/vMd7uqzK/1/finestructure/swiftpackageindex-builder/spi-builder-workspace/.dependencies/checkouts/AliasWonderland/Sources/AliasWonderland/SideEffectAliases.swift -emit-dependencies-path /Users/admin/builds/vMd7uqzK/1/finestructure/swiftpackageindex-builder/spi-builder-workspace/.derivedData/Build/Intermediates.noindex/AliasWonderland.build/Debug/AliasWonderland.build/Objects-normal/arm64/ClosuresAliases.d -emit-reference-dependencies-path /Users/admin/builds/vMd7uqzK/1/finestructure/swiftpackageindex-builder/spi-builder-workspace/.derivedData/Build/Intermediates.noindex/AliasWonderland.build/Debug/AliasWonderland.build/Objects-normal/arm64/ClosuresAliases.swiftdeps -serialize-diagnostics-path /Users/admin/builds/vMd7uqzK/1/finestructure/swiftpackageindex-builder/spi-builder-workspace/.derivedData/Build/Intermediates.noindex/AliasWonderland.build/Debug/AliasWonderland.build/Objects-normal/arm64/ClosuresAliases.dia -target arm64-apple-macos10.13 -Xllvm -aarch64-use-tbi -enable-objc-interop -sdk /Applications/Xcode-14.3.1.app/Contents/Developer/Platforms/MacOSX.platform/Developer/SDKs/MacOSX13.3.sdk -I /Users/admin/builds/vMd7uqzK/1/finestructure/swiftpackageindex-builder/spi-builder-workspace/.derivedData/Build/Products/Debug -I /Applications/Xcode-14.3.1.app/Contents/Developer/Platforms/MacOSX.platform/Developer/usr/lib -F /Users/admin/builds/vMd7uqzK/1/finestructure/swiftpackageindex-builder/spi-builder-workspace/.derivedData/Build/Products/Debug -F /Applications/Xcode-14.3.1.app/Contents/Developer/Platforms/MacOSX.platform/Developer/Library/Frameworks -no-color-diagnostics -enable-testing -g -module-cache-path /Users/admin/builds/vMd7uqzK/1/finestructure/swiftpackageindex-builder/spi-builder-workspace/.derivedData/ModuleCache.noindex -swift-version 5 -enforce-exclusivity\=checked -Onone -D SWIFT_PACKAGE -D DEBUG -D Xcode -serialize-debugging-options -empty-abi-descriptor -Xcc -working-directory -Xcc /Users/admin/builds/vMd7uqzK/1/finestructure/swiftpackageindex-builder/spi-builder-workspace/.dependencies/checkouts/AliasWonderland -resource-dir /Applications/Xcode-14.3.1.app/Contents/Developer/Toolchains/XcodeDefault.xctoolchain/usr/lib/swift -enable-anonymous-context-mangled-names -Xcc -ivfsstatcache -Xcc /Users/admin/builds/vMd7uqzK/1/finestructure/swiftpackageindex-builder/spi-builder-workspace/.derivedData/SDKStatCaches.noindex/macosx13.3-22E245-.sdkstatcache -Xcc -I/Users/admin/builds/vMd7uqzK/1/finestructure/swiftpackageindex-builder/spi-builder-workspace/.derivedData/Build/Intermediates.noindex/AliasWonderland.build/Debug/AliasWonderland.build/swift-overrides.hmap -Xcc -I/Users/admin/builds/vMd7uqzK/1/finestructure/swiftpackageindex-builder/spi-builder-workspace/.derivedData/Build/Products/Debug/include -Xcc -I/Users/admin/builds/vMd7uqzK/1/finestructure/swiftpackageindex-builder/spi-builder-workspace/.derivedData/Build/Intermediates.noindex/AliasWonderland.build/Debug/AliasWonderland.build/DerivedSources-normal/arm64 -Xcc -I/Users/admin/builds/vMd7uqzK/1/finestructure/swiftpackageindex-builder/spi-builder-workspace/.derivedData/Build/Intermediates.noindex/AliasWonderland.build/Debug/AliasWonderland.build/DerivedSources/arm64 -Xcc -I/Users/admin/builds/vMd7uqzK/1/finestructure/swiftpackageindex-builder/spi-builder-workspace/.derivedData/Build/Intermediates.noindex/AliasWonderland.build/Debug/AliasWonderland.build/DerivedSources -Xcc -DSWIFT_PACKAGE -Xcc -DDEBUG\=1 -module-name AliasWonderland -frontend-parseable-output -disable-clang-spi -target-sdk-version 13.3 -target-sdk-name macosx13.3 -o /Users/admin/builds/vMd7uqzK/1/finestructure/swiftpackageindex-builder/spi-builder-workspace/.derivedData/Build/Intermediates.noindex/AliasWonderland.build/Debug/AliasWonderland.build/Objects-normal/arm64/ClosuresAliases.o -index-unit-output-path /AliasWonderland.build/Debug/AliasWonderland.build/Objects-normal/arm64/ClosuresAliases.o -index-store-path /Users/admin/builds/vMd7uqzK/1/finestructure/swiftpackageindex-builder/spi-builder-workspace/.derivedData/Index.noindex/DataStore -index-system-modules
SwiftEmitModule normal arm64 Emitting\ module\ for\ SnapshotTesting (in target 'SnapshotTesting' from project 'swift-snapshot-testing')
    cd /Users/admin/builds/vMd7uqzK/1/finestructure/swiftpackageindex-builder/spi-builder-workspace/.dependencies/checkouts/swift-snapshot-testing
    builtin-swiftTaskExecution -- /Applications/Xcode-14.3.1.app/Contents/Developer/Toolchains/XcodeDefault.xctoolchain/usr/bin/swift-frontend -frontend -emit-module -experimental-skip-non-inlinable-function-bodies-without-types /Users/admin/builds/vMd7uqzK/1/finestructure/swiftpackageindex-builder/spi-builder-workspace/.dependencies/checkouts/swift-snapshot-testing/Sources/SnapshotTesting/AssertSnapshot.swift /Users/admin/builds/vMd7uqzK/1/finestructure/swiftpackageindex-builder/spi-builder-workspace/.dependencies/checkouts/swift-snapshot-testing/Sources/SnapshotTesting/Async.swift /Users/admin/builds/vMd7uqzK/1/finestructure/swiftpackageindex-builder/spi-builder-workspace/.dependencies/checkouts/swift-snapshot-testing/Sources/SnapshotTesting/Common/Internal.swift /Users/admin/builds/vMd7uqzK/1/finestructure/swiftpackageindex-builder/spi-builder-workspace/.dependencies/checkouts/swift-snapshot-testing/Sources/SnapshotTesting/Common/PlistEncoder.swift /Users/admin/builds/vMd7uqzK/1/finestructure/swiftpackageindex-builder/spi-builder-workspace/.dependencies/checkouts/swift-snapshot-testing/Sources/SnapshotTesting/Common/String+SpecialCharacters.swift /Users/admin/builds/vMd7uqzK/1/finestructure/swiftpackageindex-builder/spi-builder-workspace/.dependencies/checkouts/swift-snapshot-testing/Sources/SnapshotTesting/Common/View.swift /Users/admin/builds/vMd7uqzK/1/finestructure/swiftpackageindex-builder/spi-builder-workspace/.dependencies/checkouts/swift-snapshot-testing/Sources/SnapshotTesting/Common/XCTAttachment.swift /Users/admin/builds/vMd7uqzK/1/finestructure/swiftpackageindex-builder/spi-builder-workspace/.dependencies/checkouts/swift-snapshot-testing/Sources/SnapshotTesting/Diff.swift /Users/admin/builds/vMd7uqzK/1/finestructure/swiftpackageindex-builder/spi-builder-workspace/.dependencies/checkouts/swift-snapshot-testing/Sources/SnapshotTesting/Diffing.swift /Users/admin/builds/vMd7uqzK/1/finestructure/swiftpackageindex-builder/spi-builder-workspace/.dependencies/checkouts/swift-snapshot-testing/Sources/SnapshotTesting/Extensions/Wait.swift /Users/admin/builds/vMd7uqzK/1/finestructure/swiftpackageindex-builder/spi-builder-workspace/.dependencies/checkouts/swift-snapshot-testing/Sources/SnapshotTesting/Internal/Deprecations.swift /Users/admin/builds/vMd7uqzK/1/finestructure/swiftpackageindex-builder/spi-builder-workspace/.dependencies/checkouts/swift-snapshot-testing/Sources/SnapshotTesting/Snapshotting.swift /Users/admin/builds/vMd7uqzK/1/finestructure/swiftpackageindex-builder/spi-builder-workspace/.dependencies/checkouts/swift-snapshot-testing/Sources/SnapshotTesting/Snapshotting/Any.swift /Users/admin/builds/vMd7uqzK/1/finestructure/swiftpackageindex-builder/spi-builder-workspace/.dependencies/checkouts/swift-snapshot-testing/Sources/SnapshotTesting/Snapshotting/CALayer.swift /Users/admin/builds/vMd7uqzK/1/finestructure/swiftpackageindex-builder/spi-builder-workspace/.dependencies/checkouts/swift-snapshot-testing/Sources/SnapshotTesting/Snapshotting/CGPath.swift /Users/admin/builds/vMd7uqzK/1/finestructure/swiftpackageindex-builder/spi-builder-workspace/.dependencies/checkouts/swift-snapshot-testing/Sources/SnapshotTesting/Snapshotting/CaseIterable.swift /Users/admin/builds/vMd7uqzK/1/finestructure/swiftpackageindex-builder/spi-builder-workspace/.dependencies/checkouts/swift-snapshot-testing/Sources/SnapshotTesting/Snapshotting/Data.swift /Users/admin/builds/vMd7uqzK/1/finestructure/swiftpackageindex-builder/spi-builder-workspace/.dependencies/checkouts/swift-snapshot-testing/Sources/SnapshotTesting/Snapshotting/Encodable.swift /Users/admin/builds/vMd7uqzK/1/finestructure/swiftpackageindex-builder/spi-builder-workspace/.dependencies/checkouts/swift-snapshot-testing/Sources/SnapshotTesting/Snapshotting/NSBezierPath.swift /Users/admin/builds/vMd7uqzK/1/finestructure/swiftpackageindex-builder/spi-builder-workspace/.dependencies/checkouts/swift-snapshot-testing/Sources/SnapshotTesting/Snapshotting/NSImage.swift /Users/admin/builds/vMd7uqzK/1/finestructure/swiftpackageindex-builder/spi-builder-workspace/.dependencies/checkouts/swift-snapshot-testing/Sources/SnapshotTesting/Snapshotting/NSView.swift /Users/admin/builds/vMd7uqzK/1/finestructure/swiftpackageindex-builder/spi-builder-workspace/.dependencies/checkouts/swift-snapshot-testing/Sources/SnapshotTesting/Snapshotting/NSViewController.swift /Users/admin/builds/vMd7uqzK/1/finestructure/swiftpackageindex-builder/spi-builder-workspace/.dependencies/checkouts/swift-snapshot-testing/Sources/SnapshotTesting/Snapshotting/SceneKit.swift /Users/admin/builds/vMd7uqzK/1/finestructure/swiftpackageindex-builder/spi-builder-workspace/.dependencies/checkouts/swift-snapshot-testing/Sources/SnapshotTesting/Snapshotting/SpriteKit.swift /Users/admin/builds/vMd7uqzK/1/finestructure/swiftpackageindex-builder/spi-builder-workspace/.dependencies/checkouts/swift-snapshot-testing/Sources/SnapshotTesting/Snapshotting/String.swift /Users/admin/builds/vMd7uqzK/1/finestructure/swiftpackageindex-builder/spi-builder-workspace/.dependencies/checkouts/swift-snapshot-testing/Sources/SnapshotTesting/Snapshotting/SwiftUIView.swift /Users/admin/builds/vMd7uqzK/1/finestructure/swiftpackageindex-builder/spi-builder-workspace/.dependencies/checkouts/swift-snapshot-testing/Sources/SnapshotTesting/Snapshotting/UIBezierPath.swift /Users/admin/builds/vMd7uqzK/1/finestructure/swiftpackageindex-builder/spi-builder-workspace/.dependencies/checkouts/swift-snapshot-testing/Sources/SnapshotTesting/Snapshotting/UIImage.swift /Users/admin/builds/vMd7uqzK/1/finestructure/swiftpackageindex-builder/spi-builder-workspace/.dependencies/checkouts/swift-snapshot-testing/Sources/SnapshotTesting/Snapshotting/UIView.swift /Users/admin/builds/vMd7uqzK/1/finestructure/swiftpackageindex-builder/spi-builder-workspace/.dependencies/checkouts/swift-snapshot-testing/Sources/SnapshotTesting/Snapshotting/UIViewController.swift /Users/admin/builds/vMd7uqzK/1/finestructure/swiftpackageindex-builder/spi-builder-workspace/.dependencies/checkouts/swift-snapshot-testing/Sources/SnapshotTesting/Snapshotting/URLRequest.swift -target arm64-apple-macos10.15 -Xllvm -aarch64-use-tbi -enable-objc-interop -stack-check -sdk /Applications/Xcode-14.3.1.app/Contents/Developer/Platforms/MacOSX.platform/Developer/SDKs/MacOSX13.3.sdk -I /Users/admin/builds/vMd7uqzK/1/finestructure/swiftpackageindex-builder/spi-builder-workspace/.derivedData/Build/Products/Debug -I /Applications/Xcode-14.3.1.app/Contents/Developer/Platforms/MacOSX.platform/Developer/usr/lib -F /Users/admin/builds/vMd7uqzK/1/finestructure/swiftpackageindex-builder/spi-builder-workspace/.derivedData/Build/Products/Debug -F /Applications/Xcode-14.3.1.app/Contents/Developer/Platforms/MacOSX.platform/Developer/Library/Frameworks -no-color-diagnostics -enable-testing -g -module-cache-path /Users/admin/builds/vMd7uqzK/1/finestructure/swiftpackageindex-builder/spi-builder-workspace/.derivedData/ModuleCache.noindex -swift-version 5 -enforce-exclusivity\=checked -Onone -D SWIFT_PACKAGE -D DEBUG -D Xcode -serialize-debugging-options -empty-abi-descriptor -Xcc -working-directory -Xcc /Users/admin/builds/vMd7uqzK/1/finestructure/swiftpackageindex-builder/spi-builder-workspace/.dependencies/checkouts/swift-snapshot-testing -resource-dir /Applications/Xcode-14.3.1.app/Contents/Developer/Toolchains/XcodeDefault.xctoolchain/usr/lib/swift -enable-anonymous-context-mangled-names -Xcc -ivfsstatcache -Xcc /Users/admin/builds/vMd7uqzK/1/finestructure/swiftpackageindex-builder/spi-builder-workspace/.derivedData/SDKStatCaches.noindex/macosx13.3-22E245-.sdkstatcache -Xcc -I/Users/admin/builds/vMd7uqzK/1/finestructure/swiftpackageindex-builder/spi-builder-workspace/.derivedData/Build/Intermediates.noindex/swift-snapshot-testing.build/Debug/SnapshotTesting.build/swift-overrides.hmap -Xcc -I/Users/admin/builds/vMd7uqzK/1/finestructure/swiftpackageindex-builder/spi-builder-workspace/.derivedData/Build/Products/Debug/include -Xcc -I/Users/admin/builds/vMd7uqzK/1/finestructure/swiftpackageindex-builder/spi-builder-workspace/.derivedData/Build/Intermediates.noindex/swift-snapshot-testing.build/Debug/SnapshotTesting.build/DerivedSources-normal/arm64 -Xcc -I/Users/admin/builds/vMd7uqzK/1/finestructure/swiftpackageindex-builder/spi-builder-workspace/.derivedData/Build/Intermediates.noindex/swift-snapshot-testing.build/Debug/SnapshotTesting.build/DerivedSources/arm64 -Xcc -I/Users/admin/builds/vMd7uqzK/1/finestructure/swiftpackageindex-builder/spi-builder-workspace/.derivedData/Build/Intermediates.noindex/swift-snapshot-testing.build/Debug/SnapshotTesting.build/DerivedSources -Xcc -DSWIFT_PACKAGE -Xcc -DDEBUG\=1 -module-name SnapshotTesting -disable-clang-spi -target-sdk-version 13.3 -target-sdk-name macosx13.3 -emit-module-doc-path /Users/admin/builds/vMd7uqzK/1/finestructure/swiftpackageindex-builder/spi-builder-workspace/.derivedData/Build/Intermediates.noindex/swift-snapshot-testing.build/Debug/SnapshotTesting.build/Objects-normal/arm64/SnapshotTesting.swiftdoc -emit-module-source-info-path /Users/admin/builds/vMd7uqzK/1/finestructure/swiftpackageindex-builder/spi-builder-workspace/.derivedData/Build/Intermediates.noindex/swift-snapshot-testing.build/Debug/SnapshotTesting.build/Objects-normal/arm64/SnapshotTesting.swiftsourceinfo -emit-objc-header-path /Users/admin/builds/vMd7uqzK/1/finestructure/swiftpackageindex-builder/spi-builder-workspace/.derivedData/Build/Intermediates.noindex/swift-snapshot-testing.build/Debug/SnapshotTesting.build/Objects-normal/arm64/SnapshotTesting-Swift.h -serialize-diagnostics-path /Users/admin/builds/vMd7uqzK/1/finestructure/swiftpackageindex-builder/spi-builder-workspace/.derivedData/Build/Intermediates.noindex/swift-snapshot-testing.build/Debug/SnapshotTesting.build/Objects-normal/arm64/SnapshotTesting-master-emit-module.dia -emit-dependencies-path /Users/admin/builds/vMd7uqzK/1/finestructure/swiftpackageindex-builder/spi-builder-workspace/.derivedData/Build/Intermediates.noindex/swift-snapshot-testing.build/Debug/SnapshotTesting.build/Objects-normal/arm64/SnapshotTesting-master-emit-module.d -o /Users/admin/builds/vMd7uqzK/1/finestructure/swiftpackageindex-builder/spi-builder-workspace/.derivedData/Build/Intermediates.noindex/swift-snapshot-testing.build/Debug/SnapshotTesting.build/Objects-normal/arm64/SnapshotTesting.swiftmodule -emit-abi-descriptor-path /Users/admin/builds/vMd7uqzK/1/finestructure/swiftpackageindex-builder/spi-builder-workspace/.derivedData/Build/Intermediates.noindex/swift-snapshot-testing.build/Debug/SnapshotTesting.build/Objects-normal/arm64/SnapshotTesting.abi.json
SwiftCompile normal arm64 Compiling\ Diffing.swift,\ Wait.swift,\ Deprecations.swift,\ Snapshotting.swift,\ Any.swift,\ CALayer.swift,\ CGPath.swift,\ CaseIterable.swift /Users/admin/builds/vMd7uqzK/1/finestructure/swiftpackageindex-builder/spi-builder-workspace/.dependencies/checkouts/swift-snapshot-testing/Sources/SnapshotTesting/Diffing.swift /Users/admin/builds/vMd7uqzK/1/finestructure/swiftpackageindex-builder/spi-builder-workspace/.dependencies/checkouts/swift-snapshot-testing/Sources/SnapshotTesting/Extensions/Wait.swift /Users/admin/builds/vMd7uqzK/1/finestructure/swiftpackageindex-builder/spi-builder-workspace/.dependencies/checkouts/swift-snapshot-testing/Sources/SnapshotTesting/Internal/Deprecations.swift /Users/admin/builds/vMd7uqzK/1/finestructure/swiftpackageindex-builder/spi-builder-workspace/.dependencies/checkouts/swift-snapshot-testing/Sources/SnapshotTesting/Snapshotting.swift /Users/admin/builds/vMd7uqzK/1/finestructure/swiftpackageindex-builder/spi-builder-workspace/.dependencies/checkouts/swift-snapshot-testing/Sources/SnapshotTesting/Snapshotting/Any.swift /Users/admin/builds/vMd7uqzK/1/finestructure/swiftpackageindex-builder/spi-builder-workspace/.dependencies/checkouts/swift-snapshot-testing/Sources/SnapshotTesting/Snapshotting/CALayer.swift /Users/admin/builds/vMd7uqzK/1/finestructure/swiftpackageindex-builder/spi-builder-workspace/.dependencies/checkouts/swift-snapshot-testing/Sources/SnapshotTesting/Snapshotting/CGPath.swift /Users/admin/builds/vMd7uqzK/1/finestructure/swiftpackageindex-builder/spi-builder-workspace/.dependencies/checkouts/swift-snapshot-testing/Sources/SnapshotTesting/Snapshotting/CaseIterable.swift (in target 'SnapshotTesting' from project 'swift-snapshot-testing')
    cd /Users/admin/builds/vMd7uqzK/1/finestructure/swiftpackageindex-builder/spi-builder-workspace/.dependencies/checkouts/swift-snapshot-testing
    builtin-swiftTaskExecution -- /Applications/Xcode-14.3.1.app/Contents/Developer/Toolchains/XcodeDefault.xctoolchain/usr/bin/swift-frontend -frontend -c /Users/admin/builds/vMd7uqzK/1/finestructure/swiftpackageindex-builder/spi-builder-workspace/.dependencies/checkouts/swift-snapshot-testing/Sources/SnapshotTesting/AssertSnapshot.swift /Users/admin/builds/vMd7uqzK/1/finestructure/swiftpackageindex-builder/spi-builder-workspace/.dependencies/checkouts/swift-snapshot-testing/Sources/SnapshotTesting/Async.swift /Users/admin/builds/vMd7uqzK/1/finestructure/swiftpackageindex-builder/spi-builder-workspace/.dependencies/checkouts/swift-snapshot-testing/Sources/SnapshotTesting/Common/Internal.swift /Users/admin/builds/vMd7uqzK/1/finestructure/swiftpackageindex-builder/spi-builder-workspace/.dependencies/checkouts/swift-snapshot-testing/Sources/SnapshotTesting/Common/PlistEncoder.swift /Users/admin/builds/vMd7uqzK/1/finestructure/swiftpackageindex-builder/spi-builder-workspace/.dependencies/checkouts/swift-snapshot-testing/Sources/SnapshotTesting/Common/String+SpecialCharacters.swift /Users/admin/builds/vMd7uqzK/1/finestructure/swiftpackageindex-builder/spi-builder-workspace/.dependencies/checkouts/swift-snapshot-testing/Sources/SnapshotTesting/Common/View.swift /Users/admin/builds/vMd7uqzK/1/finestructure/swiftpackageindex-builder/spi-builder-workspace/.dependencies/checkouts/swift-snapshot-testing/Sources/SnapshotTesting/Common/XCTAttachment.swift /Users/admin/builds/vMd7uqzK/1/finestructure/swiftpackageindex-builder/spi-builder-workspace/.dependencies/checkouts/swift-snapshot-testing/Sources/SnapshotTesting/Diff.swift -primary-file /Users/admin/builds/vMd7uqzK/1/finestructure/swiftpackageindex-builder/spi-builder-workspace/.dependencies/checkouts/swift-snapshot-testing/Sources/SnapshotTesting/Diffing.swift -primary-file /Users/admin/builds/vMd7uqzK/1/finestructure/swiftpackageindex-builder/spi-builder-workspace/.dependencies/checkouts/swift-snapshot-testing/Sources/SnapshotTesting/Extensions/Wait.swift -primary-file /Users/admin/builds/vMd7uqzK/1/finestructure/swiftpackageindex-builder/spi-builder-workspace/.dependencies/checkouts/swift-snapshot-testing/Sources/SnapshotTesting/Internal/Deprecations.swift -primary-file /Users/admin/builds/vMd7uqzK/1/finestructure/swiftpackageindex-builder/spi-builder-workspace/.dependencies/checkouts/swift-snapshot-testing/Sources/SnapshotTesting/Snapshotting.swift -primary-file /Users/admin/builds/vMd7uqzK/1/finestructure/swiftpackageindex-builder/spi-builder-workspace/.dependencies/checkouts/swift-snapshot-testing/Sources/SnapshotTesting/Snapshotting/Any.swift -primary-file /Users/admin/builds/vMd7uqzK/1/finestructure/swiftpackageindex-builder/spi-builder-workspace/.dependencies/checkouts/swift-snapshot-testing/Sources/SnapshotTesting/Snapshotting/CALayer.swift -primary-file /Users/admin/builds/vMd7uqzK/1/finestructure/swiftpackageindex-builder/spi-builder-workspace/.dependencies/checkouts/swift-snapshot-testing/Sources/SnapshotTesting/Snapshotting/CGPath.swift -primary-file /Users/admin/builds/vMd7uqzK/1/finestructure/swiftpackageindex-builder/spi-builder-workspace/.dependencies/checkouts/swift-snapshot-testing/Sources/SnapshotTesting/Snapshotting/CaseIterable.swift /Users/admin/builds/vMd7uqzK/1/finestructure/swiftpackageindex-builder/spi-builder-workspace/.dependencies/checkouts/swift-snapshot-testing/Sources/SnapshotTesting/Snapshotting/Data.swift /Users/admin/builds/vMd7uqzK/1/finestructure/swiftpackageindex-builder/spi-builder-workspace/.dependencies/checkouts/swift-snapshot-testing/Sources/SnapshotTesting/Snapshotting/Encodable.swift /Users/admin/builds/vMd7uqzK/1/finestructure/swiftpackageindex-builder/spi-builder-workspace/.dependencies/checkouts/swift-snapshot-testing/Sources/SnapshotTesting/Snapshotting/NSBezierPath.swift /Users/admin/builds/vMd7uqzK/1/finestructure/swiftpackageindex-builder/spi-builder-workspace/.dependencies/checkouts/swift-snapshot-testing/Sources/SnapshotTesting/Snapshotting/NSImage.swift /Users/admin/builds/vMd7uqzK/1/finestructure/swiftpackageindex-builder/spi-builder-workspace/.dependencies/checkouts/swift-snapshot-testing/Sources/SnapshotTesting/Snapshotting/NSView.swift /Users/admin/builds/vMd7uqzK/1/finestructure/swiftpackageindex-builder/spi-builder-workspace/.dependencies/checkouts/swift-snapshot-testing/Sources/SnapshotTesting/Snapshotting/NSViewController.swift /Users/admin/builds/vMd7uqzK/1/finestructure/swiftpackageindex-builder/spi-builder-workspace/.dependencies/checkouts/swift-snapshot-testing/Sources/SnapshotTesting/Snapshotting/SceneKit.swift /Users/admin/builds/vMd7uqzK/1/finestructure/swiftpackageindex-builder/spi-builder-workspace/.dependencies/checkouts/swift-snapshot-testing/Sources/SnapshotTesting/Snapshotting/SpriteKit.swift /Users/admin/builds/vMd7uqzK/1/finestructure/swiftpackageindex-builder/spi-builder-workspace/.dependencies/checkouts/swift-snapshot-testing/Sources/SnapshotTesting/Snapshotting/String.swift /Users/admin/builds/vMd7uqzK/1/finestructure/swiftpackageindex-builder/spi-builder-workspace/.dependencies/checkouts/swift-snapshot-testing/Sources/SnapshotTesting/Snapshotting/SwiftUIView.swift /Users/admin/builds/vMd7uqzK/1/finestructure/swiftpackageindex-builder/spi-builder-workspace/.dependencies/checkouts/swift-snapshot-testing/Sources/SnapshotTesting/Snapshotting/UIBezierPath.swift /Users/admin/builds/vMd7uqzK/1/finestructure/swiftpackageindex-builder/spi-builder-workspace/.dependencies/checkouts/swift-snapshot-testing/Sources/SnapshotTesting/Snapshotting/UIImage.swift /Users/admin/builds/vMd7uqzK/1/finestructure/swiftpackageindex-builder/spi-builder-workspace/.dependencies/checkouts/swift-snapshot-testing/Sources/SnapshotTesting/Snapshotting/UIView.swift /Users/admin/builds/vMd7uqzK/1/finestructure/swiftpackageindex-builder/spi-builder-workspace/.dependencies/checkouts/swift-snapshot-testing/Sources/SnapshotTesting/Snapshotting/UIViewController.swift /Users/admin/builds/vMd7uqzK/1/finestructure/swiftpackageindex-builder/spi-builder-workspace/.dependencies/checkouts/swift-snapshot-testing/Sources/SnapshotTesting/Snapshotting/URLRequest.swift -supplementary-output-file-map /Users/admin/builds/vMd7uqzK/1/finestructure/swiftpackageindex-builder/spi-builder-workspace/.derivedData/Build/Intermediates.noindex/swift-snapshot-testing.build/Debug/SnapshotTesting.build/Objects-normal/arm64/supplementaryOutputs-2 -target arm64-apple-macos10.15 -Xllvm -aarch64-use-tbi -enable-objc-interop -stack-check -sdk /Applications/Xcode-14.3.1.app/Contents/Developer/Platforms/MacOSX.platform/Developer/SDKs/MacOSX13.3.sdk -I /Users/admin/builds/vMd7uqzK/1/finestructure/swiftpackageindex-builder/spi-builder-workspace/.derivedData/Build/Products/Debug -I /Applications/Xcode-14.3.1.app/Contents/Developer/Platforms/MacOSX.platform/Developer/usr/lib -F /Users/admin/builds/vMd7uqzK/1/finestructure/swiftpackageindex-builder/spi-builder-workspace/.derivedData/Build/Products/Debug -F /Applications/Xcode-14.3.1.app/Contents/Developer/Platforms/MacOSX.platform/Developer/Library/Frameworks -no-color-diagnostics -enable-testing -g -module-cache-path /Users/admin/builds/vMd7uqzK/1/finestructure/swiftpackageindex-builder/spi-builder-workspace/.derivedData/ModuleCache.noindex -swift-version 5 -enforce-exclusivity\=checked -Onone -D SWIFT_PACKAGE -D DEBUG -D Xcode -serialize-debugging-options -empty-abi-descriptor -Xcc -working-directory -Xcc /Users/admin/builds/vMd7uqzK/1/finestructure/swiftpackageindex-builder/spi-builder-workspace/.dependencies/checkouts/swift-snapshot-testing -resource-dir /Applications/Xcode-14.3.1.app/Contents/Developer/Toolchains/XcodeDefault.xctoolchain/usr/lib/swift -enable-anonymous-context-mangled-names -Xcc -ivfsstatcache -Xcc /Users/admin/builds/vMd7uqzK/1/finestructure/swiftpackageindex-builder/spi-builder-workspace/.derivedData/SDKStatCaches.noindex/macosx13.3-22E245-.sdkstatcache -Xcc -I/Users/admin/builds/vMd7uqzK/1/finestructure/swiftpackageindex-builder/spi-builder-workspace/.derivedData/Build/Intermediates.noindex/swift-snapshot-testing.build/Debug/SnapshotTesting.build/swift-overrides.hmap -Xcc -I/Users/admin/builds/vMd7uqzK/1/finestructure/swiftpackageindex-builder/spi-builder-workspace/.derivedData/Build/Products/Debug/include -Xcc -I/Users/admin/builds/vMd7uqzK/1/finestructure/swiftpackageindex-builder/spi-builder-workspace/.derivedData/Build/Intermediates.noindex/swift-snapshot-testing.build/Debug/SnapshotTesting.build/DerivedSources-normal/arm64 -Xcc -I/Users/admin/builds/vMd7uqzK/1/finestructure/swiftpackageindex-builder/spi-builder-workspace/.derivedData/Build/Intermediates.noindex/swift-snapshot-testing.build/Debug/SnapshotTesting.build/DerivedSources/arm64 -Xcc -I/Users/admin/builds/vMd7uqzK/1/finestructure/swiftpackageindex-builder/spi-builder-workspace/.derivedData/Build/Intermediates.noindex/swift-snapshot-testing.build/Debug/SnapshotTesting.build/DerivedSources -Xcc -DSWIFT_PACKAGE -Xcc -DDEBUG\=1 -module-name SnapshotTesting -frontend-parseable-output -disable-clang-spi -target-sdk-version 13.3 -target-sdk-name macosx13.3 -o /Users/admin/builds/vMd7uqzK/1/finestructure/swiftpackageindex-builder/spi-builder-workspace/.derivedData/Build/Intermediates.noindex/swift-snapshot-testing.build/Debug/SnapshotTesting.build/Objects-normal/arm64/Diffing.o -o /Users/admin/builds/vMd7uqzK/1/finestructure/swiftpackageindex-builder/spi-builder-workspace/.derivedData/Build/Intermediates.noindex/swift-snapshot-testing.build/Debug/SnapshotTesting.build/Objects-normal/arm64/Wait.o -o /Users/admin/builds/vMd7uqzK/1/finestructure/swiftpackageindex-builder/spi-builder-workspace/.derivedData/Build/Intermediates.noindex/swift-snapshot-testing.build/Debug/SnapshotTesting.build/Objects-normal/arm64/Deprecations.o -o /Users/admin/builds/vMd7uqzK/1/finestructure/swiftpackageindex-builder/spi-builder-workspace/.derivedData/Build/Intermediates.noindex/swift-snapshot-testing.build/Debug/SnapshotTesting.build/Objects-normal/arm64/Snapshotting.o -o /Users/admin/builds/vMd7uqzK/1/finestructure/swiftpackageindex-builder/spi-builder-workspace/.derivedData/Build/Intermediates.noindex/swift-snapshot-testing.build/Debug/SnapshotTesting.build/Objects-normal/arm64/Any.o -o /Users/admin/builds/vMd7uqzK/1/finestructure/swiftpackageindex-builder/spi-builder-workspace/.derivedData/Build/Intermediates.noindex/swift-snapshot-testing.build/Debug/SnapshotTesting.build/Objects-normal/arm64/CALayer.o -o /Users/admin/builds/vMd7uqzK/1/finestructure/swiftpackageindex-builder/spi-builder-workspace/.derivedData/Build/Intermediates.noindex/swift-snapshot-testing.build/Debug/SnapshotTesting.build/Objects-normal/arm64/CGPath.o -o /Users/admin/builds/vMd7uqzK/1/finestructure/swiftpackageindex-builder/spi-builder-workspace/.derivedData/Build/Intermediates.noindex/swift-snapshot-testing.build/Debug/SnapshotTesting.build/Objects-normal/arm64/CaseIterable.o -index-unit-output-path /swift-snapshot-testing.build/Debug/SnapshotTesting.build/Objects-normal/arm64/Diffing.o -index-unit-output-path /swift-snapshot-testing.build/Debug/SnapshotTesting.build/Objects-normal/arm64/Wait.o -index-unit-output-path /swift-snapshot-testing.build/Debug/SnapshotTesting.build/Objects-normal/arm64/Deprecations.o -index-unit-output-path /swift-snapshot-testing.build/Debug/SnapshotTesting.build/Objects-normal/arm64/Snapshotting.o -index-unit-output-path /swift-snapshot-testing.build/Debug/SnapshotTesting.build/Objects-normal/arm64/Any.o -index-unit-output-path /swift-snapshot-testing.build/Debug/SnapshotTesting.build/Objects-normal/arm64/CALayer.o -index-unit-output-path /swift-snapshot-testing.build/Debug/SnapshotTesting.build/Objects-normal/arm64/CGPath.o -index-unit-output-path /swift-snapshot-testing.build/Debug/SnapshotTesting.build/Objects-normal/arm64/CaseIterable.o -index-store-path /Users/admin/builds/vMd7uqzK/1/finestructure/swiftpackageindex-builder/spi-builder-workspace/.derivedData/Index.noindex/DataStore -index-system-modules
Command SwiftCompile failed with a nonzero exit code
Resolve Package Graph
2024-01-21 17:11:56.661 xcodebuild[71613:21873242] DVTCoreDeviceEnabledState: DVTCoreDeviceEnabledState_Disabled set via user default (DVTEnableCoreDevice=disabled)
--- xcodebuild: WARNING: Using the first of multiple matching destinations:
{ platform:macOS, arch:arm64, id:0000FE00-F826A02F5534A97C }
{ platform:macOS, arch:arm64, variant:Mac Catalyst, id:0000FE00-F826A02F5534A97C }
{ platform:macOS, arch:arm64, variant:DriverKit, id:0000FE00-F826A02F5534A97C }
{ platform:macOS, arch:arm64, variant:Designed for [iPad,iPhone], id:0000FE00-F826A02F5534A97C }
2024-01-21 17:11:57.793 xcodebuild[71613:21873242] [MT] IDEFileReferenceDebug: [Load] <IDESwiftPackageCore.IDESwiftPackageSpecialFolderFileReference, 0x600001f16000: name:SwiftBasicFormat.docc path:group:SwiftBasicFormat.docc> Failed to load container at path: /Users/admin/builds/vMd7uqzK/1/finestructure/swiftpackageindex-builder/spi-builder-workspace/.dependencies/checkouts/swift-syntax/Sources/SwiftBasicFormat/SwiftBasicFormat.docc, Error: Error Domain=com.apple.dt.IDEContainerErrorDomain Code=6 "Cannot open "SwiftBasicFormat.docc" as a "Swift Package Folder" because it is already open as a "Folder"." UserInfo={NSLocalizedDescription=Cannot open "SwiftBasicFormat.docc" as a "Swift Package Folder" because it is already open as a "Folder".}
2024-01-21 17:11:57.808 xcodebuild[71613:21873242] [MT] IDEFileReferenceDebug: [Load] <IDESwiftPackageCore.IDESwiftPackageSpecialFolderFileReference, 0x600001f11c00: name:Documentation.docc path:group:Documentation.docc> Failed to load container at path: /Users/admin/builds/vMd7uqzK/1/finestructure/swiftpackageindex-builder/spi-builder-workspace/.dependencies/checkouts/swift-syntax/Sources/SwiftSyntax/Documentation.docc, Error: Error Domain=com.apple.dt.IDEContainerErrorDomain Code=6 "Cannot open "Documentation.docc" as a "Swift Package Folder" because it is already open as a "Folder"." UserInfo={NSLocalizedDescription=Cannot open "Documentation.docc" as a "Swift Package Folder" because it is already open as a "Folder".}
2024-01-21 17:11:57.820 xcodebuild[71613:21873242] [MT] IDEFileReferenceDebug: [Load] <IDESwiftPackageCore.IDESwiftPackageSpecialFolderFileReference, 0x600001f1b100: name:SwiftParser.docc path:group:SwiftParser.docc> Failed to load container at path: /Users/admin/builds/vMd7uqzK/1/finestructure/swiftpackageindex-builder/spi-builder-workspace/.dependencies/checkouts/swift-syntax/Sources/SwiftParser/SwiftParser.docc, Error: Error Domain=com.apple.dt.IDEContainerErrorDomain Code=6 "Cannot open "SwiftParser.docc" as a "Swift Package Folder" because it is already open as a "Folder"." UserInfo={NSLocalizedDescription=Cannot open "SwiftParser.docc" as a "Swift Package Folder" because it is already open as a "Folder".}
2024-01-21 17:11:57.823 xcodebuild[71613:21873242] [MT] IDEFileReferenceDebug: [Load] <IDESwiftPackageCore.IDESwiftPackageSpecialFolderFileReference, 0x600001f1d500: name:SwiftSyntaxMacros.docc path:group:SwiftSyntaxMacros.docc> Failed to load container at path: /Users/admin/builds/vMd7uqzK/1/finestructure/swiftpackageindex-builder/spi-builder-workspace/.dependencies/checkouts/swift-syntax/Sources/SwiftSyntaxMacros/SwiftSyntaxMacros.docc, Error: Error Domain=com.apple.dt.IDEContainerErrorDomain Code=6 "Cannot open "SwiftSyntaxMacros.docc" as a "Swift Package Folder" because it is already open as a "Folder"." UserInfo={NSLocalizedDescription=Cannot open "SwiftSyntaxMacros.docc" as a "Swift Package Folder" because it is already open as a "Folder".}
2024-01-21 17:11:57.835 xcodebuild[71613:21873242] [MT] IDEFileReferenceDebug: [Load] <IDESwiftPackageCore.IDESwiftPackageSpecialFolderFileReference, 0x600001f1d900: name:SwiftOperators.docc path:group:SwiftOperators.docc> Failed to load container at path: /Users/admin/builds/vMd7uqzK/1/finestructure/swiftpackageindex-builder/spi-builder-workspace/.dependencies/checkouts/swift-syntax/Sources/SwiftOperators/SwiftOperators.docc, Error: Error Domain=com.apple.dt.IDEContainerErrorDomain Code=6 "Cannot open "SwiftOperators.docc" as a "Swift Package Folder" because it is already open as a "Folder"." UserInfo={NSLocalizedDescription=Cannot open "SwiftOperators.docc" as a "Swift Package Folder" because it is already open as a "Folder".}
2024-01-21 17:11:57.838 xcodebuild[71613:21873242] [MT] IDEFileReferenceDebug: [Load] <IDESwiftPackageCore.IDESwiftPackageSpecialFolderFileReference, 0x600001f08800: name:Documentation.docc path:group:Documentation.docc> Failed to load container at path: /Users/admin/builds/vMd7uqzK/1/finestructure/swiftpackageindex-builder/spi-builder-workspace/.dependencies/checkouts/swift-syntax/Sources/SwiftSyntaxBuilder/Documentation.docc, Error: Error Domain=com.apple.dt.IDEContainerErrorDomain Code=6 "Cannot open "Documentation.docc" as a "Swift Package Folder" because it is already open as a "Folder"." UserInfo={NSLocalizedDescription=Cannot open "Documentation.docc" as a "Swift Package Folder" because it is already open as a "Folder".}
2024-01-21 17:11:57.873 xcodebuild[71613:21873242] [MT] IDEFileReferenceDebug: [Load] <IDESwiftPackageCore.IDESwiftPackageSpecialFolderFileReference, 0x600001f09a00: name:Documentation.docc path:group:Documentation.docc> Failed to load container at path: /Users/admin/builds/vMd7uqzK/1/finestructure/swiftpackageindex-builder/spi-builder-workspace/.dependencies/checkouts/swift-snapshot-testing/Sources/SnapshotTesting/Documentation.docc, Error: Error Domain=com.apple.dt.IDEContainerErrorDomain Code=6 "Cannot open "Documentation.docc" as a "Swift Package Folder" because it is already open as a "Folder"." UserInfo={NSLocalizedDescription=Cannot open "Documentation.docc" as a "Swift Package Folder" because it is already open as a "Folder".}
2024-01-21 17:11:57.875 xcodebuild[71613:21873242] [MT] IDEFileReferenceDebug: [Load] <IDESwiftPackageCore.IDESwiftPackageSpecialFolderFileReference, 0x600001f16c00: name:Documentation.docc path:group:Documentation.docc> Failed to load container at path: /Users/admin/builds/vMd7uqzK/1/finestructure/swiftpackageindex-builder/spi-builder-workspace/.dependencies/checkouts/swift-snapshot-testing/Sources/InlineSnapshotTesting/Documentation.docc, Error: Error Domain=com.apple.dt.IDEContainerErrorDomain Code=6 "Cannot open "Documentation.docc" as a "Swift Package Folder" because it is already open as a "Folder"." UserInfo={NSLocalizedDescription=Cannot open "Documentation.docc" as a "Swift Package Folder" because it is already open as a "Folder".}
** BUILD FAILED **
The following build commands failed:
	SwiftEmitModule normal arm64 Emitting\ module\ for\ AliasWonderland (in target 'AliasWonderland' from project 'AliasWonderland')
	SwiftCompile normal arm64 Compiling\ Diffing.swift,\ Wait.swift,\ Deprecations.swift,\ Snapshotting.swift,\ Any.swift,\ CALayer.swift,\ CGPath.swift,\ CaseIterable.swift /Users/admin/builds/vMd7uqzK/1/finestructure/swiftpackageindex-builder/spi-builder-workspace/.dependencies/checkouts/swift-snapshot-testing/Sources/SnapshotTesting/Diffing.swift /Users/admin/builds/vMd7uqzK/1/finestructure/swiftpackageindex-builder/spi-builder-workspace/.dependencies/checkouts/swift-snapshot-testing/Sources/SnapshotTesting/Extensions/Wait.swift /Users/admin/builds/vMd7uqzK/1/finestructure/swiftpackageindex-builder/spi-builder-workspace/.dependencies/checkouts/swift-snapshot-testing/Sources/SnapshotTesting/Internal/Deprecations.swift /Users/admin/builds/vMd7uqzK/1/finestructure/swiftpackageindex-builder/spi-builder-workspace/.dependencies/checkouts/swift-snapshot-testing/Sources/SnapshotTesting/Snapshotting.swift /Users/admin/builds/vMd7uqzK/1/finestructure/swiftpackageindex-builder/spi-builder-workspace/.dependencies/checkouts/swift-snapshot-testing/Sources/SnapshotTesting/Snapshotting/Any.swift /Users/admin/builds/vMd7uqzK/1/finestructure/swiftpackageindex-builder/spi-builder-workspace/.dependencies/checkouts/swift-snapshot-testing/Sources/SnapshotTesting/Snapshotting/CALayer.swift /Users/admin/builds/vMd7uqzK/1/finestructure/swiftpackageindex-builder/spi-builder-workspace/.dependencies/checkouts/swift-snapshot-testing/Sources/SnapshotTesting/Snapshotting/CGPath.swift /Users/admin/builds/vMd7uqzK/1/finestructure/swiftpackageindex-builder/spi-builder-workspace/.dependencies/checkouts/swift-snapshot-testing/Sources/SnapshotTesting/Snapshotting/CaseIterable.swift (in target 'SnapshotTesting' from project 'swift-snapshot-testing')
(2 failures)
Command line invocation:
    /Applications/Xcode-14.3.1.app/Contents/Developer/usr/bin/xcodebuild -IDEClonedSourcePackagesDirPathOverride=/Users/admin/builds/vMd7uqzK/1/finestructure/swiftpackageindex-builder/spi-builder-workspace/.dependencies -skipPackagePluginValidation -derivedDataPath /Users/admin/builds/vMd7uqzK/1/finestructure/swiftpackageindex-builder/spi-builder-workspace/.derivedData build -scheme OptionalAPI -destination platform=macos,arch=arm64
User defaults from command line:
    IDEClonedSourcePackagesDirPathOverride = /Users/admin/builds/vMd7uqzK/1/finestructure/swiftpackageindex-builder/spi-builder-workspace/.dependencies
    IDEDerivedDataPathOverride = /Users/admin/builds/vMd7uqzK/1/finestructure/swiftpackageindex-builder/spi-builder-workspace/.derivedData
    IDEPackageSupportUseBuiltinSCM = YES
Resolve Package Graph
Resolved source packages:
  swift-snapshot-testing: https://github.com/pointfreeco/swift-snapshot-testing.git @ 1.15.2
  AliasWonderland: https://github.com/sloik/AliasWonderland.git @ 4.0.1
  OptionalAPI: /Users/admin/builds/vMd7uqzK/1/finestructure/swiftpackageindex-builder/spi-builder-workspace
  swift-syntax: https://github.com/apple/swift-syntax.git @ 509.1.0
Prepare packages
Computing target dependency graph and provisioning inputs
Create build description
note: Building targets in dependency order
ClangStatCache /Applications/Xcode-14.3.1.app/Contents/Developer/Toolchains/XcodeDefault.xctoolchain/usr/bin/clang-stat-cache /Applications/Xcode-14.3.1.app/Contents/Developer/Platforms/MacOSX.platform/Developer/SDKs/MacOSX13.3.sdk /Users/admin/builds/vMd7uqzK/1/finestructure/swiftpackageindex-builder/spi-builder-workspace/.derivedData/SDKStatCaches.noindex/macosx13.3-22E245-.sdkstatcache
    cd /Users/admin/builds/vMd7uqzK/1/finestructure/swiftpackageindex-builder/spi-builder-workspace/.swiftpm/xcode
    /Applications/Xcode-14.3.1.app/Contents/Developer/Toolchains/XcodeDefault.xctoolchain/usr/bin/clang-stat-cache /Applications/Xcode-14.3.1.app/Contents/Developer/Platforms/MacOSX.platform/Developer/SDKs/MacOSX13.3.sdk -o /Users/admin/builds/vMd7uqzK/1/finestructure/swiftpackageindex-builder/spi-builder-workspace/.derivedData/SDKStatCaches.noindex/macosx13.3-22E245-.sdkstatcache
SwiftDriver SnapshotTesting normal arm64 com.apple.xcode.tools.swift.compiler (in target 'SnapshotTesting' from project 'swift-snapshot-testing')
    cd /Users/admin/builds/vMd7uqzK/1/finestructure/swiftpackageindex-builder/spi-builder-workspace/.dependencies/checkouts/swift-snapshot-testing
    builtin-SwiftDriver -- /Applications/Xcode-14.3.1.app/Contents/Developer/Toolchains/XcodeDefault.xctoolchain/usr/bin/swiftc -module-name SnapshotTesting -Onone -enforce-exclusivity\=checked @/Users/admin/builds/vMd7uqzK/1/finestructure/swiftpackageindex-builder/spi-builder-workspace/.derivedData/Build/Intermediates.noindex/swift-snapshot-testing.build/Debug/SnapshotTesting.build/Objects-normal/arm64/SnapshotTesting.SwiftFileList -DSWIFT_PACKAGE -DDEBUG -DXcode -sdk /Applications/Xcode-14.3.1.app/Contents/Developer/Platforms/MacOSX.platform/Developer/SDKs/MacOSX13.3.sdk -target arm64-apple-macos10.15 -g -module-cache-path /Users/admin/builds/vMd7uqzK/1/finestructure/swiftpackageindex-builder/spi-builder-workspace/.derivedData/ModuleCache.noindex -Xfrontend -serialize-debugging-options -enable-testing -index-store-path /Users/admin/builds/vMd7uqzK/1/finestructure/swiftpackageindex-builder/spi-builder-workspace/.derivedData/Index.noindex/DataStore -swift-version 5 -I /Users/admin/builds/vMd7uqzK/1/finestructure/swiftpackageindex-builder/spi-builder-workspace/.derivedData/Build/Products/Debug -I /Applications/Xcode-14.3.1.app/Contents/Developer/Platforms/MacOSX.platform/Developer/usr/lib -F /Users/admin/builds/vMd7uqzK/1/finestructure/swiftpackageindex-builder/spi-builder-workspace/.derivedData/Build/Products/Debug -F /Applications/Xcode-14.3.1.app/Contents/Developer/Platforms/MacOSX.platform/Developer/Library/Frameworks -c -j4 -enable-batch-mode -incremental -Xcc -ivfsstatcache -Xcc /Users/admin/builds/vMd7uqzK/1/finestructure/swiftpackageindex-builder/spi-builder-workspace/.derivedData/SDKStatCaches.noindex/macosx13.3-22E245-.sdkstatcache -output-file-map /Users/admin/builds/vMd7uqzK/1/finestructure/swiftpackageindex-builder/spi-builder-workspace/.derivedData/Build/Intermediates.noindex/swift-snapshot-testing.build/Debug/SnapshotTesting.build/Objects-normal/arm64/SnapshotTesting-OutputFileMap.json -use-frontend-parseable-output -save-temps -no-color-diagnostics -serialize-diagnostics -emit-dependencies -emit-module -emit-module-path /Users/admin/builds/vMd7uqzK/1/finestructure/swiftpackageindex-builder/spi-builder-workspace/.derivedData/Build/Intermediates.noindex/swift-snapshot-testing.build/Debug/SnapshotTesting.build/Objects-normal/arm64/SnapshotTesting.swiftmodule -Xcc -I/Users/admin/builds/vMd7uqzK/1/finestructure/swiftpackageindex-builder/spi-builder-workspace/.derivedData/Build/Intermediates.noindex/swift-snapshot-testing.build/Debug/SnapshotTesting.build/swift-overrides.hmap -Xcc -I/Users/admin/builds/vMd7uqzK/1/finestructure/swiftpackageindex-builder/spi-builder-workspace/.derivedData/Build/Products/Debug/include -Xcc -I/Users/admin/builds/vMd7uqzK/1/finestructure/swiftpackageindex-builder/spi-builder-workspace/.derivedData/Build/Intermediates.noindex/swift-snapshot-testing.build/Debug/SnapshotTesting.build/DerivedSources-normal/arm64 -Xcc -I/Users/admin/builds/vMd7uqzK/1/finestructure/swiftpackageindex-builder/spi-builder-workspace/.derivedData/Build/Intermediates.noindex/swift-snapshot-testing.build/Debug/SnapshotTesting.build/DerivedSources/arm64 -Xcc -I/Users/admin/builds/vMd7uqzK/1/finestructure/swiftpackageindex-builder/spi-builder-workspace/.derivedData/Build/Intermediates.noindex/swift-snapshot-testing.build/Debug/SnapshotTesting.build/DerivedSources -Xcc -DSWIFT_PACKAGE -Xcc -DDEBUG\=1 -emit-objc-header -emit-objc-header-path /Users/admin/builds/vMd7uqzK/1/finestructure/swiftpackageindex-builder/spi-builder-workspace/.derivedData/Build/Intermediates.noindex/swift-snapshot-testing.build/Debug/SnapshotTesting.build/Objects-normal/arm64/SnapshotTesting-Swift.h -working-directory /Users/admin/builds/vMd7uqzK/1/finestructure/swiftpackageindex-builder/spi-builder-workspace/.dependencies/checkouts/swift-snapshot-testing -experimental-emit-module-separately -disable-cmo
SwiftDriver AliasWonderland normal arm64 com.apple.xcode.tools.swift.compiler (in target 'AliasWonderland' from project 'AliasWonderland')
    cd /Users/admin/builds/vMd7uqzK/1/finestructure/swiftpackageindex-builder/spi-builder-workspace/.dependencies/checkouts/AliasWonderland
    builtin-SwiftDriver -- /Applications/Xcode-14.3.1.app/Contents/Developer/Toolchains/XcodeDefault.xctoolchain/usr/bin/swiftc -module-name AliasWonderland -Onone -enforce-exclusivity\=checked @/Users/admin/builds/vMd7uqzK/1/finestructure/swiftpackageindex-builder/spi-builder-workspace/.derivedData/Build/Intermediates.noindex/AliasWonderland.build/Debug/AliasWonderland.build/Objects-normal/arm64/AliasWonderland.SwiftFileList -DSWIFT_PACKAGE -DDEBUG -DXcode -sdk /Applications/Xcode-14.3.1.app/Contents/Developer/Platforms/MacOSX.platform/Developer/SDKs/MacOSX13.3.sdk -target arm64-apple-macos10.13 -g -module-cache-path /Users/admin/builds/vMd7uqzK/1/finestructure/swiftpackageindex-builder/spi-builder-workspace/.derivedData/ModuleCache.noindex -Xfrontend -serialize-debugging-options -enable-testing -index-store-path /Users/admin/builds/vMd7uqzK/1/finestructure/swiftpackageindex-builder/spi-builder-workspace/.derivedData/Index.noindex/DataStore -swift-version 5 -I /Users/admin/builds/vMd7uqzK/1/finestructure/swiftpackageindex-builder/spi-builder-workspace/.derivedData/Build/Products/Debug -I /Applications/Xcode-14.3.1.app/Contents/Developer/Platforms/MacOSX.platform/Developer/usr/lib -F /Users/admin/builds/vMd7uqzK/1/finestructure/swiftpackageindex-builder/spi-builder-workspace/.derivedData/Build/Products/Debug -F /Applications/Xcode-14.3.1.app/Contents/Developer/Platforms/MacOSX.platform/Developer/Library/Frameworks -c -j4 -enable-batch-mode -incremental -Xcc -ivfsstatcache -Xcc /Users/admin/builds/vMd7uqzK/1/finestructure/swiftpackageindex-builder/spi-builder-workspace/.derivedData/SDKStatCaches.noindex/macosx13.3-22E245-.sdkstatcache -output-file-map /Users/admin/builds/vMd7uqzK/1/finestructure/swiftpackageindex-builder/spi-builder-workspace/.derivedData/Build/Intermediates.noindex/AliasWonderland.build/Debug/AliasWonderland.build/Objects-normal/arm64/AliasWonderland-OutputFileMap.json -use-frontend-parseable-output -save-temps -no-color-diagnostics -serialize-diagnostics -emit-dependencies -emit-module -emit-module-path /Users/admin/builds/vMd7uqzK/1/finestructure/swiftpackageindex-builder/spi-builder-workspace/.derivedData/Build/Intermediates.noindex/AliasWonderland.build/Debug/AliasWonderland.build/Objects-normal/arm64/AliasWonderland.swiftmodule -Xcc -I/Users/admin/builds/vMd7uqzK/1/finestructure/swiftpackageindex-builder/spi-builder-workspace/.derivedData/Build/Intermediates.noindex/AliasWonderland.build/Debug/AliasWonderland.build/swift-overrides.hmap -Xcc -I/Users/admin/builds/vMd7uqzK/1/finestructure/swiftpackageindex-builder/spi-builder-workspace/.derivedData/Build/Products/Debug/include -Xcc -I/Users/admin/builds/vMd7uqzK/1/finestructure/swiftpackageindex-builder/spi-builder-workspace/.derivedData/Build/Intermediates.noindex/AliasWonderland.build/Debug/AliasWonderland.build/DerivedSources-normal/arm64 -Xcc -I/Users/admin/builds/vMd7uqzK/1/finestructure/swiftpackageindex-builder/spi-builder-workspace/.derivedData/Build/Intermediates.noindex/AliasWonderland.build/Debug/AliasWonderland.build/DerivedSources/arm64 -Xcc -I/Users/admin/builds/vMd7uqzK/1/finestructure/swiftpackageindex-builder/spi-builder-workspace/.derivedData/Build/Intermediates.noindex/AliasWonderland.build/Debug/AliasWonderland.build/DerivedSources -Xcc -DSWIFT_PACKAGE -Xcc -DDEBUG\=1 -emit-objc-header -emit-objc-header-path /Users/admin/builds/vMd7uqzK/1/finestructure/swiftpackageindex-builder/spi-builder-workspace/.derivedData/Build/Intermediates.noindex/AliasWonderland.build/Debug/AliasWonderland.build/Objects-normal/arm64/AliasWonderland-Swift.h -working-directory /Users/admin/builds/vMd7uqzK/1/finestructure/swiftpackageindex-builder/spi-builder-workspace/.dependencies/checkouts/AliasWonderland -experimental-emit-module-separately -disable-cmo
SwiftEmitModule normal arm64 Emitting\ module\ for\ AliasWonderland (in target 'AliasWonderland' from project 'AliasWonderland')
    cd /Users/admin/builds/vMd7uqzK/1/finestructure/swiftpackageindex-builder/spi-builder-workspace/.dependencies/checkouts/AliasWonderland
    builtin-swiftTaskExecution -- /Applications/Xcode-14.3.1.app/Contents/Developer/Toolchains/XcodeDefault.xctoolchain/usr/bin/swift-frontend -frontend -emit-module -experimental-skip-non-inlinable-function-bodies-without-types /Users/admin/builds/vMd7uqzK/1/finestructure/swiftpackageindex-builder/spi-builder-workspace/.dependencies/checkouts/AliasWonderland/Sources/AliasWonderland/ClosuresAliases.swift /Users/admin/builds/vMd7uqzK/1/finestructure/swiftpackageindex-builder/spi-builder-workspace/.dependencies/checkouts/AliasWonderland/Sources/AliasWonderland/SideEffectAliases.swift -target arm64-apple-macos10.13 -Xllvm -aarch64-use-tbi -enable-objc-interop -sdk /Applications/Xcode-14.3.1.app/Contents/Developer/Platforms/MacOSX.platform/Developer/SDKs/MacOSX13.3.sdk -I /Users/admin/builds/vMd7uqzK/1/finestructure/swiftpackageindex-builder/spi-builder-workspace/.derivedData/Build/Products/Debug -I /Applications/Xcode-14.3.1.app/Contents/Developer/Platforms/MacOSX.platform/Developer/usr/lib -F /Users/admin/builds/vMd7uqzK/1/finestructure/swiftpackageindex-builder/spi-builder-workspace/.derivedData/Build/Products/Debug -F /Applications/Xcode-14.3.1.app/Contents/Developer/Platforms/MacOSX.platform/Developer/Library/Frameworks -no-color-diagnostics -enable-testing -g -module-cache-path /Users/admin/builds/vMd7uqzK/1/finestructure/swiftpackageindex-builder/spi-builder-workspace/.derivedData/ModuleCache.noindex -swift-version 5 -enforce-exclusivity\=checked -Onone -D SWIFT_PACKAGE -D DEBUG -D Xcode -serialize-debugging-options -empty-abi-descriptor -Xcc -working-directory -Xcc /Users/admin/builds/vMd7uqzK/1/finestructure/swiftpackageindex-builder/spi-builder-workspace/.dependencies/checkouts/AliasWonderland -resource-dir /Applications/Xcode-14.3.1.app/Contents/Developer/Toolchains/XcodeDefault.xctoolchain/usr/lib/swift -enable-anonymous-context-mangled-names -Xcc -ivfsstatcache -Xcc /Users/admin/builds/vMd7uqzK/1/finestructure/swiftpackageindex-builder/spi-builder-workspace/.derivedData/SDKStatCaches.noindex/macosx13.3-22E245-.sdkstatcache -Xcc -I/Users/admin/builds/vMd7uqzK/1/finestructure/swiftpackageindex-builder/spi-builder-workspace/.derivedData/Build/Intermediates.noindex/AliasWonderland.build/Debug/AliasWonderland.build/swift-overrides.hmap -Xcc -I/Users/admin/builds/vMd7uqzK/1/finestructure/swiftpackageindex-builder/spi-builder-workspace/.derivedData/Build/Products/Debug/include -Xcc -I/Users/admin/builds/vMd7uqzK/1/finestructure/swiftpackageindex-builder/spi-builder-workspace/.derivedData/Build/Intermediates.noindex/AliasWonderland.build/Debug/AliasWonderland.build/DerivedSources-normal/arm64 -Xcc -I/Users/admin/builds/vMd7uqzK/1/finestructure/swiftpackageindex-builder/spi-builder-workspace/.derivedData/Build/Intermediates.noindex/AliasWonderland.build/Debug/AliasWonderland.build/DerivedSources/arm64 -Xcc -I/Users/admin/builds/vMd7uqzK/1/finestructure/swiftpackageindex-builder/spi-builder-workspace/.derivedData/Build/Intermediates.noindex/AliasWonderland.build/Debug/AliasWonderland.build/DerivedSources -Xcc -DSWIFT_PACKAGE -Xcc -DDEBUG\=1 -module-name AliasWonderland -disable-clang-spi -target-sdk-version 13.3 -target-sdk-name macosx13.3 -emit-module-doc-path /Users/admin/builds/vMd7uqzK/1/finestructure/swiftpackageindex-builder/spi-builder-workspace/.derivedData/Build/Intermediates.noindex/AliasWonderland.build/Debug/AliasWonderland.build/Objects-normal/arm64/AliasWonderland.swiftdoc -emit-module-source-info-path /Users/admin/builds/vMd7uqzK/1/finestructure/swiftpackageindex-builder/spi-builder-workspace/.derivedData/Build/Intermediates.noindex/AliasWonderland.build/Debug/AliasWonderland.build/Objects-normal/arm64/AliasWonderland.swiftsourceinfo -emit-objc-header-path /Users/admin/builds/vMd7uqzK/1/finestructure/swiftpackageindex-builder/spi-builder-workspace/.derivedData/Build/Intermediates.noindex/AliasWonderland.build/Debug/AliasWonderland.build/Objects-normal/arm64/AliasWonderland-Swift.h -serialize-diagnostics-path /Users/admin/builds/vMd7uqzK/1/finestructure/swiftpackageindex-builder/spi-builder-workspace/.derivedData/Build/Intermediates.noindex/AliasWonderland.build/Debug/AliasWonderland.build/Objects-normal/arm64/AliasWonderland-master-emit-module.dia -emit-dependencies-path /Users/admin/builds/vMd7uqzK/1/finestructure/swiftpackageindex-builder/spi-builder-workspace/.derivedData/Build/Intermediates.noindex/AliasWonderland.build/Debug/AliasWonderland.build/Objects-normal/arm64/AliasWonderland-master-emit-module.d -o /Users/admin/builds/vMd7uqzK/1/finestructure/swiftpackageindex-builder/spi-builder-workspace/.derivedData/Build/Intermediates.noindex/AliasWonderland.build/Debug/AliasWonderland.build/Objects-normal/arm64/AliasWonderland.swiftmodule -emit-abi-descriptor-path /Users/admin/builds/vMd7uqzK/1/finestructure/swiftpackageindex-builder/spi-builder-workspace/.derivedData/Build/Intermediates.noindex/AliasWonderland.build/Debug/AliasWonderland.build/Objects-normal/arm64/AliasWonderland.abi.json
/Users/admin/builds/vMd7uqzK/1/finestructure/swiftpackageindex-builder/spi-builder-workspace/.dependencies/checkouts/AliasWonderland/Sources/AliasWonderland/ClosuresAliases.swift:10:31: error: expected '>' to complete generic parameter list
public typealias Closure<each I, O>           = (repeat each I)              -> O
                              ^
/Users/admin/builds/vMd7uqzK/1/finestructure/swiftpackageindex-builder/spi-builder-workspace/.dependencies/checkouts/AliasWonderland/Sources/AliasWonderland/ClosuresAliases.swift:10:25: note: to match this opening '<'
public typealias Closure<each I, O>           = (repeat each I)              -> O
                        ^
/Users/admin/builds/vMd7uqzK/1/finestructure/swiftpackageindex-builder/spi-builder-workspace/.dependencies/checkouts/AliasWonderland/Sources/AliasWonderland/ClosuresAliases.swift:10:62: error: expected ':' following argument label and parameter name
public typealias Closure<each I, O>           = (repeat each I)              -> O
                                                             ^
/Users/admin/builds/vMd7uqzK/1/finestructure/swiftpackageindex-builder/spi-builder-workspace/.dependencies/checkouts/AliasWonderland/Sources/AliasWonderland/ClosuresAliases.swift:11:37: error: expected '>' to complete generic parameter list
public typealias ThrowsClosure<each I,O>      = (repeat each I) throws       -> O
                                    ^
/Users/admin/builds/vMd7uqzK/1/finestructure/swiftpackageindex-builder/spi-builder-workspace/.dependencies/checkouts/AliasWonderland/Sources/AliasWonderland/ClosuresAliases.swift:11:31: note: to match this opening '<'
public typealias ThrowsClosure<each I,O>      = (repeat each I) throws       -> O
                              ^
/Users/admin/builds/vMd7uqzK/1/finestructure/swiftpackageindex-builder/spi-builder-workspace/.dependencies/checkouts/AliasWonderland/Sources/AliasWonderland/ClosuresAliases.swift:11:62: error: expected ':' following argument label and parameter name
public typealias ThrowsClosure<each I,O>      = (repeat each I) throws       -> O
                                                             ^
/Users/admin/builds/vMd7uqzK/1/finestructure/swiftpackageindex-builder/spi-builder-workspace/.dependencies/checkouts/AliasWonderland/Sources/AliasWonderland/ClosuresAliases.swift:12:36: error: expected '>' to complete generic parameter list
public typealias AsyncClosure<each I, O>      = (repeat each I) async        -> O
                                   ^
/Users/admin/builds/vMd7uqzK/1/finestructure/swiftpackageindex-builder/spi-builder-workspace/.dependencies/checkouts/AliasWonderland/Sources/AliasWonderland/ClosuresAliases.swift:12:30: note: to match this opening '<'
public typealias AsyncClosure<each I, O>      = (repeat each I) async        -> O
                             ^
/Users/admin/builds/vMd7uqzK/1/finestructure/swiftpackageindex-builder/spi-builder-workspace/.dependencies/checkouts/AliasWonderland/Sources/AliasWonderland/ClosuresAliases.swift:12:62: error: expected ':' following argument label and parameter name
public typealias AsyncClosure<each I, O>      = (repeat each I) async        -> O
                                                             ^
/Users/admin/builds/vMd7uqzK/1/finestructure/swiftpackageindex-builder/spi-builder-workspace/.dependencies/checkouts/AliasWonderland/Sources/AliasWonderland/ClosuresAliases.swift:13:42: error: expected '>' to complete generic parameter list
public typealias AsyncThrowsClosure<each I,O> = (repeat each I) async throws -> O
                                         ^
/Users/admin/builds/vMd7uqzK/1/finestructure/swiftpackageindex-builder/spi-builder-workspace/.dependencies/checkouts/AliasWonderland/Sources/AliasWonderland/ClosuresAliases.swift:13:36: note: to match this opening '<'
public typealias AsyncThrowsClosure<each I,O> = (repeat each I) async throws -> O
                                   ^
/Users/admin/builds/vMd7uqzK/1/finestructure/swiftpackageindex-builder/spi-builder-workspace/.dependencies/checkouts/AliasWonderland/Sources/AliasWonderland/ClosuresAliases.swift:13:62: error: expected ':' following argument label and parameter name
public typealias AsyncThrowsClosure<each I,O> = (repeat each I) async throws -> O
                                                             ^
/Users/admin/builds/vMd7uqzK/1/finestructure/swiftpackageindex-builder/spi-builder-workspace/.dependencies/checkouts/AliasWonderland/Sources/AliasWonderland/ClosuresAliases.swift:23:32: error: expected '>' to complete generic parameter list
public typealias Producer<each T>              = ()                 -> (repeat each T)
                               ^
/Users/admin/builds/vMd7uqzK/1/finestructure/swiftpackageindex-builder/spi-builder-workspace/.dependencies/checkouts/AliasWonderland/Sources/AliasWonderland/ClosuresAliases.swift:23:26: note: to match this opening '<'
public typealias Producer<each T>              = ()                 -> (repeat each T)
                         ^
/Users/admin/builds/vMd7uqzK/1/finestructure/swiftpackageindex-builder/spi-builder-workspace/.dependencies/checkouts/AliasWonderland/Sources/AliasWonderland/ClosuresAliases.swift:23:85: error: expected ':' following argument label and parameter name
public typealias Producer<each T>              = ()                 -> (repeat each T)
                                                                                    ^
/Users/admin/builds/vMd7uqzK/1/finestructure/swiftpackageindex-builder/spi-builder-workspace/.dependencies/checkouts/AliasWonderland/Sources/AliasWonderland/ClosuresAliases.swift:25:38: error: expected '>' to complete generic parameter list
public typealias ThrowsProducer<each T>        = () throws          -> (repeat each T)
                                     ^
/Users/admin/builds/vMd7uqzK/1/finestructure/swiftpackageindex-builder/spi-builder-workspace/.dependencies/checkouts/AliasWonderland/Sources/AliasWonderland/ClosuresAliases.swift:25:32: note: to match this opening '<'
public typealias ThrowsProducer<each T>        = () throws          -> (repeat each T)
                               ^
/Users/admin/builds/vMd7uqzK/1/finestructure/swiftpackageindex-builder/spi-builder-workspace/.dependencies/checkouts/AliasWonderland/Sources/AliasWonderland/ClosuresAliases.swift:25:85: error: expected ':' following argument label and parameter name
public typealias ThrowsProducer<each T>        = () throws          -> (repeat each T)
                                                                                    ^
/Users/admin/builds/vMd7uqzK/1/finestructure/swiftpackageindex-builder/spi-builder-workspace/.dependencies/checkouts/AliasWonderland/Sources/AliasWonderland/ClosuresAliases.swift:28:37: error: expected '>' to complete generic parameter list
public typealias AsyncProducer<each T>         = () async           -> (repeat each T)
                                    ^
/Users/admin/builds/vMd7uqzK/1/finestructure/swiftpackageindex-builder/spi-builder-workspace/.dependencies/checkouts/AliasWonderland/Sources/AliasWonderland/ClosuresAliases.swift:28:31: note: to match this opening '<'
public typealias AsyncProducer<each T>         = () async           -> (repeat each T)
                              ^
/Users/admin/builds/vMd7uqzK/1/finestructure/swiftpackageindex-builder/spi-builder-workspace/.dependencies/checkouts/AliasWonderland/Sources/AliasWonderland/ClosuresAliases.swift:28:85: error: expected ':' following argument label and parameter name
public typealias AsyncProducer<each T>         = () async           -> (repeat each T)
                                                                                    ^
/Users/admin/builds/vMd7uqzK/1/finestructure/swiftpackageindex-builder/spi-builder-workspace/.dependencies/checkouts/AliasWonderland/Sources/AliasWonderland/ClosuresAliases.swift:31:43: error: expected '>' to complete generic parameter list
public typealias AsyncThrowsProducer<each T>   = () async throws    -> (repeat each T)
                                          ^
/Users/admin/builds/vMd7uqzK/1/finestructure/swiftpackageindex-builder/spi-builder-workspace/.dependencies/checkouts/AliasWonderland/Sources/AliasWonderland/ClosuresAliases.swift:31:37: note: to match this opening '<'
public typealias AsyncThrowsProducer<each T>   = () async throws    -> (repeat each T)
                                    ^
/Users/admin/builds/vMd7uqzK/1/finestructure/swiftpackageindex-builder/spi-builder-workspace/.dependencies/checkouts/AliasWonderland/Sources/AliasWonderland/ClosuresAliases.swift:31:85: error: expected ':' following argument label and parameter name
public typealias AsyncThrowsProducer<each T>   = () async throws    -> (repeat each T)
                                                                                    ^
/Users/admin/builds/vMd7uqzK/1/finestructure/swiftpackageindex-builder/spi-builder-workspace/.dependencies/checkouts/AliasWonderland/Sources/AliasWonderland/ClosuresAliases.swift:34:45: error: expected '>' to complete generic parameter list
public typealias SendableAsyncProducer<each T> = @Sendable () async -> (repeat each T)
                                            ^
/Users/admin/builds/vMd7uqzK/1/finestructure/swiftpackageindex-builder/spi-builder-workspace/.dependencies/checkouts/AliasWonderland/Sources/AliasWonderland/ClosuresAliases.swift:34:39: note: to match this opening '<'
public typealias SendableAsyncProducer<each T> = @Sendable () async -> (repeat each T)
                                      ^
/Users/admin/builds/vMd7uqzK/1/finestructure/swiftpackageindex-builder/spi-builder-workspace/.dependencies/checkouts/AliasWonderland/Sources/AliasWonderland/ClosuresAliases.swift:34:85: error: expected ':' following argument label and parameter name
public typealias SendableAsyncProducer<each T> = @Sendable () async -> (repeat each T)
                                                                                    ^
/Users/admin/builds/vMd7uqzK/1/finestructure/swiftpackageindex-builder/spi-builder-workspace/.dependencies/checkouts/AliasWonderland/Sources/AliasWonderland/SideEffectAliases.swift:33:32: error: expected '>' to complete generic parameter list
public typealias Consumer<each I>       = (repeat each I)        -> Void
                               ^
/Users/admin/builds/vMd7uqzK/1/finestructure/swiftpackageindex-builder/spi-builder-workspace/.dependencies/checkouts/AliasWonderland/Sources/AliasWonderland/SideEffectAliases.swift:33:26: note: to match this opening '<'
public typealias Consumer<each I>       = (repeat each I)        -> Void
                         ^
/Users/admin/builds/vMd7uqzK/1/finestructure/swiftpackageindex-builder/spi-builder-workspace/.dependencies/checkouts/AliasWonderland/Sources/AliasWonderland/SideEffectAliases.swift:33:56: error: expected ':' following argument label and parameter name
public typealias Consumer<each I>       = (repeat each I)        -> Void
                                                       ^
/Users/admin/builds/vMd7uqzK/1/finestructure/swiftpackageindex-builder/spi-builder-workspace/.dependencies/checkouts/AliasWonderland/Sources/AliasWonderland/SideEffectAliases.swift:34:38: error: expected '>' to complete generic parameter list
public typealias ThrowsConsumer<each I> = (repeat each I) throws -> Void
                                     ^
/Users/admin/builds/vMd7uqzK/1/finestructure/swiftpackageindex-builder/spi-builder-workspace/.dependencies/checkouts/AliasWonderland/Sources/AliasWonderland/SideEffectAliases.swift:34:32: note: to match this opening '<'
public typealias ThrowsConsumer<each I> = (repeat each I) throws -> Void
                               ^
/Users/admin/builds/vMd7uqzK/1/finestructure/swiftpackageindex-builder/spi-builder-workspace/.dependencies/checkouts/AliasWonderland/Sources/AliasWonderland/SideEffectAliases.swift:34:56: error: expected ':' following argument label and parameter name
public typealias ThrowsConsumer<each I> = (repeat each I) throws -> Void
                                                       ^
/Users/admin/builds/vMd7uqzK/1/finestructure/swiftpackageindex-builder/spi-builder-workspace/.dependencies/checkouts/AliasWonderland/Sources/AliasWonderland/SideEffectAliases.swift:39:37: error: expected '>' to complete generic parameter list
public typealias AsyncConsumer<each I> = (repeat each I) async -> Void
                                    ^
/Users/admin/builds/vMd7uqzK/1/finestructure/swiftpackageindex-builder/spi-builder-workspace/.dependencies/checkouts/AliasWonderland/Sources/AliasWonderland/SideEffectAliases.swift:39:31: note: to match this opening '<'
public typealias AsyncConsumer<each I> = (repeat each I) async -> Void
                              ^
/Users/admin/builds/vMd7uqzK/1/finestructure/swiftpackageindex-builder/spi-builder-workspace/.dependencies/checkouts/AliasWonderland/Sources/AliasWonderland/SideEffectAliases.swift:39:55: error: expected ':' following argument label and parameter name
public typealias AsyncConsumer<each I> = (repeat each I) async -> Void
                                                      ^
/Users/admin/builds/vMd7uqzK/1/finestructure/swiftpackageindex-builder/spi-builder-workspace/.dependencies/checkouts/AliasWonderland/Sources/AliasWonderland/SideEffectAliases.swift:43:43: error: expected '>' to complete generic parameter list
public typealias AsyncThrowsConsumer<each I> = (repeat each I) async throws -> Void
                                          ^
/Users/admin/builds/vMd7uqzK/1/finestructure/swiftpackageindex-builder/spi-builder-workspace/.dependencies/checkouts/AliasWonderland/Sources/AliasWonderland/SideEffectAliases.swift:43:37: note: to match this opening '<'
public typealias AsyncThrowsConsumer<each I> = (repeat each I) async throws -> Void
                                    ^
/Users/admin/builds/vMd7uqzK/1/finestructure/swiftpackageindex-builder/spi-builder-workspace/.dependencies/checkouts/AliasWonderland/Sources/AliasWonderland/SideEffectAliases.swift:43:61: error: expected ':' following argument label and parameter name
public typealias AsyncThrowsConsumer<each I> = (repeat each I) async throws -> Void
                                                            ^
/Users/admin/builds/vMd7uqzK/1/finestructure/swiftpackageindex-builder/spi-builder-workspace/.dependencies/checkouts/AliasWonderland/Sources/AliasWonderland/ClosuresAliases.swift:10:62: error: cannot find type 'I' in scope
public typealias Closure<each I, O>           = (repeat each I)              -> O
                                                             ^
/Users/admin/builds/vMd7uqzK/1/finestructure/swiftpackageindex-builder/spi-builder-workspace/.dependencies/checkouts/AliasWonderland/Sources/AliasWonderland/ClosuresAliases.swift:10:81: error: cannot find type 'O' in scope
public typealias Closure<each I, O>           = (repeat each I)              -> O
                                                                                ^
/Users/admin/builds/vMd7uqzK/1/finestructure/swiftpackageindex-builder/spi-builder-workspace/.dependencies/checkouts/AliasWonderland/Sources/AliasWonderland/ClosuresAliases.swift:11:62: error: cannot find type 'I' in scope
public typealias ThrowsClosure<each I,O>      = (repeat each I) throws       -> O
                                                             ^
/Users/admin/builds/vMd7uqzK/1/finestructure/swiftpackageindex-builder/spi-builder-workspace/.dependencies/checkouts/AliasWonderland/Sources/AliasWonderland/ClosuresAliases.swift:11:81: error: cannot find type 'O' in scope
public typealias ThrowsClosure<each I,O>      = (repeat each I) throws       -> O
                                                                                ^
/Users/admin/builds/vMd7uqzK/1/finestructure/swiftpackageindex-builder/spi-builder-workspace/.dependencies/checkouts/AliasWonderland/Sources/AliasWonderland/ClosuresAliases.swift:12:62: error: cannot find type 'I' in scope
public typealias AsyncClosure<each I, O>      = (repeat each I) async        -> O
                                                             ^
/Users/admin/builds/vMd7uqzK/1/finestructure/swiftpackageindex-builder/spi-builder-workspace/.dependencies/checkouts/AliasWonderland/Sources/AliasWonderland/ClosuresAliases.swift:12:81: error: cannot find type 'O' in scope
public typealias AsyncClosure<each I, O>      = (repeat each I) async        -> O
                                                                                ^
/Users/admin/builds/vMd7uqzK/1/finestructure/swiftpackageindex-builder/spi-builder-workspace/.dependencies/checkouts/AliasWonderland/Sources/AliasWonderland/ClosuresAliases.swift:13:62: error: cannot find type 'I' in scope
public typealias AsyncThrowsClosure<each I,O> = (repeat each I) async throws -> O
                                                             ^
/Users/admin/builds/vMd7uqzK/1/finestructure/swiftpackageindex-builder/spi-builder-workspace/.dependencies/checkouts/AliasWonderland/Sources/AliasWonderland/ClosuresAliases.swift:13:81: error: cannot find type 'O' in scope
public typealias AsyncThrowsClosure<each I,O> = (repeat each I) async throws -> O
                                                                                ^
/Users/admin/builds/vMd7uqzK/1/finestructure/swiftpackageindex-builder/spi-builder-workspace/.dependencies/checkouts/AliasWonderland/Sources/AliasWonderland/ClosuresAliases.swift:23:85: error: cannot find type 'T' in scope
public typealias Producer<each T>              = ()                 -> (repeat each T)
                                                                                    ^
/Users/admin/builds/vMd7uqzK/1/finestructure/swiftpackageindex-builder/spi-builder-workspace/.dependencies/checkouts/AliasWonderland/Sources/AliasWonderland/ClosuresAliases.swift:25:85: error: cannot find type 'T' in scope
public typealias ThrowsProducer<each T>        = () throws          -> (repeat each T)
                                                                                    ^
/Users/admin/builds/vMd7uqzK/1/finestructure/swiftpackageindex-builder/spi-builder-workspace/.dependencies/checkouts/AliasWonderland/Sources/AliasWonderland/ClosuresAliases.swift:28:85: error: cannot find type 'T' in scope
public typealias AsyncProducer<each T>         = () async           -> (repeat each T)
                                                                                    ^
/Users/admin/builds/vMd7uqzK/1/finestructure/swiftpackageindex-builder/spi-builder-workspace/.dependencies/checkouts/AliasWonderland/Sources/AliasWonderland/ClosuresAliases.swift:31:85: error: cannot find type 'T' in scope
public typealias AsyncThrowsProducer<each T>   = () async throws    -> (repeat each T)
                                                                                    ^
/Users/admin/builds/vMd7uqzK/1/finestructure/swiftpackageindex-builder/spi-builder-workspace/.dependencies/checkouts/AliasWonderland/Sources/AliasWonderland/ClosuresAliases.swift:34:85: error: cannot find type 'T' in scope
public typealias SendableAsyncProducer<each T> = @Sendable () async -> (repeat each T)
                                                                                    ^
/Users/admin/builds/vMd7uqzK/1/finestructure/swiftpackageindex-builder/spi-builder-workspace/.dependencies/checkouts/AliasWonderland/Sources/AliasWonderland/SideEffectAliases.swift:33:56: error: cannot find type 'I' in scope
public typealias Consumer<each I>       = (repeat each I)        -> Void
                                                       ^
/Users/admin/builds/vMd7uqzK/1/finestructure/swiftpackageindex-builder/spi-builder-workspace/.dependencies/checkouts/AliasWonderland/Sources/AliasWonderland/SideEffectAliases.swift:34:56: error: cannot find type 'I' in scope
public typealias ThrowsConsumer<each I> = (repeat each I) throws -> Void
                                                       ^
/Users/admin/builds/vMd7uqzK/1/finestructure/swiftpackageindex-builder/spi-builder-workspace/.dependencies/checkouts/AliasWonderland/Sources/AliasWonderland/SideEffectAliases.swift:39:55: error: cannot find type 'I' in scope
public typealias AsyncConsumer<each I> = (repeat each I) async -> Void
                                                      ^
/Users/admin/builds/vMd7uqzK/1/finestructure/swiftpackageindex-builder/spi-builder-workspace/.dependencies/checkouts/AliasWonderland/Sources/AliasWonderland/SideEffectAliases.swift:43:61: error: cannot find type 'I' in scope
public typealias AsyncThrowsConsumer<each I> = (repeat each I) async throws -> Void
                                                            ^
SwiftCompile normal arm64 Compiling\ SideEffectAliases.swift /Users/admin/builds/vMd7uqzK/1/finestructure/swiftpackageindex-builder/spi-builder-workspace/.dependencies/checkouts/AliasWonderland/Sources/AliasWonderland/SideEffectAliases.swift (in target 'AliasWonderland' from project 'AliasWonderland')
    cd /Users/admin/builds/vMd7uqzK/1/finestructure/swiftpackageindex-builder/spi-builder-workspace/.dependencies/checkouts/AliasWonderland
    builtin-swiftTaskExecution -- /Applications/Xcode-14.3.1.app/Contents/Developer/Toolchains/XcodeDefault.xctoolchain/usr/bin/swift-frontend -frontend -c /Users/admin/builds/vMd7uqzK/1/finestructure/swiftpackageindex-builder/spi-builder-workspace/.dependencies/checkouts/AliasWonderland/Sources/AliasWonderland/ClosuresAliases.swift -primary-file /Users/admin/builds/vMd7uqzK/1/finestructure/swiftpackageindex-builder/spi-builder-workspace/.dependencies/checkouts/AliasWonderland/Sources/AliasWonderland/SideEffectAliases.swift -emit-dependencies-path /Users/admin/builds/vMd7uqzK/1/finestructure/swiftpackageindex-builder/spi-builder-workspace/.derivedData/Build/Intermediates.noindex/AliasWonderland.build/Debug/AliasWonderland.build/Objects-normal/arm64/SideEffectAliases.d -emit-reference-dependencies-path /Users/admin/builds/vMd7uqzK/1/finestructure/swiftpackageindex-builder/spi-builder-workspace/.derivedData/Build/Intermediates.noindex/AliasWonderland.build/Debug/AliasWonderland.build/Objects-normal/arm64/SideEffectAliases.swiftdeps -serialize-diagnostics-path /Users/admin/builds/vMd7uqzK/1/finestructure/swiftpackageindex-builder/spi-builder-workspace/.derivedData/Build/Intermediates.noindex/AliasWonderland.build/Debug/AliasWonderland.build/Objects-normal/arm64/SideEffectAliases.dia -target arm64-apple-macos10.13 -Xllvm -aarch64-use-tbi -enable-objc-interop -sdk /Applications/Xcode-14.3.1.app/Contents/Developer/Platforms/MacOSX.platform/Developer/SDKs/MacOSX13.3.sdk -I /Users/admin/builds/vMd7uqzK/1/finestructure/swiftpackageindex-builder/spi-builder-workspace/.derivedData/Build/Products/Debug -I /Applications/Xcode-14.3.1.app/Contents/Developer/Platforms/MacOSX.platform/Developer/usr/lib -F /Users/admin/builds/vMd7uqzK/1/finestructure/swiftpackageindex-builder/spi-builder-workspace/.derivedData/Build/Products/Debug -F /Applications/Xcode-14.3.1.app/Contents/Developer/Platforms/MacOSX.platform/Developer/Library/Frameworks -no-color-diagnostics -enable-testing -g -module-cache-path /Users/admin/builds/vMd7uqzK/1/finestructure/swiftpackageindex-builder/spi-builder-workspace/.derivedData/ModuleCache.noindex -swift-version 5 -enforce-exclusivity\=checked -Onone -D SWIFT_PACKAGE -D DEBUG -D Xcode -serialize-debugging-options -empty-abi-descriptor -Xcc -working-directory -Xcc /Users/admin/builds/vMd7uqzK/1/finestructure/swiftpackageindex-builder/spi-builder-workspace/.dependencies/checkouts/AliasWonderland -resource-dir /Applications/Xcode-14.3.1.app/Contents/Developer/Toolchains/XcodeDefault.xctoolchain/usr/lib/swift -enable-anonymous-context-mangled-names -Xcc -ivfsstatcache -Xcc /Users/admin/builds/vMd7uqzK/1/finestructure/swiftpackageindex-builder/spi-builder-workspace/.derivedData/SDKStatCaches.noindex/macosx13.3-22E245-.sdkstatcache -Xcc -I/Users/admin/builds/vMd7uqzK/1/finestructure/swiftpackageindex-builder/spi-builder-workspace/.derivedData/Build/Intermediates.noindex/AliasWonderland.build/Debug/AliasWonderland.build/swift-overrides.hmap -Xcc -I/Users/admin/builds/vMd7uqzK/1/finestructure/swiftpackageindex-builder/spi-builder-workspace/.derivedData/Build/Products/Debug/include -Xcc -I/Users/admin/builds/vMd7uqzK/1/finestructure/swiftpackageindex-builder/spi-builder-workspace/.derivedData/Build/Intermediates.noindex/AliasWonderland.build/Debug/AliasWonderland.build/DerivedSources-normal/arm64 -Xcc -I/Users/admin/builds/vMd7uqzK/1/finestructure/swiftpackageindex-builder/spi-builder-workspace/.derivedData/Build/Intermediates.noindex/AliasWonderland.build/Debug/AliasWonderland.build/DerivedSources/arm64 -Xcc -I/Users/admin/builds/vMd7uqzK/1/finestructure/swiftpackageindex-builder/spi-builder-workspace/.derivedData/Build/Intermediates.noindex/AliasWonderland.build/Debug/AliasWonderland.build/DerivedSources -Xcc -DSWIFT_PACKAGE -Xcc -DDEBUG\=1 -module-name AliasWonderland -frontend-parseable-output -disable-clang-spi -target-sdk-version 13.3 -target-sdk-name macosx13.3 -o /Users/admin/builds/vMd7uqzK/1/finestructure/swiftpackageindex-builder/spi-builder-workspace/.derivedData/Build/Intermediates.noindex/AliasWonderland.build/Debug/AliasWonderland.build/Objects-normal/arm64/SideEffectAliases.o -index-unit-output-path /AliasWonderland.build/Debug/AliasWonderland.build/Objects-normal/arm64/SideEffectAliases.o -index-store-path /Users/admin/builds/vMd7uqzK/1/finestructure/swiftpackageindex-builder/spi-builder-workspace/.derivedData/Index.noindex/DataStore -index-system-modules
SwiftCompile normal arm64 /Users/admin/builds/vMd7uqzK/1/finestructure/swiftpackageindex-builder/spi-builder-workspace/.dependencies/checkouts/AliasWonderland/Sources/AliasWonderland/SideEffectAliases.swift (in target 'AliasWonderland' from project 'AliasWonderland')
    cd /Users/admin/builds/vMd7uqzK/1/finestructure/swiftpackageindex-builder/spi-builder-workspace/.dependencies/checkouts/AliasWonderland
    /Applications/Xcode-14.3.1.app/Contents/Developer/Toolchains/XcodeDefault.xctoolchain/usr/bin/swift-frontend -c /Users/admin/builds/vMd7uqzK/1/finestructure/swiftpackageindex-builder/spi-builder-workspace/.dependencies/checkouts/AliasWonderland/Sources/AliasWonderland/ClosuresAliases.swift -primary-file /Users/admin/builds/vMd7uqzK/1/finestructure/swiftpackageindex-builder/spi-builder-workspace/.dependencies/checkouts/AliasWonderland/Sources/AliasWonderland/SideEffectAliases.swift -emit-dependencies-path /Users/admin/builds/vMd7uqzK/1/finestructure/swiftpackageindex-builder/spi-builder-workspace/.derivedData/Build/Intermediates.noindex/AliasWonderland.build/Debug/AliasWonderland.build/Objects-normal/arm64/SideEffectAliases.d -emit-reference-dependencies-path /Users/admin/builds/vMd7uqzK/1/finestructure/swiftpackageindex-builder/spi-builder-workspace/.derivedData/Build/Intermediates.noindex/AliasWonderland.build/Debug/AliasWonderland.build/Objects-normal/arm64/SideEffectAliases.swiftdeps -serialize-diagnostics-path /Users/admin/builds/vMd7uqzK/1/finestructure/swiftpackageindex-builder/spi-builder-workspace/.derivedData/Build/Intermediates.noindex/AliasWonderland.build/Debug/AliasWonderland.build/Objects-normal/arm64/SideEffectAliases.dia -target arm64-apple-macos10.13 -Xllvm -aarch64-use-tbi -enable-objc-interop -sdk /Applications/Xcode-14.3.1.app/Contents/Developer/Platforms/MacOSX.platform/Developer/SDKs/MacOSX13.3.sdk -I /Users/admin/builds/vMd7uqzK/1/finestructure/swiftpackageindex-builder/spi-builder-workspace/.derivedData/Build/Products/Debug -I /Applications/Xcode-14.3.1.app/Contents/Developer/Platforms/MacOSX.platform/Developer/usr/lib -F /Users/admin/builds/vMd7uqzK/1/finestructure/swiftpackageindex-builder/spi-builder-workspace/.derivedData/Build/Products/Debug -F /Applications/Xcode-14.3.1.app/Contents/Developer/Platforms/MacOSX.platform/Developer/Library/Frameworks -no-color-diagnostics -enable-testing -g -module-cache-path /Users/admin/builds/vMd7uqzK/1/finestructure/swiftpackageindex-builder/spi-builder-workspace/.derivedData/ModuleCache.noindex -swift-version 5 -enforce-exclusivity\=checked -Onone -D SWIFT_PACKAGE -D DEBUG -D Xcode -serialize-debugging-options -empty-abi-descriptor -Xcc -working-directory -Xcc /Users/admin/builds/vMd7uqzK/1/finestructure/swiftpackageindex-builder/spi-builder-workspace/.dependencies/checkouts/AliasWonderland -resource-dir /Applications/Xcode-14.3.1.app/Contents/Developer/Toolchains/XcodeDefault.xctoolchain/usr/lib/swift -enable-anonymous-context-mangled-names -Xcc -ivfsstatcache -Xcc /Users/admin/builds/vMd7uqzK/1/finestructure/swiftpackageindex-builder/spi-builder-workspace/.derivedData/SDKStatCaches.noindex/macosx13.3-22E245-.sdkstatcache -Xcc -I/Users/admin/builds/vMd7uqzK/1/finestructure/swiftpackageindex-builder/spi-builder-workspace/.derivedData/Build/Intermediates.noindex/AliasWonderland.build/Debug/AliasWonderland.build/swift-overrides.hmap -Xcc -I/Users/admin/builds/vMd7uqzK/1/finestructure/swiftpackageindex-builder/spi-builder-workspace/.derivedData/Build/Products/Debug/include -Xcc -I/Users/admin/builds/vMd7uqzK/1/finestructure/swiftpackageindex-builder/spi-builder-workspace/.derivedData/Build/Intermediates.noindex/AliasWonderland.build/Debug/AliasWonderland.build/DerivedSources-normal/arm64 -Xcc -I/Users/admin/builds/vMd7uqzK/1/finestructure/swiftpackageindex-builder/spi-builder-workspace/.derivedData/Build/Intermediates.noindex/AliasWonderland.build/Debug/AliasWonderland.build/DerivedSources/arm64 -Xcc -I/Users/admin/builds/vMd7uqzK/1/finestructure/swiftpackageindex-builder/spi-builder-workspace/.derivedData/Build/Intermediates.noindex/AliasWonderland.build/Debug/AliasWonderland.build/DerivedSources -Xcc -DSWIFT_PACKAGE -Xcc -DDEBUG\=1 -module-name AliasWonderland -frontend-parseable-output -disable-clang-spi -target-sdk-version 13.3 -target-sdk-name macosx13.3 -o /Users/admin/builds/vMd7uqzK/1/finestructure/swiftpackageindex-builder/spi-builder-workspace/.derivedData/Build/Intermediates.noindex/AliasWonderland.build/Debug/AliasWonderland.build/Objects-normal/arm64/SideEffectAliases.o -index-unit-output-path /AliasWonderland.build/Debug/AliasWonderland.build/Objects-normal/arm64/SideEffectAliases.o -index-store-path /Users/admin/builds/vMd7uqzK/1/finestructure/swiftpackageindex-builder/spi-builder-workspace/.derivedData/Index.noindex/DataStore -index-system-modules
SwiftCompile normal arm64 Compiling\ ClosuresAliases.swift /Users/admin/builds/vMd7uqzK/1/finestructure/swiftpackageindex-builder/spi-builder-workspace/.dependencies/checkouts/AliasWonderland/Sources/AliasWonderland/ClosuresAliases.swift (in target 'AliasWonderland' from project 'AliasWonderland')
    cd /Users/admin/builds/vMd7uqzK/1/finestructure/swiftpackageindex-builder/spi-builder-workspace/.dependencies/checkouts/AliasWonderland
    builtin-swiftTaskExecution -- /Applications/Xcode-14.3.1.app/Contents/Developer/Toolchains/XcodeDefault.xctoolchain/usr/bin/swift-frontend -frontend -c -primary-file /Users/admin/builds/vMd7uqzK/1/finestructure/swiftpackageindex-builder/spi-builder-workspace/.dependencies/checkouts/AliasWonderland/Sources/AliasWonderland/ClosuresAliases.swift /Users/admin/builds/vMd7uqzK/1/finestructure/swiftpackageindex-builder/spi-builder-workspace/.dependencies/checkouts/AliasWonderland/Sources/AliasWonderland/SideEffectAliases.swift -emit-dependencies-path /Users/admin/builds/vMd7uqzK/1/finestructure/swiftpackageindex-builder/spi-builder-workspace/.derivedData/Build/Intermediates.noindex/AliasWonderland.build/Debug/AliasWonderland.build/Objects-normal/arm64/ClosuresAliases.d -emit-reference-dependencies-path /Users/admin/builds/vMd7uqzK/1/finestructure/swiftpackageindex-builder/spi-builder-workspace/.derivedData/Build/Intermediates.noindex/AliasWonderland.build/Debug/AliasWonderland.build/Objects-normal/arm64/ClosuresAliases.swiftdeps -serialize-diagnostics-path /Users/admin/builds/vMd7uqzK/1/finestructure/swiftpackageindex-builder/spi-builder-workspace/.derivedData/Build/Intermediates.noindex/AliasWonderland.build/Debug/AliasWonderland.build/Objects-normal/arm64/ClosuresAliases.dia -target arm64-apple-macos10.13 -Xllvm -aarch64-use-tbi -enable-objc-interop -sdk /Applications/Xcode-14.3.1.app/Contents/Developer/Platforms/MacOSX.platform/Developer/SDKs/MacOSX13.3.sdk -I /Users/admin/builds/vMd7uqzK/1/finestructure/swiftpackageindex-builder/spi-builder-workspace/.derivedData/Build/Products/Debug -I /Applications/Xcode-14.3.1.app/Contents/Developer/Platforms/MacOSX.platform/Developer/usr/lib -F /Users/admin/builds/vMd7uqzK/1/finestructure/swiftpackageindex-builder/spi-builder-workspace/.derivedData/Build/Products/Debug -F /Applications/Xcode-14.3.1.app/Contents/Developer/Platforms/MacOSX.platform/Developer/Library/Frameworks -no-color-diagnostics -enable-testing -g -module-cache-path /Users/admin/builds/vMd7uqzK/1/finestructure/swiftpackageindex-builder/spi-builder-workspace/.derivedData/ModuleCache.noindex -swift-version 5 -enforce-exclusivity\=checked -Onone -D SWIFT_PACKAGE -D DEBUG -D Xcode -serialize-debugging-options -empty-abi-descriptor -Xcc -working-directory -Xcc /Users/admin/builds/vMd7uqzK/1/finestructure/swiftpackageindex-builder/spi-builder-workspace/.dependencies/checkouts/AliasWonderland -resource-dir /Applications/Xcode-14.3.1.app/Contents/Developer/Toolchains/XcodeDefault.xctoolchain/usr/lib/swift -enable-anonymous-context-mangled-names -Xcc -ivfsstatcache -Xcc /Users/admin/builds/vMd7uqzK/1/finestructure/swiftpackageindex-builder/spi-builder-workspace/.derivedData/SDKStatCaches.noindex/macosx13.3-22E245-.sdkstatcache -Xcc -I/Users/admin/builds/vMd7uqzK/1/finestructure/swiftpackageindex-builder/spi-builder-workspace/.derivedData/Build/Intermediates.noindex/AliasWonderland.build/Debug/AliasWonderland.build/swift-overrides.hmap -Xcc -I/Users/admin/builds/vMd7uqzK/1/finestructure/swiftpackageindex-builder/spi-builder-workspace/.derivedData/Build/Products/Debug/include -Xcc -I/Users/admin/builds/vMd7uqzK/1/finestructure/swiftpackageindex-builder/spi-builder-workspace/.derivedData/Build/Intermediates.noindex/AliasWonderland.build/Debug/AliasWonderland.build/DerivedSources-normal/arm64 -Xcc -I/Users/admin/builds/vMd7uqzK/1/finestructure/swiftpackageindex-builder/spi-builder-workspace/.derivedData/Build/Intermediates.noindex/AliasWonderland.build/Debug/AliasWonderland.build/DerivedSources/arm64 -Xcc -I/Users/admin/builds/vMd7uqzK/1/finestructure/swiftpackageindex-builder/spi-builder-workspace/.derivedData/Build/Intermediates.noindex/AliasWonderland.build/Debug/AliasWonderland.build/DerivedSources -Xcc -DSWIFT_PACKAGE -Xcc -DDEBUG\=1 -module-name AliasWonderland -frontend-parseable-output -disable-clang-spi -target-sdk-version 13.3 -target-sdk-name macosx13.3 -o /Users/admin/builds/vMd7uqzK/1/finestructure/swiftpackageindex-builder/spi-builder-workspace/.derivedData/Build/Intermediates.noindex/AliasWonderland.build/Debug/AliasWonderland.build/Objects-normal/arm64/ClosuresAliases.o -index-unit-output-path /AliasWonderland.build/Debug/AliasWonderland.build/Objects-normal/arm64/ClosuresAliases.o -index-store-path /Users/admin/builds/vMd7uqzK/1/finestructure/swiftpackageindex-builder/spi-builder-workspace/.derivedData/Index.noindex/DataStore -index-system-modules
SwiftCompile normal arm64 /Users/admin/builds/vMd7uqzK/1/finestructure/swiftpackageindex-builder/spi-builder-workspace/.dependencies/checkouts/AliasWonderland/Sources/AliasWonderland/ClosuresAliases.swift (in target 'AliasWonderland' from project 'AliasWonderland')
    cd /Users/admin/builds/vMd7uqzK/1/finestructure/swiftpackageindex-builder/spi-builder-workspace/.dependencies/checkouts/AliasWonderland
    /Applications/Xcode-14.3.1.app/Contents/Developer/Toolchains/XcodeDefault.xctoolchain/usr/bin/swift-frontend -c -primary-file /Users/admin/builds/vMd7uqzK/1/finestructure/swiftpackageindex-builder/spi-builder-workspace/.dependencies/checkouts/AliasWonderland/Sources/AliasWonderland/ClosuresAliases.swift /Users/admin/builds/vMd7uqzK/1/finestructure/swiftpackageindex-builder/spi-builder-workspace/.dependencies/checkouts/AliasWonderland/Sources/AliasWonderland/SideEffectAliases.swift -emit-dependencies-path /Users/admin/builds/vMd7uqzK/1/finestructure/swiftpackageindex-builder/spi-builder-workspace/.derivedData/Build/Intermediates.noindex/AliasWonderland.build/Debug/AliasWonderland.build/Objects-normal/arm64/ClosuresAliases.d -emit-reference-dependencies-path /Users/admin/builds/vMd7uqzK/1/finestructure/swiftpackageindex-builder/spi-builder-workspace/.derivedData/Build/Intermediates.noindex/AliasWonderland.build/Debug/AliasWonderland.build/Objects-normal/arm64/ClosuresAliases.swiftdeps -serialize-diagnostics-path /Users/admin/builds/vMd7uqzK/1/finestructure/swiftpackageindex-builder/spi-builder-workspace/.derivedData/Build/Intermediates.noindex/AliasWonderland.build/Debug/AliasWonderland.build/Objects-normal/arm64/ClosuresAliases.dia -target arm64-apple-macos10.13 -Xllvm -aarch64-use-tbi -enable-objc-interop -sdk /Applications/Xcode-14.3.1.app/Contents/Developer/Platforms/MacOSX.platform/Developer/SDKs/MacOSX13.3.sdk -I /Users/admin/builds/vMd7uqzK/1/finestructure/swiftpackageindex-builder/spi-builder-workspace/.derivedData/Build/Products/Debug -I /Applications/Xcode-14.3.1.app/Contents/Developer/Platforms/MacOSX.platform/Developer/usr/lib -F /Users/admin/builds/vMd7uqzK/1/finestructure/swiftpackageindex-builder/spi-builder-workspace/.derivedData/Build/Products/Debug -F /Applications/Xcode-14.3.1.app/Contents/Developer/Platforms/MacOSX.platform/Developer/Library/Frameworks -no-color-diagnostics -enable-testing -g -module-cache-path /Users/admin/builds/vMd7uqzK/1/finestructure/swiftpackageindex-builder/spi-builder-workspace/.derivedData/ModuleCache.noindex -swift-version 5 -enforce-exclusivity\=checked -Onone -D SWIFT_PACKAGE -D DEBUG -D Xcode -serialize-debugging-options -empty-abi-descriptor -Xcc -working-directory -Xcc /Users/admin/builds/vMd7uqzK/1/finestructure/swiftpackageindex-builder/spi-builder-workspace/.dependencies/checkouts/AliasWonderland -resource-dir /Applications/Xcode-14.3.1.app/Contents/Developer/Toolchains/XcodeDefault.xctoolchain/usr/lib/swift -enable-anonymous-context-mangled-names -Xcc -ivfsstatcache -Xcc /Users/admin/builds/vMd7uqzK/1/finestructure/swiftpackageindex-builder/spi-builder-workspace/.derivedData/SDKStatCaches.noindex/macosx13.3-22E245-.sdkstatcache -Xcc -I/Users/admin/builds/vMd7uqzK/1/finestructure/swiftpackageindex-builder/spi-builder-workspace/.derivedData/Build/Intermediates.noindex/AliasWonderland.build/Debug/AliasWonderland.build/swift-overrides.hmap -Xcc -I/Users/admin/builds/vMd7uqzK/1/finestructure/swiftpackageindex-builder/spi-builder-workspace/.derivedData/Build/Products/Debug/include -Xcc -I/Users/admin/builds/vMd7uqzK/1/finestructure/swiftpackageindex-builder/spi-builder-workspace/.derivedData/Build/Intermediates.noindex/AliasWonderland.build/Debug/AliasWonderland.build/DerivedSources-normal/arm64 -Xcc -I/Users/admin/builds/vMd7uqzK/1/finestructure/swiftpackageindex-builder/spi-builder-workspace/.derivedData/Build/Intermediates.noindex/AliasWonderland.build/Debug/AliasWonderland.build/DerivedSources/arm64 -Xcc -I/Users/admin/builds/vMd7uqzK/1/finestructure/swiftpackageindex-builder/spi-builder-workspace/.derivedData/Build/Intermediates.noindex/AliasWonderland.build/Debug/AliasWonderland.build/DerivedSources -Xcc -DSWIFT_PACKAGE -Xcc -DDEBUG\=1 -module-name AliasWonderland -frontend-parseable-output -disable-clang-spi -target-sdk-version 13.3 -target-sdk-name macosx13.3 -o /Users/admin/builds/vMd7uqzK/1/finestructure/swiftpackageindex-builder/spi-builder-workspace/.derivedData/Build/Intermediates.noindex/AliasWonderland.build/Debug/AliasWonderland.build/Objects-normal/arm64/ClosuresAliases.o -index-unit-output-path /AliasWonderland.build/Debug/AliasWonderland.build/Objects-normal/arm64/ClosuresAliases.o -index-store-path /Users/admin/builds/vMd7uqzK/1/finestructure/swiftpackageindex-builder/spi-builder-workspace/.derivedData/Index.noindex/DataStore -index-system-modules
SwiftEmitModule normal arm64 Emitting\ module\ for\ SnapshotTesting (in target 'SnapshotTesting' from project 'swift-snapshot-testing')
    cd /Users/admin/builds/vMd7uqzK/1/finestructure/swiftpackageindex-builder/spi-builder-workspace/.dependencies/checkouts/swift-snapshot-testing
    builtin-swiftTaskExecution -- /Applications/Xcode-14.3.1.app/Contents/Developer/Toolchains/XcodeDefault.xctoolchain/usr/bin/swift-frontend -frontend -emit-module -experimental-skip-non-inlinable-function-bodies-without-types /Users/admin/builds/vMd7uqzK/1/finestructure/swiftpackageindex-builder/spi-builder-workspace/.dependencies/checkouts/swift-snapshot-testing/Sources/SnapshotTesting/AssertSnapshot.swift /Users/admin/builds/vMd7uqzK/1/finestructure/swiftpackageindex-builder/spi-builder-workspace/.dependencies/checkouts/swift-snapshot-testing/Sources/SnapshotTesting/Async.swift /Users/admin/builds/vMd7uqzK/1/finestructure/swiftpackageindex-builder/spi-builder-workspace/.dependencies/checkouts/swift-snapshot-testing/Sources/SnapshotTesting/Common/Internal.swift /Users/admin/builds/vMd7uqzK/1/finestructure/swiftpackageindex-builder/spi-builder-workspace/.dependencies/checkouts/swift-snapshot-testing/Sources/SnapshotTesting/Common/PlistEncoder.swift /Users/admin/builds/vMd7uqzK/1/finestructure/swiftpackageindex-builder/spi-builder-workspace/.dependencies/checkouts/swift-snapshot-testing/Sources/SnapshotTesting/Common/String+SpecialCharacters.swift /Users/admin/builds/vMd7uqzK/1/finestructure/swiftpackageindex-builder/spi-builder-workspace/.dependencies/checkouts/swift-snapshot-testing/Sources/SnapshotTesting/Common/View.swift /Users/admin/builds/vMd7uqzK/1/finestructure/swiftpackageindex-builder/spi-builder-workspace/.dependencies/checkouts/swift-snapshot-testing/Sources/SnapshotTesting/Common/XCTAttachment.swift /Users/admin/builds/vMd7uqzK/1/finestructure/swiftpackageindex-builder/spi-builder-workspace/.dependencies/checkouts/swift-snapshot-testing/Sources/SnapshotTesting/Diff.swift /Users/admin/builds/vMd7uqzK/1/finestructure/swiftpackageindex-builder/spi-builder-workspace/.dependencies/checkouts/swift-snapshot-testing/Sources/SnapshotTesting/Diffing.swift /Users/admin/builds/vMd7uqzK/1/finestructure/swiftpackageindex-builder/spi-builder-workspace/.dependencies/checkouts/swift-snapshot-testing/Sources/SnapshotTesting/Extensions/Wait.swift /Users/admin/builds/vMd7uqzK/1/finestructure/swiftpackageindex-builder/spi-builder-workspace/.dependencies/checkouts/swift-snapshot-testing/Sources/SnapshotTesting/Internal/Deprecations.swift /Users/admin/builds/vMd7uqzK/1/finestructure/swiftpackageindex-builder/spi-builder-workspace/.dependencies/checkouts/swift-snapshot-testing/Sources/SnapshotTesting/Snapshotting.swift /Users/admin/builds/vMd7uqzK/1/finestructure/swiftpackageindex-builder/spi-builder-workspace/.dependencies/checkouts/swift-snapshot-testing/Sources/SnapshotTesting/Snapshotting/Any.swift /Users/admin/builds/vMd7uqzK/1/finestructure/swiftpackageindex-builder/spi-builder-workspace/.dependencies/checkouts/swift-snapshot-testing/Sources/SnapshotTesting/Snapshotting/CALayer.swift /Users/admin/builds/vMd7uqzK/1/finestructure/swiftpackageindex-builder/spi-builder-workspace/.dependencies/checkouts/swift-snapshot-testing/Sources/SnapshotTesting/Snapshotting/CGPath.swift /Users/admin/builds/vMd7uqzK/1/finestructure/swiftpackageindex-builder/spi-builder-workspace/.dependencies/checkouts/swift-snapshot-testing/Sources/SnapshotTesting/Snapshotting/CaseIterable.swift /Users/admin/builds/vMd7uqzK/1/finestructure/swiftpackageindex-builder/spi-builder-workspace/.dependencies/checkouts/swift-snapshot-testing/Sources/SnapshotTesting/Snapshotting/Data.swift /Users/admin/builds/vMd7uqzK/1/finestructure/swiftpackageindex-builder/spi-builder-workspace/.dependencies/checkouts/swift-snapshot-testing/Sources/SnapshotTesting/Snapshotting/Encodable.swift /Users/admin/builds/vMd7uqzK/1/finestructure/swiftpackageindex-builder/spi-builder-workspace/.dependencies/checkouts/swift-snapshot-testing/Sources/SnapshotTesting/Snapshotting/NSBezierPath.swift /Users/admin/builds/vMd7uqzK/1/finestructure/swiftpackageindex-builder/spi-builder-workspace/.dependencies/checkouts/swift-snapshot-testing/Sources/SnapshotTesting/Snapshotting/NSImage.swift /Users/admin/builds/vMd7uqzK/1/finestructure/swiftpackageindex-builder/spi-builder-workspace/.dependencies/checkouts/swift-snapshot-testing/Sources/SnapshotTesting/Snapshotting/NSView.swift /Users/admin/builds/vMd7uqzK/1/finestructure/swiftpackageindex-builder/spi-builder-workspace/.dependencies/checkouts/swift-snapshot-testing/Sources/SnapshotTesting/Snapshotting/NSViewController.swift /Users/admin/builds/vMd7uqzK/1/finestructure/swiftpackageindex-builder/spi-builder-workspace/.dependencies/checkouts/swift-snapshot-testing/Sources/SnapshotTesting/Snapshotting/SceneKit.swift /Users/admin/builds/vMd7uqzK/1/finestructure/swiftpackageindex-builder/spi-builder-workspace/.dependencies/checkouts/swift-snapshot-testing/Sources/SnapshotTesting/Snapshotting/SpriteKit.swift /Users/admin/builds/vMd7uqzK/1/finestructure/swiftpackageindex-builder/spi-builder-workspace/.dependencies/checkouts/swift-snapshot-testing/Sources/SnapshotTesting/Snapshotting/String.swift /Users/admin/builds/vMd7uqzK/1/finestructure/swiftpackageindex-builder/spi-builder-workspace/.dependencies/checkouts/swift-snapshot-testing/Sources/SnapshotTesting/Snapshotting/SwiftUIView.swift /Users/admin/builds/vMd7uqzK/1/finestructure/swiftpackageindex-builder/spi-builder-workspace/.dependencies/checkouts/swift-snapshot-testing/Sources/SnapshotTesting/Snapshotting/UIBezierPath.swift /Users/admin/builds/vMd7uqzK/1/finestructure/swiftpackageindex-builder/spi-builder-workspace/.dependencies/checkouts/swift-snapshot-testing/Sources/SnapshotTesting/Snapshotting/UIImage.swift /Users/admin/builds/vMd7uqzK/1/finestructure/swiftpackageindex-builder/spi-builder-workspace/.dependencies/checkouts/swift-snapshot-testing/Sources/SnapshotTesting/Snapshotting/UIView.swift /Users/admin/builds/vMd7uqzK/1/finestructure/swiftpackageindex-builder/spi-builder-workspace/.dependencies/checkouts/swift-snapshot-testing/Sources/SnapshotTesting/Snapshotting/UIViewController.swift /Users/admin/builds/vMd7uqzK/1/finestructure/swiftpackageindex-builder/spi-builder-workspace/.dependencies/checkouts/swift-snapshot-testing/Sources/SnapshotTesting/Snapshotting/URLRequest.swift -target arm64-apple-macos10.15 -Xllvm -aarch64-use-tbi -enable-objc-interop -stack-check -sdk /Applications/Xcode-14.3.1.app/Contents/Developer/Platforms/MacOSX.platform/Developer/SDKs/MacOSX13.3.sdk -I /Users/admin/builds/vMd7uqzK/1/finestructure/swiftpackageindex-builder/spi-builder-workspace/.derivedData/Build/Products/Debug -I /Applications/Xcode-14.3.1.app/Contents/Developer/Platforms/MacOSX.platform/Developer/usr/lib -F /Users/admin/builds/vMd7uqzK/1/finestructure/swiftpackageindex-builder/spi-builder-workspace/.derivedData/Build/Products/Debug -F /Applications/Xcode-14.3.1.app/Contents/Developer/Platforms/MacOSX.platform/Developer/Library/Frameworks -no-color-diagnostics -enable-testing -g -module-cache-path /Users/admin/builds/vMd7uqzK/1/finestructure/swiftpackageindex-builder/spi-builder-workspace/.derivedData/ModuleCache.noindex -swift-version 5 -enforce-exclusivity\=checked -Onone -D SWIFT_PACKAGE -D DEBUG -D Xcode -serialize-debugging-options -empty-abi-descriptor -Xcc -working-directory -Xcc /Users/admin/builds/vMd7uqzK/1/finestructure/swiftpackageindex-builder/spi-builder-workspace/.dependencies/checkouts/swift-snapshot-testing -resource-dir /Applications/Xcode-14.3.1.app/Contents/Developer/Toolchains/XcodeDefault.xctoolchain/usr/lib/swift -enable-anonymous-context-mangled-names -Xcc -ivfsstatcache -Xcc /Users/admin/builds/vMd7uqzK/1/finestructure/swiftpackageindex-builder/spi-builder-workspace/.derivedData/SDKStatCaches.noindex/macosx13.3-22E245-.sdkstatcache -Xcc -I/Users/admin/builds/vMd7uqzK/1/finestructure/swiftpackageindex-builder/spi-builder-workspace/.derivedData/Build/Intermediates.noindex/swift-snapshot-testing.build/Debug/SnapshotTesting.build/swift-overrides.hmap -Xcc -I/Users/admin/builds/vMd7uqzK/1/finestructure/swiftpackageindex-builder/spi-builder-workspace/.derivedData/Build/Products/Debug/include -Xcc -I/Users/admin/builds/vMd7uqzK/1/finestructure/swiftpackageindex-builder/spi-builder-workspace/.derivedData/Build/Intermediates.noindex/swift-snapshot-testing.build/Debug/SnapshotTesting.build/DerivedSources-normal/arm64 -Xcc -I/Users/admin/builds/vMd7uqzK/1/finestructure/swiftpackageindex-builder/spi-builder-workspace/.derivedData/Build/Intermediates.noindex/swift-snapshot-testing.build/Debug/SnapshotTesting.build/DerivedSources/arm64 -Xcc -I/Users/admin/builds/vMd7uqzK/1/finestructure/swiftpackageindex-builder/spi-builder-workspace/.derivedData/Build/Intermediates.noindex/swift-snapshot-testing.build/Debug/SnapshotTesting.build/DerivedSources -Xcc -DSWIFT_PACKAGE -Xcc -DDEBUG\=1 -module-name SnapshotTesting -disable-clang-spi -target-sdk-version 13.3 -target-sdk-name macosx13.3 -emit-module-doc-path /Users/admin/builds/vMd7uqzK/1/finestructure/swiftpackageindex-builder/spi-builder-workspace/.derivedData/Build/Intermediates.noindex/swift-snapshot-testing.build/Debug/SnapshotTesting.build/Objects-normal/arm64/SnapshotTesting.swiftdoc -emit-module-source-info-path /Users/admin/builds/vMd7uqzK/1/finestructure/swiftpackageindex-builder/spi-builder-workspace/.derivedData/Build/Intermediates.noindex/swift-snapshot-testing.build/Debug/SnapshotTesting.build/Objects-normal/arm64/SnapshotTesting.swiftsourceinfo -emit-objc-header-path /Users/admin/builds/vMd7uqzK/1/finestructure/swiftpackageindex-builder/spi-builder-workspace/.derivedData/Build/Intermediates.noindex/swift-snapshot-testing.build/Debug/SnapshotTesting.build/Objects-normal/arm64/SnapshotTesting-Swift.h -serialize-diagnostics-path /Users/admin/builds/vMd7uqzK/1/finestructure/swiftpackageindex-builder/spi-builder-workspace/.derivedData/Build/Intermediates.noindex/swift-snapshot-testing.build/Debug/SnapshotTesting.build/Objects-normal/arm64/SnapshotTesting-master-emit-module.dia -emit-dependencies-path /Users/admin/builds/vMd7uqzK/1/finestructure/swiftpackageindex-builder/spi-builder-workspace/.derivedData/Build/Intermediates.noindex/swift-snapshot-testing.build/Debug/SnapshotTesting.build/Objects-normal/arm64/SnapshotTesting-master-emit-module.d -o /Users/admin/builds/vMd7uqzK/1/finestructure/swiftpackageindex-builder/spi-builder-workspace/.derivedData/Build/Intermediates.noindex/swift-snapshot-testing.build/Debug/SnapshotTesting.build/Objects-normal/arm64/SnapshotTesting.swiftmodule -emit-abi-descriptor-path /Users/admin/builds/vMd7uqzK/1/finestructure/swiftpackageindex-builder/spi-builder-workspace/.derivedData/Build/Intermediates.noindex/swift-snapshot-testing.build/Debug/SnapshotTesting.build/Objects-normal/arm64/SnapshotTesting.abi.json
SwiftCompile normal arm64 Compiling\ Diffing.swift,\ Wait.swift,\ Deprecations.swift,\ Snapshotting.swift,\ Any.swift,\ CALayer.swift,\ CGPath.swift,\ CaseIterable.swift /Users/admin/builds/vMd7uqzK/1/finestructure/swiftpackageindex-builder/spi-builder-workspace/.dependencies/checkouts/swift-snapshot-testing/Sources/SnapshotTesting/Diffing.swift /Users/admin/builds/vMd7uqzK/1/finestructure/swiftpackageindex-builder/spi-builder-workspace/.dependencies/checkouts/swift-snapshot-testing/Sources/SnapshotTesting/Extensions/Wait.swift /Users/admin/builds/vMd7uqzK/1/finestructure/swiftpackageindex-builder/spi-builder-workspace/.dependencies/checkouts/swift-snapshot-testing/Sources/SnapshotTesting/Internal/Deprecations.swift /Users/admin/builds/vMd7uqzK/1/finestructure/swiftpackageindex-builder/spi-builder-workspace/.dependencies/checkouts/swift-snapshot-testing/Sources/SnapshotTesting/Snapshotting.swift /Users/admin/builds/vMd7uqzK/1/finestructure/swiftpackageindex-builder/spi-builder-workspace/.dependencies/checkouts/swift-snapshot-testing/Sources/SnapshotTesting/Snapshotting/Any.swift /Users/admin/builds/vMd7uqzK/1/finestructure/swiftpackageindex-builder/spi-builder-workspace/.dependencies/checkouts/swift-snapshot-testing/Sources/SnapshotTesting/Snapshotting/CALayer.swift /Users/admin/builds/vMd7uqzK/1/finestructure/swiftpackageindex-builder/spi-builder-workspace/.dependencies/checkouts/swift-snapshot-testing/Sources/SnapshotTesting/Snapshotting/CGPath.swift /Users/admin/builds/vMd7uqzK/1/finestructure/swiftpackageindex-builder/spi-builder-workspace/.dependencies/checkouts/swift-snapshot-testing/Sources/SnapshotTesting/Snapshotting/CaseIterable.swift (in target 'SnapshotTesting' from project 'swift-snapshot-testing')
    cd /Users/admin/builds/vMd7uqzK/1/finestructure/swiftpackageindex-builder/spi-builder-workspace/.dependencies/checkouts/swift-snapshot-testing
    builtin-swiftTaskExecution -- /Applications/Xcode-14.3.1.app/Contents/Developer/Toolchains/XcodeDefault.xctoolchain/usr/bin/swift-frontend -frontend -c /Users/admin/builds/vMd7uqzK/1/finestructure/swiftpackageindex-builder/spi-builder-workspace/.dependencies/checkouts/swift-snapshot-testing/Sources/SnapshotTesting/AssertSnapshot.swift /Users/admin/builds/vMd7uqzK/1/finestructure/swiftpackageindex-builder/spi-builder-workspace/.dependencies/checkouts/swift-snapshot-testing/Sources/SnapshotTesting/Async.swift /Users/admin/builds/vMd7uqzK/1/finestructure/swiftpackageindex-builder/spi-builder-workspace/.dependencies/checkouts/swift-snapshot-testing/Sources/SnapshotTesting/Common/Internal.swift /Users/admin/builds/vMd7uqzK/1/finestructure/swiftpackageindex-builder/spi-builder-workspace/.dependencies/checkouts/swift-snapshot-testing/Sources/SnapshotTesting/Common/PlistEncoder.swift /Users/admin/builds/vMd7uqzK/1/finestructure/swiftpackageindex-builder/spi-builder-workspace/.dependencies/checkouts/swift-snapshot-testing/Sources/SnapshotTesting/Common/String+SpecialCharacters.swift /Users/admin/builds/vMd7uqzK/1/finestructure/swiftpackageindex-builder/spi-builder-workspace/.dependencies/checkouts/swift-snapshot-testing/Sources/SnapshotTesting/Common/View.swift /Users/admin/builds/vMd7uqzK/1/finestructure/swiftpackageindex-builder/spi-builder-workspace/.dependencies/checkouts/swift-snapshot-testing/Sources/SnapshotTesting/Common/XCTAttachment.swift /Users/admin/builds/vMd7uqzK/1/finestructure/swiftpackageindex-builder/spi-builder-workspace/.dependencies/checkouts/swift-snapshot-testing/Sources/SnapshotTesting/Diff.swift -primary-file /Users/admin/builds/vMd7uqzK/1/finestructure/swiftpackageindex-builder/spi-builder-workspace/.dependencies/checkouts/swift-snapshot-testing/Sources/SnapshotTesting/Diffing.swift -primary-file /Users/admin/builds/vMd7uqzK/1/finestructure/swiftpackageindex-builder/spi-builder-workspace/.dependencies/checkouts/swift-snapshot-testing/Sources/SnapshotTesting/Extensions/Wait.swift -primary-file /Users/admin/builds/vMd7uqzK/1/finestructure/swiftpackageindex-builder/spi-builder-workspace/.dependencies/checkouts/swift-snapshot-testing/Sources/SnapshotTesting/Internal/Deprecations.swift -primary-file /Users/admin/builds/vMd7uqzK/1/finestructure/swiftpackageindex-builder/spi-builder-workspace/.dependencies/checkouts/swift-snapshot-testing/Sources/SnapshotTesting/Snapshotting.swift -primary-file /Users/admin/builds/vMd7uqzK/1/finestructure/swiftpackageindex-builder/spi-builder-workspace/.dependencies/checkouts/swift-snapshot-testing/Sources/SnapshotTesting/Snapshotting/Any.swift -primary-file /Users/admin/builds/vMd7uqzK/1/finestructure/swiftpackageindex-builder/spi-builder-workspace/.dependencies/checkouts/swift-snapshot-testing/Sources/SnapshotTesting/Snapshotting/CALayer.swift -primary-file /Users/admin/builds/vMd7uqzK/1/finestructure/swiftpackageindex-builder/spi-builder-workspace/.dependencies/checkouts/swift-snapshot-testing/Sources/SnapshotTesting/Snapshotting/CGPath.swift -primary-file /Users/admin/builds/vMd7uqzK/1/finestructure/swiftpackageindex-builder/spi-builder-workspace/.dependencies/checkouts/swift-snapshot-testing/Sources/SnapshotTesting/Snapshotting/CaseIterable.swift /Users/admin/builds/vMd7uqzK/1/finestructure/swiftpackageindex-builder/spi-builder-workspace/.dependencies/checkouts/swift-snapshot-testing/Sources/SnapshotTesting/Snapshotting/Data.swift /Users/admin/builds/vMd7uqzK/1/finestructure/swiftpackageindex-builder/spi-builder-workspace/.dependencies/checkouts/swift-snapshot-testing/Sources/SnapshotTesting/Snapshotting/Encodable.swift /Users/admin/builds/vMd7uqzK/1/finestructure/swiftpackageindex-builder/spi-builder-workspace/.dependencies/checkouts/swift-snapshot-testing/Sources/SnapshotTesting/Snapshotting/NSBezierPath.swift /Users/admin/builds/vMd7uqzK/1/finestructure/swiftpackageindex-builder/spi-builder-workspace/.dependencies/checkouts/swift-snapshot-testing/Sources/SnapshotTesting/Snapshotting/NSImage.swift /Users/admin/builds/vMd7uqzK/1/finestructure/swiftpackageindex-builder/spi-builder-workspace/.dependencies/checkouts/swift-snapshot-testing/Sources/SnapshotTesting/Snapshotting/NSView.swift /Users/admin/builds/vMd7uqzK/1/finestructure/swiftpackageindex-builder/spi-builder-workspace/.dependencies/checkouts/swift-snapshot-testing/Sources/SnapshotTesting/Snapshotting/NSViewController.swift /Users/admin/builds/vMd7uqzK/1/finestructure/swiftpackageindex-builder/spi-builder-workspace/.dependencies/checkouts/swift-snapshot-testing/Sources/SnapshotTesting/Snapshotting/SceneKit.swift /Users/admin/builds/vMd7uqzK/1/finestructure/swiftpackageindex-builder/spi-builder-workspace/.dependencies/checkouts/swift-snapshot-testing/Sources/SnapshotTesting/Snapshotting/SpriteKit.swift /Users/admin/builds/vMd7uqzK/1/finestructure/swiftpackageindex-builder/spi-builder-workspace/.dependencies/checkouts/swift-snapshot-testing/Sources/SnapshotTesting/Snapshotting/String.swift /Users/admin/builds/vMd7uqzK/1/finestructure/swiftpackageindex-builder/spi-builder-workspace/.dependencies/checkouts/swift-snapshot-testing/Sources/SnapshotTesting/Snapshotting/SwiftUIView.swift /Users/admin/builds/vMd7uqzK/1/finestructure/swiftpackageindex-builder/spi-builder-workspace/.dependencies/checkouts/swift-snapshot-testing/Sources/SnapshotTesting/Snapshotting/UIBezierPath.swift /Users/admin/builds/vMd7uqzK/1/finestructure/swiftpackageindex-builder/spi-builder-workspace/.dependencies/checkouts/swift-snapshot-testing/Sources/SnapshotTesting/Snapshotting/UIImage.swift /Users/admin/builds/vMd7uqzK/1/finestructure/swiftpackageindex-builder/spi-builder-workspace/.dependencies/checkouts/swift-snapshot-testing/Sources/SnapshotTesting/Snapshotting/UIView.swift /Users/admin/builds/vMd7uqzK/1/finestructure/swiftpackageindex-builder/spi-builder-workspace/.dependencies/checkouts/swift-snapshot-testing/Sources/SnapshotTesting/Snapshotting/UIViewController.swift /Users/admin/builds/vMd7uqzK/1/finestructure/swiftpackageindex-builder/spi-builder-workspace/.dependencies/checkouts/swift-snapshot-testing/Sources/SnapshotTesting/Snapshotting/URLRequest.swift -supplementary-output-file-map /Users/admin/builds/vMd7uqzK/1/finestructure/swiftpackageindex-builder/spi-builder-workspace/.derivedData/Build/Intermediates.noindex/swift-snapshot-testing.build/Debug/SnapshotTesting.build/Objects-normal/arm64/supplementaryOutputs-2 -target arm64-apple-macos10.15 -Xllvm -aarch64-use-tbi -enable-objc-interop -stack-check -sdk /Applications/Xcode-14.3.1.app/Contents/Developer/Platforms/MacOSX.platform/Developer/SDKs/MacOSX13.3.sdk -I /Users/admin/builds/vMd7uqzK/1/finestructure/swiftpackageindex-builder/spi-builder-workspace/.derivedData/Build/Products/Debug -I /Applications/Xcode-14.3.1.app/Contents/Developer/Platforms/MacOSX.platform/Developer/usr/lib -F /Users/admin/builds/vMd7uqzK/1/finestructure/swiftpackageindex-builder/spi-builder-workspace/.derivedData/Build/Products/Debug -F /Applications/Xcode-14.3.1.app/Contents/Developer/Platforms/MacOSX.platform/Developer/Library/Frameworks -no-color-diagnostics -enable-testing -g -module-cache-path /Users/admin/builds/vMd7uqzK/1/finestructure/swiftpackageindex-builder/spi-builder-workspace/.derivedData/ModuleCache.noindex -swift-version 5 -enforce-exclusivity\=checked -Onone -D SWIFT_PACKAGE -D DEBUG -D Xcode -serialize-debugging-options -empty-abi-descriptor -Xcc -working-directory -Xcc /Users/admin/builds/vMd7uqzK/1/finestructure/swiftpackageindex-builder/spi-builder-workspace/.dependencies/checkouts/swift-snapshot-testing -resource-dir /Applications/Xcode-14.3.1.app/Contents/Developer/Toolchains/XcodeDefault.xctoolchain/usr/lib/swift -enable-anonymous-context-mangled-names -Xcc -ivfsstatcache -Xcc /Users/admin/builds/vMd7uqzK/1/finestructure/swiftpackageindex-builder/spi-builder-workspace/.derivedData/SDKStatCaches.noindex/macosx13.3-22E245-.sdkstatcache -Xcc -I/Users/admin/builds/vMd7uqzK/1/finestructure/swiftpackageindex-builder/spi-builder-workspace/.derivedData/Build/Intermediates.noindex/swift-snapshot-testing.build/Debug/SnapshotTesting.build/swift-overrides.hmap -Xcc -I/Users/admin/builds/vMd7uqzK/1/finestructure/swiftpackageindex-builder/spi-builder-workspace/.derivedData/Build/Products/Debug/include -Xcc -I/Users/admin/builds/vMd7uqzK/1/finestructure/swiftpackageindex-builder/spi-builder-workspace/.derivedData/Build/Intermediates.noindex/swift-snapshot-testing.build/Debug/SnapshotTesting.build/DerivedSources-normal/arm64 -Xcc -I/Users/admin/builds/vMd7uqzK/1/finestructure/swiftpackageindex-builder/spi-builder-workspace/.derivedData/Build/Intermediates.noindex/swift-snapshot-testing.build/Debug/SnapshotTesting.build/DerivedSources/arm64 -Xcc -I/Users/admin/builds/vMd7uqzK/1/finestructure/swiftpackageindex-builder/spi-builder-workspace/.derivedData/Build/Intermediates.noindex/swift-snapshot-testing.build/Debug/SnapshotTesting.build/DerivedSources -Xcc -DSWIFT_PACKAGE -Xcc -DDEBUG\=1 -module-name SnapshotTesting -frontend-parseable-output -disable-clang-spi -target-sdk-version 13.3 -target-sdk-name macosx13.3 -o /Users/admin/builds/vMd7uqzK/1/finestructure/swiftpackageindex-builder/spi-builder-workspace/.derivedData/Build/Intermediates.noindex/swift-snapshot-testing.build/Debug/SnapshotTesting.build/Objects-normal/arm64/Diffing.o -o /Users/admin/builds/vMd7uqzK/1/finestructure/swiftpackageindex-builder/spi-builder-workspace/.derivedData/Build/Intermediates.noindex/swift-snapshot-testing.build/Debug/SnapshotTesting.build/Objects-normal/arm64/Wait.o -o /Users/admin/builds/vMd7uqzK/1/finestructure/swiftpackageindex-builder/spi-builder-workspace/.derivedData/Build/Intermediates.noindex/swift-snapshot-testing.build/Debug/SnapshotTesting.build/Objects-normal/arm64/Deprecations.o -o /Users/admin/builds/vMd7uqzK/1/finestructure/swiftpackageindex-builder/spi-builder-workspace/.derivedData/Build/Intermediates.noindex/swift-snapshot-testing.build/Debug/SnapshotTesting.build/Objects-normal/arm64/Snapshotting.o -o /Users/admin/builds/vMd7uqzK/1/finestructure/swiftpackageindex-builder/spi-builder-workspace/.derivedData/Build/Intermediates.noindex/swift-snapshot-testing.build/Debug/SnapshotTesting.build/Objects-normal/arm64/Any.o -o /Users/admin/builds/vMd7uqzK/1/finestructure/swiftpackageindex-builder/spi-builder-workspace/.derivedData/Build/Intermediates.noindex/swift-snapshot-testing.build/Debug/SnapshotTesting.build/Objects-normal/arm64/CALayer.o -o /Users/admin/builds/vMd7uqzK/1/finestructure/swiftpackageindex-builder/spi-builder-workspace/.derivedData/Build/Intermediates.noindex/swift-snapshot-testing.build/Debug/SnapshotTesting.build/Objects-normal/arm64/CGPath.o -o /Users/admin/builds/vMd7uqzK/1/finestructure/swiftpackageindex-builder/spi-builder-workspace/.derivedData/Build/Intermediates.noindex/swift-snapshot-testing.build/Debug/SnapshotTesting.build/Objects-normal/arm64/CaseIterable.o -index-unit-output-path /swift-snapshot-testing.build/Debug/SnapshotTesting.build/Objects-normal/arm64/Diffing.o -index-unit-output-path /swift-snapshot-testing.build/Debug/SnapshotTesting.build/Objects-normal/arm64/Wait.o -index-unit-output-path /swift-snapshot-testing.build/Debug/SnapshotTesting.build/Objects-normal/arm64/Deprecations.o -index-unit-output-path /swift-snapshot-testing.build/Debug/SnapshotTesting.build/Objects-normal/arm64/Snapshotting.o -index-unit-output-path /swift-snapshot-testing.build/Debug/SnapshotTesting.build/Objects-normal/arm64/Any.o -index-unit-output-path /swift-snapshot-testing.build/Debug/SnapshotTesting.build/Objects-normal/arm64/CALayer.o -index-unit-output-path /swift-snapshot-testing.build/Debug/SnapshotTesting.build/Objects-normal/arm64/CGPath.o -index-unit-output-path /swift-snapshot-testing.build/Debug/SnapshotTesting.build/Objects-normal/arm64/CaseIterable.o -index-store-path /Users/admin/builds/vMd7uqzK/1/finestructure/swiftpackageindex-builder/spi-builder-workspace/.derivedData/Index.noindex/DataStore -index-system-modules
Command SwiftCompile failed with a nonzero exit code
2024-01-21 17:12:09.403 xcodebuild[72285:21874633] DVTCoreDeviceEnabledState: DVTCoreDeviceEnabledState_Disabled set via user default (DVTEnableCoreDevice=disabled)
--- xcodebuild: WARNING: Using the first of multiple matching destinations:
{ platform:macOS, arch:arm64, id:0000FE00-F826A02F5534A97C }
{ platform:macOS, arch:arm64, variant:Mac Catalyst, id:0000FE00-F826A02F5534A97C }
{ platform:macOS, arch:arm64, variant:DriverKit, id:0000FE00-F826A02F5534A97C }
{ platform:macOS, arch:arm64, variant:Designed for [iPad,iPhone], id:0000FE00-F826A02F5534A97C }
2024-01-21 17:12:09.942 xcodebuild[72285:21874633] [MT] IDEFileReferenceDebug: [Load] <IDESwiftPackageCore.IDESwiftPackageSpecialFolderFileReference, 0x600002686000: name:SwiftSyntaxMacros.docc path:group:SwiftSyntaxMacros.docc> Failed to load container at path: /Users/admin/builds/vMd7uqzK/1/finestructure/swiftpackageindex-builder/spi-builder-workspace/.dependencies/checkouts/swift-syntax/Sources/SwiftSyntaxMacros/SwiftSyntaxMacros.docc, Error: Error Domain=com.apple.dt.IDEContainerErrorDomain Code=6 "Cannot open "SwiftSyntaxMacros.docc" as a "Swift Package Folder" because it is already open as a "Folder"." UserInfo={NSLocalizedDescription=Cannot open "SwiftSyntaxMacros.docc" as a "Swift Package Folder" because it is already open as a "Folder".}
2024-01-21 17:12:09.944 xcodebuild[72285:21874633] [MT] IDEFileReferenceDebug: [Load] <IDESwiftPackageCore.IDESwiftPackageSpecialFolderFileReference, 0x6000026b2200: name:SwiftBasicFormat.docc path:group:SwiftBasicFormat.docc> Failed to load container at path: /Users/admin/builds/vMd7uqzK/1/finestructure/swiftpackageindex-builder/spi-builder-workspace/.dependencies/checkouts/swift-syntax/Sources/SwiftBasicFormat/SwiftBasicFormat.docc, Error: Error Domain=com.apple.dt.IDEContainerErrorDomain Code=6 "Cannot open "SwiftBasicFormat.docc" as a "Swift Package Folder" because it is already open as a "Folder"." UserInfo={NSLocalizedDescription=Cannot open "SwiftBasicFormat.docc" as a "Swift Package Folder" because it is already open as a "Folder".}
2024-01-21 17:12:09.948 xcodebuild[72285:21874633] [MT] IDEFileReferenceDebug: [Load] <IDESwiftPackageCore.IDESwiftPackageSpecialFolderFileReference, 0x6000026bd300: name:Documentation.docc path:group:Documentation.docc> Failed to load container at path: /Users/admin/builds/vMd7uqzK/1/finestructure/swiftpackageindex-builder/spi-builder-workspace/.dependencies/checkouts/swift-syntax/Sources/SwiftSyntax/Documentation.docc, Error: Error Domain=com.apple.dt.IDEContainerErrorDomain Code=6 "Cannot open "Documentation.docc" as a "Swift Package Folder" because it is already open as a "Folder"." UserInfo={NSLocalizedDescription=Cannot open "Documentation.docc" as a "Swift Package Folder" because it is already open as a "Folder".}
2024-01-21 17:12:09.966 xcodebuild[72285:21874633] [MT] IDEFileReferenceDebug: [Load] <IDESwiftPackageCore.IDESwiftPackageSpecialFolderFileReference, 0x6000026b2b00: name:Documentation.docc path:group:Documentation.docc> Failed to load container at path: /Users/admin/builds/vMd7uqzK/1/finestructure/swiftpackageindex-builder/spi-builder-workspace/.dependencies/checkouts/swift-syntax/Sources/SwiftSyntaxBuilder/Documentation.docc, Error: Error Domain=com.apple.dt.IDEContainerErrorDomain Code=6 "Cannot open "Documentation.docc" as a "Swift Package Folder" because it is already open as a "Folder"." UserInfo={NSLocalizedDescription=Cannot open "Documentation.docc" as a "Swift Package Folder" because it is already open as a "Folder".}
2024-01-21 17:12:09.983 xcodebuild[72285:21874633] [MT] IDEFileReferenceDebug: [Load] <IDESwiftPackageCore.IDESwiftPackageSpecialFolderFileReference, 0x6000026be700: name:SwiftOperators.docc path:group:SwiftOperators.docc> Failed to load container at path: /Users/admin/builds/vMd7uqzK/1/finestructure/swiftpackageindex-builder/spi-builder-workspace/.dependencies/checkouts/swift-syntax/Sources/SwiftOperators/SwiftOperators.docc, Error: Error Domain=com.apple.dt.IDEContainerErrorDomain Code=6 "Cannot open "SwiftOperators.docc" as a "Swift Package Folder" because it is already open as a "Folder"." UserInfo={NSLocalizedDescription=Cannot open "SwiftOperators.docc" as a "Swift Package Folder" because it is already open as a "Folder".}
2024-01-21 17:12:09.999 xcodebuild[72285:21874633] [MT] IDEFileReferenceDebug: [Load] <IDESwiftPackageCore.IDESwiftPackageSpecialFolderFileReference, 0x60000268b600: name:SwiftParser.docc path:group:SwiftParser.docc> Failed to load container at path: /Users/admin/builds/vMd7uqzK/1/finestructure/swiftpackageindex-builder/spi-builder-workspace/.dependencies/checkouts/swift-syntax/Sources/SwiftParser/SwiftParser.docc, Error: Error Domain=com.apple.dt.IDEContainerErrorDomain Code=6 "Cannot open "SwiftParser.docc" as a "Swift Package Folder" because it is already open as a "Folder"." UserInfo={NSLocalizedDescription=Cannot open "SwiftParser.docc" as a "Swift Package Folder" because it is already open as a "Folder".}
2024-01-21 17:12:10.042 xcodebuild[72285:21874633] [MT] IDEFileReferenceDebug: [Load] <IDESwiftPackageCore.IDESwiftPackageSpecialFolderFileReference, 0x6000026a0f00: name:Documentation.docc path:group:Documentation.docc> Failed to load container at path: /Users/admin/builds/vMd7uqzK/1/finestructure/swiftpackageindex-builder/spi-builder-workspace/.dependencies/checkouts/swift-snapshot-testing/Sources/SnapshotTesting/Documentation.docc, Error: Error Domain=com.apple.dt.IDEContainerErrorDomain Code=6 "Cannot open "Documentation.docc" as a "Swift Package Folder" because it is already open as a "Folder"." UserInfo={NSLocalizedDescription=Cannot open "Documentation.docc" as a "Swift Package Folder" because it is already open as a "Folder".}
2024-01-21 17:12:10.044 xcodebuild[72285:21874633] [MT] IDEFileReferenceDebug: [Load] <IDESwiftPackageCore.IDESwiftPackageSpecialFolderFileReference, 0x6000026ad300: name:Documentation.docc path:group:Documentation.docc> Failed to load container at path: /Users/admin/builds/vMd7uqzK/1/finestructure/swiftpackageindex-builder/spi-builder-workspace/.dependencies/checkouts/swift-snapshot-testing/Sources/InlineSnapshotTesting/Documentation.docc, Error: Error Domain=com.apple.dt.IDEContainerErrorDomain Code=6 "Cannot open "Documentation.docc" as a "Swift Package Folder" because it is already open as a "Folder"." UserInfo={NSLocalizedDescription=Cannot open "Documentation.docc" as a "Swift Package Folder" because it is already open as a "Folder".}
** BUILD FAILED **
The following build commands failed:
	SwiftEmitModule normal arm64 Emitting\ module\ for\ AliasWonderland (in target 'AliasWonderland' from project 'AliasWonderland')
	SwiftCompile normal arm64 Compiling\ Diffing.swift,\ Wait.swift,\ Deprecations.swift,\ Snapshotting.swift,\ Any.swift,\ CALayer.swift,\ CGPath.swift,\ CaseIterable.swift /Users/admin/builds/vMd7uqzK/1/finestructure/swiftpackageindex-builder/spi-builder-workspace/.dependencies/checkouts/swift-snapshot-testing/Sources/SnapshotTesting/Diffing.swift /Users/admin/builds/vMd7uqzK/1/finestructure/swiftpackageindex-builder/spi-builder-workspace/.dependencies/checkouts/swift-snapshot-testing/Sources/SnapshotTesting/Extensions/Wait.swift /Users/admin/builds/vMd7uqzK/1/finestructure/swiftpackageindex-builder/spi-builder-workspace/.dependencies/checkouts/swift-snapshot-testing/Sources/SnapshotTesting/Internal/Deprecations.swift /Users/admin/builds/vMd7uqzK/1/finestructure/swiftpackageindex-builder/spi-builder-workspace/.dependencies/checkouts/swift-snapshot-testing/Sources/SnapshotTesting/Snapshotting.swift /Users/admin/builds/vMd7uqzK/1/finestructure/swiftpackageindex-builder/spi-builder-workspace/.dependencies/checkouts/swift-snapshot-testing/Sources/SnapshotTesting/Snapshotting/Any.swift /Users/admin/builds/vMd7uqzK/1/finestructure/swiftpackageindex-builder/spi-builder-workspace/.dependencies/checkouts/swift-snapshot-testing/Sources/SnapshotTesting/Snapshotting/CALayer.swift /Users/admin/builds/vMd7uqzK/1/finestructure/swiftpackageindex-builder/spi-builder-workspace/.dependencies/checkouts/swift-snapshot-testing/Sources/SnapshotTesting/Snapshotting/CGPath.swift /Users/admin/builds/vMd7uqzK/1/finestructure/swiftpackageindex-builder/spi-builder-workspace/.dependencies/checkouts/swift-snapshot-testing/Sources/SnapshotTesting/Snapshotting/CaseIterable.swift (in target 'SnapshotTesting' from project 'swift-snapshot-testing')
(2 failures)
BUILD FAILURE 5.8 macosXcodebuild