The Swift Package Index logo.Swift Package Index

Build Information

Failed to build BMO, reference main (5d46c8), with Swift 6.4 for Wasm on 19 Sep 2026 21:15:50 UTC.

Build Command

bash -c docker run --pull=always --rm -v "checkouts-54344845-0":/host -w "$PWD" -e JAVA_HOME="/root/.sdkman/candidates/java/current" -e SPI_BUILD="1" -e SPI_PROCESSING="1" registry.gitlab.com/saguaro1/spi-images:wasm-6.4-latest swift build --swift-sdk swift-6.4.x-DEVELOPMENT-SNAPSHOT-2026-09-04-a_wasm 2>&1

Build Log

========================================
RunAll
========================================
Builder version: 5.1.0
Interrupt handler set up.
========================================
Checkout
========================================
Clone URL: https://github.com/Frizlab/BMO.git
Reference: main
Initialized empty Git repository in /host/spi-builder-workspace/.git/
hint: Using 'master' as the name for the initial branch. This default branch name
hint: is subject to change. To configure the initial branch name to use in all
hint: of your new repositories, which will suppress this warning, call:
hint:
hint: 	git config --global init.defaultBranch <name>
hint:
hint: Names commonly chosen instead of 'master' are 'main', 'trunk' and
hint: 'development'. The just-created branch can be renamed via this command:
hint:
hint: 	git branch -m <name>
From https://github.com/Frizlab/BMO
 * branch            main       -> FETCH_HEAD
 * [new branch]      main       -> origin/main
HEAD is now at 5d46c8b Dummy typo fix
Cloned https://github.com/Frizlab/BMO.git
Revision (git rev-parse @):
5d46c8b2d3487a80ef612e9f48ded7bd757e9453
SUCCESS checkout https://github.com/Frizlab/BMO.git at main
========================================
Build
========================================
Selected platform:         wasm
Swift version:             6.4
Building package at path:  $PWD
https://github.com/Frizlab/BMO.git
Running build ...
bash -c docker run --pull=always --rm -v "checkouts-54344845-0":/host -w "$PWD" -e JAVA_HOME="/root/.sdkman/candidates/java/current" -e SPI_BUILD="1" -e SPI_PROCESSING="1" registry.gitlab.com/saguaro1/spi-images:wasm-6.4-latest swift build --swift-sdk swift-6.4.x-DEVELOPMENT-SNAPSHOT-2026-09-04-a_wasm 2>&1
wasm-6.4-latest: Pulling from saguaro1/spi-images
Digest: sha256:4328fdb43c680d205c1d6761b1e3267aa38277eefdda9ddfb17b6a0f1a77857a
Status: Image is up to date for registry.gitlab.com/saguaro1/spi-images:wasm-6.4-latest
Building for debugging...
[Pre-planning 1 / 124]
[1 / 39]
error: SwiftCompile normal wasm32 failed with a nonzero exit code. Command line:     cd /host

/host/spi-builder-workspace/Sources/BMO/Core/RemoteDb-Protocol.swift:24:35: error: cannot find type 'Operation' in scope
22 | 	/**
23 | 	 An operation to do something on the remote db. */
24 | 	associatedtype RemoteOperation : Operation & Sendable
   |                                   `- error: cannot find type 'Operation' in scope
25 |
26 | 	/**
/host/spi-builder-workspace/Sources/BMO/Core/RequestResult.swift:20:45: error: cannot find type 'Operation' in scope
18 |
19 |
20 | public enum RequestResult<RemoteOperation : Operation, LocalDbObject : LocalDbObjectProtocol, Metadata : Sendable> {
   |                                             `- error: cannot find type 'Operation' in scope
21 |
22 | 	/**
/host/spi-builder-workspace/Sources/BMO/Core/LocalDbImportOperation.swift:20:70: error: cannot find type 'Operation' in scope
 18 |
 19 |
 20 | public final class LocalDbImportOperation<Bridge : BridgeProtocol> : Operation {
    |                                                                      `- error: cannot find type 'Operation' in scope
 21 |
 22 | 	public enum Request {
/host/spi-builder-workspace/Sources/BMO/Core/LocalDbImportOperation.swift:88:23: error: method does not override any method from its superclass
 86 | 	}
 87 |
 88 | 	public override func main() {
    |                       `- error: method does not override any method from its superclass
 89 | 		result = .failure(RequestError(failureStep: .none, lifecycleError: .inProgress))
 90 | 		result = { /* When possible (SE-0380), assign result directly to the switch if it’s more beautiful. */
/host/spi-builder-workspace/Sources/BMO/Core/LocalDbImportOperation.swift:104:23: error: method does not override any method from its superclass
102 | 	}
103 |
104 | 	public override func cancel() {
    |                       `- error: method does not override any method from its superclass
105 | 		super.cancel()
106 | 		/*nop*/
/host/spi-builder-workspace/Sources/BMO/Core/LocalDbImportOperation.swift:109:22: error: property does not override any property from its superclass
107 | 	}
108 |
109 | 	public override var isAsynchronous: Bool {
    |                      `- error: property does not override any property from its superclass
110 | 		return false
111 | 	}
/host/spi-builder-workspace/Sources/BMO/Core/RequestOperation.swift:22:64: error: cannot find type 'Operation' in scope
 20 | /* We’re not using RetryingOperation because it does not allow synchronous execution from start to startBaseOperation,
 21 |  *  and we want clients to be able to call start synchronously to guarantee being called on the context. */
 22 | public final class RequestOperation<Bridge : BridgeProtocol> : Operation {
    |                                                                `- error: cannot find type 'Operation' in scope
 23 |
 24 | 	public typealias Request = BMO.Request<Bridge.LocalDb, Bridge.RequestUserInfo>
/host/spi-builder-workspace/Sources/BMO/Core/RequestOperation.swift:34:35: error: cannot find type 'OperationQueue' in scope
 32 | 	public var helper: RequestHelperCollection /* When Swift’s runtime allows it, this will be an “any RequestHelperProtocol<Bridge.LocalDb.DbObject, Bridge.Metadata>” instead. */
 33 |
 34 | 	public var remoteOperationQueue: OperationQueue
    |                                   `- error: cannot find type 'OperationQueue' in scope
 35 | 	public var computeOperationQueue: OperationQueue
 36 |
/host/spi-builder-workspace/Sources/BMO/Core/RequestOperation.swift:35:36: error: cannot find type 'OperationQueue' in scope
 33 |
 34 | 	public var remoteOperationQueue: OperationQueue
 35 | 	public var computeOperationQueue: OperationQueue
    |                                    `- error: cannot find type 'OperationQueue' in scope
 36 |
 37 | 	public var startedOnContext: Bool
/host/spi-builder-workspace/Sources/BMO/Core/RequestOperation.swift:48:124: error: cannot find type 'OperationQueue' in scope
 46 | 	 - parameter additionalHelpers: A collection of helpers called in addition of the bridge helper.
 47 | 	 The additional helpers are called _before_ the bridge helper. */
 48 | 	public init(bridge: Bridge, request: Request, additionalHelpers: RequestHelperCollection = .init(), remoteOperationQueue: OperationQueue, computeOperationQueue: OperationQueue, startedOnContext: Bool = false) {
    |                                                                                                                            `- error: cannot find type 'OperationQueue' in scope
 49 | 		self.bridge = bridge
 50 | 		self.request = request
/host/spi-builder-workspace/Sources/BMO/Core/RequestOperation.swift:48:163: error: cannot find type 'OperationQueue' in scope
 46 | 	 - parameter additionalHelpers: A collection of helpers called in addition of the bridge helper.
 47 | 	 The additional helpers are called _before_ the bridge helper. */
 48 | 	public init(bridge: Bridge, request: Request, additionalHelpers: RequestHelperCollection = .init(), remoteOperationQueue: OperationQueue, computeOperationQueue: OperationQueue, startedOnContext: Bool = false) {
    |                                                                                                                                                                   `- error: cannot find type 'OperationQueue' in scope
 49 | 		self.bridge = bridge
 50 | 		self.request = request
/host/spi-builder-workspace/Sources/BMO/Core/RequestOperation.swift:60:23: error: method does not override any method from its superclass
 58 | 	}
 59 |
 60 | 	public override func start() {
    |                       `- error: method does not override any method from its superclass
 61 | 		lock.withLock{ _result = .failure(RequestError(failureStep: .none, lifecycleError: .inProgress)) }
 62 | 		continueOperation(switchToContext: !startedOnContext, onContext_beginOperation)
/host/spi-builder-workspace/Sources/BMO/Core/RequestOperation.swift:65:23: error: method does not override any method from its superclass
 63 | 	}
 64 |
 65 | 	public override func cancel() {
    |                       `- error: method does not override any method from its superclass
 66 | 		super.cancel()
 67 |
/host/spi-builder-workspace/Sources/BMO/Core/RequestOperation.swift:73:22: error: property does not override any property from its superclass
 71 | 	}
 72 |
 73 | 	public override var isAsynchronous: Bool {
    |                      `- error: property does not override any property from its superclass
 74 | 		return true
 75 | 	}
/host/spi-builder-workspace/Sources/BMO/Core/RequestOperation.swift:77:22: error: property does not override any property from its superclass
 75 | 	}
 76 |
 77 | 	public override var isExecuting: Bool {
    |                      `- error: property does not override any property from its superclass
 78 | 		return isExecuting(with: result)
 79 | 	}
/host/spi-builder-workspace/Sources/BMO/Core/RequestOperation.swift:81:22: error: property does not override any property from its superclass
 79 | 	}
 80 |
 81 | 	public override var isFinished: Bool {
    |                      `- error: property does not override any property from its superclass
 82 | 		return isFinished(with: result)
 83 | 	}
/host/spi-builder-workspace/Sources/BMO/Core/RequestOperation.swift:108:37: error: cannot find 'didChangeValue' in scope
106 | 			let newExecuting = isExecuting(with: _result)
107 |
108 | 			if oldFinished  != newFinished  {didChangeValue(forKey: "isFinished")}
    |                                     `- error: cannot find 'didChangeValue' in scope
109 | 			if oldExecuting != newExecuting {didChangeValue(forKey: "isExecuting")}
110 | 		}
/host/spi-builder-workspace/Sources/BMO/Core/RequestOperation.swift:109:37: error: cannot find 'didChangeValue' in scope
107 |
108 | 			if oldFinished  != newFinished  {didChangeValue(forKey: "isFinished")}
109 | 			if oldExecuting != newExecuting {didChangeValue(forKey: "isExecuting")}
    |                                     `- error: cannot find 'didChangeValue' in scope
110 | 		}
111 | 	}
/host/spi-builder-workspace/Sources/BMO/Errors/RequestError.swift:53:13: warning: stored property 'remoteOperation' of 'Sendable'-conforming generic struct 'RequestError' contains non-Sendable type 'Bridge.BridgeObjects.RemoteDb.RemoteOperation'
51 | 	 The remote operation of the given request if it was retrieved.
52 | 	 The only failure steps where the operation is not retrieved are ``FailureStep-swift.enum/helper_prepareRemoteConversion`` and ``FailureStep-swift.enum/bridge_getRemoteOperation``. */
53 | 	public var remoteOperation: Bridge.RemoteDb.RemoteOperation?
   |             `- warning: stored property 'remoteOperation' of 'Sendable'-conforming generic struct 'RequestError' contains non-Sendable type 'Bridge.BridgeObjects.RemoteDb.RemoteOperation'
54 |
55 | 	/**
Failed frontend command:
/usr/bin/swift-frontend -frontend -emit-module -experimental-skip-non-inlinable-function-bodies-without-types /host/spi-builder-workspace/Sources/BMO/Core/Bridge-Protocol.swift /host/spi-builder-workspace/Sources/BMO/Core/BridgeObjects-Protocol.swift /host/spi-builder-workspace/Sources/BMO/Core/LocalDb-Protocol.swift /host/spi-builder-workspace/Sources/BMO/Core/LocalDbImportOperation.swift /host/spi-builder-workspace/Sources/BMO/Core/LocalDbImporter-Protocol.swift /host/spi-builder-workspace/Sources/BMO/Core/RemoteDb-Protocol.swift /host/spi-builder-workspace/Sources/BMO/Core/Request.swift /host/spi-builder-workspace/Sources/BMO/Core/RequestHelper-Protocol.swift /host/spi-builder-workspace/Sources/BMO/Core/RequestOperation.swift /host/spi-builder-workspace/Sources/BMO/Core/RequestResult.swift /host/spi-builder-workspace/Sources/BMO/Errors/ErrorCollection.swift /host/spi-builder-workspace/Sources/BMO/Errors/OperationLifecycleError.swift /host/spi-builder-workspace/Sources/BMO/Errors/RequestError.swift /host/spi-builder-workspace/Sources/BMO/Helpers/GenericLocalDbObject.swift /host/spi-builder-workspace/Sources/BMO/Helpers/LocalDbChanges.swift /host/spi-builder-workspace/Sources/BMO/Helpers/RelationshipMergeType.swift /host/spi-builder-workspace/Sources/BMO/Utilities/Private/MapError.swift /host/spi-builder-workspace/Sources/BMO/Utilities/Private/Result+Utils.swift /host/spi-builder-workspace/Sources/BMO/Utilities/Public/DummyRequestHelper.swift /host/spi-builder-workspace/Sources/BMO/Utilities/Public/RequestHelperCollection.swift /host/spi-builder-workspace/Sources/BMO/Utilities/Public/RequestHelperCollectionForOldRuntimes.swift -target wasm32-unknown-wasip1 -disable-objc-interop -sdk /root/.swiftpm/swift-sdks/swift-6.4.x-DEVELOPMENT-SNAPSHOT-2026-09-04-a_wasm.artifactbundle/swift-6.4.x-DEVELOPMENT-SNAPSHOT-2026-09-04-a_wasm/wasm32-unknown-wasip1/WASI.sdk -sysroot /root/.swiftpm/swift-sdks/swift-6.4.x-DEVELOPMENT-SNAPSHOT-2026-09-04-a_wasm.artifactbundle/swift-6.4.x-DEVELOPMENT-SNAPSHOT-2026-09-04-a_wasm/wasm32-unknown-wasip1/WASI.sdk -I /host/spi-builder-workspace/.build/out/Products/Debug-webassembly-wasm32 -module-cache-path /host/spi-builder-workspace/.build/out/ModuleCache.noindex -color-diagnostics -Xcc -fcolor-diagnostics -enable-testing -g -debug-info-format\=dwarf -dwarf-version\=4 -swift-version 5 -Onone -D SWIFT_PACKAGE -D DEBUG -D SWIFT_MODULE_RESOURCE_BUNDLE_UNAVAILABLE -D Xcode -serialize-debugging-options -enable-experimental-feature StrictConcurrency -enable-experimental-feature DebugDescriptionMacro -empty-abi-descriptor -external-plugin-path /usr/lib/swift/host/plugins/testing\#/usr/bin/swift-plugin-server -validate-clang-modules-once -clang-build-session-file /host/spi-builder-workspace/.build/out/ModuleCache.noindex/Session.modulevalidation -Xcc -working-directory -Xcc /host -resource-dir /root/.swiftpm/swift-sdks/swift-6.4.x-DEVELOPMENT-SNAPSHOT-2026-09-04-a_wasm.artifactbundle/swift-6.4.x-DEVELOPMENT-SNAPSHOT-2026-09-04-a_wasm/wasm32-unknown-wasip1/swift.xctoolchain/usr/lib/swift_static -use-static-resource-dir -enable-anonymous-context-mangled-names -file-compilation-dir /host -Xcc -resource-dir -Xcc /root/.swiftpm/swift-sdks/swift-6.4.x-DEVELOPMENT-SNAPSHOT-2026-09-04-a_wasm.artifactbundle/swift-6.4.x-DEVELOPMENT-SNAPSHOT-2026-09-04-a_wasm/wasm32-unknown-wasip1/swift.xctoolchain/usr/lib/swift_static/clang -Xcc -D_LIBCPP_HARDENING_MODE\=_LIBCPP_HARDENING_MODE_DEBUG -Xcc -fmodules-prune-interval\=86400 -Xcc -fmodules-prune-after\=345600 -Xcc -I/host/spi-builder-workspace/.build/out/Products/Debug-webassembly-wasm32/include -Xcc -I/host/spi-builder-workspace/.build/out/Intermediates.noindex/BMO.build/Debug-webassembly-wasm32/BMO-t.build/DerivedSources-normal/wasm32 -Xcc -I/host/spi-builder-workspace/.build/out/Intermediates.noindex/BMO.build/Debug-webassembly-wasm32/BMO-t.build/DerivedSources/wasm32 -Xcc -I/host/spi-builder-workspace/.build/out/Intermediates.noindex/BMO.build/Debug-webassembly-wasm32/BMO-t.build/DerivedSources -Xcc -DSWIFT_PACKAGE -Xcc -DDEBUG\=1 -no-auto-bridging-header-chaining -module-name BMO -package-name spi_builder_workspace -const-gather-protocols-file /host/spi-builder-workspace/.build/out/Intermediates.noindex/BMO.build/Debug-webassembly-wasm32/BMO-t.build/Objects-normal/wasm32/BMO_const_extract_protocols.json -in-process-plugin-server-path /usr/lib/swift/host/libSwiftInProcPluginServer.so -plugin-path /usr/lib/swift/host/plugins -plugin-path /usr/local/lib/swift/host/plugins -emit-module-doc-path /host/spi-builder-workspace/.build/out/Intermediates.noindex/BMO.build/Debug-webassembly-wasm32/BMO-t.build/Objects-normal/wasm32/Modules/BMO.swiftdoc -emit-module-source-info-path /host/spi-builder-workspace/.build/out/Intermediates.noindex/BMO.build/Debug-webassembly-wasm32/BMO-t.build/Objects-normal/wasm32/Modules/BMO.swiftsourceinfo -emit-objc-header-path /host/spi-builder-workspace/.build/out/Intermediates.noindex/BMO.build/Debug-webassembly-wasm32/BMO-t.build/Objects-normal/wasm32/BMO-Swift.h -serialize-diagnostics-path /host/spi-builder-workspace/.build/out/Intermediates.noindex/BMO.build/Debug-webassembly-wasm32/BMO-t.build/Objects-normal/wasm32/BMO-primary-emit-module.dia -emit-dependencies-path /host/spi-builder-workspace/.build/out/Intermediates.noindex/BMO.build/Debug-webassembly-wasm32/BMO-t.build/Objects-normal/wasm32/BMO-primary-emit-module.d -parse-as-library -o /host/spi-builder-workspace/.build/out/Intermediates.noindex/BMO.build/Debug-webassembly-wasm32/BMO-t.build/Objects-normal/wasm32/Modules/BMO.swiftmodule
error: Build failed
BUILD FAILURE 6.4 wasm