Build Information
Failed to build Conduit, reference main (f83dd8), with Swift 6.2 for Linux on 3 Jul 2026 20:28:43 UTC.
Build Command
bash -c docker run --pull=always --rm -v "checkouts-53886770-0":/host -w "$PWD" -e JAVA_HOME="/root/.sdkman/candidates/java/current" -e SPI_BUILD="1" -e SPI_PROCESSING="1" registry.gitlab.com/saguaro1/spi-images:basic-6.2-latest swift build --triple x86_64-unknown-linux-gnu 2>&1Build Log
========================================
RunAll
========================================
Builder version: 0e64495ecc1688c3b3e031a5ef1348b5c05091ae
Interrupt handler set up.
========================================
Checkout
========================================
Clone URL: https://github.com/christopherkarani/Conduit.git
Reference: main
Initialized empty Git repository in /host/spi-builder-workspace/.git/
hint: Using 'master' as the name for the initial branch. This default branch name
hint: is subject to change. To configure the initial branch name to use in all
hint: of your new repositories, which will suppress this warning, call:
hint:
hint: git config --global init.defaultBranch <name>
hint:
hint: Names commonly chosen instead of 'master' are 'main', 'trunk' and
hint: 'development'. The just-created branch can be renamed via this command:
hint:
hint: git branch -m <name>
From https://github.com/christopherkarani/Conduit
* branch main -> FETCH_HEAD
* [new branch] main -> origin/main
HEAD is now at f83dd8e Merge pull request #69 from christopherkarani/codex/check-frameworks-for-issues-20260613
Cloned https://github.com/christopherkarani/Conduit.git
Revision (git rev-parse @):
f83dd8e512c4255cfd52418ac94cf4607e22b928
SUCCESS checkout https://github.com/christopherkarani/Conduit.git at main
========================================
Build
========================================
Selected platform: linux
Swift version: 6.2
Building package at path: $PWD
https://github.com/christopherkarani/Conduit.git
Running build ...
bash -c docker run --pull=always --rm -v "checkouts-53886770-0":/host -w "$PWD" -e JAVA_HOME="/root/.sdkman/candidates/java/current" -e SPI_BUILD="1" -e SPI_PROCESSING="1" registry.gitlab.com/saguaro1/spi-images:basic-6.2-latest swift build --triple x86_64-unknown-linux-gnu 2>&1
basic-6.2-latest: Pulling from saguaro1/spi-images
Digest: sha256:146297aca0eb7f3e338453cbf4c0aa72424647d7d0d3f35fda2f7ef7698dd3aa
Status: Image is up to date for registry.gitlab.com/saguaro1/spi-images:basic-6.2-latest
Fetching https://github.com/swiftlang/swift-docc-plugin
Fetching https://github.com/swiftlang/swift-syntax.git
Fetching https://github.com/apple/swift-collections.git
Fetching https://github.com/apple/swift-numerics
Fetching https://github.com/apple/swift-log.git
Fetching https://github.com/huggingface/swift-transformers
[1/2325] Fetching swift-docc-plugin
[94/9936] Fetching swift-docc-plugin, swift-log
[3759/16377] Fetching swift-docc-plugin, swift-log, swift-numerics
[4390/23186] Fetching swift-docc-plugin, swift-log, swift-numerics, swift-transformers
Fetched https://github.com/swiftlang/swift-docc-plugin from cache (0.48s)
[12362/20861] Fetching swift-log, swift-numerics, swift-transformers
[14939/46144] Fetching swift-log, swift-numerics, swift-transformers, swift-collections
[39066/121969] Fetching swift-log, swift-numerics, swift-transformers, swift-collections, swift-syntax
Fetched https://github.com/apple/swift-log.git from cache (1.02s)
[62039/114358] Fetching swift-numerics, swift-transformers, swift-collections, swift-syntax
Fetched https://github.com/huggingface/swift-transformers from cache (1.02s)
[55988/107549] Fetching swift-numerics, swift-collections, swift-syntax
Fetched https://github.com/apple/swift-collections.git from cache (1.03s)
[31464/82266] Fetching swift-numerics, swift-syntax
Fetched https://github.com/apple/swift-numerics from cache (2.46s)
Fetched https://github.com/swiftlang/swift-syntax.git from cache (2.47s)
Computing version for https://github.com/swiftlang/swift-docc-plugin
Computed https://github.com/swiftlang/swift-docc-plugin at 1.5.0 (3.36s)
Fetching https://github.com/swiftlang/swift-docc-symbolkit
[1/3749] Fetching swift-docc-symbolkit
Fetched https://github.com/swiftlang/swift-docc-symbolkit from cache (0.48s)
Computing version for https://github.com/swiftlang/swift-docc-symbolkit
Computed https://github.com/swiftlang/swift-docc-symbolkit at 1.0.0 (0.68s)
Computing version for https://github.com/swiftlang/swift-syntax.git
Computed https://github.com/swiftlang/swift-syntax.git at 602.0.0 (0.25s)
Computing version for https://github.com/apple/swift-numerics
Computed https://github.com/apple/swift-numerics at 1.1.1 (0.13s)
Computing version for https://github.com/huggingface/swift-transformers
Computed https://github.com/huggingface/swift-transformers at 1.3.3 (0.15s)
Fetching https://github.com/huggingface/swift-jinja.git
Fetching https://github.com/apple/swift-crypto.git
Fetching https://github.com/huggingface/swift-huggingface.git
Fetching https://github.com/ibireme/yyjson.git
[1/2421] Fetching swift-huggingface
[2422/3557] Fetching swift-huggingface, swift-jinja
Fetched https://github.com/huggingface/swift-huggingface.git from cache (0.44s)
[603/1136] Fetching swift-jinja
[1137/5804] Fetching swift-jinja, yyjson
[2118/23588] Fetching swift-jinja, yyjson, swift-crypto
Fetched https://github.com/huggingface/swift-jinja.git from cache (1.28s)
Fetched https://github.com/ibireme/yyjson.git from cache (1.29s)
Fetched https://github.com/apple/swift-crypto.git from cache (1.29s)
Computing version for https://github.com/ibireme/yyjson.git
Computed https://github.com/ibireme/yyjson.git at 0.12.0 (1.45s)
Computing version for https://github.com/huggingface/swift-huggingface.git
Computed https://github.com/huggingface/swift-huggingface.git at 0.9.0 (0.14s)
Fetching https://github.com/mattt/EventSource.git
[1/271] Fetching eventsource
Fetched https://github.com/mattt/EventSource.git from cache (0.33s)
Computing version for https://github.com/mattt/EventSource.git
Computed https://github.com/mattt/EventSource.git at 1.4.1 (0.47s)
Fetching https://github.com/apple/swift-nio.git
[1/84214] Fetching swift-nio
Fetched https://github.com/apple/swift-nio.git from cache (3.00s)
Computing version for https://github.com/apple/swift-log.git
Computed https://github.com/apple/swift-log.git at 1.14.0 (3.15s)
Computing version for https://github.com/apple/swift-collections.git
Computed https://github.com/apple/swift-collections.git at 1.6.0 (0.22s)
Computing version for https://github.com/huggingface/swift-jinja.git
Computed https://github.com/huggingface/swift-jinja.git at 2.3.6 (0.13s)
Computing version for https://github.com/apple/swift-nio.git
Computed https://github.com/apple/swift-nio.git at 2.101.2 (0.34s)
Fetching https://github.com/apple/swift-system.git
Fetching https://github.com/apple/swift-atomics.git
[1/1868] Fetching swift-atomics
[1869/7848] Fetching swift-atomics, swift-system
Fetched https://github.com/apple/swift-atomics.git from cache (0.56s)
Fetched https://github.com/apple/swift-system.git from cache (0.56s)
Computing version for https://github.com/apple/swift-atomics.git
Computed https://github.com/apple/swift-atomics.git at 1.3.1 (0.70s)
Computing version for https://github.com/apple/swift-system.git
Computed https://github.com/apple/swift-system.git at 1.7.2 (0.17s)
Computing version for https://github.com/apple/swift-crypto.git
Computed https://github.com/apple/swift-crypto.git at 4.5.0 (0.47s)
Fetching https://github.com/apple/swift-asn1.git
[1/1914] Fetching swift-asn1
Fetched https://github.com/apple/swift-asn1.git from cache (0.39s)
Computing version for https://github.com/apple/swift-asn1.git
Computed https://github.com/apple/swift-asn1.git at 1.7.1 (0.56s)
Creating working copy for https://github.com/apple/swift-system.git
Working copy of https://github.com/apple/swift-system.git resolved at 1.7.2
Creating working copy for https://github.com/apple/swift-collections.git
Working copy of https://github.com/apple/swift-collections.git resolved at 1.6.0
Creating working copy for https://github.com/huggingface/swift-transformers
Working copy of https://github.com/huggingface/swift-transformers resolved at 1.3.3
Creating working copy for https://github.com/huggingface/swift-jinja.git
Working copy of https://github.com/huggingface/swift-jinja.git resolved at 2.3.6
Creating working copy for https://github.com/huggingface/swift-huggingface.git
Working copy of https://github.com/huggingface/swift-huggingface.git resolved at 0.9.0
Creating working copy for https://github.com/swiftlang/swift-docc-symbolkit
Working copy of https://github.com/swiftlang/swift-docc-symbolkit resolved at 1.0.0
Creating working copy for https://github.com/apple/swift-numerics
Working copy of https://github.com/apple/swift-numerics resolved at 1.1.1
Creating working copy for https://github.com/apple/swift-crypto.git
Working copy of https://github.com/apple/swift-crypto.git resolved at 4.5.0
Creating working copy for https://github.com/swiftlang/swift-syntax.git
Working copy of https://github.com/swiftlang/swift-syntax.git resolved at 602.0.0
Creating working copy for https://github.com/apple/swift-asn1.git
Working copy of https://github.com/apple/swift-asn1.git resolved at 1.7.1
Creating working copy for https://github.com/swiftlang/swift-docc-plugin
Working copy of https://github.com/swiftlang/swift-docc-plugin resolved at 1.5.0
Creating working copy for https://github.com/apple/swift-nio.git
Working copy of https://github.com/apple/swift-nio.git resolved at 2.101.2
Creating working copy for https://github.com/ibireme/yyjson.git
Working copy of https://github.com/ibireme/yyjson.git resolved at 0.12.0
Creating working copy for https://github.com/apple/swift-log.git
Working copy of https://github.com/apple/swift-log.git resolved at 1.14.0
Creating working copy for https://github.com/apple/swift-atomics.git
Working copy of https://github.com/apple/swift-atomics.git resolved at 1.3.1
Creating working copy for https://github.com/mattt/EventSource.git
Working copy of https://github.com/mattt/EventSource.git resolved at 1.4.1
Downloading package prebuilt https://download.swift.org/prebuilts/swift-syntax/602.0.0/swift-6.2.4-RELEASE-MacroSupport-ubuntu_jammy_x86_64.tar.gz
Downloaded https://download.swift.org/prebuilts/swift-syntax/602.0.0/swift-6.2.4-RELEASE-MacroSupport-ubuntu_jammy_x86_64.tar.gz (0.33s)
[1/1] Compiling plugin Swift-DocC Preview
[2/2] Compiling plugin Swift-DocC
Building for debugging...
[2/821] Copying gpt2_tokenizer_config.json
[2/821] Copying t5_tokenizer_config.json
[6/821] Write sources
[45/821] Compiling _NumericsShims _NumericsShims.c
[47/821] Compiling _AtomicsShims.c
[49/821] Compiling CXKCPShims shims.c
[51/821] Compiling SimpleFIPS202.c
[52/821] Compiling KeccakSponge.c
[53/821] Compiling KeccakHash.c
[54/821] Compiling SimpleFIPS202.c
[55/821] Compiling KeccakSponge.c
[56/821] Compiling KeccakHash.c
[57/821] Compiling CNIOWindows shim.c
[59/821] Compiling CNIOWindows WSAStartup.c
[61/821] Compiling CNIOWASI CNIOWASI.c
[63/821] Compiling CNIOOpenBSD shim.c
[65/821] Compiling CNIOLinux liburing_shims.c
[67/821] Compiling CNIOFreeBSD shim.c
[69/821] Compiling CNIOLinux shim.c
[71/821] Compiling CNIODarwin shim.c
[73/821] Compiling KeccakP-1600-opt64.c
[75/821] Compiling CCryptoBoringSSLShims shims.c
[77/821] Compiling fiat_p256_adx_sqr.S
[78/821] Compiling fiat_p256_adx_mul.S
[79/821] Compiling fiat_curve25519_adx_square.S
[80/821] Compiling fiat_curve25519_adx_mul.S
[81/821] Compiling md5-x86_64-linux.S
[82/821] Compiling md5-x86_64-apple.S
[83/821] Compiling md5-586-linux.S
[84/821] Compiling md5-586-apple.S
[85/821] Compiling err_data.cc
[86/821] Write swift-version-24593BA9C3E375BF.txt
[87/821] Compiling yyjson.c
[88/821] Compiling chacha20_poly1305_x86_64-linux.S
[88/821] Compiling yyjson.c
[90/821] Compiling chacha20_poly1305_x86_64-apple.S
[91/833] Compiling c-nioatomics.c
[93/855] Compiling c-atomics.c
[96/873] Emitting module Logging
[97/874] Compiling RealModule Real.swift
[99/875] Compiling RealModule Float80+Real.swift
[100/876] Compiling _NIODataStructures _TinyArray.swift
[101/876] Compiling RealModule RelaxedArithmetic.swift
[103/876] Compiling RealModule RealFunctions.swift
[105/876] Compiling Logging LoggingSystem.swift
[106/876] Compiling Logging SwiftLogNoOpLogHandler.swift
[107/876] Compiling Logging Locks.swift
[108/876] Compiling Logging LogEvent.swift
[109/876] Compiling Logging LogHandler.swift
[110/876] Compiling Logging MultiplexLogHandler.swift
[111/876] Compiling Logging StreamLogHandler.swift
[112/876] Compiling _NIODataStructures _TinyArray.swift
[113/876] Emitting module RealModule
[116/876] Compiling _NIODataStructures PriorityQueue.swift
[117/876] Compiling Logging Logger+With.swift
[118/876] Compiling Logging Logger.swift
[119/876] Emitting module _NIOBase64
[120/876] Compiling _NIOBase64 Base64.swift
[121/877] Emitting module RealModule
[122/877] Compiling _NIOBase64 Base64.swift
[123/877] Emitting module _NIOBase64
[125/878] Compiling RealModule Float80+Real.swift
[126/878] Compiling RealModule Float16+Real.swift
[130/879] Compiling Logging Logger+Attributes.swift
[132/879] Compiling RealModule Float16+Real.swift
[138/916] Emitting module NIOConcurrencyHelpers
[139/934] Compiling InternalCollectionsUtilities UnsafeMutableRawBufferPointer+Extras.swift
[140/934] Compiling InternalCollectionsUtilities UnsafeRawBufferPointer+Extras.swift
[141/936] Compiling InternalCollectionsUtilities _SortedCollection.swift
[142/936] Compiling InternalCollectionsUtilities _UniqueCollection.swift
[143/936] Compiling Logging LoggingSystem.swift
[146/939] Compiling InternalCollectionsUtilities Debugging.swift
[147/939] Compiling InternalCollectionsUtilities Descriptions.swift
[148/939] Compiling InternalCollectionsUtilities FixedWidthInteger+roundUpToPowerOfTwo.swift
[149/939] Compiling InternalCollectionsUtilities String+Padding.swift
[150/939] Compiling InternalCollectionsUtilities _UnsafeBitSet+Index.swift
[151/939] Compiling InternalCollectionsUtilities LifetimeOverride.swift
[152/939] Compiling InternalCollectionsUtilities _SortedCollection.swift
[153/939] Compiling InternalCollectionsUtilities _UniqueCollection.swift
[154/939] Compiling InternalCollectionsUtilities Integer rank.swift
[155/939] Compiling InternalCollectionsUtilities UInt+first and last set bit.swift
[156/939] Compiling InternalCollectionsUtilities UInt+reversed.swift
[162/939] Compiling InternalCollectionsUtilities UnsafeBufferPointer+Extras.swift
[163/939] Compiling InternalCollectionsUtilities UnsafeMutableBufferPointer+Extras.swift
[169/939] Compiling Logging Logger+Attributes.swift
[170/939] Compiling Logging Logger.swift
[171/939] Compiling Logging Logger+With.swift
[176/939] Compiling NIOConcurrencyHelpers NIOLock.swift
[177/939] Compiling Logging MetadataProvider.swift
[178/939] Compiling NIOConcurrencyHelpers lock.swift
[179/939] Compiling NIOConcurrencyHelpers NIOAtomic.swift
[180/939] Emitting module NIOConcurrencyHelpers
[181/939] Compiling NIOConcurrencyHelpers NIOLockedValueBox.swift
[184/939] Emitting module _NIODataStructures
[185/939] Compiling _NIODataStructures Heap.swift
[186/939] Compiling Logging MetadataProvider.swift
[187/940] Compiling NIOConcurrencyHelpers NIOThreadPoolWorkAvailable.swift
[188/940] Compiling NIOConcurrencyHelpers NIOLockedValueBox.swift
[189/940] Compiling NIOConcurrencyHelpers NIOAtomic.swift
[190/940] Emitting module Logging
[196/941] Compiling NIOConcurrencyHelpers atomics.swift
[197/941] Compiling NIOConcurrencyHelpers NIOThreadPoolWorkAvailable.swift
[198/941] Compiling NIOConcurrencyHelpers lock.swift
[199/943] Emitting module InternalCollectionsUtilities
[203/947] Compiling _NIODataStructures PriorityQueue.swift
[204/947] Compiling _NIODataStructures Heap.swift
[205/947] Emitting module _NIODataStructures
[205/948] Compiling chacha20_poly1305_armv8-win.S
[208/948] Compiling NIOConcurrencyHelpers atomics.swift
[209/956] Compiling NIOConcurrencyHelpers NIOLock.swift
[210/971] Compiling chacha20_poly1305_armv8-linux.S
[211/971] Compiling chacha20_poly1305_armv8-apple.S
[212/971] Compiling chacha-x86_64-apple.S
[213/971] Compiling chacha-x86-linux.S
[214/971] Compiling chacha-x86_64-linux.S
[215/971] Compiling chacha-x86-apple.S
[217/971] Compiling ComplexModule Complex+Hashable.swift
[218/971] Compiling ComplexModule Complex+IntegerLiteral.swift
[218/972] Compiling chacha-armv8-win.S
[219/972] Compiling chacha-armv8-apple.S
[221/972] Compiling ComplexModule Complex+StringConvertible.swift
[221/972] Compiling chacha-armv8-linux.S
[223/972] Emitting module InternalCollectionsUtilities
[224/972] Compiling InternalCollectionsUtilities _UnsafeBitSet+_Word.swift
[225/972] Compiling InternalCollectionsUtilities _UnsafeBitSet.swift
[226/972] Compiling InternalCollectionsUtilities RandomAccessCollection+Offsets.swift
[227/972] Compiling InternalCollectionsUtilities Span+Extras.swift
[227/972] Compiling chacha-armv4-linux.S
[228/972] Compiling aes128gcmsiv-x86_64-linux.S
[230/973] Compiling ComplexModule Scale.swift
[231/973] Compiling ComplexModule Polar.swift
[231/974] Compiling aes128gcmsiv-x86_64-apple.S
[233/974] Compiling x86_64-mont5-apple.S
[234/974] Compiling x86_64-mont5-linux.S
[236/974] Compiling ComplexModule Complex+StringConvertible.swift
[237/974] Compiling ComplexModule Complex.swift
[237/974] Compiling x86_64-mont-apple.S
[238/974] Compiling x86_64-mont-linux.S
[240/974] Compiling ComplexModule Complex+AdditiveArithmetic.swift
[241/974] Compiling ComplexModule Complex+AlgebraicField.swift
[242/974] Compiling ComplexModule Complex+Numeric.swift
[242/974] Compiling x86-mont-apple.S
[243/974] Compiling x86-mont-linux.S
[244/974] Compiling vpaes-x86_64-linux.S
[246/993] Compiling ComplexModule Scale.swift
[246/996] Compiling vpaes-x86_64-apple.S
[247/1001] Compiling vpaes-x86-linux.S
[249/1011] Compiling ComplexModule Polar.swift
[250/1011] Compiling ComplexModule Complex.swift
[251/1011] Compiling ComplexModule Complex+Numeric.swift
[251/1067] Compiling vpaes-armv8-win.S
[252/1067] Compiling vpaes-x86-apple.S
[254/1067] Compiling ContainersPreview BorrowingIteratorProtocol.swift
[255/1067] Compiling ContainersPreview BorrowingSequence+Algorithms.swift
[256/1067] Compiling ContainersPreview BorrowingSequence+Standard Conformances.swift
[257/1067] Compiling ContainersPreview BorrowingSequence+Utilities.swift
[258/1067] Compiling ContainersPreview BorrowingSequence.swift
[258/1068] Compiling vpaes-armv8-linux.S
[259/1068] Compiling vpaes-armv8-apple.S
[262/1068] Compiling ContainersPreview BorrowingIteratorProtocol+Map.swift
[263/1068] Compiling ContainersPreview BorrowingIteratorProtocol+Reduce.swift
[264/1068] Compiling ContainersPreview BorrowingIteratorProtocol+SpanwiseZip.swift
[267/1072] Compiling ContainersPreview Producer+Map.swift
[268/1072] Compiling ContainersPreview Producer+Reduce.swift
[269/1072] Compiling ContainersPreview Producer.swift
[270/1072] Compiling ContainersPreview InputSpan.swift
[271/1072] Compiling ContainersPreview MutableRef.swift
[272/1072] Compiling ContainersPreview Drain+Map.swift
[273/1072] Compiling ContainersPreview Drain+Reduce.swift
[274/1072] Compiling ContainersPreview Drain.swift
[275/1072] Compiling ContainersPreview Producer+Collect.swift
[276/1072] Compiling ContainersPreview Producer+Filter.swift
[276/1072] Compiling vpaes-armv7-linux.S
[277/1072] Compiling sha512-x86_64-linux.S
[279/1072] Compiling ContainersPreview Container+SpanwiseZip.swift
[280/1072] Compiling ContainersPreview Container.swift
[281/1072] Compiling ContainersPreview ContainerIterator.swift
[282/1072] Compiling ContainersPreview DynamicContainer.swift
[283/1072] Compiling ContainersPreview MutableContainer.swift
[284/1072] Compiling ContainersPreview PermutableContainer.swift
[285/1072] Compiling ContainersPreview RandomAccessContainer.swift
[286/1072] Compiling ContainersPreview RangeExpression2.swift
[287/1072] Compiling ContainersPreview RangeReplaceableContainer.swift
[288/1072] Compiling ContainersPreview Strideable+Limits.swift
[292/1072] Compiling ContainersPreview BidirectionalContainer.swift
[293/1072] Compiling ContainersPreview Container+Filter.swift
[293/1072] Compiling sha512-x86_64-apple.S
[295/1072] Emitting module ContainersPreview
[295/1072] Compiling sha512-armv8-win.S
[297/1124] Compiling ContainersPreview BorrowingIteratorProtocol+Map.swift
[298/1124] Compiling ContainersPreview BorrowingIteratorProtocol+Reduce.swift
[299/1124] Compiling ContainersPreview BorrowingIteratorProtocol+SpanwiseZip.swift
[300/1125] Compiling ContainersPreview BorrowingIteratorProtocol.swift
[301/1125] Compiling OrderedCollections _HashTable+Testing.swift
[302/1157] Compiling OrderedCollections OrderedSet+Invariants.swift
[303/1157] Compiling OrderedCollections OrderedSet+Move.swift
[304/1157] Compiling OrderedCollections OrderedSet+Partial MutableCollection.swift
[305/1157] Compiling OrderedCollections OrderedSet+Partial RangeReplaceableCollection.swift
[305/1160] Compiling sha512-armv8-linux.S
[307/1166] Compiling sha512-armv8-apple.S
[308/1166] Compiling sha512-armv4-linux.S
[310/1166] Compiling ContainersPreview Producer+Map.swift
[311/1166] Compiling ContainersPreview Producer+Reduce.swift
[312/1166] Compiling OrderedCollections OrderedSet+Hashable.swift
[313/1166] Compiling OrderedCollections OrderedSet+Initializers.swift
[314/1166] Compiling OrderedCollections OrderedSet+Insertions.swift
[315/1166] Compiling ContainersPreview Drain+Map.swift
[316/1166] Compiling ContainersPreview Drain+Reduce.swift
[317/1166] Compiling ContainersPreview Drain.swift
[318/1166] Compiling ContainersPreview Producer+Collect.swift
[319/1166] Compiling ContainersPreview Producer+Filter.swift
[325/1170] Compiling ContainersPreview BorrowingSequence+Standard Conformances.swift
[326/1170] Compiling ContainersPreview BorrowingSequence+Utilities.swift
[327/1170] Compiling ContainersPreview BorrowingSequence.swift
[328/1170] Compiling ContainersPreview BidirectionalContainer.swift
[329/1170] Compiling ContainersPreview Container+Filter.swift
[329/1170] Compiling sha512-586-linux.S
[334/1170] Compiling ContainersPreview Ref.swift
[335/1170] Compiling ContainersPreview Shared.swift
[336/1170] Compiling ContainersPreview SpanIterator.swift
[337/1170] Compiling ContainersPreview UniqueBox.swift
[338/1170] Compiling OrderedCollections OrderedSet+Partial SetAlgebra formIntersection.swift
[338/1177] Compiling sha512-586-apple.S
[340/1177] Compiling ContainersPreview PermutableContainer.swift
[341/1177] Compiling ContainersPreview RandomAccessContainer.swift
[342/1177] Compiling ContainersPreview RangeExpression2.swift
[343/1177] Compiling ContainersPreview RangeReplaceableContainer.swift
[344/1177] Compiling ContainersPreview Strideable+Limits.swift
[345/1177] Compiling ContainersPreview Container+SpanwiseZip.swift
[346/1177] Compiling ContainersPreview Container.swift
[347/1177] Compiling ContainersPreview ContainerIterator.swift
[348/1177] Compiling ContainersPreview DynamicContainer.swift
[349/1177] Compiling ContainersPreview MutableContainer.swift
[350/1187] Emitting module ComplexModule
[351/1190] Compiling DequeModule Deque+CustomReflectable.swift
[352/1190] Compiling DequeModule Deque+Descriptions.swift
[353/1190] Compiling DequeModule Deque+Equatable.swift
[354/1190] Compiling DequeModule Deque+ExpressibleByArrayLiteral.swift
[355/1200] Emitting module ContainersPreview
[355/1201] Compiling sha256-x86_64-linux.S
[357/1212] Compiling DequeModule Deque+Codable.swift
[358/1212] Compiling DequeModule Deque+Collection.swift
[361/1219] Emitting module ComplexModule
[363/1220] Compiling sha256-x86_64-apple.S
[365/1220] Compiling OrderedCollections OrderedSet+Partial SetAlgebra isSuperset.swift
[366/1220] Compiling OrderedCollections OrderedSet+Partial SetAlgebra subtract.swift
[367/1220] Compiling OrderedCollections OrderedSet+Partial SetAlgebra subtracting.swift
[368/1220] Compiling OrderedCollections OrderedSet+Partial SetAlgebra symmetricDifference.swift
[369/1220] Compiling OrderedCollections OrderedSet+Partial SetAlgebra union.swift
[370/1220] Compiling OrderedCollections OrderedSet+Partial SetAlgebra+Basics.swift
[371/1220] Compiling OrderedCollections OrderedSet+RandomAccessCollection.swift
[372/1220] Compiling OrderedCollections OrderedSet+ReserveCapacity.swift
[372/1227] Compiling sha256-armv8-win.S
[374/1227] Compiling DequeModule UniqueDeque+Hashable.swift
[375/1227] Compiling DequeModule UniqueDeque+Initializers.swift
[376/1227] Compiling DequeModule UniqueDeque+Insertions.swift
[377/1227] Compiling DequeModule UniqueDeque+Prepend.swift
[377/1227] Compiling sha256-armv8-linux.S
[378/1231] Compiling sha256-armv8-apple.S
[380/1231] Compiling DequeModule RigidDeque+Container.swift
[381/1231] Compiling DequeModule RigidDeque+Descriptions.swift
[382/1231] Compiling DequeModule RigidDeque+Equatable.swift
[383/1231] Compiling DequeModule RigidDeque+Experimental.swift
[384/1231] Compiling DequeModule RigidDeque+Hashable.swift
[385/1231] Compiling DequeModule RigidDeque+Initializers.swift
[386/1231] Compiling DequeModule RigidDeque+Insertions.swift
[387/1231] Compiling DequeModule RigidDeque+Prepend.swift
[389/1231] Compiling DequeModule Deque+Extras.swift
[390/1231] Compiling DequeModule Deque+Hashable.swift
[391/1231] Compiling DequeModule Deque+Testing.swift
[392/1231] Compiling DequeModule Deque._Storage.swift
[393/1232] Compiling Numerics Numerics.swift
[394/1232] Emitting module Numerics
[395/1233] Compiling sha256-armv4-linux.S
[397/1233] Emitting module Numerics
[398/1233] Compiling Numerics Numerics.swift
[400/1234] Compiling sha256-586-linux.S
[402/1234] Compiling DequeModule UniqueDeque+Container.swift
[403/1234] Compiling DequeModule UniqueDeque+Deprecated.swift
[404/1234] Compiling DequeModule UniqueDeque+Descriptions.swift
[405/1234] Compiling DequeModule UniqueDeque+Equatable.swift
[406/1234] Compiling DequeModule UniqueDeque+Experimental.swift
[406/1239] Compiling sha256-586-apple.S
[407/1239] Compiling sha1-x86_64-linux.S
[408/1239] Compiling sha1-x86_64-apple.S
[409/1245] Compiling sha1-armv8-win.S
[410/1245] Compiling sha1-armv8-linux.S
[411/1270] Compiling sha1-armv8-apple.S
[412/1280] Compiling sha1-armv4-large-linux.S
[413/1280] Compiling sha1-586-linux.S
[414/1280] Compiling sha1-586-apple.S
[415/1280] Compiling rsaz-avx2-linux.S
[417/1280] Compiling DequeModule UniqueDeque+Hashable.swift
[418/1280] Compiling DequeModule UniqueDeque+Initializers.swift
[419/1280] Compiling DequeModule UniqueDeque+Insertions.swift
[420/1280] Compiling DequeModule UniqueDeque+Prepend.swift
[421/1280] Compiling DequeModule UniqueDeque+Removals.swift
[422/1280] Compiling DequeModule UniqueDeque+Container.swift
[423/1280] Compiling DequeModule UniqueDeque+Deprecated.swift
[424/1280] Compiling DequeModule UniqueDeque+Descriptions.swift
[425/1280] Compiling DequeModule UniqueDeque+Equatable.swift
[426/1280] Compiling DequeModule UniqueDeque+Experimental.swift
[426/1280] Compiling rsaz-avx2-apple.S
[427/1285] Compiling rdrand-x86_64-apple.S
[428/1285] Compiling rdrand-x86_64-linux.S
[430/1285] Compiling DequeModule Deque+Extras.swift
[431/1285] Compiling DequeModule Deque+Hashable.swift
[432/1285] Compiling DequeModule Deque+Testing.swift
[433/1285] Compiling DequeModule Deque._Storage.swift
[434/1285] Compiling DequeModule Deque._UnsafeHandle.swift
[435/1285] Compiling DequeModule Deque.swift
[436/1285] Compiling OrderedCollections OrderedSet+Partial SetAlgebra formSymmetricDifference.swift
[437/1285] Compiling OrderedCollections OrderedSet+Partial SetAlgebra formUnion.swift
[438/1285] Compiling OrderedCollections OrderedSet+Partial SetAlgebra intersection.swift
[439/1285] Compiling OrderedCollections OrderedSet+Partial SetAlgebra isDisjoint.swift
[440/1285] Compiling OrderedCollections OrderedSet+Partial SetAlgebra isEqualSet.swift
[441/1285] Compiling OrderedCollections OrderedSet+Partial SetAlgebra isStrictSubset.swift
[442/1285] Compiling OrderedCollections OrderedSet+Partial SetAlgebra isStrictSuperset.swift
[443/1285] Compiling OrderedCollections OrderedSet+Partial SetAlgebra isSubset.swift
[443/1285] Compiling p256_beeu-armv8-asm-win.S
[444/1285] Compiling p256_beeu-x86_64-asm-apple.S
[445/1285] Compiling p256_beeu-x86_64-asm-linux.S
[446/1285] Compiling p256_beeu-armv8-asm-linux.S
[447/1285] Compiling p256_beeu-armv8-asm-apple.S
[448/1285] Compiling p256-x86_64-asm-linux.S
[449/1285] Compiling p256-x86_64-asm-apple.S
[451/1285] Compiling DequeModule Deque+Codable.swift
[452/1285] Compiling DequeModule Deque+Collection.swift
[453/1285] Compiling DequeModule Deque+CustomReflectable.swift
[454/1285] Compiling DequeModule Deque+Descriptions.swift
[455/1285] Compiling DequeModule Deque+Equatable.swift
[456/1285] Compiling DequeModule Deque+ExpressibleByArrayLiteral.swift
[457/1285] Compiling DequeModule _DequeBuffer.swift
[458/1285] Compiling DequeModule _DequeBufferHeader.swift
[459/1285] Compiling DequeModule RigidDeque+Equatable.swift
[460/1285] Compiling DequeModule RigidDeque+Experimental.swift
[461/1285] Compiling DequeModule RigidDeque+Hashable.swift
[462/1285] Compiling DequeModule RigidDeque+Initializers.swift
[463/1285] Compiling DequeModule RigidDeque+Insertions.swift
[464/1285] Compiling DequeModule RigidDeque+Prepend.swift
[465/1285] Compiling DequeModule RigidDeque+Removals.swift
[466/1285] Compiling DequeModule RigidDeque+Replacements.swift
[467/1285] Compiling DequeModule RigidDeque+Testing.swift
[468/1285] Compiling DequeModule RigidDeque.swift
[469/1285] Compiling DequeModule UniqueDeque+Append.swift
[470/1285] Compiling DequeModule UniqueDeque+Consumption.swift
[470/1285] Compiling p256-armv8-asm-win.S
[471/1285] Compiling p256-armv8-asm-linux.S
[480/1285] Compiling p256-armv8-asm-apple.S
[481/1285] Compiling ghashv8-armv8-win.S
[482/1285] Compiling ghashv8-armv8-linux.S
[483/1285] Compiling ghashv8-armv8-apple.S
[484/1285] Compiling ghashv8-armv7-linux.S
[485/1285] Compiling ghash-x86_64-linux.S
[486/1285] Compiling ghash-x86-linux.S
[487/1285] Compiling ghash-x86_64-apple.S
[488/1285] Compiling ghash-x86-apple.S
[489/1285] Compiling ghash-ssse3-x86_64-apple.S
[490/1285] Compiling ghash-ssse3-x86_64-linux.S
[491/1285] Compiling ghash-ssse3-x86-linux.S
[492/1285] Compiling ghash-ssse3-x86-apple.S
[496/1285] Compiling DequeModule RigidDeque+Append.swift
[497/1285] Compiling DequeModule RigidDeque+Consumption.swift
[498/1285] Compiling DequeModule RigidDeque+Container.swift
[499/1285] Compiling DequeModule RigidDeque+Descriptions.swift
[499/1285] Compiling ghash-neon-armv8-win.S
[500/1285] Compiling ghash-neon-armv8-linux.S
[514/1285] Compiling ghash-neon-armv8-apple.S
[515/1285] Compiling ghash-armv4-linux.S
[516/1285] Compiling co-586-linux.S
[517/1285] Compiling co-586-apple.S
[518/1285] Compiling bsaes-armv7-linux.S
[519/1285] Compiling bn-armv8-win.S
[520/1285] Compiling bn-armv8-linux.S
[521/1285] Compiling bn-armv8-apple.S
[522/1285] Compiling bn-586-linux.S
[535/1285] Compiling armv8-mont-win.S
[536/1285] Compiling bn-586-apple.S
[537/1285] Compiling armv8-mont-linux.S
[538/1285] Compiling armv8-mont-apple.S
[539/1285] Compiling armv4-mont-linux.S
[540/1285] Compiling aesv8-gcm-armv8-linux.S
[541/1285] Compiling aesv8-gcm-armv8-win.S
[542/1285] Compiling aesv8-gcm-armv8-apple.S
[543/1285] Compiling aesv8-armv8-linux.S
[544/1285] Compiling aesv8-armv8-win.S
[545/1285] Compiling aesv8-armv8-apple.S
[546/1285] Compiling aesv8-armv7-linux.S
[547/1285] Compiling aesni-x86_64-linux.S
[557/1285] Compiling DequeModule UniqueDeque+Replacements.swift
[558/1285] Compiling DequeModule UniqueDeque.swift
[559/1285] Compiling DequeModule _DequeSlot.swift
[560/1285] Compiling DequeModule _UnsafeDequeHandle.swift
[561/1285] Compiling DequeModule _UnsafeDequeSegments.swift
[564/1285] Compiling aesni-x86-linux.S
[566/1285] Compiling OrderedCollections OrderedSet+Sendable.swift
[567/1285] Compiling OrderedCollections OrderedSet+SubSequence.swift
[568/1285] Compiling OrderedCollections OrderedSet+Testing.swift
[569/1285] Compiling OrderedCollections OrderedSet+UnorderedView.swift
[570/1285] Compiling OrderedCollections OrderedSet+UnstableInternals.swift
[571/1285] Compiling OrderedCollections OrderedSet.swift
[572/1285] Compiling OrderedCollections _UnsafeBitset.swift
[572/1285] Compiling aesni-x86_64-apple.S
[581/1285] Compiling aesni-x86-apple.S
[582/1285] Compiling aesni-gcm-x86_64-apple.S
[583/1285] Compiling aesni-gcm-x86_64-linux.S
[584/1285] Compiling aes-gcm-avx512-x86_64-linux.S
[609/1285] Compiling aes-gcm-avx2-x86_64-apple.S
[610/1285] Compiling aes-gcm-avx512-x86_64-apple.S
[611/1285] Compiling aes-gcm-avx2-x86_64-linux.S
[652/1285] Emitting module OrderedCollections
[654/1287] Compiling xwing.cc
[656/1301] Compiling x_x509a.cc
[657/1301] Compiling x_x509.cc
[659/1315] Compiling ConduitMacros GuideMacro.swift
[660/1315] Compiling ConduitMacros GenerableMacro.swift
[661/1315] Compiling ConduitMacros ConduitMacrosPlugin.swift
[662/1315] Emitting module ConduitMacros
[663/1316] Compiling x_spki.cc
[664/1316] Wrapping AST for ConduitMacros for debugging
[665/1316] Write Objects.LinkFileList
[671/1316] Compiling x_sig.cc
[673/1316] Emitting module DequeModule
[678/1317] Compiling x_req.cc
[681/1317] Emitting module DequeModule
[682/1318] Compiling x_pubkey.cc
[683/1318] Linking ConduitMacros-tool
[684/1318] Compiling x_name.cc
[685/1318] Compiling x_exten.cc
[686/1318] Compiling x_crl.cc
[687/1318] Compiling x_all.cc
[688/1318] Compiling x_attrib.cc
[690/1318] Compiling Jinja Utilities.swift
[691/1320] Compiling x_algor.cc
[692/1320] Compiling x509spki.cc
[693/1320] Compiling x509rset.cc
[694/1320] Compiling x509name.cc
[696/1320] Compiling Jinja Macro.swift
[697/1320] Compiling Jinja Parser.swift
[697/1320] Compiling x509cset.cc
[698/1320] Compiling x509_vpm.cc
[700/1320] Compiling Jinja Value.swift
[701/1320] Compiling Jinja Tests.swift
[702/1320] Compiling Jinja Token.swift
[703/1320] Compiling Jinja Value.swift
[704/1320] Compiling Jinja Interpreter.swift
[705/1320] Compiling Jinja Lexer.swift
[706/1320] Compiling Jinja AST.swift
[707/1320] Compiling Jinja Error.swift
[707/1320] Compiling x509_txt.cc
[708/1320] Compiling x509_vfy.cc
[709/1320] Compiling x509_v3.cc
[710/1320] Compiling x509_trs.cc
[711/1320] Compiling x509_set.cc
[713/1320] Compiling Jinja PropertyMembers.swift
[714/1320] Compiling Jinja Template.swift
[714/1320] Compiling x509_req.cc
[721/1320] Compiling x509_def.cc
[725/1320] Emitting module Jinja
[726/1320] Compiling Jinja Filters.swift
[727/1320] Compiling Jinja Globals.swift
[728/1321] Compiling x509_ext.cc
[729/1321] Compiling x509_lu.cc
[730/1321] Compiling x509_obj.cc
[731/1321] Compiling x509_d2.cc
[737/1321] Emitting module Jinja
[737/1322] Compiling x509_cmp.cc
[739/1322] Compiling x509_att.cc
[740/1322] Compiling x509.cc
[741/1322] Compiling v3_prn.cc
[742/1322] Compiling v3_purp.cc
[743/1322] Compiling v3_skey.cc
[744/1322] Compiling v3_utl.cc
[745/1322] Compiling v3_pmaps.cc
[746/1322] Compiling v3_pcons.cc
[747/1322] Compiling v3_ocsp.cc
[748/1322] Compiling v3_ncons.cc
[749/1322] Compiling v3_lib.cc
[750/1322] Compiling v3_int.cc
[751/1322] Compiling v3_ia5.cc
[752/1322] Compiling v3_info.cc
[753/1322] Compiling v3_genn.cc
[754/1322] Compiling v3_extku.cc
[755/1322] Compiling v3_enum.cc
[756/1322] Compiling v3_cpols.cc
[757/1322] Compiling v3_crld.cc
[758/1322] Compiling v3_bitst.cc
[759/1322] Compiling v3_conf.cc
[760/1322] Compiling v3_bcons.cc
[761/1322] Compiling v3_alt.cc
[762/1322] Compiling v3_akeya.cc
[763/1322] Compiling v3_akey.cc
[764/1322] Compiling t_x509a.cc
[765/1322] Compiling t_crl.cc
[766/1322] Compiling t_x509.cc
[767/1322] Compiling t_req.cc
[768/1322] Compiling rsa_pss.cc
[769/1322] Compiling i2d_pr.cc
[770/1322] Compiling name_print.cc
[771/1322] Compiling policy.cc
[772/1322] Compiling by_file.cc
[773/1322] Compiling algorithm.cc
[774/1322] Compiling by_dir.cc
[775/1322] Compiling asn1_gen.cc
[776/1322] Compiling a_verify.cc
[777/1322] Compiling voprf.cc
[778/1322] Compiling a_digest.cc
[779/1322] Compiling a_sign.cc
[780/1322] Compiling thread_win.cc
[781/1322] Compiling thread_pthread.cc
[782/1322] Compiling thread_none.cc
[783/1322] Compiling thread.cc
[784/1322] Compiling stack.cc
[785/1322] Compiling pmbtoken.cc
[786/1322] Compiling sha512.cc
[787/1322] Compiling siphash.cc
[788/1322] Compiling trust_token.cc
[789/1322] Compiling sha256.cc
[790/1322] Compiling slhdsa.cc
[791/1322] Compiling sha1.cc
[792/1322] Compiling spake2plus.cc
[793/1322] Compiling rsa_print.cc
[794/1322] Compiling rsa_extra.cc
[795/1322] Compiling refcount.cc
[796/1322] Compiling rc4.cc
[797/1322] Compiling rsa_crypt.cc
[798/1322] Compiling windows.cc
[799/1322] Compiling trusty.cc
[800/1322] Compiling rand.cc
[801/1322] Compiling urandom.cc
[802/1322] Compiling ios.cc
[803/1322] Compiling getentropy.cc
[803/1322] Compiling passive.cc
[805/1322] Compiling poly1305_arm_asm.S
[806/1322] Compiling deterministic.cc
[807/1322] Compiling forkunsafe.cc
[808/1322] Compiling fork_detect.cc
[809/1322] Compiling rsa_asn1.cc
[810/1322] Compiling poly1305_arm.cc
[811/1322] Compiling poly1305.cc
[812/1322] Compiling poly1305_vec.cc
[813/1322] Compiling pool.cc
[814/1322] Compiling pkcs7.cc
[815/1322] Compiling pkcs8.cc
[816/1322] Compiling p5_pbev2.cc
[817/1322] Compiling pkcs8_x509.cc
[818/1322] Compiling pkcs7_x509.cc
[819/1322] Compiling pem_xaux.cc
[820/1322] Compiling pem_x509.cc
[821/1322] Compiling pem_pkey.cc
[822/1322] Compiling mlkem.cc
[823/1322] Compiling obj_xref.cc
[824/1322] Compiling pem_pk8.cc
[825/1322] Compiling pem_oth.cc
[826/1322] Compiling mldsa.cc
[827/1322] Compiling pem_info.cc
[828/1322] Compiling pem_lib.cc
[829/1322] Compiling pem_all.cc
[830/1322] Compiling obj.cc
[831/1322] Compiling poly_rq_mul.S
[832/1322] Compiling mem.cc
[833/1322] Compiling fips_shared_support.cc
[834/1322] Compiling lhash.cc
[835/1322] Compiling md5.cc
[836/1322] Compiling fuzzer_mode.cc
[836/1322] Compiling md4.cc
[838/1322] Compiling kyber.cc
[839/1322] Compiling ex_data.cc
[840/1322] Compiling hrss.cc
[841/1322] Compiling hpke.cc
[842/1322] Compiling scrypt.cc
[843/1322] Compiling print.cc
[844/1322] Compiling pbkdf.cc
[845/1322] Compiling sign.cc
[846/1322] Compiling p_x25519_asn1.cc
[847/1322] Compiling p_x25519.cc
[848/1322] Compiling p_rsa_asn1.cc
[849/1322] Compiling p_hkdf.cc
[850/1322] Compiling p_ed25519_asn1.cc
[851/1322] Compiling p_rsa.cc
[852/1322] Compiling p_ed25519.cc
[853/1322] Compiling p_ec_asn1.cc
[854/1322] Compiling p_ec.cc
[855/1322] Compiling p_dsa_asn1.cc
[856/1322] Compiling p_dh_asn1.cc
[857/1322] Compiling p_dh.cc
[858/1322] Compiling evp_ctx.cc
[859/1322] Compiling err.cc
[860/1322] Compiling evp_asn1.cc
[861/1322] Compiling engine.cc
[862/1322] Compiling ecdsa_p1363.cc
[863/1322] Compiling evp.cc
[864/1322] Compiling ecdh.cc
[865/1322] Compiling ecdsa_asn1.cc
[866/1322] Compiling ec_derive.cc
[867/1322] Compiling dsa.cc
[868/1322] Compiling hash_to_curve.cc
[869/1322] Compiling digest_extra.cc
[870/1322] Compiling dsa_asn1.cc
[871/1322] Compiling ec_asn1.cc
[872/1322] Compiling x25519-asm-arm.S
[873/1322] Compiling des.cc
[874/1322] Compiling params.cc
[875/1322] Compiling dh_asn1.cc
[876/1322] Compiling crypto.cc
[877/1322] Compiling curve25519.cc
[878/1322] Compiling spake25519.cc
[879/1322] Compiling cpu_arm_linux.cc
[880/1322] Compiling cpu_intel.cc
[881/1322] Compiling cpu_arm_freebsd.cc
[882/1322] Compiling curve25519_64_adx.cc
[883/1322] Compiling cpu_aarch64_win.cc
[884/1322] Compiling cpu_aarch64_openbsd.cc
[885/1322] Compiling cpu_aarch64_fuchsia.cc
[886/1322] Compiling cpu_aarch64_sysreg.cc
[887/1322] Compiling cpu_aarch64_linux.cc
[888/1322] Compiling cpu_aarch64_apple.cc
[889/1322] Compiling conf.cc
[890/1322] Compiling tls_cbc.cc
[891/1322] Compiling get_cipher.cc
[892/1322] Compiling e_rc4.cc
[893/1322] Compiling e_tls.cc
[894/1322] Compiling e_null.cc
[895/1322] Compiling e_rc2.cc
[896/1322] Compiling cms.cc
[897/1322] Compiling e_des.cc
[898/1322] Compiling e_chacha20poly1305.cc
[899/1322] Compiling e_aeseax.cc
[900/1322] Compiling derive_key.cc
[901/1322] Compiling e_aesgcmsiv.cc
[902/1322] Compiling e_aesctrhmac.cc
[903/1322] Compiling chacha.cc
[904/1322] Compiling buf.cc
[905/1322] Compiling unicode.cc
[906/1322] Compiling sqrt.cc
[907/1322] Compiling ber.cc
[908/1322] Compiling cbb.cc
[909/1322] Compiling asn1_compat.cc
[910/1322] Compiling cbs.cc
[911/1322] Compiling exponentiation.cc
[912/1322] Compiling div.cc
[913/1322] Compiling printf.cc
[914/1322] Compiling hexdump.cc
[915/1322] Compiling pair.cc
[916/1322] Compiling bn_asn1.cc
[917/1322] Compiling blake2.cc
[918/1322] Compiling convert.cc
[919/1322] Compiling file.cc
[920/1322] Compiling fd.cc
[921/1322] Compiling errno.cc
[922/1322] Compiling bio_mem.cc
[923/1322] Compiling base64.cc
[924/1322] Compiling bio.cc
[925/1322] Compiling tasn_typ.cc
[926/1322] Compiling tasn_fre.cc
[927/1322] Compiling tasn_enc.cc
[928/1322] Compiling tasn_utl.cc
[929/1322] Compiling posix_time.cc
[930/1322] Compiling tasn_new.cc
[931/1322] Compiling f_int.cc
[932/1322] Compiling f_string.cc
[933/1322] Compiling tasn_dec.cc
[934/1322] Compiling asn_pack.cc
[935/1322] Compiling asn1_par.cc
[936/1322] Compiling a_type.cc
[937/1322] Compiling a_utctm.cc
[938/1322] Compiling a_time.cc
[939/1322] Compiling asn1_lib.cc
[940/1322] Compiling a_octet.cc
[941/1322] Compiling a_strex.cc
[942/1322] Compiling a_i2d_fp.cc
[943/1322] Compiling a_strnid.cc
[944/1322] Compiling a_object.cc
[945/1322] Compiling a_mbstr.cc
[946/1322] Compiling a_gentm.cc
[947/1322] Compiling a_dup.cc
[948/1322] Compiling a_int.cc
[949/1322] Compiling fiat_p256_adx_sqr.S
[950/1322] Compiling fiat_p256_adx_mul.S
[951/1322] Compiling fiat_curve25519_adx_square.S
[951/1322] Compiling fiat_curve25519_adx_mul.S
[953/1322] Compiling a_d2i_fp.cc
[954/1322] Compiling md5-x86_64-linux.S
[955/1322] Compiling md5-x86_64-apple.S
[956/1322] Compiling md5-586-apple.S
[957/1322] Compiling md5-586-linux.S
[958/1322] Compiling chacha20_poly1305_armv8-win.S
[958/1322] Compiling chacha20_poly1305_x86_64-apple.S
[960/1322] Compiling chacha20_poly1305_x86_64-linux.S
[961/1322] Compiling chacha20_poly1305_armv8-apple.S
[961/1322] Compiling chacha20_poly1305_armv8-linux.S
[963/1322] Compiling aes.cc
[964/1322] Compiling chacha-x86-linux.S
[965/1322] Compiling chacha-x86_64-apple.S
[966/1322] Compiling chacha-x86_64-linux.S
[967/1322] Compiling chacha-x86-apple.S
[968/1322] Compiling chacha-armv8-linux.S
[969/1322] Compiling chacha-armv8-win.S
[970/1322] Compiling a_bool.cc
[971/1322] Compiling chacha-armv8-apple.S
[972/1322] Compiling chacha-armv4-linux.S
[973/1322] Compiling aes128gcmsiv-x86_64-apple.S
[974/1322] Compiling aes128gcmsiv-x86_64-linux.S
[975/1322] Compiling err_data.cc
[976/1322] Compiling x86_64-mont5-apple.S
[977/1322] Compiling x86_64-mont-linux.S
[977/1322] Compiling x86_64-mont5-linux.S
[979/1322] Compiling x86-mont-linux.S
[980/1322] Compiling x86_64-mont-apple.S
[981/1322] Compiling x86-mont-apple.S
[982/1322] Compiling vpaes-x86_64-apple.S
[983/1322] Compiling vpaes-x86-linux.S
[984/1322] Compiling vpaes-x86_64-linux.S
[985/1322] Compiling vpaes-x86-apple.S
[986/1322] Compiling vpaes-armv8-win.S
[987/1322] Compiling vpaes-armv8-linux.S
[988/1322] Compiling vpaes-armv8-apple.S
[989/1322] Compiling vpaes-armv7-linux.S
[990/1322] Compiling sha512-x86_64-linux.S
[991/1322] Compiling sha512-armv8-win.S
[992/1322] Compiling sha512-x86_64-apple.S
[993/1322] Compiling sha512-armv8-linux.S
[994/1322] Compiling a_bitstr.cc
[995/1322] Compiling sha512-armv4-linux.S
[996/1322] Compiling sha512-armv8-apple.S
[997/1322] Compiling sha512-586-apple.S
[998/1322] Compiling sha512-586-linux.S
[999/1322] Compiling sha256-x86_64-apple.S
[1000/1322] Compiling sha256-armv8-linux.S
[1001/1322] Compiling sha256-x86_64-linux.S
[1002/1322] Compiling sha256-armv8-win.S
[1003/1322] Compiling sha256-armv8-apple.S
[1004/1322] Compiling sha256-armv4-linux.S
[1005/1322] Compiling sha256-586-linux.S
[1006/1322] Compiling sha256-586-apple.S
[1007/1322] Compiling sha1-armv8-win.S
[1008/1322] Compiling sha1-x86_64-apple.S
[1009/1322] Compiling sha1-armv8-linux.S
[1010/1322] Compiling sha1-x86_64-linux.S
[1011/1322] Compiling sha1-armv8-apple.S
[1012/1322] Compiling sha1-586-linux.S
[1013/1322] Compiling sha1-armv4-large-linux.S
[1014/1322] Compiling sha1-586-apple.S
[1015/1322] Compiling rsaz-avx2-apple.S
[1016/1322] Compiling rsaz-avx2-linux.S
[1017/1322] Compiling rdrand-x86_64-linux.S
[1018/1322] Compiling rdrand-x86_64-apple.S
[1019/1322] Compiling p256_beeu-x86_64-asm-linux.S
[1020/1322] Compiling p256_beeu-x86_64-asm-apple.S
[1021/1322] Compiling p256_beeu-armv8-asm-win.S
[1022/1322] Compiling p256_beeu-armv8-asm-linux.S
[1023/1322] Compiling p256_beeu-armv8-asm-apple.S
[1024/1322] Compiling p256-x86_64-asm-apple.S
[1025/1322] Compiling p256-armv8-asm-win.S
[1026/1322] Compiling p256-x86_64-asm-linux.S
[1027/1322] Compiling p256-armv8-asm-linux.S
[1028/1322] Compiling p256-armv8-asm-apple.S
[1029/1322] Compiling ghashv8-armv8-win.S
[1030/1322] Compiling ghashv8-armv8-linux.S
[1031/1322] Compiling ghash-x86_64-linux.S
[1032/1322] Compiling ghash-x86_64-apple.S
[1033/1322] Compiling ghashv8-armv7-linux.S
[1034/1322] Compiling ghash-x86-linux.S
[1035/1322] Compiling ghashv8-armv8-apple.S
[1036/1322] Compiling ghash-x86-apple.S
[1037/1322] Compiling ghash-ssse3-x86_64-linux.S
[1038/1322] Compiling ghash-ssse3-x86-linux.S
[1039/1322] Compiling ghash-ssse3-x86_64-apple.S
[1040/1322] Compiling ghash-ssse3-x86-apple.S
[1040/1322] Compiling ghash-neon-armv8-win.S
[1042/1322] Compiling ghash-neon-armv8-linux.S
[1043/1322] Compiling ghash-neon-armv8-apple.S
[1044/1322] Compiling ghash-armv4-linux.S
[1045/1322] Compiling co-586-linux.S
[1046/1322] Compiling bn-armv8-win.S
[1046/1322] Compiling co-586-apple.S
[1048/1322] Compiling bsaes-armv7-linux.S
[1049/1322] Compiling bn-armv8-linux.S
[1050/1322] Compiling bn-armv8-apple.S
[1051/1322] Compiling bn-586-linux.S
[1052/1322] Compiling bn-586-apple.S
[1053/1322] Compiling armv8-mont-win.S
[1054/1322] Compiling armv8-mont-linux.S
[1055/1322] Compiling armv8-mont-apple.S
[1056/1322] Compiling armv4-mont-linux.S
[1057/1322] Compiling aesv8-gcm-armv8-win.S
[1058/1322] Compiling aesv8-gcm-armv8-linux.S
[1059/1322] Compiling aesv8-gcm-armv8-apple.S
[1060/1322] Compiling aesv8-armv8-win.S
[1061/1322] Compiling aesv8-armv7-linux.S
[1062/1322] Compiling aesv8-armv8-linux.S
[1063/1322] Compiling aesv8-armv8-apple.S
[1064/1322] Compiling aesni-x86_64-linux.S
[1065/1322] Compiling aesni-x86_64-apple.S
[1066/1322] Compiling aesni-x86-apple.S
[1067/1322] Compiling aesni-x86-linux.S
[1068/1322] Compiling aesni-gcm-x86_64-linux.S
[1069/1322] Compiling aesni-gcm-x86_64-apple.S
[1070/1322] Compiling aes-gcm-avx512-x86_64-linux.S
[1071/1322] Compiling aes-gcm-avx512-x86_64-apple.S
[1072/1322] Compiling aes-gcm-avx2-x86_64-apple.S
[1073/1322] Compiling aes-gcm-avx2-x86_64-linux.S
[1074/1322] Compiling xwing.cc
[1075/1322] Compiling x_sig.cc
[1076/1322] Compiling x_spki.cc
[1077/1322] Compiling x_x509a.cc
[1078/1322] Compiling x_req.cc
[1079/1322] Compiling x_x509.cc
[1080/1322] Compiling x_pubkey.cc
[1081/1322] Compiling x_name.cc
[1082/1322] Compiling x_exten.cc
[1083/1322] Compiling x_attrib.cc
[1084/1322] Compiling x_crl.cc
[1085/1322] Compiling x509spki.cc
[1086/1322] Compiling x_all.cc
[1087/1322] Compiling x_algor.cc
[1088/1322] Compiling bcm.cc
[1089/1322] Compiling x509rset.cc
[1090/1330] Compiling x509name.cc
[1091/1330] Compiling x509_vpm.cc
[1092/1330] Compiling x509cset.cc
[1093/1330] Compiling x509_v3.cc
[1094/1330] Compiling x509_vfy.cc
[1095/1330] Compiling x509_txt.cc
[1096/1330] Compiling x509_trs.cc
[1098/1330] Compiling CryptoBoringWrapper RandomBytes.swift
[1098/1330] Compiling x509_req.cc
[1100/1330] Compiling CryptoBoringWrapper EllipticCurvePoint.swift
[1100/1330] Compiling x509_def.cc
[1101/1330] Compiling x509_set.cc
[1102/1330] Compiling x509_obj.cc
[1104/1330] Compiling CryptoBoringWrapper BoringSSLAEAD.swift
[1105/1330] Emitting module CryptoBoringWrapper
[1105/1330] Compiling x509_ext.cc
[1106/1330] Compiling x509_lu.cc
[1108/1330] Compiling CryptoBoringWrapper CryptoKitErrors_boring.swift
[1109/1330] Compiling CryptoBoringWrapper ArbitraryPrecisionInteger.swift
[1110/1330] Compiling CryptoBoringWrapper EllipticCurve.swift
[1111/1330] Compiling CryptoBoringWrapper FiniteFieldArithmeticContext.swift
[1112/1331] Compiling x509_d2.cc
[1113/1415] Compiling x509_cmp.cc
[1114/1415] Compiling x509_att.cc
[1115/1415] Compiling x509.cc
[1116/1415] Compiling v3_skey.cc
[1117/1415] Compiling v3_purp.cc
[1118/1415] Compiling v3_utl.cc
[1119/1415] Compiling v3_prn.cc
[1120/1415] Compiling v3_pmaps.cc
[1121/1415] Compiling v3_ncons.cc
[1122/1415] Compiling v3_ocsp.cc
[1123/1415] Compiling v3_pcons.cc
[1125/1415] Compiling Crypto HPKE-LabeledExtract.swift
[1126/1415] Compiling Crypto HPKE-Utils.swift
[1127/1415] Compiling Crypto DHKEM.swift
[1128/1415] Compiling Crypto HPKE-KEM-Curve25519.swift
[1129/1415] Compiling Crypto HPKE-NIST-EC-KEMs.swift
[1130/1415] Compiling Crypto HPKE-KEM.swift
[1131/1415] Compiling Crypto HPKE-Errors.swift
[1132/1415] Compiling Crypto HPKE.swift
[1133/1415] Compiling Crypto HPKE-Context.swift
[1134/1415] Compiling Crypto HPKE-KeySchedule.swift
[1135/1415] Compiling Crypto HPKE-Modes.swift
[1136/1415] Compiling Crypto Insecure.swift
[1136/1415] Compiling v3_lib.cc
[1137/1426] Compiling v3_int.cc
[1139/1426] Compiling Crypto HKDF.swift
[1140/1426] Compiling Crypto AESWrap.swift
[1141/1426] Compiling Crypto AESWrap_boring.swift
[1142/1426] Compiling Crypto Ed25519_boring.swift
[1143/1426] Compiling Crypto NISTCurvesKeys_boring.swift
[1144/1426] Compiling Crypto X25519Keys_boring.swift
[1145/1426] Compiling Crypto Curve25519.swift
[1146/1426] Compiling Crypto Ed25519Keys.swift
[1147/1426] Compiling Crypto NISTCurvesKeys.swift
[1148/1426] Compiling Crypto X25519Keys.swift
[1149/1426] Compiling Crypto SymmetricKeys.swift
[1150/1426] Compiling Crypto HMAC.swift
[1150/1426] Compiling v3_info.cc
[1151/1426] Compiling v3_ia5.cc
[1152/1426] Compiling v3_genn.cc
[1154/1426] Compiling Crypto CryptoKitErrors.swift
[1155/1426] Compiling Crypto Digest_boring.swift
[1156/1426] Compiling Crypto Digest.swift
[1157/1426] Compiling Crypto Digests.swift
[1158/1426] Compiling Crypto HashFunctions.swift
[1159/1426] Compiling Crypto HashFunctions_SHA2.swift
[1160/1426] Compiling Crypto HashFunctions_SHA3.swift
[1161/1426] Compiling Crypto Digest_xkcp.swift
[1162/1426] Compiling Crypto HPKE-AEAD.swift
[1163/1426] Compiling Crypto HPKE-Ciphersuite.swift
[1164/1426] Compiling Crypto HPKE-KDF.swift
[1165/1426] Compiling Crypto HPKE-KexKeyDerivation.swift
[1166/1426] Compiling Crypto AES-GCM.swift
[1167/1426] Compiling Crypto AES-GCM_boring.swift
[1168/1426] Compiling Crypto ChaChaPoly_boring.swift
[1169/1426] Compiling Crypto ChaChaPoly.swift
[1170/1426] Compiling Crypto Cipher.swift
[1171/1426] Compiling Crypto Nonces.swift
[1172/1426] Compiling Crypto ASN1.swift
[1173/1426] Compiling Crypto ASN1Any.swift
[1174/1426] Compiling Crypto ASN1BitString.swift
[1175/1426] Compiling Crypto ASN1Boolean.swift
[1176/1426] Compiling Crypto ASN1Identifier.swift
[1177/1426] Compiling Crypto ASN1Integer.swift
[1177/1426] Compiling v3_extku.cc
[1179/1426] Compiling Crypto ASN1Null.swift
[1180/1426] Compiling Crypto ASN1OctetString.swift
[1181/1426] Compiling Crypto ASN1Strings.swift
[1182/1426] Compiling Crypto ArraySliceBigint.swift
[1183/1426] Compiling Crypto GeneralizedTime.swift
[1184/1426] Compiling Crypto ObjectIdentifier.swift
[1185/1426] Compiling Crypto ECDSASignature.swift
[1186/1426] Compiling Crypto PEMDocument.swift
[1187/1426] Compiling Crypto PKCS8PrivateKey.swift
[1188/1426] Compiling Crypto SEC1PrivateKey.swift
[1189/1426] Compiling Crypto SubjectPublicKeyInfo.swift
[1190/1426] Compiling Crypto CryptoError_boring.swift
[1191/1426] Emitting module Crypto
[1191/1426] Compiling v3_enum.cc
[1192/1426] Compiling v3_cpols.cc
[1193/1426] Compiling v3_crld.cc
[1194/1426] Compiling v3_conf.cc
[1195/1426] Compiling v3_bitst.cc
[1196/1426] Compiling v3_bcons.cc
[1197/1426] Compiling v3_alt.cc
[1198/1426] Compiling v3_akey.cc
[1199/1426] Compiling t_x509a.cc
[1200/1426] Compiling v3_akeya.cc
[1202/1426] Compiling Crypto Signature.swift
[1203/1426] Compiling Crypto CryptoKitErrors_boring.swift
[1204/1426] Compiling Crypto Optional+withUnsafeBytes_boring.swift
[1205/1426] Compiling Crypto RNG_boring.swift
[1206/1426] Compiling Crypto SafeCompare_boring.swift
[1207/1426] Compiling Crypto Zeroization_boring.swift
[1208/1426] Compiling Crypto _CryptoModuleAnchor.swift
[1209/1426] Compiling Crypto PrettyBytes.swift
[1210/1426] Compiling Crypto SafeCompare.swift
[1211/1426] Compiling Crypto SecureBytes.swift
[1212/1426] Compiling Crypto Zeroization.swift
[1212/1426] Compiling t_x509.cc
[1213/1426] Compiling t_req.cc
[1214/1426] Compiling t_crl.cc
[1216/1426] Compiling Crypto MACFunctions.swift
[1217/1426] Compiling Crypto MessageAuthenticationCode.swift
[1218/1426] Compiling Crypto AES.swift
[1219/1426] Compiling Crypto ECDSASignature_boring.swift
[1220/1426] Compiling Crypto ECDSA_boring.swift
[1221/1426] Compiling Crypto EdDSA_boring.swift
[1222/1426] Compiling Crypto MLDSA_boring.swift
[1223/1426] Compiling Crypto MLDSA_wrapper.swift
[1224/1426] Compiling Crypto ECDSA.swift
[1225/1426] Compiling Crypto Ed25519.swift
[1226/1426] Compiling Crypto MLDSA.swift
[1226/1426] Compiling i2d_pr.cc
[1227/1426] Compiling rsa_pss.cc
[1228/1426] Compiling name_print.cc
[1229/1426] Compiling policy.cc
[1231/1426] Compiling Crypto Insecure_HashFunctions.swift
[1232/1426] Compiling Crypto MLKEM_boring.swift
[1233/1426] Compiling Crypto MLKEM_wrapper.swift
[1234/1426] Compiling Crypto XWing_boring.swift
[1235/1426] Compiling Crypto KEM-Errors.swift
[1236/1426] Compiling Crypto KEM.swift
[1237/1426] Compiling Crypto MLKEM.swift
[1238/1426] Compiling Crypto XWing.swift
[1239/1426] Compiling Crypto ECDH_boring.swift
[1240/1426] Compiling Crypto DH.swift
[1241/1426] Compiling Crypto ECDH.swift
[1242/1426] Compiling Crypto ANSIx963.swift
[1243/1427] Compiling by_file.cc
[1244/1427] Compiling by_dir.cc
[1245/1427] Compiling asn1_gen.cc
[1246/1427] Compiling algorithm.cc
[1247/1427] Compiling a_verify.cc
[1248/1427] Compiling a_digest.cc
[1249/1427] Compiling a_sign.cc
[1250/1427] Compiling voprf.cc
[1251/1427] Compiling thread_win.cc
[1252/1427] Compiling thread_pthread.cc
[1253/1427] Compiling thread_none.cc
[1254/1427] Compiling trust_token.cc
[1255/1427] Compiling thread.cc
[1256/1427] Compiling pmbtoken.cc
[1257/1427] Compiling stack.cc
[1258/1427] Compiling sha512.cc
[1259/1427] Compiling sha256.cc
[1260/1427] Compiling siphash.cc
[1261/1427] Compiling sha1.cc
[1262/1427] Compiling slhdsa.cc
[1263/1427] Compiling rsa_print.cc
[1264/1427] Compiling rsa_extra.cc
[1265/1427] Compiling spake2plus.cc
[1266/1427] Compiling rc4.cc
[1267/1427] Compiling refcount.cc
[1268/1427] Compiling windows.cc
[1269/1427] Compiling trusty.cc
[1270/1427] Compiling urandom.cc
[1271/1427] Compiling rsa_crypt.cc
[1272/1427] Compiling rand.cc
[1273/1427] Compiling ios.cc
[1274/1427] Compiling passive.cc
[1275/1427] Compiling getentropy.cc
[1276/1427] Compiling poly1305_arm_asm.S
[1277/1427] Compiling deterministic.cc
[1278/1427] Compiling forkunsafe.cc
[1279/1427] Compiling fork_detect.cc
[1280/1427] Compiling rsa_asn1.cc
[1281/1427] Compiling poly1305_arm.cc
[1282/1427] Compiling poly1305.cc
[1283/1427] Compiling pool.cc
[1284/1427] Compiling poly1305_vec.cc
[1285/1427] Compiling pkcs7.cc
[1286/1427] Compiling p5_pbev2.cc
[1287/1427] Compiling pkcs8.cc
[1288/1427] Compiling pkcs8_x509.cc
[1289/1427] Compiling pkcs7_x509.cc
[1290/1427] Compiling pem_xaux.cc
[1291/1427] Compiling pem_x509.cc
[1292/1427] Compiling pem_pkey.cc
[1293/1427] Compiling mlkem.cc
[1294/1427] Compiling obj_xref.cc
[1295/1427] Compiling pem_pk8.cc
[1296/1427] Compiling pem_oth.cc
[1297/1427] Compiling mldsa.cc
[1298/1427] Compiling pem_info.cc
[1299/1427] Compiling pem_lib.cc
[1300/1427] Compiling pem_all.cc
[1301/1427] Compiling obj.cc
[1302/1427] Compiling mem.cc
[1303/1427] Compiling poly_rq_mul.S
[1304/1427] Compiling fips_shared_support.cc
[1304/1427] Compiling lhash.cc
[1306/1427] Compiling md5.cc
[1307/1427] Compiling md4.cc
[1308/1427] Compiling fuzzer_mode.cc
[1309/1427] Compiling kyber.cc
[1310/1427] Compiling ex_data.cc
[1311/1427] Compiling hrss.cc
[1312/1427] Compiling hpke.cc
[1313/1427] Compiling scrypt.cc
[1314/1427] Compiling pbkdf.cc
[1315/1427] Compiling print.cc
[1316/1427] Compiling sign.cc
[1317/1427] Compiling p_x25519_asn1.cc
[1318/1427] Compiling p_x25519.cc
[1319/1427] Compiling p_rsa_asn1.cc
[1320/1427] Compiling p_hkdf.cc
[1321/1427] Compiling p_ed25519_asn1.cc
[1322/1427] Compiling p_rsa.cc
[1323/1427] Compiling p_ed25519.cc
[1324/1427] Compiling p_ec_asn1.cc
[1325/1427] Compiling p_ec.cc
[1326/1427] Compiling p_dsa_asn1.cc
[1327/1427] Compiling p_dh.cc
[1328/1427] Compiling p_dh_asn1.cc
[1329/1427] Compiling evp_ctx.cc
[1330/1427] Compiling err.cc
[1331/1427] Compiling evp_asn1.cc
[1332/1427] Compiling evp.cc
[1333/1427] Compiling engine.cc
[1334/1427] Compiling ecdsa_p1363.cc
[1335/1427] Compiling ecdh.cc
[1336/1427] Compiling ec_derive.cc
[1337/1427] Compiling ecdsa_asn1.cc
[1338/1427] Compiling hash_to_curve.cc
[1339/1427] Compiling dsa.cc
[1340/1427] Compiling dsa_asn1.cc
[1341/1427] Compiling digest_extra.cc
[1342/1427] Compiling ec_asn1.cc
[1343/1427] Compiling x25519-asm-arm.S
[1344/1427] Compiling des.cc
[1345/1427] Compiling params.cc
[1346/1427] Compiling dh_asn1.cc
[1347/1427] Compiling crypto.cc
[1348/1427] Compiling cpu_intel.cc
[1349/1427] Compiling spake25519.cc
[1350/1427] Compiling cpu_arm_linux.cc
[1351/1427] Compiling curve25519.cc
[1352/1427] Compiling curve25519_64_adx.cc
[1353/1427] Compiling cpu_arm_freebsd.cc
[1354/1427] Compiling cpu_aarch64_win.cc
[1355/1427] Compiling cpu_aarch64_sysreg.cc
[1356/1427] Compiling cpu_aarch64_openbsd.cc
[1357/1427] Compiling cpu_aarch64_apple.cc
[1358/1427] Compiling cpu_aarch64_linux.cc
[1359/1427] Compiling cpu_aarch64_fuchsia.cc
[1360/1427] Compiling conf.cc
[1361/1427] Compiling tls_cbc.cc
[1362/1427] Compiling get_cipher.cc
[1363/1427] Compiling e_tls.cc
[1364/1427] Compiling e_rc4.cc
[1365/1427] Compiling e_rc2.cc
[1366/1427] Compiling e_null.cc
[1367/1427] Compiling e_des.cc
[1368/1427] Compiling e_chacha20poly1305.cc
[1369/1427] Compiling e_aesgcmsiv.cc
[1370/1427] Compiling cms.cc
[1371/1427] Compiling e_aeseax.cc
[1372/1427] Compiling e_aesctrhmac.cc
[1373/1427] Compiling derive_key.cc
[1374/1427] Compiling chacha.cc
[1375/1427] Compiling buf.cc
[1376/1427] Compiling unicode.cc
[1377/1427] Compiling cbs.cc
[1378/1427] Compiling sqrt.cc
[1379/1427] Compiling ber.cc
[1380/1427] Compiling cbb.cc
[1381/1427] Compiling asn1_compat.cc
[1382/1427] Compiling div.cc
[1383/1427] Compiling exponentiation.cc
[1384/1427] Compiling printf.cc
[1385/1427] Compiling pair.cc
[1386/1427] Compiling bn_asn1.cc
[1387/1427] Compiling convert.cc
[1388/1427] Compiling blake2.cc
[1389/1427] Compiling hexdump.cc
[1390/1427] Compiling file.cc
[1391/1427] Compiling fd.cc
[1392/1427] Compiling errno.cc
[1393/1427] Compiling bio_mem.cc
[1394/1427] Compiling base64.cc
[1395/1427] Compiling bio.cc
[1396/1427] Compiling tasn_typ.cc
[1397/1427] Compiling tasn_fre.cc
[1398/1427] Compiling posix_time.cc
[1399/1427] Compiling tasn_enc.cc
[1400/1427] Compiling tasn_utl.cc
[1401/1427] Compiling tasn_new.cc
[1402/1427] Compiling f_string.cc
[1403/1427] Compiling asn_pack.cc
[1404/1427] Compiling f_int.cc
[1405/1427] Compiling tasn_dec.cc
[1406/1427] Compiling asn1_par.cc
[1407/1427] Compiling asn1_lib.cc
[1408/1427] Compiling a_utctm.cc
[1409/1427] Compiling a_octet.cc
[1410/1427] Compiling a_time.cc
[1411/1427] Compiling a_type.cc
[1412/1427] Compiling a_strex.cc
[1413/1427] Compiling a_strnid.cc
[1414/1427] Compiling a_i2d_fp.cc
[1415/1427] Compiling a_mbstr.cc
[1416/1427] Compiling a_dup.cc
[1417/1427] Compiling a_int.cc
[1417/1427] Write sources
[1420/1427] Compiling a_gentm.cc
[1421/1427] Compiling a_object.cc
[1422/1427] Compiling a_d2i_fp.cc
[1423/1463] Compiling aes.cc
[1424/1463] Compiling a_bool.cc
[1426/1463] Compiling Atomics AtomicReference.swift
[1427/1463] Compiling Atomics AtomicStorage.swift
[1428/1465] Compiling Atomics ManagedAtomic.swift
[1429/1465] Compiling Atomics ManagedAtomicLazyReference.swift
[1430/1467] Compiling Atomics UnsafeAtomic.swift
[1431/1467] Compiling Atomics UnsafeAtomicLazyReference.swift
[1435/1467] Compiling Atomics AtomicMemoryOrderings.swift
[1436/1467] Compiling Atomics DoubleWord.swift
[1438/1467] Compiling Atomics AtomicValue.swift
[1440/1467] Compiling a_bitstr.cc
[1444/1467] Compiling Atomics OptionalRawRepresentable.swift
[1445/1467] Compiling Atomics RawRepresentable.swift
[1446/1467] Compiling Atomics AtomicBool.swift
[1447/1467] Compiling Atomics AtomicInteger.swift
[1448/1467] Compiling Atomics AtomicOptionalWrappable.swift
[1449/1467] Compiling Atomics IntegerOperations.swift
[1450/1467] Compiling Atomics Unmanaged extensions.swift
[1456/1467] Emitting module Atomics
[1457/1467] Compiling Atomics IntegerConformances.swift
[1458/1467] Compiling Atomics PointerConformances.swift
[1459/1467] Compiling Atomics Primitives.native.swift
[1460/1467] Emitting module Atomics
[1468/1597] Compiling bcm.cc
[1470/1605] Compiling CryptoBoringWrapper FiniteFieldArithmeticContext.swift
[1471/1605] Compiling CryptoBoringWrapper RandomBytes.swift
[1472/1605] Compiling CryptoBoringWrapper CryptoKitErrors_boring.swift
[1473/1605] Emitting module CryptoBoringWrapper
[1474/1605] Compiling CryptoBoringWrapper BoringSSLAEAD.swift
[1475/1605] Compiling CryptoBoringWrapper EllipticCurvePoint.swift
[1476/1605] Compiling CryptoBoringWrapper EllipticCurve.swift
[1477/1605] Compiling CryptoBoringWrapper ArbitraryPrecisionInteger.swift
[1479/1690] Compiling Crypto ASN1Null.swift
[1480/1690] Compiling Crypto ASN1OctetString.swift
[1481/1690] Compiling Crypto ASN1Strings.swift
[1482/1690] Compiling Crypto ArraySliceBigint.swift
[1483/1690] Compiling Crypto GeneralizedTime.swift
[1484/1690] Compiling Crypto ObjectIdentifier.swift
[1485/1690] Compiling Crypto ECDSASignature.swift
[1486/1690] Compiling Crypto PEMDocument.swift
[1487/1690] Compiling Crypto PKCS8PrivateKey.swift
[1488/1698] Compiling Crypto ASN1.swift
[1489/1698] Compiling Crypto ASN1Any.swift
[1490/1698] Compiling Crypto ASN1BitString.swift
[1491/1698] Compiling Crypto ASN1Boolean.swift
[1492/1698] Compiling Crypto ASN1Identifier.swift
[1493/1698] Compiling Crypto ASN1Integer.swift
[1494/1698] Compiling Crypto CryptoKitErrors.swift
[1495/1698] Compiling Crypto Digest_boring.swift
[1496/1698] Compiling Crypto Digest.swift
[1497/1706] Compiling Crypto HPKE-KeySchedule.swift
[1498/1706] Compiling Crypto HPKE-Modes.swift
[1499/1706] Compiling Crypto Insecure.swift
[1500/1706] Compiling Crypto Insecure_HashFunctions.swift
[1501/1706] Compiling Crypto MLKEM_boring.swift
[1502/1706] Compiling Crypto MLKEM_wrapper.swift
[1503/1706] Compiling Crypto XWing_boring.swift
[1504/1706] Compiling Crypto KEM-Errors.swift
[1505/1706] Compiling Crypto KEM.swift
[1509/1706] Compiling Crypto Digests.swift
[1510/1706] Compiling Crypto HashFunctions.swift
[1511/1706] Compiling Crypto HashFunctions_SHA2.swift
[1512/1706] Compiling Crypto HashFunctions_SHA3.swift
[1513/1706] Compiling Crypto Digest_xkcp.swift
[1514/1706] Compiling Crypto HPKE-AEAD.swift
[1515/1706] Compiling Crypto HPKE-Ciphersuite.swift
[1516/1706] Compiling Crypto HPKE-KDF.swift
[1517/1706] Compiling Crypto HPKE-KexKeyDerivation.swift
[1518/1717] Compiling NIOCore SingleStepByteToMessageDecoder.swift
[1519/1717] Compiling NIOCore SocketAddresses.swift
[1520/1717] Compiling NIOCore SocketOptionProvider.swift
[1521/1717] Compiling NIOCore SystemCallHelpers.swift
[1522/1717] Compiling NIOCore TimeAmount+Duration.swift
[1523/1717] Compiling NIOCore TypeAssistedChannelHandler.swift
[1524/1717] Compiling NIOCore UniversalBootstrapSupport.swift
[1525/1717] Compiling NIOCore Utilities.swift
[1535/1717] Compiling Crypto SEC1PrivateKey.swift
[1536/1717] Compiling Crypto SubjectPublicKeyInfo.swift
[1537/1717] Compiling Crypto CryptoError_boring.swift
[1538/1717] Emitting module Crypto
[1539/1717] Compiling Crypto AES-GCM.swift
[1540/1717] Compiling Crypto AES-GCM_boring.swift
[1541/1717] Compiling Crypto ChaChaPoly_boring.swift
[1542/1717] Compiling Crypto ChaChaPoly.swift
[1543/1717] Compiling Crypto Cipher.swift
[1544/1717] Compiling Crypto Nonces.swift
[1551/1717] Compiling Crypto HPKE-LabeledExtract.swift
[1552/1717] Compiling Crypto HPKE-Utils.swift
[1553/1717] Compiling Crypto DHKEM.swift
[1554/1717] Compiling Crypto HPKE-KEM-Curve25519.swift
[1555/1717] Compiling Crypto HPKE-NIST-EC-KEMs.swift
[1556/1717] Compiling Crypto HPKE-KEM.swift
[1557/1717] Compiling Crypto HPKE-Errors.swift
[1558/1717] Compiling Crypto HPKE.swift
[1559/1717] Compiling Crypto HPKE-Context.swift
[1577/1717] Compiling Crypto MACFunctions.swift
[1578/1717] Compiling Crypto MessageAuthenticationCode.swift
[1579/1717] Compiling Crypto AES.swift
[1580/1717] Compiling Crypto ECDSASignature_boring.swift
[1581/1717] Compiling Crypto ECDSA_boring.swift
[1582/1717] Compiling Crypto EdDSA_boring.swift
[1583/1717] Compiling Crypto MLDSA_boring.swift
[1584/1717] Compiling Crypto MLDSA_wrapper.swift
[1585/1717] Compiling Crypto ECDSA.swift
[1586/1717] Compiling Crypto Ed25519.swift
[1587/1717] Compiling Crypto MLDSA.swift
[1588/1717] Compiling Crypto HKDF.swift
[1589/1717] Compiling Crypto AESWrap.swift
[1590/1717] Compiling Crypto AESWrap_boring.swift
[1599/1717] Compiling Crypto HMAC.swift
[1609/1717] Compiling Crypto MLKEM.swift
[1610/1717] Compiling Crypto XWing.swift
[1611/1717] Compiling Crypto ECDH_boring.swift
[1612/1717] Compiling Crypto DH.swift
[1613/1717] Compiling Crypto ECDH.swift
[1614/1717] Compiling Crypto ANSIx963.swift
[1636/1717] Compiling Crypto Signature.swift
[1637/1717] Compiling Crypto CryptoKitErrors_boring.swift
[1638/1717] Compiling Crypto Optional+withUnsafeBytes_boring.swift
[1639/1717] Compiling Crypto RNG_boring.swift
[1640/1717] Compiling Crypto SafeCompare_boring.swift
[1641/1717] Compiling Crypto Zeroization_boring.swift
[1642/1717] Compiling Crypto _CryptoModuleAnchor.swift
[1643/1717] Compiling Crypto PrettyBytes.swift
[1644/1717] Compiling Crypto SafeCompare.swift
[1645/1717] Compiling Crypto SecureBytes.swift
[1646/1717] Compiling Crypto Zeroization.swift
[1699/1718] Emitting module NIOCore
[1721/1730] Emitting module EventSource
[1722/1730] Compiling EventSource EventSource+AsyncHTTPClient.swift
[1723/1730] Compiling EventSource EventSource.swift
[1724/1730] Compiling EventSource AsyncEventsSequence.swift
[1725/1730] Compiling EventSource AsyncSequence+Events.swift
[1727/1780] Compiling EventSource EventSource.swift
[1728/1780] Compiling EventSource AsyncEventsSequence.swift
[1729/1780] Compiling EventSource AsyncSequence+Events.swift
[1730/1780] Compiling EventSource EventSource+AsyncHTTPClient.swift
[1731/1780] Emitting module EventSource
[1733/1830] Compiling HuggingFace InferenceClient.swift
[1734/1830] Compiling HuggingFace Message.swift
[1735/1830] Compiling HuggingFace Provider.swift
[1736/1830] Compiling HuggingFace SpeechToText.swift
[1737/1830] Compiling HuggingFace TextToImage.swift
[1738/1830] Compiling HuggingFace TextToVideo.swift
[1739/1830] Compiling HuggingFace HuggingFaceAuthenticationManager.swift
[1740/1836] Compiling HuggingFace HubClient+Models.swift
[1741/1836] Compiling HuggingFace HubClient+OAuth.swift
[1742/1836] Compiling HuggingFace HubClient+Organizations.swift
[1743/1836] Compiling HuggingFace HubClient+Pagination.swift
[1744/1836] Compiling HuggingFace HubClient+Papers.swift
[1745/1836] Compiling HuggingFace HubClient+Repos.swift
[1746/1836] Compiling HuggingFace HubClient+Spaces.swift
[1747/1842] Compiling HuggingFace FeatureExtraction.swift
[1748/1842] Compiling HuggingFace OAuthClient.swift
[1749/1842] Compiling HuggingFace TokenStorage.swift
[1750/1842] Compiling HuggingFace CacheLocationProvider.swift
[1751/1842] Compiling HuggingFace Data+Extensions.swift
[1752/1842] Compiling HuggingFace JSONDecoder+Extensions.swift
[1753/1842] Compiling HuggingFace URL+Extensions.swift
[1754/1842] Compiling HuggingFace Git.swift
[1755/1842] Compiling HuggingFace HubCache.swift
[1756/1842] Compiling HuggingFace HubClient+Collections.swift
[1757/1842] Compiling HuggingFace HubClient+Datasets.swift
[1758/1842] Compiling HuggingFace HubClient+Discussions.swift
[1759/1842] Compiling HuggingFace HubClient+Files.swift
[1760/1842] Compiling HuggingFace HubClient+Git.swift
[1761/1842] Compiling HuggingFace URLSession+Linux.swift
[1762/1842] Compiling HuggingFace FileLock.swift
[1763/1842] Compiling HuggingFace HTTPClient.swift
[1764/1842] Compiling HuggingFace MultipartBuilder.swift
[1765/1842] Compiling HuggingFace TokenProvider.swift
[1766/1842] Compiling HuggingFace Value.swift
[1767/1842] Emitting module HuggingFace
[1774/1842] Compiling HuggingFace Repo.swift
[1775/1842] Compiling HuggingFace ResourceGroup.swift
[1776/1842] Compiling HuggingFace Space.swift
[1777/1842] Compiling HuggingFace Tags.swift
[1778/1842] Compiling HuggingFace User.swift
[1779/1842] Compiling HuggingFace ChatCompletion.swift
[1781/1842] Emitting module HuggingFace
[1782/1842] Compiling HuggingFace AccessRequest.swift
[1783/1842] Compiling HuggingFace Billing.swift
[1784/1842] Compiling HuggingFace Collection.swift
[1785/1842] Compiling HuggingFace CommaSeparatedList.swift
[1786/1842] Compiling HuggingFace Dataset.swift
[1787/1842] Compiling HuggingFace Discussion.swift
[1788/1842] Compiling HuggingFace File.swift
[1816/1842] Compiling HuggingFace HubClient+User.swift
[1817/1842] Compiling HuggingFace HubClient.swift
[1818/1842] Compiling HuggingFace Model.swift
[1819/1842] Compiling HuggingFace OAuth.swift
[1820/1842] Compiling HuggingFace Organization.swift
[1821/1842] Compiling HuggingFace Pagination.swift
[1822/1842] Compiling HuggingFace Paper.swift
[1845/1858] Compiling Hub resource_bundle_accessor.swift
[1847/1858] Compiling Hub YYJSONParser.swift
[1848/1858] Compiling Hub Config.swift
[1849/1858] Compiling Hub Hub.swift
[1850/1858] Emitting module Hub
[1851/1858] Compiling Hub BinaryDistinct.swift
[1852/1858] Compiling Hub HubApi.swift
[1854/1859] Compiling Hub Config.swift
[1855/1859] Compiling Hub HubApi.swift
[1856/1859] Compiling Hub BinaryDistinct.swift
[1857/1859] Emitting module Hub
[1858/1859] Compiling Hub Hub.swift
[1859/1859] Compiling Hub YYJSONParser.swift
[1861/2094] Compiling Conduit ModelLRUCache.swift
[1862/2094] Compiling Conduit TextEmbeddingCache.swift
[1863/2094] Compiling Conduit MiniMaxAuthentication.swift
[1864/2094] Compiling Conduit MiniMaxConfiguration.swift
[1865/2094] Compiling Conduit MiniMaxModelID.swift
[1866/2094] Compiling Conduit MiniMaxProvider.swift
[1867/2094] Compiling Conduit OllamaProvider.swift
[1868/2094] Compiling Conduit AzureConfiguration.swift
[1869/2094] Compiling Conduit DALLEImageSize.swift
[1870/2094] Compiling Conduit DALLEQuality.swift
[1871/2094] Compiling Conduit DALLEStyle.swift
[1872/2094] Compiling Conduit OllamaConfiguration.swift
[1873/2094] Compiling Conduit OpenAIAuthentication.swift
[1874/2094] Compiling Conduit OpenAICapabilities.swift
[1875/2094] Compiling Conduit OpenAIConfiguration.swift
[1876/2094] Compiling Conduit OpenAIEndpoint.swift
/host/spi-builder-workspace/Sources/Conduit/Providers/FoundationModels/FoundationModelsProvider.swift:397:52: error: conformance of 'FoundationModelsProvider' to protocol 'TextGenerator' crosses into actor-isolated code and can cause data races [#ConformanceIsolation]
395 |
396 | /// Fallback stub for platforms without FoundationModels.
397 | public actor FoundationModelsProvider: AIProvider, TextGenerator {
| | |- error: conformance of 'FoundationModelsProvider' to protocol 'TextGenerator' crosses into actor-isolated code and can cause data races [#ConformanceIsolation]
| | `- note: turn data races into runtime errors with '@preconcurrency'
| `- note: mark all declarations used in the conformance 'nonisolated'
398 |
399 | public typealias Response = GenerationResult
:
427 | }
428 |
429 | public func stream(
| `- note: actor-isolated instance method 'stream(_:model:config:)' cannot satisfy nonisolated requirement
430 | _ prompt: String,
431 | model: ModelIdentifier,
:
437 | }
438 |
439 | public func streamWithMetadata(
| `- note: actor-isolated instance method 'streamWithMetadata(messages:model:config:)' cannot satisfy nonisolated requirement
440 | messages: [Message],
441 | model: ModelIdentifier,
[#ConformanceIsolation]: <https://docs.swift.org/compiler/documentation/diagnostics/conformance-isolation>
/host/spi-builder-workspace/Sources/Conduit/Providers/FoundationModels/FoundationModelsProvider.swift:397:52: error: conformance of 'FoundationModelsProvider' to protocol 'TextGenerator' crosses into actor-isolated code and can cause data races [#ConformanceIsolation]
395 |
396 | /// Fallback stub for platforms without FoundationModels.
397 | public actor FoundationModelsProvider: AIProvider, TextGenerator {
| | |- error: conformance of 'FoundationModelsProvider' to protocol 'TextGenerator' crosses into actor-isolated code and can cause data races [#ConformanceIsolation]
| | `- note: turn data races into runtime errors with '@preconcurrency'
| `- note: mark all declarations used in the conformance 'nonisolated'
398 |
399 | public typealias Response = GenerationResult
:
427 | }
428 |
429 | public func stream(
| `- note: actor-isolated instance method 'stream(_:model:config:)' cannot satisfy nonisolated requirement
430 | _ prompt: String,
431 | model: ModelIdentifier,
:
437 | }
438 |
439 | public func streamWithMetadata(
| `- note: actor-isolated instance method 'streamWithMetadata(messages:model:config:)' cannot satisfy nonisolated requirement
440 | messages: [Message],
441 | model: ModelIdentifier,
[#ConformanceIsolation]: <https://docs.swift.org/compiler/documentation/diagnostics/conformance-isolation>
/host/spi-builder-workspace/Sources/Conduit/Providers/FoundationModels/FoundationModelsProvider.swift:397:52: error: conformance of 'FoundationModelsProvider' to protocol 'TextGenerator' crosses into actor-isolated code and can cause data races [#ConformanceIsolation]
395 |
396 | /// Fallback stub for platforms without FoundationModels.
397 | public actor FoundationModelsProvider: AIProvider, TextGenerator {
| | |- error: conformance of 'FoundationModelsProvider' to protocol 'TextGenerator' crosses into actor-isolated code and can cause data races [#ConformanceIsolation]
| | `- note: turn data races into runtime errors with '@preconcurrency'
| `- note: mark all declarations used in the conformance 'nonisolated'
398 |
399 | public typealias Response = GenerationResult
:
427 | }
428 |
429 | public func stream(
| `- note: actor-isolated instance method 'stream(_:model:config:)' cannot satisfy nonisolated requirement
430 | _ prompt: String,
431 | model: ModelIdentifier,
:
437 | }
438 |
439 | public func streamWithMetadata(
| `- note: actor-isolated instance method 'streamWithMetadata(messages:model:config:)' cannot satisfy nonisolated requirement
440 | messages: [Message],
441 | model: ModelIdentifier,
[#ConformanceIsolation]: <https://docs.swift.org/compiler/documentation/diagnostics/conformance-isolation>
/host/spi-builder-workspace/Sources/Conduit/Providers/FoundationModels/FoundationModelsProvider.swift:397:52: error: conformance of 'FoundationModelsProvider' to protocol 'TextGenerator' crosses into actor-isolated code and can cause data races [#ConformanceIsolation]
395 |
396 | /// Fallback stub for platforms without FoundationModels.
397 | public actor FoundationModelsProvider: AIProvider, TextGenerator {
| | |- error: conformance of 'FoundationModelsProvider' to protocol 'TextGenerator' crosses into actor-isolated code and can cause data races [#ConformanceIsolation]
| | `- note: turn data races into runtime errors with '@preconcurrency'
| `- note: mark all declarations used in the conformance 'nonisolated'
398 |
399 | public typealias Response = GenerationResult
:
427 | }
428 |
429 | public func stream(
| `- note: actor-isolated instance method 'stream(_:model:config:)' cannot satisfy nonisolated requirement
430 | _ prompt: String,
431 | model: ModelIdentifier,
:
437 | }
438 |
439 | public func streamWithMetadata(
| `- note: actor-isolated instance method 'streamWithMetadata(messages:model:config:)' cannot satisfy nonisolated requirement
440 | messages: [Message],
441 | model: ModelIdentifier,
[#ConformanceIsolation]: <https://docs.swift.org/compiler/documentation/diagnostics/conformance-isolation>
/host/spi-builder-workspace/Sources/Conduit/Providers/FoundationModels/FoundationModelsProvider.swift:397:52: error: conformance of 'FoundationModelsProvider' to protocol 'TextGenerator' crosses into actor-isolated code and can cause data races [#ConformanceIsolation]
395 |
396 | /// Fallback stub for platforms without FoundationModels.
397 | public actor FoundationModelsProvider: AIProvider, TextGenerator {
| | |- error: conformance of 'FoundationModelsProvider' to protocol 'TextGenerator' crosses into actor-isolated code and can cause data races [#ConformanceIsolation]
| | `- note: turn data races into runtime errors with '@preconcurrency'
| `- note: mark all declarations used in the conformance 'nonisolated'
398 |
399 | public typealias Response = GenerationResult
:
427 | }
428 |
429 | public func stream(
| `- note: actor-isolated instance method 'stream(_:model:config:)' cannot satisfy nonisolated requirement
430 | _ prompt: String,
431 | model: ModelIdentifier,
:
437 | }
438 |
439 | public func streamWithMetadata(
| `- note: actor-isolated instance method 'streamWithMetadata(messages:model:config:)' cannot satisfy nonisolated requirement
440 | messages: [Message],
441 | model: ModelIdentifier,
[#ConformanceIsolation]: <https://docs.swift.org/compiler/documentation/diagnostics/conformance-isolation>
/host/spi-builder-workspace/Sources/Conduit/Providers/FoundationModels/FoundationModelsProvider.swift:397:52: error: conformance of 'FoundationModelsProvider' to protocol 'TextGenerator' crosses into actor-isolated code and can cause data races [#ConformanceIsolation]
395 |
396 | /// Fallback stub for platforms without FoundationModels.
397 | public actor FoundationModelsProvider: AIProvider, TextGenerator {
| | |- error: conformance of 'FoundationModelsProvider' to protocol 'TextGenerator' crosses into actor-isolated code and can cause data races [#ConformanceIsolation]
| | `- note: turn data races into runtime errors with '@preconcurrency'
| `- note: mark all declarations used in the conformance 'nonisolated'
398 |
399 | public typealias Response = GenerationResult
:
427 | }
428 |
429 | public func stream(
| `- note: actor-isolated instance method 'stream(_:model:config:)' cannot satisfy nonisolated requirement
430 | _ prompt: String,
431 | model: ModelIdentifier,
:
437 | }
438 |
439 | public func streamWithMetadata(
| `- note: actor-isolated instance method 'streamWithMetadata(messages:model:config:)' cannot satisfy nonisolated requirement
440 | messages: [Message],
441 | model: ModelIdentifier,
[#ConformanceIsolation]: <https://docs.swift.org/compiler/documentation/diagnostics/conformance-isolation>
/host/spi-builder-workspace/Sources/Conduit/Providers/FoundationModels/FoundationModelsProvider.swift:397:52: error: conformance of 'FoundationModelsProvider' to protocol 'TextGenerator' crosses into actor-isolated code and can cause data races [#ConformanceIsolation]
395 |
396 | /// Fallback stub for platforms without FoundationModels.
397 | public actor FoundationModelsProvider: AIProvider, TextGenerator {
| | |- error: conformance of 'FoundationModelsProvider' to protocol 'TextGenerator' crosses into actor-isolated code and can cause data races [#ConformanceIsolation]
| | `- note: turn data races into runtime errors with '@preconcurrency'
| `- note: mark all declarations used in the conformance 'nonisolated'
398 |
399 | public typealias Response = GenerationResult
:
427 | }
428 |
429 | public func stream(
| `- note: actor-isolated instance method 'stream(_:model:config:)' cannot satisfy nonisolated requirement
430 | _ prompt: String,
431 | model: ModelIdentifier,
:
437 | }
438 |
439 | public func streamWithMetadata(
| `- note: actor-isolated instance method 'streamWithMetadata(messages:model:config:)' cannot satisfy nonisolated requirement
440 | messages: [Message],
441 | model: ModelIdentifier,
[#ConformanceIsolation]: <https://docs.swift.org/compiler/documentation/diagnostics/conformance-isolation>
/host/spi-builder-workspace/Sources/Conduit/Providers/FoundationModels/FoundationModelsProvider.swift:397:52: error: conformance of 'FoundationModelsProvider' to protocol 'TextGenerator' crosses into actor-isolated code and can cause data races [#ConformanceIsolation]
395 |
396 | /// Fallback stub for platforms without FoundationModels.
397 | public actor FoundationModelsProvider: AIProvider, TextGenerator {
| | |- error: conformance of 'FoundationModelsProvider' to protocol 'TextGenerator' crosses into actor-isolated code and can cause data races [#ConformanceIsolation]
| | `- note: turn data races into runtime errors with '@preconcurrency'
| `- note: mark all declarations used in the conformance 'nonisolated'
398 |
399 | public typealias Response = GenerationResult
:
427 | }
428 |
429 | public func stream(
| `- note: actor-isolated instance method 'stream(_:model:config:)' cannot satisfy nonisolated requirement
430 | _ prompt: String,
431 | model: ModelIdentifier,
:
437 | }
438 |
439 | public func streamWithMetadata(
| `- note: actor-isolated instance method 'streamWithMetadata(messages:model:config:)' cannot satisfy nonisolated requirement
440 | messages: [Message],
441 | model: ModelIdentifier,
[#ConformanceIsolation]: <https://docs.swift.org/compiler/documentation/diagnostics/conformance-isolation>
/host/spi-builder-workspace/Sources/Conduit/Providers/FoundationModels/FoundationModelsProvider.swift:397:52: error: conformance of 'FoundationModelsProvider' to protocol 'TextGenerator' crosses into actor-isolated code and can cause data races [#ConformanceIsolation]
395 |
396 | /// Fallback stub for platforms without FoundationModels.
397 | public actor FoundationModelsProvider: AIProvider, TextGenerator {
| | |- error: conformance of 'FoundationModelsProvider' to protocol 'TextGenerator' crosses into actor-isolated code and can cause data races [#ConformanceIsolation]
| | `- note: turn data races into runtime errors with '@preconcurrency'
| `- note: mark all declarations used in the conformance 'nonisolated'
398 |
399 | public typealias Response = GenerationResult
:
427 | }
428 |
429 | public func stream(
| `- note: actor-isolated instance method 'stream(_:model:config:)' cannot satisfy nonisolated requirement
430 | _ prompt: String,
431 | model: ModelIdentifier,
:
437 | }
438 |
439 | public func streamWithMetadata(
| `- note: actor-isolated instance method 'streamWithMetadata(messages:model:config:)' cannot satisfy nonisolated requirement
440 | messages: [Message],
441 | model: ModelIdentifier,
[#ConformanceIsolation]: <https://docs.swift.org/compiler/documentation/diagnostics/conformance-isolation>
/host/spi-builder-workspace/Sources/Conduit/Providers/FoundationModels/FoundationModelsProvider.swift:397:52: error: conformance of 'FoundationModelsProvider' to protocol 'TextGenerator' crosses into actor-isolated code and can cause data races [#ConformanceIsolation]
395 |
396 | /// Fallback stub for platforms without FoundationModels.
397 | public actor FoundationModelsProvider: AIProvider, TextGenerator {
| | |- error: conformance of 'FoundationModelsProvider' to protocol 'TextGenerator' crosses into actor-isolated code and can cause data races [#ConformanceIsolation]
| | `- note: turn data races into runtime errors with '@preconcurrency'
| `- note: mark all declarations used in the conformance 'nonisolated'
398 |
399 | public typealias Response = GenerationResult
:
427 | }
428 |
429 | public func stream(
| `- note: actor-isolated instance method 'stream(_:model:config:)' cannot satisfy nonisolated requirement
430 | _ prompt: String,
431 | model: ModelIdentifier,
:
437 | }
438 |
439 | public func streamWithMetadata(
| `- note: actor-isolated instance method 'streamWithMetadata(messages:model:config:)' cannot satisfy nonisolated requirement
440 | messages: [Message],
441 | model: ModelIdentifier,
[#ConformanceIsolation]: <https://docs.swift.org/compiler/documentation/diagnostics/conformance-isolation>
/host/spi-builder-workspace/Sources/Conduit/Providers/FoundationModels/FoundationModelsProvider.swift:397:52: error: conformance of 'FoundationModelsProvider' to protocol 'TextGenerator' crosses into actor-isolated code and can cause data races [#ConformanceIsolation]
395 |
396 | /// Fallback stub for platforms without FoundationModels.
397 | public actor FoundationModelsProvider: AIProvider, TextGenerator {
| | |- error: conformance of 'FoundationModelsProvider' to protocol 'TextGenerator' crosses into actor-isolated code and can cause data races [#ConformanceIsolation]
| | `- note: turn data races into runtime errors with '@preconcurrency'
| `- note: mark all declarations used in the conformance 'nonisolated'
398 |
399 | public typealias Response = GenerationResult
:
427 | }
428 |
429 | public func stream(
| `- note: actor-isolated instance method 'stream(_:model:config:)' cannot satisfy nonisolated requirement
430 | _ prompt: String,
431 | model: ModelIdentifier,
:
437 | }
438 |
439 | public func streamWithMetadata(
| `- note: actor-isolated instance method 'streamWithMetadata(messages:model:config:)' cannot satisfy nonisolated requirement
440 | messages: [Message],
441 | model: ModelIdentifier,
[#ConformanceIsolation]: <https://docs.swift.org/compiler/documentation/diagnostics/conformance-isolation>
/host/spi-builder-workspace/Sources/Conduit/Providers/FoundationModels/FoundationModelsProvider.swift:397:52: error: conformance of 'FoundationModelsProvider' to protocol 'TextGenerator' crosses into actor-isolated code and can cause data races [#ConformanceIsolation]
395 |
396 | /// Fallback stub for platforms without FoundationModels.
397 | public actor FoundationModelsProvider: AIProvider, TextGenerator {
| | |- error: conformance of 'FoundationModelsProvider' to protocol 'TextGenerator' crosses into actor-isolated code and can cause data races [#ConformanceIsolation]
| | `- note: turn data races into runtime errors with '@preconcurrency'
| `- note: mark all declarations used in the conformance 'nonisolated'
398 |
399 | public typealias Response = GenerationResult
:
427 | }
428 |
429 | public func stream(
| `- note: actor-isolated instance method 'stream(_:model:config:)' cannot satisfy nonisolated requirement
430 | _ prompt: String,
431 | model: ModelIdentifier,
:
437 | }
438 |
439 | public func streamWithMetadata(
| `- note: actor-isolated instance method 'streamWithMetadata(messages:model:config:)' cannot satisfy nonisolated requirement
440 | messages: [Message],
441 | model: ModelIdentifier,
[#ConformanceIsolation]: <https://docs.swift.org/compiler/documentation/diagnostics/conformance-isolation>
/host/spi-builder-workspace/Sources/Conduit/Providers/FoundationModels/FoundationModelsProvider.swift:397:52: error: conformance of 'FoundationModelsProvider' to protocol 'TextGenerator' crosses into actor-isolated code and can cause data races [#ConformanceIsolation]
395 |
396 | /// Fallback stub for platforms without FoundationModels.
397 | public actor FoundationModelsProvider: AIProvider, TextGenerator {
| | |- error: conformance of 'FoundationModelsProvider' to protocol 'TextGenerator' crosses into actor-isolated code and can cause data races [#ConformanceIsolation]
| | `- note: turn data races into runtime errors with '@preconcurrency'
| `- note: mark all declarations used in the conformance 'nonisolated'
398 |
399 | public typealias Response = GenerationResult
:
427 | }
428 |
429 | public func stream(
| `- note: actor-isolated instance method 'stream(_:model:config:)' cannot satisfy nonisolated requirement
430 | _ prompt: String,
431 | model: ModelIdentifier,
:
437 | }
438 |
439 | public func streamWithMetadata(
| `- note: actor-isolated instance method 'streamWithMetadata(messages:model:config:)' cannot satisfy nonisolated requirement
440 | messages: [Message],
441 | model: ModelIdentifier,
[#ConformanceIsolation]: <https://docs.swift.org/compiler/documentation/diagnostics/conformance-isolation>
/host/spi-builder-workspace/Sources/Conduit/Providers/FoundationModels/FoundationModelsProvider.swift:397:52: error: conformance of 'FoundationModelsProvider' to protocol 'TextGenerator' crosses into actor-isolated code and can cause data races [#ConformanceIsolation]
395 |
396 | /// Fallback stub for platforms without FoundationModels.
397 | public actor FoundationModelsProvider: AIProvider, TextGenerator {
| | |- error: conformance of 'FoundationModelsProvider' to protocol 'TextGenerator' crosses into actor-isolated code and can cause data races [#ConformanceIsolation]
| | `- note: turn data races into runtime errors with '@preconcurrency'
| `- note: mark all declarations used in the conformance 'nonisolated'
398 |
399 | public typealias Response = GenerationResult
:
427 | }
428 |
429 | public func stream(
| `- note: actor-isolated instance method 'stream(_:model:config:)' cannot satisfy nonisolated requirement
430 | _ prompt: String,
431 | model: ModelIdentifier,
:
437 | }
438 |
439 | public func streamWithMetadata(
| `- note: actor-isolated instance method 'streamWithMetadata(messages:model:config:)' cannot satisfy nonisolated requirement
440 | messages: [Message],
441 | model: ModelIdentifier,
[#ConformanceIsolation]: <https://docs.swift.org/compiler/documentation/diagnostics/conformance-isolation>
/host/spi-builder-workspace/Sources/Conduit/Providers/FoundationModels/FoundationModelsProvider.swift:397:52: error: conformance of 'FoundationModelsProvider' to protocol 'TextGenerator' crosses into actor-isolated code and can cause data races [#ConformanceIsolation]
395 |
396 | /// Fallback stub for platforms without FoundationModels.
397 | public actor FoundationModelsProvider: AIProvider, TextGenerator {
| | |- error: conformance of 'FoundationModelsProvider' to protocol 'TextGenerator' crosses into actor-isolated code and can cause data races [#ConformanceIsolation]
| | `- note: turn data races into runtime errors with '@preconcurrency'
| `- note: mark all declarations used in the conformance 'nonisolated'
398 |
399 | public typealias Response = GenerationResult
:
427 | }
428 |
429 | public func stream(
| `- note: actor-isolated instance method 'stream(_:model:config:)' cannot satisfy nonisolated requirement
430 | _ prompt: String,
431 | model: ModelIdentifier,
:
437 | }
438 |
439 | public func streamWithMetadata(
| `- note: actor-isolated instance method 'streamWithMetadata(messages:model:config:)' cannot satisfy nonisolated requirement
440 | messages: [Message],
441 | model: ModelIdentifier,
[#ConformanceIsolation]: <https://docs.swift.org/compiler/documentation/diagnostics/conformance-isolation>
/host/spi-builder-workspace/Sources/Conduit/Providers/FoundationModels/FoundationModelsProvider.swift:397:52: error: conformance of 'FoundationModelsProvider' to protocol 'TextGenerator' crosses into actor-isolated code and can cause data races [#ConformanceIsolation]
395 |
396 | /// Fallback stub for platforms without FoundationModels.
397 | public actor FoundationModelsProvider: AIProvider, TextGenerator {
| | |- error: conformance of 'FoundationModelsProvider' to protocol 'TextGenerator' crosses into actor-isolated code and can cause data races [#ConformanceIsolation]
| | `- note: turn data races into runtime errors with '@preconcurrency'
| `- note: mark all declarations used in the conformance 'nonisolated'
398 |
399 | public typealias Response = GenerationResult
:
427 | }
428 |
429 | public func stream(
| `- note: actor-isolated instance method 'stream(_:model:config:)' cannot satisfy nonisolated requirement
430 | _ prompt: String,
431 | model: ModelIdentifier,
:
437 | }
438 |
439 | public func streamWithMetadata(
| `- note: actor-isolated instance method 'streamWithMetadata(messages:model:config:)' cannot satisfy nonisolated requirement
440 | messages: [Message],
441 | model: ModelIdentifier,
[#ConformanceIsolation]: <https://docs.swift.org/compiler/documentation/diagnostics/conformance-isolation>
error: emit-module command failed with exit code 1 (use -v to see invocation)
[1893/2126] Emitting module Conduit
/host/spi-builder-workspace/Sources/Conduit/Providers/FoundationModels/FoundationModelsProvider.swift:397:52: error: conformance of 'FoundationModelsProvider' to protocol 'TextGenerator' crosses into actor-isolated code and can cause data races [#ConformanceIsolation]
395 |
396 | /// Fallback stub for platforms without FoundationModels.
397 | public actor FoundationModelsProvider: AIProvider, TextGenerator {
| | |- error: conformance of 'FoundationModelsProvider' to protocol 'TextGenerator' crosses into actor-isolated code and can cause data races [#ConformanceIsolation]
| | `- note: turn data races into runtime errors with '@preconcurrency'
| `- note: mark all declarations used in the conformance 'nonisolated'
398 |
399 | public typealias Response = GenerationResult
:
427 | }
428 |
429 | public func stream(
| `- note: actor-isolated instance method 'stream(_:model:config:)' cannot satisfy nonisolated requirement
430 | _ prompt: String,
431 | model: ModelIdentifier,
:
437 | }
438 |
439 | public func streamWithMetadata(
| `- note: actor-isolated instance method 'streamWithMetadata(messages:model:config:)' cannot satisfy nonisolated requirement
440 | messages: [Message],
441 | model: ModelIdentifier,
[#ConformanceIsolation]: <https://docs.swift.org/compiler/documentation/diagnostics/conformance-isolation>
[1894/2126] Compiling Conduit OpenAIModelID.swift
[1895/2126] Compiling Conduit OpenAIProvider+Embeddings.swift
[1896/2126] Compiling Conduit OpenAIProvider+Helpers.swift
[1897/2126] Compiling Conduit OpenAIProvider+Images.swift
[1898/2126] Compiling Conduit OpenAIProvider+Streaming.swift
[1899/2126] Compiling Conduit OpenAIProvider.swift
[1900/2126] Compiling Conduit OpenResponsesProvider.swift
[1901/2126] Compiling Conduit OpenRouterConfig.swift
[1902/2126] Compiling Conduit RetryConfiguration.swift
[1903/2126] Compiling Conduit HFMetadataService.swift
[1904/2126] Compiling Conduit MLXCompatibilityChecker.swift
[1905/2126] Compiling Conduit VLMDetector.swift
[1906/2126] Compiling Conduit GlobMatcher.swift
[1907/2126] Compiling Conduit JsonRepair.swift
[1908/2126] Compiling Conduit PartialJSONDecoder.swift
[1909/2126] Compiling Conduit ServerSentEventParser.swift
[1926/2126] Compiling Conduit TextGenerator.swift
[1927/2126] Compiling Conduit TokenCounter.swift
[1928/2126] Compiling Conduit Tool.swift
[1929/2126] Compiling Conduit Transcriber.swift
[1930/2126] Compiling Conduit GenerationChunk.swift
[1931/2126] Compiling Conduit StreamingResult.swift
[1932/2126] Compiling Conduit DynamicTool.swift
[1933/2126] Compiling Conduit ToolExecutor.swift
[1934/2126] Compiling Conduit AnyCodable.swift
[1935/2126] Compiling Conduit ConvertibleFromGeneratedContent.swift
[1936/2126] Compiling Conduit ConvertibleToGeneratedContent.swift
[1937/2126] Compiling Conduit DeviceCapabilities.swift
[1938/2126] Compiling Conduit DynamicGenerationSchema.swift
[1939/2126] Compiling Conduit EmbeddingResult.swift
[1940/2126] Compiling Conduit FinishReason.swift
[1941/2126] Compiling Conduit ForwardDeclarations.swift
[1942/2126] Compiling Conduit GenerateConfig.swift
[1943/2126] Compiling Conduit AnthropicConfiguration.swift
/host/spi-builder-workspace/Sources/Conduit/Providers/FoundationModels/FoundationModelsProvider.swift:397:52: error: conformance of 'FoundationModelsProvider' to protocol 'TextGenerator' crosses into actor-isolated code and can cause data races [#ConformanceIsolation]
395 |
396 | /// Fallback stub for platforms without FoundationModels.
397 | public actor FoundationModelsProvider: AIProvider, TextGenerator {
| | |- error: conformance of 'FoundationModelsProvider' to protocol 'TextGenerator' crosses into actor-isolated code and can cause data races [#ConformanceIsolation]
| | `- note: turn data races into runtime errors with '@preconcurrency'
| `- note: mark all declarations used in the conformance 'nonisolated'
398 |
399 | public typealias Response = GenerationResult
:
427 | }
428 |
429 | public func stream(
| `- note: actor-isolated instance method 'stream(_:model:config:)' cannot satisfy nonisolated requirement
430 | _ prompt: String,
431 | model: ModelIdentifier,
:
437 | }
438 |
439 | public func streamWithMetadata(
| `- note: actor-isolated instance method 'streamWithMetadata(messages:model:config:)' cannot satisfy nonisolated requirement
440 | messages: [Message],
441 | model: ModelIdentifier,
[#ConformanceIsolation]: <https://docs.swift.org/compiler/documentation/diagnostics/conformance-isolation>
[1944/2126] Compiling Conduit AnthropicModelID.swift
/host/spi-builder-workspace/Sources/Conduit/Providers/FoundationModels/FoundationModelsProvider.swift:397:52: error: conformance of 'FoundationModelsProvider' to protocol 'TextGenerator' crosses into actor-isolated code and can cause data races [#ConformanceIsolation]
395 |
396 | /// Fallback stub for platforms without FoundationModels.
397 | public actor FoundationModelsProvider: AIProvider, TextGenerator {
| | |- error: conformance of 'FoundationModelsProvider' to protocol 'TextGenerator' crosses into actor-isolated code and can cause data races [#ConformanceIsolation]
| | `- note: turn data races into runtime errors with '@preconcurrency'
| `- note: mark all declarations used in the conformance 'nonisolated'
398 |
399 | public typealias Response = GenerationResult
:
427 | }
428 |
429 | public func stream(
| `- note: actor-isolated instance method 'stream(_:model:config:)' cannot satisfy nonisolated requirement
430 | _ prompt: String,
431 | model: ModelIdentifier,
:
437 | }
438 |
439 | public func streamWithMetadata(
| `- note: actor-isolated instance method 'streamWithMetadata(messages:model:config:)' cannot satisfy nonisolated requirement
440 | messages: [Message],
441 | model: ModelIdentifier,
[#ConformanceIsolation]: <https://docs.swift.org/compiler/documentation/diagnostics/conformance-isolation>
[1945/2126] Compiling Conduit AnthropicProvider+Helpers.swift
/host/spi-builder-workspace/Sources/Conduit/Providers/FoundationModels/FoundationModelsProvider.swift:397:52: error: conformance of 'FoundationModelsProvider' to protocol 'TextGenerator' crosses into actor-isolated code and can cause data races [#ConformanceIsolation]
395 |
396 | /// Fallback stub for platforms without FoundationModels.
397 | public actor FoundationModelsProvider: AIProvider, TextGenerator {
| | |- error: conformance of 'FoundationModelsProvider' to protocol 'TextGenerator' crosses into actor-isolated code and can cause data races [#ConformanceIsolation]
| | `- note: turn data races into runtime errors with '@preconcurrency'
| `- note: mark all declarations used in the conformance 'nonisolated'
398 |
399 | public typealias Response = GenerationResult
:
427 | }
428 |
429 | public func stream(
| `- note: actor-isolated instance method 'stream(_:model:config:)' cannot satisfy nonisolated requirement
430 | _ prompt: String,
431 | model: ModelIdentifier,
:
437 | }
438 |
439 | public func streamWithMetadata(
| `- note: actor-isolated instance method 'streamWithMetadata(messages:model:config:)' cannot satisfy nonisolated requirement
440 | messages: [Message],
441 | model: ModelIdentifier,
[#ConformanceIsolation]: <https://docs.swift.org/compiler/documentation/diagnostics/conformance-isolation>
[1946/2126] Compiling Conduit AnthropicProvider+Streaming.swift
/host/spi-builder-workspace/Sources/Conduit/Providers/FoundationModels/FoundationModelsProvider.swift:397:52: error: conformance of 'FoundationModelsProvider' to protocol 'TextGenerator' crosses into actor-isolated code and can cause data races [#ConformanceIsolation]
395 |
396 | /// Fallback stub for platforms without FoundationModels.
397 | public actor FoundationModelsProvider: AIProvider, TextGenerator {
| | |- error: conformance of 'FoundationModelsProvider' to protocol 'TextGenerator' crosses into actor-isolated code and can cause data races [#ConformanceIsolation]
| | `- note: turn data races into runtime errors with '@preconcurrency'
| `- note: mark all declarations used in the conformance 'nonisolated'
398 |
399 | public typealias Response = GenerationResult
:
427 | }
428 |
429 | public func stream(
| `- note: actor-isolated instance method 'stream(_:model:config:)' cannot satisfy nonisolated requirement
430 | _ prompt: String,
431 | model: ModelIdentifier,
:
437 | }
438 |
439 | public func streamWithMetadata(
| `- note: actor-isolated instance method 'streamWithMetadata(messages:model:config:)' cannot satisfy nonisolated requirement
440 | messages: [Message],
441 | model: ModelIdentifier,
[#ConformanceIsolation]: <https://docs.swift.org/compiler/documentation/diagnostics/conformance-isolation>
[1947/2126] Compiling Conduit AnthropicProvider.swift
/host/spi-builder-workspace/Sources/Conduit/Providers/FoundationModels/FoundationModelsProvider.swift:397:52: error: conformance of 'FoundationModelsProvider' to protocol 'TextGenerator' crosses into actor-isolated code and can cause data races [#ConformanceIsolation]
395 |
396 | /// Fallback stub for platforms without FoundationModels.
397 | public actor FoundationModelsProvider: AIProvider, TextGenerator {
| | |- error: conformance of 'FoundationModelsProvider' to protocol 'TextGenerator' crosses into actor-isolated code and can cause data races [#ConformanceIsolation]
| | `- note: turn data races into runtime errors with '@preconcurrency'
| `- note: mark all declarations used in the conformance 'nonisolated'
398 |
399 | public typealias Response = GenerationResult
:
427 | }
428 |
429 | public func stream(
| `- note: actor-isolated instance method 'stream(_:model:config:)' cannot satisfy nonisolated requirement
430 | _ prompt: String,
431 | model: ModelIdentifier,
:
437 | }
438 |
439 | public func streamWithMetadata(
| `- note: actor-isolated instance method 'streamWithMetadata(messages:model:config:)' cannot satisfy nonisolated requirement
440 | messages: [Message],
441 | model: ModelIdentifier,
[#ConformanceIsolation]: <https://docs.swift.org/compiler/documentation/diagnostics/conformance-isolation>
[1948/2126] Compiling Conduit CoreMLConfiguration.swift
/host/spi-builder-workspace/Sources/Conduit/Providers/FoundationModels/FoundationModelsProvider.swift:397:52: error: conformance of 'FoundationModelsProvider' to protocol 'TextGenerator' crosses into actor-isolated code and can cause data races [#ConformanceIsolation]
395 |
396 | /// Fallback stub for platforms without FoundationModels.
397 | public actor FoundationModelsProvider: AIProvider, TextGenerator {
| | |- error: conformance of 'FoundationModelsProvider' to protocol 'TextGenerator' crosses into actor-isolated code and can cause data races [#ConformanceIsolation]
| | `- note: turn data races into runtime errors with '@preconcurrency'
| `- note: mark all declarations used in the conformance 'nonisolated'
398 |
399 | public typealias Response = GenerationResult
:
427 | }
428 |
429 | public func stream(
| `- note: actor-isolated instance method 'stream(_:model:config:)' cannot satisfy nonisolated requirement
430 | _ prompt: String,
431 | model: ModelIdentifier,
:
437 | }
438 |
439 | public func streamWithMetadata(
| `- note: actor-isolated instance method 'streamWithMetadata(messages:model:config:)' cannot satisfy nonisolated requirement
440 | messages: [Message],
441 | model: ModelIdentifier,
[#ConformanceIsolation]: <https://docs.swift.org/compiler/documentation/diagnostics/conformance-isolation>
[1949/2126] Compiling Conduit CoreMLProvider.swift
/host/spi-builder-workspace/Sources/Conduit/Providers/FoundationModels/FoundationModelsProvider.swift:397:52: error: conformance of 'FoundationModelsProvider' to protocol 'TextGenerator' crosses into actor-isolated code and can cause data races [#ConformanceIsolation]
395 |
396 | /// Fallback stub for platforms without FoundationModels.
397 | public actor FoundationModelsProvider: AIProvider, TextGenerator {
| | |- error: conformance of 'FoundationModelsProvider' to protocol 'TextGenerator' crosses into actor-isolated code and can cause data races [#ConformanceIsolation]
| | `- note: turn data races into runtime errors with '@preconcurrency'
| `- note: mark all declarations used in the conformance 'nonisolated'
398 |
399 | public typealias Response = GenerationResult
:
427 | }
428 |
429 | public func stream(
| `- note: actor-isolated instance method 'stream(_:model:config:)' cannot satisfy nonisolated requirement
430 | _ prompt: String,
431 | model: ModelIdentifier,
:
437 | }
438 |
439 | public func streamWithMetadata(
| `- note: actor-isolated instance method 'streamWithMetadata(messages:model:config:)' cannot satisfy nonisolated requirement
440 | messages: [Message],
441 | model: ModelIdentifier,
[#ConformanceIsolation]: <https://docs.swift.org/compiler/documentation/diagnostics/conformance-isolation>
[1950/2126] Compiling Conduit Schema+ProviderConversion.swift
/host/spi-builder-workspace/Sources/Conduit/Providers/FoundationModels/FoundationModelsProvider.swift:397:52: error: conformance of 'FoundationModelsProvider' to protocol 'TextGenerator' crosses into actor-isolated code and can cause data races [#ConformanceIsolation]
395 |
396 | /// Fallback stub for platforms without FoundationModels.
397 | public actor FoundationModelsProvider: AIProvider, TextGenerator {
| | |- error: conformance of 'FoundationModelsProvider' to protocol 'TextGenerator' crosses into actor-isolated code and can cause data races [#ConformanceIsolation]
| | `- note: turn data races into runtime errors with '@preconcurrency'
| `- note: mark all declarations used in the conformance 'nonisolated'
398 |
399 | public typealias Response = GenerationResult
:
427 | }
428 |
429 | public func stream(
| `- note: actor-isolated instance method 'stream(_:model:config:)' cannot satisfy nonisolated requirement
430 | _ prompt: String,
431 | model: ModelIdentifier,
:
437 | }
438 |
439 | public func streamWithMetadata(
| `- note: actor-isolated instance method 'streamWithMetadata(messages:model:config:)' cannot satisfy nonisolated requirement
440 | messages: [Message],
441 | model: ModelIdentifier,
[#ConformanceIsolation]: <https://docs.swift.org/compiler/documentation/diagnostics/conformance-isolation>
[1951/2126] Compiling Conduit TextGenerator+StructuredOutput.swift
/host/spi-builder-workspace/Sources/Conduit/Providers/FoundationModels/FoundationModelsProvider.swift:397:52: error: conformance of 'FoundationModelsProvider' to protocol 'TextGenerator' crosses into actor-isolated code and can cause data races [#ConformanceIsolation]
395 |
396 | /// Fallback stub for platforms without FoundationModels.
397 | public actor FoundationModelsProvider: AIProvider, TextGenerator {
| | |- error: conformance of 'FoundationModelsProvider' to protocol 'TextGenerator' crosses into actor-isolated code and can cause data races [#ConformanceIsolation]
| | `- note: turn data races into runtime errors with '@preconcurrency'
| `- note: mark all declarations used in the conformance 'nonisolated'
398 |
399 | public typealias Response = GenerationResult
:
427 | }
428 |
429 | public func stream(
| `- note: actor-isolated instance method 'stream(_:model:config:)' cannot satisfy nonisolated requirement
430 | _ prompt: String,
431 | model: ModelIdentifier,
:
437 | }
438 |
439 | public func streamWithMetadata(
| `- note: actor-isolated instance method 'streamWithMetadata(messages:model:config:)' cannot satisfy nonisolated requirement
440 | messages: [Message],
441 | model: ModelIdentifier,
[#ConformanceIsolation]: <https://docs.swift.org/compiler/documentation/diagnostics/conformance-isolation>
[1952/2126] Compiling Conduit TextGenerator+StructuredStreaming.swift
/host/spi-builder-workspace/Sources/Conduit/Providers/FoundationModels/FoundationModelsProvider.swift:397:52: error: conformance of 'FoundationModelsProvider' to protocol 'TextGenerator' crosses into actor-isolated code and can cause data races [#ConformanceIsolation]
395 |
396 | /// Fallback stub for platforms without FoundationModels.
397 | public actor FoundationModelsProvider: AIProvider, TextGenerator {
| | |- error: conformance of 'FoundationModelsProvider' to protocol 'TextGenerator' crosses into actor-isolated code and can cause data races [#ConformanceIsolation]
| | `- note: turn data races into runtime errors with '@preconcurrency'
| `- note: mark all declarations used in the conformance 'nonisolated'
398 |
399 | public typealias Response = GenerationResult
:
427 | }
428 |
429 | public func stream(
| `- note: actor-isolated instance method 'stream(_:model:config:)' cannot satisfy nonisolated requirement
430 | _ prompt: String,
431 | model: ModelIdentifier,
:
437 | }
438 |
439 | public func streamWithMetadata(
| `- note: actor-isolated instance method 'streamWithMetadata(messages:model:config:)' cannot satisfy nonisolated requirement
440 | messages: [Message],
441 | model: ModelIdentifier,
[#ConformanceIsolation]: <https://docs.swift.org/compiler/documentation/diagnostics/conformance-isolation>
[1953/2126] Compiling Conduit FMConfiguration.swift
/host/spi-builder-workspace/Sources/Conduit/Providers/FoundationModels/FoundationModelsProvider.swift:397:52: error: conformance of 'FoundationModelsProvider' to protocol 'TextGenerator' crosses into actor-isolated code and can cause data races [#ConformanceIsolation]
395 |
396 | /// Fallback stub for platforms without FoundationModels.
397 | public actor FoundationModelsProvider: AIProvider, TextGenerator {
| | |- error: conformance of 'FoundationModelsProvider' to protocol 'TextGenerator' crosses into actor-isolated code and can cause data races [#ConformanceIsolation]
| | `- note: turn data races into runtime errors with '@preconcurrency'
| `- note: mark all declarations used in the conformance 'nonisolated'
398 |
399 | public typealias Response = GenerationResult
:
427 | }
428 |
429 | public func stream(
| `- note: actor-isolated instance method 'stream(_:model:config:)' cannot satisfy nonisolated requirement
430 | _ prompt: String,
431 | model: ModelIdentifier,
:
437 | }
438 |
439 | public func streamWithMetadata(
| `- note: actor-isolated instance method 'streamWithMetadata(messages:model:config:)' cannot satisfy nonisolated requirement
440 | messages: [Message],
441 | model: ModelIdentifier,
[#ConformanceIsolation]: <https://docs.swift.org/compiler/documentation/diagnostics/conformance-isolation>
[1954/2126] Compiling Conduit FoundationModelsProvider.swift
/host/spi-builder-workspace/Sources/Conduit/Providers/FoundationModels/FoundationModelsProvider.swift:397:52: error: conformance of 'FoundationModelsProvider' to protocol 'TextGenerator' crosses into actor-isolated code and can cause data races [#ConformanceIsolation]
395 |
396 | /// Fallback stub for platforms without FoundationModels.
397 | public actor FoundationModelsProvider: AIProvider, TextGenerator {
| | |- error: conformance of 'FoundationModelsProvider' to protocol 'TextGenerator' crosses into actor-isolated code and can cause data races [#ConformanceIsolation]
| | `- note: turn data races into runtime errors with '@preconcurrency'
| `- note: mark all declarations used in the conformance 'nonisolated'
398 |
399 | public typealias Response = GenerationResult
:
427 | }
428 |
429 | public func stream(
| `- note: actor-isolated instance method 'stream(_:model:config:)' cannot satisfy nonisolated requirement
430 | _ prompt: String,
431 | model: ModelIdentifier,
:
437 | }
438 |
439 | public func streamWithMetadata(
| `- note: actor-isolated instance method 'streamWithMetadata(messages:model:config:)' cannot satisfy nonisolated requirement
440 | messages: [Message],
441 | model: ModelIdentifier,
[#ConformanceIsolation]: <https://docs.swift.org/compiler/documentation/diagnostics/conformance-isolation>
[1955/2126] Compiling Conduit FoundationModelsToolCalling.swift
/host/spi-builder-workspace/Sources/Conduit/Providers/FoundationModels/FoundationModelsProvider.swift:397:52: error: conformance of 'FoundationModelsProvider' to protocol 'TextGenerator' crosses into actor-isolated code and can cause data races [#ConformanceIsolation]
395 |
396 | /// Fallback stub for platforms without FoundationModels.
397 | public actor FoundationModelsProvider: AIProvider, TextGenerator {
| | |- error: conformance of 'FoundationModelsProvider' to protocol 'TextGenerator' crosses into actor-isolated code and can cause data races [#ConformanceIsolation]
| | `- note: turn data races into runtime errors with '@preconcurrency'
| `- note: mark all declarations used in the conformance 'nonisolated'
398 |
399 | public typealias Response = GenerationResult
:
427 | }
428 |
429 | public func stream(
| `- note: actor-isolated instance method 'stream(_:model:config:)' cannot satisfy nonisolated requirement
430 | _ prompt: String,
431 | model: ModelIdentifier,
:
437 | }
438 |
439 | public func streamWithMetadata(
| `- note: actor-isolated instance method 'streamWithMetadata(messages:model:config:)' cannot satisfy nonisolated requirement
440 | messages: [Message],
441 | model: ModelIdentifier,
[#ConformanceIsolation]: <https://docs.swift.org/compiler/documentation/diagnostics/conformance-isolation>
[1956/2126] Compiling Conduit GeminiProvider.swift
/host/spi-builder-workspace/Sources/Conduit/Providers/FoundationModels/FoundationModelsProvider.swift:397:52: error: conformance of 'FoundationModelsProvider' to protocol 'TextGenerator' crosses into actor-isolated code and can cause data races [#ConformanceIsolation]
395 |
396 | /// Fallback stub for platforms without FoundationModels.
397 | public actor FoundationModelsProvider: AIProvider, TextGenerator {
| | |- error: conformance of 'FoundationModelsProvider' to protocol 'TextGenerator' crosses into actor-isolated code and can cause data races [#ConformanceIsolation]
| | `- note: turn data races into runtime errors with '@preconcurrency'
| `- note: mark all declarations used in the conformance 'nonisolated'
398 |
399 | public typealias Response = GenerationResult
:
427 | }
428 |
429 | public func stream(
| `- note: actor-isolated instance method 'stream(_:model:config:)' cannot satisfy nonisolated requirement
430 | _ prompt: String,
431 | model: ModelIdentifier,
:
437 | }
438 |
439 | public func streamWithMetadata(
| `- note: actor-isolated instance method 'streamWithMetadata(messages:model:config:)' cannot satisfy nonisolated requirement
440 | messages: [Message],
441 | model: ModelIdentifier,
[#ConformanceIsolation]: <https://docs.swift.org/compiler/documentation/diagnostics/conformance-isolation>
[1957/2126] Compiling Conduit HFConfiguration.swift
/host/spi-builder-workspace/Sources/Conduit/Providers/FoundationModels/FoundationModelsProvider.swift:397:52: error: conformance of 'FoundationModelsProvider' to protocol 'TextGenerator' crosses into actor-isolated code and can cause data races [#ConformanceIsolation]
395 |
396 | /// Fallback stub for platforms without FoundationModels.
397 | public actor FoundationModelsProvider: AIProvider, TextGenerator {
| | |- error: conformance of 'FoundationModelsProvider' to protocol 'TextGenerator' crosses into actor-isolated code and can cause data races [#ConformanceIsolation]
| | `- note: turn data races into runtime errors with '@preconcurrency'
| `- note: mark all declarations used in the conformance 'nonisolated'
398 |
399 | public typealias Response = GenerationResult
:
427 | }
428 |
429 | public func stream(
| `- note: actor-isolated instance method 'stream(_:model:config:)' cannot satisfy nonisolated requirement
430 | _ prompt: String,
431 | model: ModelIdentifier,
:
437 | }
438 |
439 | public func streamWithMetadata(
| `- note: actor-isolated instance method 'streamWithMetadata(messages:model:config:)' cannot satisfy nonisolated requirement
440 | messages: [Message],
441 | model: ModelIdentifier,
[#ConformanceIsolation]: <https://docs.swift.org/compiler/documentation/diagnostics/conformance-isolation>
[1958/2126] Compiling Conduit HFInferenceClient.swift
/host/spi-builder-workspace/Sources/Conduit/Providers/FoundationModels/FoundationModelsProvider.swift:397:52: error: conformance of 'FoundationModelsProvider' to protocol 'TextGenerator' crosses into actor-isolated code and can cause data races [#ConformanceIsolation]
395 |
396 | /// Fallback stub for platforms without FoundationModels.
397 | public actor FoundationModelsProvider: AIProvider, TextGenerator {
| | |- error: conformance of 'FoundationModelsProvider' to protocol 'TextGenerator' crosses into actor-isolated code and can cause data races [#ConformanceIsolation]
| | `- note: turn data races into runtime errors with '@preconcurrency'
| `- note: mark all declarations used in the conformance 'nonisolated'
398 |
399 | public typealias Response = GenerationResult
:
427 | }
428 |
429 | public func stream(
| `- note: actor-isolated instance method 'stream(_:model:config:)' cannot satisfy nonisolated requirement
430 | _ prompt: String,
431 | model: ModelIdentifier,
:
437 | }
438 |
439 | public func streamWithMetadata(
| `- note: actor-isolated instance method 'streamWithMetadata(messages:model:config:)' cannot satisfy nonisolated requirement
440 | messages: [Message],
441 | model: ModelIdentifier,
[#ConformanceIsolation]: <https://docs.swift.org/compiler/documentation/diagnostics/conformance-isolation>
[1959/2126] Compiling Conduit GeneratedContent.swift
[1960/2126] Compiling Conduit GeneratedImage.swift
[1961/2126] Compiling Conduit GenerationGuide.swift
[1962/2126] Compiling Conduit GenerationID.swift
[1963/2126] Compiling Conduit GenerationOptions.swift
[1964/2126] Compiling Conduit GenerationResult.swift
[1965/2126] Compiling Conduit GenerationSchema.swift
[1966/2126] Compiling Conduit ImageGenerationConfig.swift
[1967/2126] Compiling Conduit ImageGenerationMetadata.swift
[1968/2126] Compiling Conduit ImageGenerationProgress.swift
[1969/2126] Compiling Conduit Instructions.swift
[1970/2126] Compiling Conduit JSONValue.swift
[1971/2126] Compiling Conduit Message.swift
[1972/2126] Compiling Conduit ModelCapabilities.swift
[1973/2126] Compiling Conduit ModelIdentifier.swift
[1974/2126] Compiling Conduit ModelSize.swift
[1975/2126] Compiling Conduit Prompt.swift
error: emit-module command failed with exit code 1 (use -v to see invocation)
[1976/2126] Compiling Conduit ProviderRuntimeCapabilities.swift
[1977/2126] Compiling Conduit RateLimitInfo.swift
[1978/2126] Compiling Conduit TokenCount.swift
[1979/2126] Compiling Conduit TokenLogprob.swift
[1980/2126] Compiling Conduit ToolMessage.swift
[1981/2126] Compiling Conduit Transcript.swift
[1982/2126] Compiling Conduit TranscriptionResult.swift
[1983/2126] Compiling Conduit UsageStats.swift
[1984/2126] Compiling Conduit V2RuntimeBenchmarkHarness.swift
[1985/2126] Compiling Conduit SendableNSCache.swift
[1986/2126] Compiling Conduit URLSessionAsyncBytes.swift
[1987/2126] Compiling Conduit IntContextExtensions.swift
[1988/2126] Compiling Conduit DiffusionModelDownloader.swift
[1989/2126] Compiling Conduit DiffusionModelRegistry.swift
[1990/2126] Compiling Conduit SpeedCalculator.swift
[1991/2126] Compiling Conduit AnthropicAPITypes.swift
[1992/2126] Compiling Conduit AnthropicAuthentication.swift
[1993/2126] Compiling Conduit MessageBuilder.swift
Internal Error: dataCorrupted(Swift.DecodingError.Context(codingPath: [], debugDescription: "Corrupted JSON", underlyingError: Optional(unexpected end of file)))
[1994/2126] Compiling Conduit ResultBuilders.swift
Internal Error: dataCorrupted(Swift.DecodingError.Context(codingPath: [], debugDescription: "Corrupted JSON", underlyingError: Optional(unexpected end of file)))
[1995/2126] Compiling Conduit ChatSession.swift
Internal Error: dataCorrupted(Swift.DecodingError.Context(codingPath: [], debugDescription: "Corrupted JSON", underlyingError: Optional(unexpected end of file)))
[1996/2126] Compiling Conduit Conduit.swift
Internal Error: dataCorrupted(Swift.DecodingError.Context(codingPath: [], debugDescription: "Corrupted JSON", underlyingError: Optional(unexpected end of file)))
[1997/2126] Compiling Conduit ConduitAPI.swift
Internal Error: dataCorrupted(Swift.DecodingError.Context(codingPath: [], debugDescription: "Corrupted JSON", underlyingError: Optional(unexpected end of file)))
[1998/2126] Compiling Conduit AIError.swift
Internal Error: dataCorrupted(Swift.DecodingError.Context(codingPath: [], debugDescription: "Corrupted JSON", underlyingError: Optional(unexpected end of file)))
[1999/2126] Compiling Conduit CloudError.swift
Internal Error: dataCorrupted(Swift.DecodingError.Context(codingPath: [], debugDescription: "Corrupted JSON", underlyingError: Optional(unexpected end of file)))
[2000/2126] Compiling Conduit ResourceError.swift
Internal Error: dataCorrupted(Swift.DecodingError.Context(codingPath: [], debugDescription: "Corrupted JSON", underlyingError: Optional(unexpected end of file)))
[2001/2126] Compiling Conduit SendableError.swift
Internal Error: dataCorrupted(Swift.DecodingError.Context(codingPath: [], debugDescription: "Corrupted JSON", underlyingError: Optional(unexpected end of file)))
[2002/2126] Compiling Conduit ToolError.swift
Internal Error: dataCorrupted(Swift.DecodingError.Context(codingPath: [], debugDescription: "Corrupted JSON", underlyingError: Optional(unexpected end of file)))
[2003/2126] Compiling Conduit ConduitLogger.swift
Internal Error: dataCorrupted(Swift.DecodingError.Context(codingPath: [], debugDescription: "Corrupted JSON", underlyingError: Optional(unexpected end of file)))
[2004/2126] Compiling Conduit GenerableMacros.swift
Internal Error: dataCorrupted(Swift.DecodingError.Context(codingPath: [], debugDescription: "Corrupted JSON", underlyingError: Optional(unexpected end of file)))
[2005/2126] Compiling Conduit AIProvider.swift
Internal Error: dataCorrupted(Swift.DecodingError.Context(codingPath: [], debugDescription: "Corrupted JSON", underlyingError: Optional(unexpected end of file)))
[2006/2126] Compiling Conduit EmbeddingGenerator.swift
Internal Error: dataCorrupted(Swift.DecodingError.Context(codingPath: [], debugDescription: "Corrupted JSON", underlyingError: Optional(unexpected end of file)))
[2007/2126] Compiling Conduit Generable.swift
Internal Error: dataCorrupted(Swift.DecodingError.Context(codingPath: [], debugDescription: "Corrupted JSON", underlyingError: Optional(unexpected end of file)))
[2008/2126] Compiling Conduit ImageGenerator.swift
Internal Error: dataCorrupted(Swift.DecodingError.Context(codingPath: [], debugDescription: "Corrupted JSON", underlyingError: Optional(unexpected end of file)))
[2009/2126] Compiling Conduit SendableMetatype.swift
Internal Error: dataCorrupted(Swift.DecodingError.Context(codingPath: [], debugDescription: "Corrupted JSON", underlyingError: Optional(unexpected end of file)))
[2027/2126] Compiling Conduit HFTokenProvider.swift
[2028/2126] Compiling Conduit HuggingFaceProvider.swift
[2029/2126] Compiling Conduit KimiAuthentication.swift
[2030/2126] Compiling Conduit KimiConfiguration.swift
[2031/2126] Compiling Conduit KimiModelID.swift
[2032/2126] Compiling Conduit KimiProvider.swift
[2033/2126] Compiling Conduit LlamaConfiguration.swift
[2034/2126] Compiling Conduit LlamaProvider.swift
[2035/2126] Compiling Conduit DiffusionVariant.swift
[2036/2126] Compiling Conduit MLXConfiguration.swift
[2037/2126] Compiling Conduit MLXGenerateParametersBuilder.swift
[2038/2126] Compiling Conduit MLXImageProvider.swift
[2039/2126] Compiling Conduit MLXModelCache.swift
[2040/2126] Compiling Conduit MLXModelLoader.swift
[2041/2126] Compiling Conduit MLXProvider.swift
[2042/2126] Compiling Conduit MLXRuntimeMemoryLimit.swift
[2043/2126] Emitting module Conduit
/host/spi-builder-workspace/Sources/Conduit/Providers/FoundationModels/FoundationModelsProvider.swift:397:52: error: conformance of 'FoundationModelsProvider' to protocol 'TextGenerator' crosses into actor-isolated code and can cause data races [#ConformanceIsolation]
395 |
396 | /// Fallback stub for platforms without FoundationModels.
397 | public actor FoundationModelsProvider: AIProvider, TextGenerator {
| | |- error: conformance of 'FoundationModelsProvider' to protocol 'TextGenerator' crosses into actor-isolated code and can cause data races [#ConformanceIsolation]
| | `- note: turn data races into runtime errors with '@preconcurrency'
| `- note: mark all declarations used in the conformance 'nonisolated'
398 |
399 | public typealias Response = GenerationResult
:
427 | }
428 |
429 | public func stream(
| `- note: actor-isolated instance method 'stream(_:model:config:)' cannot satisfy nonisolated requirement
430 | _ prompt: String,
431 | model: ModelIdentifier,
:
437 | }
438 |
439 | public func streamWithMetadata(
| `- note: actor-isolated instance method 'streamWithMetadata(messages:model:config:)' cannot satisfy nonisolated requirement
440 | messages: [Message],
441 | model: ModelIdentifier,
[#ConformanceIsolation]: <https://docs.swift.org/compiler/documentation/diagnostics/conformance-isolation>
BUILD FAILURE 6.2 linux