The Swift Package Index logo.Swift Package Index

Build Information

Failed to build BridgeComponents, reference v0.14.0 (444ca7), with Swift 6.1 for Wasm on 18 Jul 2026 17:56:54 UTC.

Build Command

bash -c docker run --pull=always --rm -v "checkouts-54344844-1":/host -w "$PWD" -e JAVA_HOME="/root/.sdkman/candidates/java/current" -e SPI_BUILD="1" -e SPI_PROCESSING="1" registry.gitlab.com/saguaro1/spi-images:wasm-6.1-latest swift build --swift-sdk wasm32-unknown-wasi 2>&1

Build Log

========================================
RunAll
========================================
Builder version: 333316120c8b89ed7d21f1b34865290794301d91
Interrupt handler set up.
========================================
Checkout
========================================
Clone URL: https://github.com/joemasilotti/bridge-components.git
Reference: v0.14.0
Initialized empty Git repository in /host/spi-builder-workspace/.git/
hint: Using 'master' as the name for the initial branch. This default branch name
hint: is subject to change. To configure the initial branch name to use in all
hint: of your new repositories, which will suppress this warning, call:
hint:
hint: 	git config --global init.defaultBranch <name>
hint:
hint: Names commonly chosen instead of 'master' are 'main', 'trunk' and
hint: 'development'. The just-created branch can be renamed via this command:
hint:
hint: 	git branch -m <name>
From https://github.com/joemasilotti/bridge-components
 * tag               v0.14.0    -> FETCH_HEAD
HEAD is now at 444ca73 Bump version to v0.14.0
Cloned https://github.com/joemasilotti/bridge-components.git
Revision (git rev-parse @):
444ca73e9323bb32638c7f16e0ed15a1730ffa9a
SUCCESS checkout https://github.com/joemasilotti/bridge-components.git at v0.14.0
========================================
Build
========================================
Selected platform:         wasm
Swift version:             6.1
Building package at path:  $PWD
https://github.com/joemasilotti/bridge-components.git
https://github.com/joemasilotti/bridge-components.git
WARNING: environment variable SUPPRESS_SWIFT_6_FLAGS is not set
Running build ...
bash -c docker run --pull=always --rm -v "checkouts-54344844-1":/host -w "$PWD" -e JAVA_HOME="/root/.sdkman/candidates/java/current" -e SPI_BUILD="1" -e SPI_PROCESSING="1" registry.gitlab.com/saguaro1/spi-images:wasm-6.1-latest swift build --swift-sdk wasm32-unknown-wasi -Xswiftc -Xfrontend -Xswiftc -stats-output-dir -Xswiftc -Xfrontend -Xswiftc .stats -Xswiftc -strict-concurrency=complete -Xswiftc -enable-upcoming-feature -Xswiftc StrictConcurrency -Xswiftc -enable-upcoming-feature -Xswiftc DisableOutwardActorInference -Xswiftc -enable-upcoming-feature -Xswiftc GlobalActorIsolatedTypesUsability -Xswiftc -enable-upcoming-feature -Xswiftc InferSendableFromCaptures 2>&1
wasm-6.1-latest: Pulling from saguaro1/spi-images
Digest: sha256:1ad245dad3d2ae0004e1afbc92334bd39884ed9ca587cf04d0a8d5f640fb02e9
Status: Image is up to date for registry.gitlab.com/saguaro1/spi-images:wasm-6.1-latest
Fetching https://github.com/hotwired/hotwire-native-ios.git
[1/4695] Fetching hotwire-native-ios
Fetched https://github.com/hotwired/hotwire-native-ios.git from cache (0.46s)
Computing version for https://github.com/hotwired/hotwire-native-ios.git
Computed https://github.com/hotwired/hotwire-native-ios.git at 1.3.0 (0.68s)
Creating working copy for https://github.com/hotwired/hotwire-native-ios.git
Working copy of https://github.com/hotwired/hotwire-native-ios.git resolved at 1.3.0
Building for debugging...
[0/5] Write sources
[1/5] Copying bridge.js
[1/5] Write sources
[3/5] Copying turbo.js
[4/5] Write swift-version-24593BA9C3E375BF.txt
error: emit-module command failed with exit code 1 (use -v to see invocation)
[6/86] Emitting module HotwireNative
/host/spi-builder-workspace/.build/checkouts/hotwire-native-ios/Source/Bridge/Bridge.swift:2:8: error: no such module 'WebKit'
  1 | import Foundation
  2 | import WebKit
    |        `- error: no such module 'WebKit'
  3 |
  4 | public enum BridgeError: Error {
[7/86] Compiling HotwireNative Bridge.swift
/host/spi-builder-workspace/.build/checkouts/hotwire-native-ios/Source/Bridge/Bridge.swift:2:8: error: no such module 'WebKit'
  1 | import Foundation
  2 | import WebKit
    |        `- error: no such module 'WebKit'
  3 |
  4 | public enum BridgeError: Error {
[8/86] Compiling HotwireNative BridgeComponent.swift
/host/spi-builder-workspace/.build/checkouts/hotwire-native-ios/Source/Bridge/Bridge.swift:2:8: error: no such module 'WebKit'
  1 | import Foundation
  2 | import WebKit
    |        `- error: no such module 'WebKit'
  3 |
  4 | public enum BridgeError: Error {
[9/86] Compiling HotwireNative BridgeDelegate.swift
/host/spi-builder-workspace/.build/checkouts/hotwire-native-ios/Source/Bridge/Bridge.swift:2:8: error: no such module 'WebKit'
  1 | import Foundation
  2 | import WebKit
    |        `- error: no such module 'WebKit'
  3 |
  4 | public enum BridgeError: Error {
[10/86] Compiling HotwireNative Data+Utils.swift
/host/spi-builder-workspace/.build/checkouts/hotwire-native-ios/Source/Bridge/Bridge.swift:2:8: error: no such module 'WebKit'
  1 | import Foundation
  2 | import WebKit
    |        `- error: no such module 'WebKit'
  3 |
  4 | public enum BridgeError: Error {
[11/86] Compiling HotwireNative Dictionary+JSON.swift
/host/spi-builder-workspace/.build/checkouts/hotwire-native-ios/Source/Bridge/Bridge.swift:2:8: error: no such module 'WebKit'
  1 | import Foundation
  2 | import WebKit
    |        `- error: no such module 'WebKit'
  3 |
  4 | public enum BridgeError: Error {
[12/86] Compiling HotwireNative Encodable+Utils.swift
/host/spi-builder-workspace/.build/checkouts/hotwire-native-ios/Source/Bridge/Bridge.swift:2:8: error: no such module 'WebKit'
  1 | import Foundation
  2 | import WebKit
    |        `- error: no such module 'WebKit'
  3 |
  4 | public enum BridgeError: Error {
[13/86] Compiling HotwireNative String+JSON.swift
/host/spi-builder-workspace/.build/checkouts/hotwire-native-ios/Source/Bridge/Bridge.swift:2:8: error: no such module 'WebKit'
  1 | import Foundation
  2 | import WebKit
    |        `- error: no such module 'WebKit'
  3 |
  4 | public enum BridgeError: Error {
[14/86] Compiling HotwireNative InternalMessage.swift
/host/spi-builder-workspace/.build/checkouts/hotwire-native-ios/Source/Bridge/Bridge.swift:2:8: error: no such module 'WebKit'
  1 | import Foundation
  2 | import WebKit
    |        `- error: no such module 'WebKit'
  3 |
  4 | public enum BridgeError: Error {
[15/86] Compiling HotwireNative JavaScript.swift
/host/spi-builder-workspace/.build/checkouts/hotwire-native-ios/Source/Bridge/Bridge.swift:2:8: error: no such module 'WebKit'
  1 | import Foundation
  2 | import WebKit
    |        `- error: no such module 'WebKit'
  3 |
  4 | public enum BridgeError: Error {
[16/86] Compiling HotwireNative Message.swift
/host/spi-builder-workspace/.build/checkouts/hotwire-native-ios/Source/Bridge/Bridge.swift:2:8: error: no such module 'WebKit'
  1 | import Foundation
  2 | import WebKit
    |        `- error: no such module 'WebKit'
  3 |
  4 | public enum BridgeError: Error {
[17/86] Compiling HotwireNative UserAgent.swift
/host/spi-builder-workspace/.build/checkouts/hotwire-native-ios/Source/Bridge/Bridge.swift:2:8: error: no such module 'WebKit'
  1 | import Foundation
  2 | import WebKit
    |        `- error: no such module 'WebKit'
  3 |
  4 | public enum BridgeError: Error {
[18/86] Compiling HotwireNative Hotwire.swift
/host/spi-builder-workspace/.build/checkouts/hotwire-native-ios/Source/Bridge/Bridge.swift:2:8: error: no such module 'WebKit'
  1 | import Foundation
  2 | import WebKit
    |        `- error: no such module 'WebKit'
  3 |
  4 | public enum BridgeError: Error {
[19/97] Compiling HotwireNative AppLifecycleObserver.swift
/host/spi-builder-workspace/.build/checkouts/hotwire-native-ios/Source/Bridge/Bridge.swift:2:8: error: no such module 'WebKit'
  1 | import Foundation
  2 | import WebKit
    |        `- error: no such module 'WebKit'
  3 |
  4 | public enum BridgeError: Error {
[20/97] Compiling HotwireNative URL+Utils.swift
/host/spi-builder-workspace/.build/checkouts/hotwire-native-ios/Source/Bridge/Bridge.swift:2:8: error: no such module 'WebKit'
  1 | import Foundation
  2 | import WebKit
    |        `- error: no such module 'WebKit'
  3 |
  4 | public enum BridgeError: Error {
[21/97] Compiling HotwireNative HotwireNavigationController.swift
/host/spi-builder-workspace/.build/checkouts/hotwire-native-ios/Source/Bridge/Bridge.swift:2:8: error: no such module 'WebKit'
  1 | import Foundation
  2 | import WebKit
    |        `- error: no such module 'WebKit'
  3 |
  4 | public enum BridgeError: Error {
[22/97] Compiling HotwireNative HotwireTabBarController.swift
/host/spi-builder-workspace/.build/checkouts/hotwire-native-ios/Source/Bridge/Bridge.swift:2:8: error: no such module 'WebKit'
  1 | import Foundation
  2 | import WebKit
    |        `- error: no such module 'WebKit'
  3 |
  4 | public enum BridgeError: Error {
[23/97] Compiling HotwireNative HotwireWebViewController.swift
/host/spi-builder-workspace/.build/checkouts/hotwire-native-ios/Source/Bridge/Bridge.swift:2:8: error: no such module 'WebKit'
  1 | import Foundation
  2 | import WebKit
    |        `- error: no such module 'WebKit'
  3 |
  4 | public enum BridgeError: Error {
[24/97] Compiling HotwireNative ColdBootVisit.swift
/host/spi-builder-workspace/.build/checkouts/hotwire-native-ios/Source/Bridge/Bridge.swift:2:8: error: no such module 'WebKit'
  1 | import Foundation
  2 | import WebKit
    |        `- error: no such module 'WebKit'
  3 |
  4 | public enum BridgeError: Error {
[25/97] Compiling HotwireNative JavaScriptVisit.swift
/host/spi-builder-workspace/.build/checkouts/hotwire-native-ios/Source/Bridge/Bridge.swift:2:8: error: no such module 'WebKit'
  1 | import Foundation
  2 | import WebKit
    |        `- error: no such module 'WebKit'
  3 |
  4 | public enum BridgeError: Error {
[26/97] Compiling HotwireNative Visit.swift
/host/spi-builder-workspace/.build/checkouts/hotwire-native-ios/Source/Bridge/Bridge.swift:2:8: error: no such module 'WebKit'
  1 | import Foundation
  2 | import WebKit
    |        `- error: no such module 'WebKit'
  3 |
  4 | public enum BridgeError: Error {
[27/97] Compiling HotwireNative VisitAction.swift
/host/spi-builder-workspace/.build/checkouts/hotwire-native-ios/Source/Bridge/Bridge.swift:2:8: error: no such module 'WebKit'
  1 | import Foundation
  2 | import WebKit
    |        `- error: no such module 'WebKit'
  3 |
  4 | public enum BridgeError: Error {
[28/97] Compiling HotwireNative VisitDelegate.swift
/host/spi-builder-workspace/.build/checkouts/hotwire-native-ios/Source/Bridge/Bridge.swift:2:8: error: no such module 'WebKit'
  1 | import Foundation
  2 | import WebKit
    |        `- error: no such module 'WebKit'
  3 |
  4 | public enum BridgeError: Error {
[29/97] Compiling HotwireNative VisitOptions.swift
/host/spi-builder-workspace/.build/checkouts/hotwire-native-ios/Source/Bridge/Bridge.swift:2:8: error: no such module 'WebKit'
  1 | import Foundation
  2 | import WebKit
    |        `- error: no such module 'WebKit'
  3 |
  4 | public enum BridgeError: Error {
[30/97] Compiling HotwireNative HotwireTab+UITab.swift
/host/spi-builder-workspace/.build/checkouts/hotwire-native-ios/Source/Bridge/Bridge.swift:2:8: error: no such module 'WebKit'
  1 | import Foundation
  2 | import WebKit
    |        `- error: no such module 'WebKit'
  3 |
  4 | public enum BridgeError: Error {
[31/97] Compiling HotwireNative HotwireTab+UITabBarItem.swift
/host/spi-builder-workspace/.build/checkouts/hotwire-native-ios/Source/Bridge/Bridge.swift:2:8: error: no such module 'WebKit'
  1 | import Foundation
  2 | import WebKit
    |        `- error: no such module 'WebKit'
  3 |
  4 | public enum BridgeError: Error {
[32/97] Compiling HotwireNative HotwireTab.swift
/host/spi-builder-workspace/.build/checkouts/hotwire-native-ios/Source/Bridge/Bridge.swift:2:8: error: no such module 'WebKit'
  1 | import Foundation
  2 | import WebKit
    |        `- error: no such module 'WebKit'
  3 |
  4 | public enum BridgeError: Error {
[33/97] Compiling HotwireNative PathPropertiesExtensions.swift
/host/spi-builder-workspace/.build/checkouts/hotwire-native-ios/Source/Bridge/Bridge.swift:2:8: error: no such module 'WebKit'
  1 | import Foundation
  2 | import WebKit
    |        `- error: no such module 'WebKit'
  3 |
  4 | public enum BridgeError: Error {
[34/97] Compiling HotwireNative UINavigationControllerExtension.swift
/host/spi-builder-workspace/.build/checkouts/hotwire-native-ios/Source/Bridge/Bridge.swift:2:8: error: no such module 'WebKit'
  1 | import Foundation
  2 | import WebKit
    |        `- error: no such module 'WebKit'
  3 |
  4 | public enum BridgeError: Error {
[35/97] Compiling HotwireNative UIViewController+ModalBehaviour.swift
/host/spi-builder-workspace/.build/checkouts/hotwire-native-ios/Source/Bridge/Bridge.swift:2:8: error: no such module 'WebKit'
  1 | import Foundation
  2 | import WebKit
    |        `- error: no such module 'WebKit'
  3 |
  4 | public enum BridgeError: Error {
[36/97] Compiling HotwireNative UIViewController+RoutedLocation.swift
/host/spi-builder-workspace/.build/checkouts/hotwire-native-ios/Source/Bridge/Bridge.swift:2:8: error: no such module 'WebKit'
  1 | import Foundation
  2 | import WebKit
    |        `- error: no such module 'WebKit'
  3 |
  4 | public enum BridgeError: Error {
[37/97] Compiling HotwireNative URL+Compare.swift
/host/spi-builder-workspace/.build/checkouts/hotwire-native-ios/Source/Bridge/Bridge.swift:2:8: error: no such module 'WebKit'
  1 | import Foundation
  2 | import WebKit
    |        `- error: no such module 'WebKit'
  3 |
  4 | public enum BridgeError: Error {
[38/97] Compiling HotwireNative VisitProposalExtension.swift
/host/spi-builder-workspace/.build/checkouts/hotwire-native-ios/Source/Bridge/Bridge.swift:2:8: error: no such module 'WebKit'
  1 | import Foundation
  2 | import WebKit
    |        `- error: no such module 'WebKit'
  3 |
  4 | public enum BridgeError: Error {
[39/97] Compiling HotwireNative VisitableViewControllerExtension.swift
/host/spi-builder-workspace/.build/checkouts/hotwire-native-ios/Source/Bridge/Bridge.swift:2:8: error: no such module 'WebKit'
  1 | import Foundation
  2 | import WebKit
    |        `- error: no such module 'WebKit'
  3 |
  4 | public enum BridgeError: Error {
[40/97] Compiling HotwireNative WKNavigationAction+Utils.swift
/host/spi-builder-workspace/.build/checkouts/hotwire-native-ios/Source/Bridge/Bridge.swift:2:8: error: no such module 'WebKit'
  1 | import Foundation
  2 | import WebKit
    |        `- error: no such module 'WebKit'
  3 |
  4 | public enum BridgeError: Error {
[41/97] Compiling HotwireNative WKWebView+ebContentProcess.swift
/host/spi-builder-workspace/.build/checkouts/hotwire-native-ios/Source/Bridge/Bridge.swift:2:8: error: no such module 'WebKit'
  1 | import Foundation
  2 | import WebKit
    |        `- error: no such module 'WebKit'
  3 |
  4 | public enum BridgeError: Error {
[42/97] Compiling HotwireNative ReloadWebViewPolicyDecisionHandler.swift
/host/spi-builder-workspace/.build/checkouts/hotwire-native-ios/Source/Bridge/Bridge.swift:2:8: error: no such module 'WebKit'
  1 | import Foundation
  2 | import WebKit
    |        `- error: no such module 'WebKit'
  3 |
  4 | public enum BridgeError: Error {
[43/97] Compiling HotwireNative WebViewPolicyManager.swift
/host/spi-builder-workspace/.build/checkouts/hotwire-native-ios/Source/Bridge/Bridge.swift:2:8: error: no such module 'WebKit'
  1 | import Foundation
  2 | import WebKit
    |        `- error: no such module 'WebKit'
  3 |
  4 | public enum BridgeError: Error {
[44/97] Compiling HotwireNative WebViewRouteDecisionHandler.swift
/host/spi-builder-workspace/.build/checkouts/hotwire-native-ios/Source/Bridge/Bridge.swift:2:8: error: no such module 'WebKit'
  1 | import Foundation
  2 | import WebKit
    |        `- error: no such module 'WebKit'
  3 |
  4 | public enum BridgeError: Error {
[45/97] Compiling HotwireNative JSFetchRecoveryHandler.swift
/host/spi-builder-workspace/.build/checkouts/hotwire-native-ios/Source/Bridge/Bridge.swift:2:8: error: no such module 'WebKit'
  1 | import Foundation
  2 | import WebKit
    |        `- error: no such module 'WebKit'
  3 |
  4 | public enum BridgeError: Error {
[46/97] Compiling HotwireNative PathConfiguration.swift
/host/spi-builder-workspace/.build/checkouts/hotwire-native-ios/Source/Bridge/Bridge.swift:2:8: error: no such module 'WebKit'
  1 | import Foundation
  2 | import WebKit
    |        `- error: no such module 'WebKit'
  3 |
  4 | public enum BridgeError: Error {
[47/97] Compiling HotwireNative PathConfigurationDecoder.swift
/host/spi-builder-workspace/.build/checkouts/hotwire-native-ios/Source/Bridge/Bridge.swift:2:8: error: no such module 'WebKit'
  1 | import Foundation
  2 | import WebKit
    |        `- error: no such module 'WebKit'
  3 |
  4 | public enum BridgeError: Error {
[48/97] Compiling HotwireNative PathConfigurationLoader.swift
/host/spi-builder-workspace/.build/checkouts/hotwire-native-ios/Source/Bridge/Bridge.swift:2:8: error: no such module 'WebKit'
  1 | import Foundation
  2 | import WebKit
    |        `- error: no such module 'WebKit'
  3 |
  4 | public enum BridgeError: Error {
[49/97] Compiling HotwireNative PathRule+ServerRoutes.swift
/host/spi-builder-workspace/.build/checkouts/hotwire-native-ios/Source/Bridge/Bridge.swift:2:8: error: no such module 'WebKit'
  1 | import Foundation
  2 | import WebKit
    |        `- error: no such module 'WebKit'
  3 |
  4 | public enum BridgeError: Error {
[50/97] Compiling HotwireNative PathRule.swift
/host/spi-builder-workspace/.build/checkouts/hotwire-native-ios/Source/Bridge/Bridge.swift:2:8: error: no such module 'WebKit'
  1 | import Foundation
  2 | import WebKit
    |        `- error: no such module 'WebKit'
  3 |
  4 | public enum BridgeError: Error {
[51/97] Compiling HotwireNative Session.swift
/host/spi-builder-workspace/.build/checkouts/hotwire-native-ios/Source/Bridge/Bridge.swift:2:8: error: no such module 'WebKit'
  1 | import Foundation
  2 | import WebKit
    |        `- error: no such module 'WebKit'
  3 |
  4 | public enum BridgeError: Error {
[52/97] Compiling HotwireNative SessionDelegate.swift
/host/spi-builder-workspace/.build/checkouts/hotwire-native-ios/Source/Bridge/Bridge.swift:2:8: error: no such module 'WebKit'
  1 | import Foundation
  2 | import WebKit
    |        `- error: no such module 'WebKit'
  3 |
  4 | public enum BridgeError: Error {
[53/97] Compiling HotwireNative DefaultErrorView.swift
/host/spi-builder-workspace/.build/checkouts/hotwire-native-ios/Source/Bridge/Bridge.swift:2:8: error: no such module 'WebKit'
  1 | import Foundation
  2 | import WebKit
    |        `- error: no such module 'WebKit'
  3 |
  4 | public enum BridgeError: Error {
[54/97] Compiling HotwireNative ErrorPresentableView.swift
/host/spi-builder-workspace/.build/checkouts/hotwire-native-ios/Source/Bridge/Bridge.swift:2:8: error: no such module 'WebKit'
  1 | import Foundation
  2 | import WebKit
    |        `- error: no such module 'WebKit'
  3 |
  4 | public enum BridgeError: Error {
[55/97] Compiling HotwireNative ErrorPresenter.swift
/host/spi-builder-workspace/.build/checkouts/hotwire-native-ios/Source/Bridge/Bridge.swift:2:8: error: no such module 'WebKit'
  1 | import Foundation
  2 | import WebKit
    |        `- error: no such module 'WebKit'
  3 |
  4 | public enum BridgeError: Error {
[56/97] Compiling HotwireNative Navigation+QueryStringPresentation.swift
/host/spi-builder-workspace/.build/checkouts/hotwire-native-ios/Source/Bridge/Bridge.swift:2:8: error: no such module 'WebKit'
  1 | import Foundation
  2 | import WebKit
    |        `- error: no such module 'WebKit'
  3 |
  4 | public enum BridgeError: Error {
[57/97] Compiling HotwireNative Navigation.swift
/host/spi-builder-workspace/.build/checkouts/hotwire-native-ios/Source/Bridge/Bridge.swift:2:8: error: no such module 'WebKit'
  1 | import Foundation
  2 | import WebKit
    |        `- error: no such module 'WebKit'
  3 |
  4 | public enum BridgeError: Error {
[58/97] Compiling HotwireNative PathConfigurationIdentifiable.swift
/host/spi-builder-workspace/.build/checkouts/hotwire-native-ios/Source/Bridge/Bridge.swift:2:8: error: no such module 'WebKit'
  1 | import Foundation
  2 | import WebKit
    |        `- error: no such module 'WebKit'
  3 |
  4 | public enum BridgeError: Error {
[59/97] Compiling HotwireNative ProposalResult.swift
/host/spi-builder-workspace/.build/checkouts/hotwire-native-ios/Source/Bridge/Bridge.swift:2:8: error: no such module 'WebKit'
  1 | import Foundation
  2 | import WebKit
    |        `- error: no such module 'WebKit'
  3 |
  4 | public enum BridgeError: Error {
[60/97] Compiling HotwireNative Navigating.swift
/host/spi-builder-workspace/.build/checkouts/hotwire-native-ios/Source/Bridge/Bridge.swift:2:8: error: no such module 'WebKit'
  1 | import Foundation
  2 | import WebKit
    |        `- error: no such module 'WebKit'
  3 |
  4 | public enum BridgeError: Error {
[61/97] Compiling HotwireNative NavigationHierarchyController.swift
/host/spi-builder-workspace/.build/checkouts/hotwire-native-ios/Source/Bridge/Bridge.swift:2:8: error: no such module 'WebKit'
  1 | import Foundation
  2 | import WebKit
    |        `- error: no such module 'WebKit'
  3 |
  4 | public enum BridgeError: Error {
[62/97] Compiling HotwireNative NavigationHierarchyControllerDelegate.swift
/host/spi-builder-workspace/.build/checkouts/hotwire-native-ios/Source/Bridge/Bridge.swift:2:8: error: no such module 'WebKit'
  1 | import Foundation
  2 | import WebKit
    |        `- error: no such module 'WebKit'
  3 |
  4 | public enum BridgeError: Error {
[63/97] Compiling HotwireNative Navigator+Configuration.swift
/host/spi-builder-workspace/.build/checkouts/hotwire-native-ios/Source/Bridge/Bridge.swift:2:8: error: no such module 'WebKit'
  1 | import Foundation
  2 | import WebKit
    |        `- error: no such module 'WebKit'
  3 |
  4 | public enum BridgeError: Error {
[64/97] Compiling HotwireNative HotwireConfig.swift
/host/spi-builder-workspace/.build/checkouts/hotwire-native-ios/Source/Bridge/Bridge.swift:2:8: error: no such module 'WebKit'
  1 | import Foundation
  2 | import WebKit
    |        `- error: no such module 'WebKit'
  3 |
  4 | public enum BridgeError: Error {
[65/97] Compiling HotwireNative HotwireLogger.swift
/host/spi-builder-workspace/.build/checkouts/hotwire-native-ios/Source/Bridge/Bridge.swift:2:8: error: no such module 'WebKit'
  1 | import Foundation
  2 | import WebKit
    |        `- error: no such module 'WebKit'
  3 |
  4 | public enum BridgeError: Error {
[66/97] Compiling HotwireNative LogLevel.swift
/host/spi-builder-workspace/.build/checkouts/hotwire-native-ios/Source/Bridge/Bridge.swift:2:8: error: no such module 'WebKit'
  1 | import Foundation
  2 | import WebKit
    |        `- error: no such module 'WebKit'
  3 |
  4 | public enum BridgeError: Error {
[67/97] Compiling HotwireNative Logger.swift
/host/spi-builder-workspace/.build/checkouts/hotwire-native-ios/Source/Bridge/Bridge.swift:2:8: error: no such module 'WebKit'
  1 | import Foundation
  2 | import WebKit
    |        `- error: no such module 'WebKit'
  3 |
  4 | public enum BridgeError: Error {
[68/97] Compiling HotwireNative OSLogWrapper.swift
/host/spi-builder-workspace/.build/checkouts/hotwire-native-ios/Source/Bridge/Bridge.swift:2:8: error: no such module 'WebKit'
  1 | import Foundation
  2 | import WebKit
    |        `- error: no such module 'WebKit'
  3 |
  4 | public enum BridgeError: Error {
[69/97] Compiling HotwireNative NavigationHandler.swift
/host/spi-builder-workspace/.build/checkouts/hotwire-native-ios/Source/Bridge/Bridge.swift:2:8: error: no such module 'WebKit'
  1 | import Foundation
  2 | import WebKit
    |        `- error: no such module 'WebKit'
  3 |
  4 | public enum BridgeError: Error {
[70/97] Compiling HotwireNative ScriptMessageHandler.swift
/host/spi-builder-workspace/.build/checkouts/hotwire-native-ios/Source/Bridge/Bridge.swift:2:8: error: no such module 'WebKit'
  1 | import Foundation
  2 | import WebKit
    |        `- error: no such module 'WebKit'
  3 |
  4 | public enum BridgeError: Error {
[71/97] Compiling HotwireNative HTTPError.swift
/host/spi-builder-workspace/.build/checkouts/hotwire-native-ios/Source/Bridge/Bridge.swift:2:8: error: no such module 'WebKit'
  1 | import Foundation
  2 | import WebKit
    |        `- error: no such module 'WebKit'
  3 |
  4 | public enum BridgeError: Error {
[72/97] Compiling HotwireNative HotwireNativeError.swift
/host/spi-builder-workspace/.build/checkouts/hotwire-native-ios/Source/Bridge/Bridge.swift:2:8: error: no such module 'WebKit'
  1 | import Foundation
  2 | import WebKit
    |        `- error: no such module 'WebKit'
  3 |
  4 | public enum BridgeError: Error {
[73/97] Compiling HotwireNative LoadError.swift
/host/spi-builder-workspace/.build/checkouts/hotwire-native-ios/Source/Bridge/Bridge.swift:2:8: error: no such module 'WebKit'
  1 | import Foundation
  2 | import WebKit
    |        `- error: no such module 'WebKit'
  3 |
  4 | public enum BridgeError: Error {
[74/97] Compiling HotwireNative TurboError.swift
/host/spi-builder-workspace/.build/checkouts/hotwire-native-ios/Source/Bridge/Bridge.swift:2:8: error: no such module 'WebKit'
  1 | import Foundation
  2 | import WebKit
    |        `- error: no such module 'WebKit'
  3 |
  4 | public enum BridgeError: Error {
[75/97] Compiling HotwireNative WebError.swift
/host/spi-builder-workspace/.build/checkouts/hotwire-native-ios/Source/Bridge/Bridge.swift:2:8: error: no such module 'WebKit'
  1 | import Foundation
  2 | import WebKit
    |        `- error: no such module 'WebKit'
  3 |
  4 | public enum BridgeError: Error {
[76/97] Compiling HotwireNative Navigator.swift
/host/spi-builder-workspace/.build/checkouts/hotwire-native-ios/Source/Bridge/Bridge.swift:2:8: error: no such module 'WebKit'
  1 | import Foundation
  2 | import WebKit
    |        `- error: no such module 'WebKit'
  3 |
  4 | public enum BridgeError: Error {
[77/97] Compiling HotwireNative NavigatorDelegate.swift
/host/spi-builder-workspace/.build/checkouts/hotwire-native-ios/Source/Bridge/Bridge.swift:2:8: error: no such module 'WebKit'
  1 | import Foundation
  2 | import WebKit
    |        `- error: no such module 'WebKit'
  3 |
  4 | public enum BridgeError: Error {
[78/97] Compiling HotwireNative AppNavigationRouteDecisionHandler.swift
/host/spi-builder-workspace/.build/checkouts/hotwire-native-ios/Source/Bridge/Bridge.swift:2:8: error: no such module 'WebKit'
  1 | import Foundation
  2 | import WebKit
    |        `- error: no such module 'WebKit'
  3 |
  4 | public enum BridgeError: Error {
[79/97] Compiling HotwireNative SafariViewControllerRouteDecisionHandler.swift
/host/spi-builder-workspace/.build/checkouts/hotwire-native-ios/Source/Bridge/Bridge.swift:2:8: error: no such module 'WebKit'
  1 | import Foundation
  2 | import WebKit
    |        `- error: no such module 'WebKit'
  3 |
  4 | public enum BridgeError: Error {
[80/97] Compiling HotwireNative SystemNavigationRouteDecisionHandler.swift
/host/spi-builder-workspace/.build/checkouts/hotwire-native-ios/Source/Bridge/Bridge.swift:2:8: error: no such module 'WebKit'
  1 | import Foundation
  2 | import WebKit
    |        `- error: no such module 'WebKit'
  3 |
  4 | public enum BridgeError: Error {
[81/97] Compiling HotwireNative RouteDecisionHandler.swift
/host/spi-builder-workspace/.build/checkouts/hotwire-native-ios/Source/Bridge/Bridge.swift:2:8: error: no such module 'WebKit'
  1 | import Foundation
  2 | import WebKit
    |        `- error: no such module 'WebKit'
  3 |
  4 | public enum BridgeError: Error {
[82/97] Compiling HotwireNative Router.swift
/host/spi-builder-workspace/.build/checkouts/hotwire-native-ios/Source/Bridge/Bridge.swift:2:8: error: no such module 'WebKit'
  1 | import Foundation
  2 | import WebKit
    |        `- error: no such module 'WebKit'
  3 |
  4 | public enum BridgeError: Error {
[83/97] Compiling HotwireNative WKUIController.swift
/host/spi-builder-workspace/.build/checkouts/hotwire-native-ios/Source/Bridge/Bridge.swift:2:8: error: no such module 'WebKit'
  1 | import Foundation
  2 | import WebKit
    |        `- error: no such module 'WebKit'
  3 |
  4 | public enum BridgeError: Error {
[84/97] Compiling HotwireNative ExternalNavigationWebViewPolicyDecisionHandler.swift
/host/spi-builder-workspace/.build/checkouts/hotwire-native-ios/Source/Bridge/Bridge.swift:2:8: error: no such module 'WebKit'
  1 | import Foundation
  2 | import WebKit
    |        `- error: no such module 'WebKit'
  3 |
  4 | public enum BridgeError: Error {
[85/97] Compiling HotwireNative LinkActivatedWebViewPolicyDecisionHandler.swift
/host/spi-builder-workspace/.build/checkouts/hotwire-native-ios/Source/Bridge/Bridge.swift:2:8: error: no such module 'WebKit'
  1 | import Foundation
  2 | import WebKit
    |        `- error: no such module 'WebKit'
  3 |
  4 | public enum BridgeError: Error {
[86/97] Compiling HotwireNative NewWindowWebViewPolicyDecisionHandler.swift
/host/spi-builder-workspace/.build/checkouts/hotwire-native-ios/Source/Bridge/Bridge.swift:2:8: error: no such module 'WebKit'
  1 | import Foundation
  2 | import WebKit
    |        `- error: no such module 'WebKit'
  3 |
  4 | public enum BridgeError: Error {
[87/97] Compiling HotwireNative VisitProposal.swift
/host/spi-builder-workspace/.build/checkouts/hotwire-native-ios/Source/Bridge/Bridge.swift:2:8: error: no such module 'WebKit'
  1 | import Foundation
  2 | import WebKit
    |        `- error: no such module 'WebKit'
  3 |
  4 | public enum BridgeError: Error {
[88/97] Compiling HotwireNative VisitResponse.swift
/host/spi-builder-workspace/.build/checkouts/hotwire-native-ios/Source/Bridge/Bridge.swift:2:8: error: no such module 'WebKit'
  1 | import Foundation
  2 | import WebKit
    |        `- error: no such module 'WebKit'
  3 |
  4 | public enum BridgeError: Error {
[89/97] Compiling HotwireNative Visitable.swift
/host/spi-builder-workspace/.build/checkouts/hotwire-native-ios/Source/Bridge/Bridge.swift:2:8: error: no such module 'WebKit'
  1 | import Foundation
  2 | import WebKit
    |        `- error: no such module 'WebKit'
  3 |
  4 | public enum BridgeError: Error {
[90/97] Compiling HotwireNative VisitableView.swift
/host/spi-builder-workspace/.build/checkouts/hotwire-native-ios/Source/Bridge/Bridge.swift:2:8: error: no such module 'WebKit'
  1 | import Foundation
  2 | import WebKit
    |        `- error: no such module 'WebKit'
  3 |
  4 | public enum BridgeError: Error {
[91/97] Compiling HotwireNative VisitableViewController.swift
/host/spi-builder-workspace/.build/checkouts/hotwire-native-ios/Source/Bridge/Bridge.swift:2:8: error: no such module 'WebKit'
  1 | import Foundation
  2 | import WebKit
    |        `- error: no such module 'WebKit'
  3 |
  4 | public enum BridgeError: Error {
[92/97] Compiling HotwireNative JSON.swift
/host/spi-builder-workspace/.build/checkouts/hotwire-native-ios/Source/Bridge/Bridge.swift:2:8: error: no such module 'WebKit'
  1 | import Foundation
  2 | import WebKit
    |        `- error: no such module 'WebKit'
  3 |
  4 | public enum BridgeError: Error {
[93/97] Compiling HotwireNative JavaScriptExpression.swift
/host/spi-builder-workspace/.build/checkouts/hotwire-native-ios/Source/Bridge/Bridge.swift:2:8: error: no such module 'WebKit'
  1 | import Foundation
  2 | import WebKit
    |        `- error: no such module 'WebKit'
  3 |
  4 | public enum BridgeError: Error {
[94/97] Compiling HotwireNative ScriptMessage.swift
/host/spi-builder-workspace/.build/checkouts/hotwire-native-ios/Source/Bridge/Bridge.swift:2:8: error: no such module 'WebKit'
  1 | import Foundation
  2 | import WebKit
    |        `- error: no such module 'WebKit'
  3 |
  4 | public enum BridgeError: Error {
[95/97] Compiling HotwireNative WebViewBridge.swift
/host/spi-builder-workspace/.build/checkouts/hotwire-native-ios/Source/Bridge/Bridge.swift:2:8: error: no such module 'WebKit'
  1 | import Foundation
  2 | import WebKit
    |        `- error: no such module 'WebKit'
  3 |
  4 | public enum BridgeError: Error {
[96/97] Compiling HotwireNative WebView.swift
/host/spi-builder-workspace/.build/checkouts/hotwire-native-ios/Source/Bridge/Bridge.swift:2:8: error: no such module 'WebKit'
  1 | import Foundation
  2 | import WebKit
    |        `- error: no such module 'WebKit'
  3 |
  4 | public enum BridgeError: Error {
[97/97] Compiling HotwireNative resource_bundle_accessor.swift
/host/spi-builder-workspace/.build/checkouts/hotwire-native-ios/Source/Bridge/Bridge.swift:2:8: error: no such module 'WebKit'
  1 | import Foundation
  2 | import WebKit
    |        `- error: no such module 'WebKit'
  3 |
  4 | public enum BridgeError: Error {
Running build ...
bash -c docker run --pull=always --rm -v "checkouts-54344844-1":/host -w "$PWD" -e JAVA_HOME="/root/.sdkman/candidates/java/current" -e SPI_BUILD="1" -e SPI_PROCESSING="1" registry.gitlab.com/saguaro1/spi-images:wasm-6.1-latest swift build --swift-sdk wasm32-unknown-wasi 2>&1
wasm-6.1-latest: Pulling from saguaro1/spi-images
Digest: sha256:1ad245dad3d2ae0004e1afbc92334bd39884ed9ca587cf04d0a8d5f640fb02e9
Status: Image is up to date for registry.gitlab.com/saguaro1/spi-images:wasm-6.1-latest
[0/1] Planning build
Building for debugging...
[0/1] Write swift-version-24593BA9C3E375BF.txt
[2/82] Compiling HotwireNative HotwireTab+UITab.swift
/host/spi-builder-workspace/.build/checkouts/hotwire-native-ios/Source/Bridge/Bridge.swift:2:8: error: no such module 'WebKit'
  1 | import Foundation
  2 | import WebKit
    |        `- error: no such module 'WebKit'
  3 |
  4 | public enum BridgeError: Error {
[3/82] Compiling HotwireNative HotwireTab+UITabBarItem.swift
/host/spi-builder-workspace/.build/checkouts/hotwire-native-ios/Source/Bridge/Bridge.swift:2:8: error: no such module 'WebKit'
  1 | import Foundation
  2 | import WebKit
    |        `- error: no such module 'WebKit'
  3 |
  4 | public enum BridgeError: Error {
[4/82] Compiling HotwireNative HotwireTab.swift
/host/spi-builder-workspace/.build/checkouts/hotwire-native-ios/Source/Bridge/Bridge.swift:2:8: error: no such module 'WebKit'
  1 | import Foundation
  2 | import WebKit
    |        `- error: no such module 'WebKit'
  3 |
  4 | public enum BridgeError: Error {
[5/82] Compiling HotwireNative PathPropertiesExtensions.swift
/host/spi-builder-workspace/.build/checkouts/hotwire-native-ios/Source/Bridge/Bridge.swift:2:8: error: no such module 'WebKit'
  1 | import Foundation
  2 | import WebKit
    |        `- error: no such module 'WebKit'
  3 |
  4 | public enum BridgeError: Error {
[6/82] Compiling HotwireNative UINavigationControllerExtension.swift
/host/spi-builder-workspace/.build/checkouts/hotwire-native-ios/Source/Bridge/Bridge.swift:2:8: error: no such module 'WebKit'
  1 | import Foundation
  2 | import WebKit
    |        `- error: no such module 'WebKit'
  3 |
  4 | public enum BridgeError: Error {
[7/82] Compiling HotwireNative UIViewController+ModalBehaviour.swift
/host/spi-builder-workspace/.build/checkouts/hotwire-native-ios/Source/Bridge/Bridge.swift:2:8: error: no such module 'WebKit'
  1 | import Foundation
  2 | import WebKit
    |        `- error: no such module 'WebKit'
  3 |
  4 | public enum BridgeError: Error {
[8/82] Compiling HotwireNative UIViewController+RoutedLocation.swift
/host/spi-builder-workspace/.build/checkouts/hotwire-native-ios/Source/Bridge/Bridge.swift:2:8: error: no such module 'WebKit'
  1 | import Foundation
  2 | import WebKit
    |        `- error: no such module 'WebKit'
  3 |
  4 | public enum BridgeError: Error {
[9/82] Compiling HotwireNative URL+Compare.swift
/host/spi-builder-workspace/.build/checkouts/hotwire-native-ios/Source/Bridge/Bridge.swift:2:8: error: no such module 'WebKit'
  1 | import Foundation
  2 | import WebKit
    |        `- error: no such module 'WebKit'
  3 |
  4 | public enum BridgeError: Error {
[10/82] Compiling HotwireNative VisitProposalExtension.swift
/host/spi-builder-workspace/.build/checkouts/hotwire-native-ios/Source/Bridge/Bridge.swift:2:8: error: no such module 'WebKit'
  1 | import Foundation
  2 | import WebKit
    |        `- error: no such module 'WebKit'
  3 |
  4 | public enum BridgeError: Error {
[11/82] Compiling HotwireNative VisitableViewControllerExtension.swift
/host/spi-builder-workspace/.build/checkouts/hotwire-native-ios/Source/Bridge/Bridge.swift:2:8: error: no such module 'WebKit'
  1 | import Foundation
  2 | import WebKit
    |        `- error: no such module 'WebKit'
  3 |
  4 | public enum BridgeError: Error {
[12/82] Compiling HotwireNative WKNavigationAction+Utils.swift
/host/spi-builder-workspace/.build/checkouts/hotwire-native-ios/Source/Bridge/Bridge.swift:2:8: error: no such module 'WebKit'
  1 | import Foundation
  2 | import WebKit
    |        `- error: no such module 'WebKit'
  3 |
  4 | public enum BridgeError: Error {
[13/82] Compiling HotwireNative WKWebView+ebContentProcess.swift
/host/spi-builder-workspace/.build/checkouts/hotwire-native-ios/Source/Bridge/Bridge.swift:2:8: error: no such module 'WebKit'
  1 | import Foundation
  2 | import WebKit
    |        `- error: no such module 'WebKit'
  3 |
  4 | public enum BridgeError: Error {
[14/93] Compiling HotwireNative HotwireConfig.swift
/host/spi-builder-workspace/.build/checkouts/hotwire-native-ios/Source/Bridge/Bridge.swift:2:8: error: no such module 'WebKit'
  1 | import Foundation
  2 | import WebKit
    |        `- error: no such module 'WebKit'
  3 |
  4 | public enum BridgeError: Error {
[15/93] Compiling HotwireNative HotwireLogger.swift
/host/spi-builder-workspace/.build/checkouts/hotwire-native-ios/Source/Bridge/Bridge.swift:2:8: error: no such module 'WebKit'
  1 | import Foundation
  2 | import WebKit
    |        `- error: no such module 'WebKit'
  3 |
  4 | public enum BridgeError: Error {
[16/93] Compiling HotwireNative LogLevel.swift
/host/spi-builder-workspace/.build/checkouts/hotwire-native-ios/Source/Bridge/Bridge.swift:2:8: error: no such module 'WebKit'
  1 | import Foundation
  2 | import WebKit
    |        `- error: no such module 'WebKit'
  3 |
  4 | public enum BridgeError: Error {
[17/93] Compiling HotwireNative Logger.swift
/host/spi-builder-workspace/.build/checkouts/hotwire-native-ios/Source/Bridge/Bridge.swift:2:8: error: no such module 'WebKit'
  1 | import Foundation
  2 | import WebKit
    |        `- error: no such module 'WebKit'
  3 |
  4 | public enum BridgeError: Error {
[18/93] Compiling HotwireNative OSLogWrapper.swift
/host/spi-builder-workspace/.build/checkouts/hotwire-native-ios/Source/Bridge/Bridge.swift:2:8: error: no such module 'WebKit'
  1 | import Foundation
  2 | import WebKit
    |        `- error: no such module 'WebKit'
  3 |
  4 | public enum BridgeError: Error {
[19/93] Compiling HotwireNative NavigationHandler.swift
/host/spi-builder-workspace/.build/checkouts/hotwire-native-ios/Source/Bridge/Bridge.swift:2:8: error: no such module 'WebKit'
  1 | import Foundation
  2 | import WebKit
    |        `- error: no such module 'WebKit'
  3 |
  4 | public enum BridgeError: Error {
[20/93] Compiling HotwireNative ScriptMessageHandler.swift
/host/spi-builder-workspace/.build/checkouts/hotwire-native-ios/Source/Bridge/Bridge.swift:2:8: error: no such module 'WebKit'
  1 | import Foundation
  2 | import WebKit
    |        `- error: no such module 'WebKit'
  3 |
  4 | public enum BridgeError: Error {
[21/93] Compiling HotwireNative HTTPError.swift
/host/spi-builder-workspace/.build/checkouts/hotwire-native-ios/Source/Bridge/Bridge.swift:2:8: error: no such module 'WebKit'
  1 | import Foundation
  2 | import WebKit
    |        `- error: no such module 'WebKit'
  3 |
  4 | public enum BridgeError: Error {
[22/93] Compiling HotwireNative HotwireNativeError.swift
/host/spi-builder-workspace/.build/checkouts/hotwire-native-ios/Source/Bridge/Bridge.swift:2:8: error: no such module 'WebKit'
  1 | import Foundation
  2 | import WebKit
    |        `- error: no such module 'WebKit'
  3 |
  4 | public enum BridgeError: Error {
[23/93] Compiling HotwireNative LoadError.swift
/host/spi-builder-workspace/.build/checkouts/hotwire-native-ios/Source/Bridge/Bridge.swift:2:8: error: no such module 'WebKit'
  1 | import Foundation
  2 | import WebKit
    |        `- error: no such module 'WebKit'
  3 |
  4 | public enum BridgeError: Error {
[24/93] Compiling HotwireNative TurboError.swift
/host/spi-builder-workspace/.build/checkouts/hotwire-native-ios/Source/Bridge/Bridge.swift:2:8: error: no such module 'WebKit'
  1 | import Foundation
  2 | import WebKit
    |        `- error: no such module 'WebKit'
  3 |
  4 | public enum BridgeError: Error {
[25/93] Compiling HotwireNative WebError.swift
/host/spi-builder-workspace/.build/checkouts/hotwire-native-ios/Source/Bridge/Bridge.swift:2:8: error: no such module 'WebKit'
  1 | import Foundation
  2 | import WebKit
    |        `- error: no such module 'WebKit'
  3 |
  4 | public enum BridgeError: Error {
[26/93] Compiling HotwireNative Bridge.swift
/host/spi-builder-workspace/.build/checkouts/hotwire-native-ios/Source/Bridge/Bridge.swift:2:8: error: no such module 'WebKit'
  1 | import Foundation
  2 | import WebKit
    |        `- error: no such module 'WebKit'
  3 |
  4 | public enum BridgeError: Error {
[27/93] Compiling HotwireNative BridgeComponent.swift
/host/spi-builder-workspace/.build/checkouts/hotwire-native-ios/Source/Bridge/Bridge.swift:2:8: error: no such module 'WebKit'
  1 | import Foundation
  2 | import WebKit
    |        `- error: no such module 'WebKit'
  3 |
  4 | public enum BridgeError: Error {
[28/93] Compiling HotwireNative BridgeDelegate.swift
/host/spi-builder-workspace/.build/checkouts/hotwire-native-ios/Source/Bridge/Bridge.swift:2:8: error: no such module 'WebKit'
  1 | import Foundation
  2 | import WebKit
    |        `- error: no such module 'WebKit'
  3 |
  4 | public enum BridgeError: Error {
[29/93] Compiling HotwireNative Data+Utils.swift
/host/spi-builder-workspace/.build/checkouts/hotwire-native-ios/Source/Bridge/Bridge.swift:2:8: error: no such module 'WebKit'
  1 | import Foundation
  2 | import WebKit
    |        `- error: no such module 'WebKit'
  3 |
  4 | public enum BridgeError: Error {
[30/93] Compiling HotwireNative Dictionary+JSON.swift
/host/spi-builder-workspace/.build/checkouts/hotwire-native-ios/Source/Bridge/Bridge.swift:2:8: error: no such module 'WebKit'
  1 | import Foundation
  2 | import WebKit
    |        `- error: no such module 'WebKit'
  3 |
  4 | public enum BridgeError: Error {
[31/93] Compiling HotwireNative Encodable+Utils.swift
/host/spi-builder-workspace/.build/checkouts/hotwire-native-ios/Source/Bridge/Bridge.swift:2:8: error: no such module 'WebKit'
  1 | import Foundation
  2 | import WebKit
    |        `- error: no such module 'WebKit'
  3 |
  4 | public enum BridgeError: Error {
[32/93] Compiling HotwireNative String+JSON.swift
/host/spi-builder-workspace/.build/checkouts/hotwire-native-ios/Source/Bridge/Bridge.swift:2:8: error: no such module 'WebKit'
  1 | import Foundation
  2 | import WebKit
    |        `- error: no such module 'WebKit'
  3 |
  4 | public enum BridgeError: Error {
[33/93] Compiling HotwireNative InternalMessage.swift
/host/spi-builder-workspace/.build/checkouts/hotwire-native-ios/Source/Bridge/Bridge.swift:2:8: error: no such module 'WebKit'
  1 | import Foundation
  2 | import WebKit
    |        `- error: no such module 'WebKit'
  3 |
  4 | public enum BridgeError: Error {
[34/93] Compiling HotwireNative JavaScript.swift
/host/spi-builder-workspace/.build/checkouts/hotwire-native-ios/Source/Bridge/Bridge.swift:2:8: error: no such module 'WebKit'
  1 | import Foundation
  2 | import WebKit
    |        `- error: no such module 'WebKit'
  3 |
  4 | public enum BridgeError: Error {
[35/93] Compiling HotwireNative Message.swift
/host/spi-builder-workspace/.build/checkouts/hotwire-native-ios/Source/Bridge/Bridge.swift:2:8: error: no such module 'WebKit'
  1 | import Foundation
  2 | import WebKit
    |        `- error: no such module 'WebKit'
  3 |
  4 | public enum BridgeError: Error {
[36/93] Compiling HotwireNative UserAgent.swift
/host/spi-builder-workspace/.build/checkouts/hotwire-native-ios/Source/Bridge/Bridge.swift:2:8: error: no such module 'WebKit'
  1 | import Foundation
  2 | import WebKit
    |        `- error: no such module 'WebKit'
  3 |
  4 | public enum BridgeError: Error {
[37/93] Compiling HotwireNative Hotwire.swift
/host/spi-builder-workspace/.build/checkouts/hotwire-native-ios/Source/Bridge/Bridge.swift:2:8: error: no such module 'WebKit'
  1 | import Foundation
  2 | import WebKit
    |        `- error: no such module 'WebKit'
  3 |
  4 | public enum BridgeError: Error {
[38/93] Compiling HotwireNative AppLifecycleObserver.swift
/host/spi-builder-workspace/.build/checkouts/hotwire-native-ios/Source/Bridge/Bridge.swift:2:8: error: no such module 'WebKit'
  1 | import Foundation
  2 | import WebKit
    |        `- error: no such module 'WebKit'
  3 |
  4 | public enum BridgeError: Error {
[39/93] Compiling HotwireNative URL+Utils.swift
/host/spi-builder-workspace/.build/checkouts/hotwire-native-ios/Source/Bridge/Bridge.swift:2:8: error: no such module 'WebKit'
  1 | import Foundation
  2 | import WebKit
    |        `- error: no such module 'WebKit'
  3 |
  4 | public enum BridgeError: Error {
[40/93] Compiling HotwireNative HotwireNavigationController.swift
/host/spi-builder-workspace/.build/checkouts/hotwire-native-ios/Source/Bridge/Bridge.swift:2:8: error: no such module 'WebKit'
  1 | import Foundation
  2 | import WebKit
    |        `- error: no such module 'WebKit'
  3 |
  4 | public enum BridgeError: Error {
[41/93] Compiling HotwireNative HotwireTabBarController.swift
/host/spi-builder-workspace/.build/checkouts/hotwire-native-ios/Source/Bridge/Bridge.swift:2:8: error: no such module 'WebKit'
  1 | import Foundation
  2 | import WebKit
    |        `- error: no such module 'WebKit'
  3 |
  4 | public enum BridgeError: Error {
[42/93] Compiling HotwireNative HotwireWebViewController.swift
/host/spi-builder-workspace/.build/checkouts/hotwire-native-ios/Source/Bridge/Bridge.swift:2:8: error: no such module 'WebKit'
  1 | import Foundation
  2 | import WebKit
    |        `- error: no such module 'WebKit'
  3 |
  4 | public enum BridgeError: Error {
[43/93] Compiling HotwireNative ColdBootVisit.swift
/host/spi-builder-workspace/.build/checkouts/hotwire-native-ios/Source/Bridge/Bridge.swift:2:8: error: no such module 'WebKit'
  1 | import Foundation
  2 | import WebKit
    |        `- error: no such module 'WebKit'
  3 |
  4 | public enum BridgeError: Error {
[44/93] Compiling HotwireNative JavaScriptVisit.swift
/host/spi-builder-workspace/.build/checkouts/hotwire-native-ios/Source/Bridge/Bridge.swift:2:8: error: no such module 'WebKit'
  1 | import Foundation
  2 | import WebKit
    |        `- error: no such module 'WebKit'
  3 |
  4 | public enum BridgeError: Error {
[45/93] Compiling HotwireNative Visit.swift
/host/spi-builder-workspace/.build/checkouts/hotwire-native-ios/Source/Bridge/Bridge.swift:2:8: error: no such module 'WebKit'
  1 | import Foundation
  2 | import WebKit
    |        `- error: no such module 'WebKit'
  3 |
  4 | public enum BridgeError: Error {
[46/93] Compiling HotwireNative VisitAction.swift
/host/spi-builder-workspace/.build/checkouts/hotwire-native-ios/Source/Bridge/Bridge.swift:2:8: error: no such module 'WebKit'
  1 | import Foundation
  2 | import WebKit
    |        `- error: no such module 'WebKit'
  3 |
  4 | public enum BridgeError: Error {
[47/93] Compiling HotwireNative VisitDelegate.swift
/host/spi-builder-workspace/.build/checkouts/hotwire-native-ios/Source/Bridge/Bridge.swift:2:8: error: no such module 'WebKit'
  1 | import Foundation
  2 | import WebKit
    |        `- error: no such module 'WebKit'
  3 |
  4 | public enum BridgeError: Error {
[48/93] Compiling HotwireNative VisitOptions.swift
/host/spi-builder-workspace/.build/checkouts/hotwire-native-ios/Source/Bridge/Bridge.swift:2:8: error: no such module 'WebKit'
  1 | import Foundation
  2 | import WebKit
    |        `- error: no such module 'WebKit'
  3 |
  4 | public enum BridgeError: Error {
error: emit-module command failed with exit code 1 (use -v to see invocation)
[49/93] Emitting module HotwireNative
/host/spi-builder-workspace/.build/checkouts/hotwire-native-ios/Source/Bridge/Bridge.swift:2:8: error: no such module 'WebKit'
  1 | import Foundation
  2 | import WebKit
    |        `- error: no such module 'WebKit'
  3 |
  4 | public enum BridgeError: Error {
[50/93] Compiling HotwireNative ReloadWebViewPolicyDecisionHandler.swift
/host/spi-builder-workspace/.build/checkouts/hotwire-native-ios/Source/Bridge/Bridge.swift:2:8: error: no such module 'WebKit'
  1 | import Foundation
  2 | import WebKit
    |        `- error: no such module 'WebKit'
  3 |
  4 | public enum BridgeError: Error {
[51/93] Compiling HotwireNative WebViewPolicyManager.swift
/host/spi-builder-workspace/.build/checkouts/hotwire-native-ios/Source/Bridge/Bridge.swift:2:8: error: no such module 'WebKit'
  1 | import Foundation
  2 | import WebKit
    |        `- error: no such module 'WebKit'
  3 |
  4 | public enum BridgeError: Error {
[52/93] Compiling HotwireNative WebViewRouteDecisionHandler.swift
/host/spi-builder-workspace/.build/checkouts/hotwire-native-ios/Source/Bridge/Bridge.swift:2:8: error: no such module 'WebKit'
  1 | import Foundation
  2 | import WebKit
    |        `- error: no such module 'WebKit'
  3 |
  4 | public enum BridgeError: Error {
[53/93] Compiling HotwireNative JSFetchRecoveryHandler.swift
/host/spi-builder-workspace/.build/checkouts/hotwire-native-ios/Source/Bridge/Bridge.swift:2:8: error: no such module 'WebKit'
  1 | import Foundation
  2 | import WebKit
    |        `- error: no such module 'WebKit'
  3 |
  4 | public enum BridgeError: Error {
[54/93] Compiling HotwireNative PathConfiguration.swift
/host/spi-builder-workspace/.build/checkouts/hotwire-native-ios/Source/Bridge/Bridge.swift:2:8: error: no such module 'WebKit'
  1 | import Foundation
  2 | import WebKit
    |        `- error: no such module 'WebKit'
  3 |
  4 | public enum BridgeError: Error {
[55/93] Compiling HotwireNative PathConfigurationDecoder.swift
/host/spi-builder-workspace/.build/checkouts/hotwire-native-ios/Source/Bridge/Bridge.swift:2:8: error: no such module 'WebKit'
  1 | import Foundation
  2 | import WebKit
    |        `- error: no such module 'WebKit'
  3 |
  4 | public enum BridgeError: Error {
[56/93] Compiling HotwireNative PathConfigurationLoader.swift
/host/spi-builder-workspace/.build/checkouts/hotwire-native-ios/Source/Bridge/Bridge.swift:2:8: error: no such module 'WebKit'
  1 | import Foundation
  2 | import WebKit
    |        `- error: no such module 'WebKit'
  3 |
  4 | public enum BridgeError: Error {
[57/93] Compiling HotwireNative PathRule+ServerRoutes.swift
/host/spi-builder-workspace/.build/checkouts/hotwire-native-ios/Source/Bridge/Bridge.swift:2:8: error: no such module 'WebKit'
  1 | import Foundation
  2 | import WebKit
    |        `- error: no such module 'WebKit'
  3 |
  4 | public enum BridgeError: Error {
[58/93] Compiling HotwireNative PathRule.swift
/host/spi-builder-workspace/.build/checkouts/hotwire-native-ios/Source/Bridge/Bridge.swift:2:8: error: no such module 'WebKit'
  1 | import Foundation
  2 | import WebKit
    |        `- error: no such module 'WebKit'
  3 |
  4 | public enum BridgeError: Error {
[59/93] Compiling HotwireNative Session.swift
/host/spi-builder-workspace/.build/checkouts/hotwire-native-ios/Source/Bridge/Bridge.swift:2:8: error: no such module 'WebKit'
  1 | import Foundation
  2 | import WebKit
    |        `- error: no such module 'WebKit'
  3 |
  4 | public enum BridgeError: Error {
[60/93] Compiling HotwireNative SessionDelegate.swift
/host/spi-builder-workspace/.build/checkouts/hotwire-native-ios/Source/Bridge/Bridge.swift:2:8: error: no such module 'WebKit'
  1 | import Foundation
  2 | import WebKit
    |        `- error: no such module 'WebKit'
  3 |
  4 | public enum BridgeError: Error {
[61/93] Compiling HotwireNative DefaultErrorView.swift
/host/spi-builder-workspace/.build/checkouts/hotwire-native-ios/Source/Bridge/Bridge.swift:2:8: error: no such module 'WebKit'
  1 | import Foundation
  2 | import WebKit
    |        `- error: no such module 'WebKit'
  3 |
  4 | public enum BridgeError: Error {
[62/93] Compiling HotwireNative ErrorPresentableView.swift
/host/spi-builder-workspace/.build/checkouts/hotwire-native-ios/Source/Bridge/Bridge.swift:2:8: error: no such module 'WebKit'
  1 | import Foundation
  2 | import WebKit
    |        `- error: no such module 'WebKit'
  3 |
  4 | public enum BridgeError: Error {
[63/93] Compiling HotwireNative ErrorPresenter.swift
/host/spi-builder-workspace/.build/checkouts/hotwire-native-ios/Source/Bridge/Bridge.swift:2:8: error: no such module 'WebKit'
  1 | import Foundation
  2 | import WebKit
    |        `- error: no such module 'WebKit'
  3 |
  4 | public enum BridgeError: Error {
[64/93] Compiling HotwireNative Navigation+QueryStringPresentation.swift
/host/spi-builder-workspace/.build/checkouts/hotwire-native-ios/Source/Bridge/Bridge.swift:2:8: error: no such module 'WebKit'
  1 | import Foundation
  2 | import WebKit
    |        `- error: no such module 'WebKit'
  3 |
  4 | public enum BridgeError: Error {
[65/93] Compiling HotwireNative Navigation.swift
/host/spi-builder-workspace/.build/checkouts/hotwire-native-ios/Source/Bridge/Bridge.swift:2:8: error: no such module 'WebKit'
  1 | import Foundation
  2 | import WebKit
    |        `- error: no such module 'WebKit'
  3 |
  4 | public enum BridgeError: Error {
[66/93] Compiling HotwireNative PathConfigurationIdentifiable.swift
/host/spi-builder-workspace/.build/checkouts/hotwire-native-ios/Source/Bridge/Bridge.swift:2:8: error: no such module 'WebKit'
  1 | import Foundation
  2 | import WebKit
    |        `- error: no such module 'WebKit'
  3 |
  4 | public enum BridgeError: Error {
[67/93] Compiling HotwireNative ProposalResult.swift
/host/spi-builder-workspace/.build/checkouts/hotwire-native-ios/Source/Bridge/Bridge.swift:2:8: error: no such module 'WebKit'
  1 | import Foundation
  2 | import WebKit
    |        `- error: no such module 'WebKit'
  3 |
  4 | public enum BridgeError: Error {
[68/93] Compiling HotwireNative Navigating.swift
/host/spi-builder-workspace/.build/checkouts/hotwire-native-ios/Source/Bridge/Bridge.swift:2:8: error: no such module 'WebKit'
  1 | import Foundation
  2 | import WebKit
    |        `- error: no such module 'WebKit'
  3 |
  4 | public enum BridgeError: Error {
[69/93] Compiling HotwireNative NavigationHierarchyController.swift
/host/spi-builder-workspace/.build/checkouts/hotwire-native-ios/Source/Bridge/Bridge.swift:2:8: error: no such module 'WebKit'
  1 | import Foundation
  2 | import WebKit
    |        `- error: no such module 'WebKit'
  3 |
  4 | public enum BridgeError: Error {
[70/93] Compiling HotwireNative NavigationHierarchyControllerDelegate.swift
/host/spi-builder-workspace/.build/checkouts/hotwire-native-ios/Source/Bridge/Bridge.swift:2:8: error: no such module 'WebKit'
  1 | import Foundation
  2 | import WebKit
    |        `- error: no such module 'WebKit'
  3 |
  4 | public enum BridgeError: Error {
[71/93] Compiling HotwireNative Navigator+Configuration.swift
/host/spi-builder-workspace/.build/checkouts/hotwire-native-ios/Source/Bridge/Bridge.swift:2:8: error: no such module 'WebKit'
  1 | import Foundation
  2 | import WebKit
    |        `- error: no such module 'WebKit'
  3 |
  4 | public enum BridgeError: Error {
[72/93] Compiling HotwireNative Navigator.swift
/host/spi-builder-workspace/.build/checkouts/hotwire-native-ios/Source/Bridge/Bridge.swift:2:8: error: no such module 'WebKit'
  1 | import Foundation
  2 | import WebKit
    |        `- error: no such module 'WebKit'
  3 |
  4 | public enum BridgeError: Error {
[73/93] Compiling HotwireNative NavigatorDelegate.swift
/host/spi-builder-workspace/.build/checkouts/hotwire-native-ios/Source/Bridge/Bridge.swift:2:8: error: no such module 'WebKit'
  1 | import Foundation
  2 | import WebKit
    |        `- error: no such module 'WebKit'
  3 |
  4 | public enum BridgeError: Error {
[74/93] Compiling HotwireNative AppNavigationRouteDecisionHandler.swift
/host/spi-builder-workspace/.build/checkouts/hotwire-native-ios/Source/Bridge/Bridge.swift:2:8: error: no such module 'WebKit'
  1 | import Foundation
  2 | import WebKit
    |        `- error: no such module 'WebKit'
  3 |
  4 | public enum BridgeError: Error {
[75/93] Compiling HotwireNative SafariViewControllerRouteDecisionHandler.swift
/host/spi-builder-workspace/.build/checkouts/hotwire-native-ios/Source/Bridge/Bridge.swift:2:8: error: no such module 'WebKit'
  1 | import Foundation
  2 | import WebKit
    |        `- error: no such module 'WebKit'
  3 |
  4 | public enum BridgeError: Error {
[76/93] Compiling HotwireNative SystemNavigationRouteDecisionHandler.swift
/host/spi-builder-workspace/.build/checkouts/hotwire-native-ios/Source/Bridge/Bridge.swift:2:8: error: no such module 'WebKit'
  1 | import Foundation
  2 | import WebKit
    |        `- error: no such module 'WebKit'
  3 |
  4 | public enum BridgeError: Error {
[77/93] Compiling HotwireNative RouteDecisionHandler.swift
/host/spi-builder-workspace/.build/checkouts/hotwire-native-ios/Source/Bridge/Bridge.swift:2:8: error: no such module 'WebKit'
  1 | import Foundation
  2 | import WebKit
    |        `- error: no such module 'WebKit'
  3 |
  4 | public enum BridgeError: Error {
[78/93] Compiling HotwireNative Router.swift
/host/spi-builder-workspace/.build/checkouts/hotwire-native-ios/Source/Bridge/Bridge.swift:2:8: error: no such module 'WebKit'
  1 | import Foundation
  2 | import WebKit
    |        `- error: no such module 'WebKit'
  3 |
  4 | public enum BridgeError: Error {
[79/93] Compiling HotwireNative WKUIController.swift
/host/spi-builder-workspace/.build/checkouts/hotwire-native-ios/Source/Bridge/Bridge.swift:2:8: error: no such module 'WebKit'
  1 | import Foundation
  2 | import WebKit
    |        `- error: no such module 'WebKit'
  3 |
  4 | public enum BridgeError: Error {
[80/93] Compiling HotwireNative ExternalNavigationWebViewPolicyDecisionHandler.swift
/host/spi-builder-workspace/.build/checkouts/hotwire-native-ios/Source/Bridge/Bridge.swift:2:8: error: no such module 'WebKit'
  1 | import Foundation
  2 | import WebKit
    |        `- error: no such module 'WebKit'
  3 |
  4 | public enum BridgeError: Error {
[81/93] Compiling HotwireNative LinkActivatedWebViewPolicyDecisionHandler.swift
/host/spi-builder-workspace/.build/checkouts/hotwire-native-ios/Source/Bridge/Bridge.swift:2:8: error: no such module 'WebKit'
  1 | import Foundation
  2 | import WebKit
    |        `- error: no such module 'WebKit'
  3 |
  4 | public enum BridgeError: Error {
[82/93] Compiling HotwireNative NewWindowWebViewPolicyDecisionHandler.swift
/host/spi-builder-workspace/.build/checkouts/hotwire-native-ios/Source/Bridge/Bridge.swift:2:8: error: no such module 'WebKit'
  1 | import Foundation
  2 | import WebKit
    |        `- error: no such module 'WebKit'
  3 |
  4 | public enum BridgeError: Error {
[83/93] Compiling HotwireNative VisitProposal.swift
/host/spi-builder-workspace/.build/checkouts/hotwire-native-ios/Source/Bridge/Bridge.swift:2:8: error: no such module 'WebKit'
  1 | import Foundation
  2 | import WebKit
    |        `- error: no such module 'WebKit'
  3 |
  4 | public enum BridgeError: Error {
[84/93] Compiling HotwireNative VisitResponse.swift
/host/spi-builder-workspace/.build/checkouts/hotwire-native-ios/Source/Bridge/Bridge.swift:2:8: error: no such module 'WebKit'
  1 | import Foundation
  2 | import WebKit
    |        `- error: no such module 'WebKit'
  3 |
  4 | public enum BridgeError: Error {
[85/93] Compiling HotwireNative Visitable.swift
/host/spi-builder-workspace/.build/checkouts/hotwire-native-ios/Source/Bridge/Bridge.swift:2:8: error: no such module 'WebKit'
  1 | import Foundation
  2 | import WebKit
    |        `- error: no such module 'WebKit'
  3 |
  4 | public enum BridgeError: Error {
[86/93] Compiling HotwireNative VisitableView.swift
/host/spi-builder-workspace/.build/checkouts/hotwire-native-ios/Source/Bridge/Bridge.swift:2:8: error: no such module 'WebKit'
  1 | import Foundation
  2 | import WebKit
    |        `- error: no such module 'WebKit'
  3 |
  4 | public enum BridgeError: Error {
[87/93] Compiling HotwireNative VisitableViewController.swift
/host/spi-builder-workspace/.build/checkouts/hotwire-native-ios/Source/Bridge/Bridge.swift:2:8: error: no such module 'WebKit'
  1 | import Foundation
  2 | import WebKit
    |        `- error: no such module 'WebKit'
  3 |
  4 | public enum BridgeError: Error {
[88/93] Compiling HotwireNative JSON.swift
/host/spi-builder-workspace/.build/checkouts/hotwire-native-ios/Source/Bridge/Bridge.swift:2:8: error: no such module 'WebKit'
  1 | import Foundation
  2 | import WebKit
    |        `- error: no such module 'WebKit'
  3 |
  4 | public enum BridgeError: Error {
[89/93] Compiling HotwireNative JavaScriptExpression.swift
/host/spi-builder-workspace/.build/checkouts/hotwire-native-ios/Source/Bridge/Bridge.swift:2:8: error: no such module 'WebKit'
  1 | import Foundation
  2 | import WebKit
    |        `- error: no such module 'WebKit'
  3 |
  4 | public enum BridgeError: Error {
[90/93] Compiling HotwireNative ScriptMessage.swift
/host/spi-builder-workspace/.build/checkouts/hotwire-native-ios/Source/Bridge/Bridge.swift:2:8: error: no such module 'WebKit'
  1 | import Foundation
  2 | import WebKit
    |        `- error: no such module 'WebKit'
  3 |
  4 | public enum BridgeError: Error {
[91/93] Compiling HotwireNative WebViewBridge.swift
/host/spi-builder-workspace/.build/checkouts/hotwire-native-ios/Source/Bridge/Bridge.swift:2:8: error: no such module 'WebKit'
  1 | import Foundation
  2 | import WebKit
    |        `- error: no such module 'WebKit'
  3 |
  4 | public enum BridgeError: Error {
[92/93] Compiling HotwireNative WebView.swift
/host/spi-builder-workspace/.build/checkouts/hotwire-native-ios/Source/Bridge/Bridge.swift:2:8: error: no such module 'WebKit'
  1 | import Foundation
  2 | import WebKit
    |        `- error: no such module 'WebKit'
  3 |
  4 | public enum BridgeError: Error {
[93/93] Compiling HotwireNative resource_bundle_accessor.swift
/host/spi-builder-workspace/.build/checkouts/hotwire-native-ios/Source/Bridge/Bridge.swift:2:8: error: no such module 'WebKit'
  1 | import Foundation
  2 | import WebKit
    |        `- error: no such module 'WebKit'
  3 |
  4 | public enum BridgeError: Error {
BUILD FAILURE 6.1 wasm