The Swift Package Index logo.Swift Package Index

Build Information

Failed to build grand-access, reference 1.0.0 (da3e17), with Swift 6.4 for Android on 21 Sep 2026 13:29:50 UTC.

Build Command

bash -c docker run --pull=always --rm -v "checkouts-53886769-1":/host -w "$PWD" -e JAVA_HOME="/root/.sdkman/candidates/java/current" -e SPI_BUILD="1" -e SPI_PROCESSING="1" registry.gitlab.com/saguaro1/spi-images:android-6.4-latest swift build --swift-sdk aarch64-unknown-linux-android28 2>&1

Build Log

========================================
RunAll
========================================
Builder version: 5.1.0
Interrupt handler set up.
========================================
Checkout
========================================
Clone URL: https://github.com/swiftuiux/grand-access.git
Reference: 1.0.0
Initialized empty Git repository in /host/spi-builder-workspace/.git/
hint: Using 'master' as the name for the initial branch. This default branch name
hint: is subject to change. To configure the initial branch name to use in all
hint: of your new repositories, which will suppress this warning, call:
hint:
hint: 	git config --global init.defaultBranch <name>
hint:
hint: Names commonly chosen instead of 'master' are 'main', 'trunk' and
hint: 'development'. The just-created branch can be renamed via this command:
hint:
hint: 	git branch -m <name>
From https://github.com/swiftuiux/grand-access
 * tag               1.0.0      -> FETCH_HEAD
HEAD is now at da3e17d Update README.md
Cloned https://github.com/swiftuiux/grand-access.git
Revision (git rev-parse @):
da3e17d254041224c1515b05ca698ee2dff657b7
SUCCESS checkout https://github.com/swiftuiux/grand-access.git at 1.0.0
========================================
Build
========================================
Selected platform:         android
Swift version:             6.4
Building package at path:  $PWD
https://github.com/swiftuiux/grand-access.git
Running build ...
bash -c docker run --pull=always --rm -v "checkouts-53886769-1":/host -w "$PWD" -e JAVA_HOME="/root/.sdkman/candidates/java/current" -e SPI_BUILD="1" -e SPI_PROCESSING="1" registry.gitlab.com/saguaro1/spi-images:android-6.4-latest swift build --swift-sdk aarch64-unknown-linux-android28 2>&1
android-6.4-latest: Pulling from saguaro1/spi-images
Digest: sha256:abadcff584c273feba50641b454858d377ba30b35ea7287a94f45ebd8afd0ea0
Status: Image is up to date for registry.gitlab.com/saguaro1/spi-images:android-6.4-latest
Building for debugging...
[Planning deferred tasks]
error: SwiftCompile normal aarch64 failed with a nonzero exit code. Command line:     cd /host

/host/spi-builder-workspace/Sources/grand-access/GrandAccessModifier.swift:28:16: error: cannot find type 'LocalizedStringKey' in scope
26 |
27 |     /// Text of title
28 |     let title: LocalizedStringKey
   |                `- error: cannot find type 'LocalizedStringKey' in scope
29 |
30 |     /// The main message
/host/spi-builder-workspace/Sources/grand-access/GrandAccessModifier.swift:31:18: error: cannot find type 'LocalizedStringKey' in scope
29 |
30 |     /// The main message
31 |     let message: LocalizedStringKey
   |                  `- error: cannot find type 'LocalizedStringKey' in scope
32 |
33 |     /// Binding to on/off alert
/host/spi-builder-workspace/Sources/grand-access/GrandAccessModifier.swift:34:6: error: unknown attribute 'Binding'
32 |
33 |     /// Binding to on/off alert
34 |     @Binding var showingAlert: Bool
   |      `- error: unknown attribute 'Binding'
35 |
36 |     let url: URL?
/host/spi-builder-workspace/Sources/grand-access/GrandAccessModifier.swift:36:14: error: cannot find type 'URL' in scope
34 |     @Binding var showingAlert: Bool
35 |
36 |     let url: URL?
   |              `- error: cannot find type 'URL' in scope
37 |
38 |     // MARK: - Life circle
/host/spi-builder-workspace/Sources/grand-access/GrandAccessModifier.swift:41:16: error: cannot find type 'LocalizedStringKey' in scope
39 |
40 |     public init(
41 |         title: LocalizedStringKey,
   |                `- error: cannot find type 'LocalizedStringKey' in scope
42 |         message: LocalizedStringKey,
43 |         showingAlert: Binding<Bool>,
/host/spi-builder-workspace/Sources/grand-access/GrandAccessModifier.swift:42:18: error: cannot find type 'LocalizedStringKey' in scope
40 |     public init(
41 |         title: LocalizedStringKey,
42 |         message: LocalizedStringKey,
   |                  `- error: cannot find type 'LocalizedStringKey' in scope
43 |         showingAlert: Binding<Bool>,
44 |         url: URL? = GrandAccessModifier.defaultSettingsURL
/host/spi-builder-workspace/Sources/grand-access/GrandAccessModifier.swift:43:23: error: cannot find type 'Binding' in scope
41 |         title: LocalizedStringKey,
42 |         message: LocalizedStringKey,
43 |         showingAlert: Binding<Bool>,
   |                       `- error: cannot find type 'Binding' in scope
44 |         url: URL? = GrandAccessModifier.defaultSettingsURL
45 |     ) {
/host/spi-builder-workspace/Sources/grand-access/GrandAccessModifier.swift:44:14: error: cannot find type 'URL' in scope
42 |         message: LocalizedStringKey,
43 |         showingAlert: Binding<Bool>,
44 |         url: URL? = GrandAccessModifier.defaultSettingsURL
   |              `- error: cannot find type 'URL' in scope
45 |     ) {
46 |         self.title = title
/host/spi-builder-workspace/Sources/grand-access/GrandAccessModifier.swift:52:48: error: cannot find type 'View' in scope
50 |     }
51 |
52 |     public func body(content: Content) -> some View {
   |                                                `- error: cannot find type 'View' in scope
53 |         if #unavailable(iOS 16.0, macOS 13.0, tvOS 16.0, watchOS 9.0) {
54 |             content
/host/spi-builder-workspace/Sources/grand-access/GrandAccessModifier.swift:52:31: error: cannot find type 'Content' in scope
50 |     }
51 |
52 |     public func body(content: Content) -> some View {
   |                               `- error: cannot find type 'Content' in scope
53 |         if #unavailable(iOS 16.0, macOS 13.0, tvOS 16.0, watchOS 9.0) {
54 |             content
/host/spi-builder-workspace/Sources/grand-access/GrandAccessModifier.swift:86:43: error: cannot find type 'URL' in scope
84 |     }
85 |
86 |     public static var defaultSettingsURL: URL? {
   |                                           `- error: cannot find type 'URL' in scope
87 |         #if os(iOS) || os(tvOS)
88 |         return URL(string: UIApplication.openSettingsURLString)
/host/spi-builder-workspace/Sources/grand-access/GrandAccessModifier.swift:25:36: error: cannot find type 'ViewModifier' in scope
23 | /// Show grand access alert
24 | @available(iOS 14.0, macOS 11.0, tvOS 14.0, watchOS 7.0, *)
25 | public struct GrandAccessModifier: ViewModifier {
   |                                    `- error: cannot find type 'ViewModifier' in scope
26 |
27 |     /// Text of title
Failed frontend command:
/root/.local/share/swiftly/toolchains/6.4.x-snapshot-2026-09-04/usr/bin/swift-frontend -frontend -emit-module -experimental-skip-non-inlinable-function-bodies-without-types /host/spi-builder-workspace/.build/out/Intermediates.noindex/grand-access.build/Debug-android-aarch64/grand-access-t.build/DerivedSources/resource_bundle_accessor.swift /host/spi-builder-workspace/Sources/grand-access/GrandAccessModifier.swift /host/spi-builder-workspace/Sources/grand-access/Permission.swift -target aarch64-unknown-linux-android28 -Xllvm -aarch64-use-tbi -disable-objc-interop -sdk /android-ndk/android-ndk-r27d/toolchains/llvm/prebuilt/linux-x86_64/sysroot -sysroot /android-ndk/android-ndk-r27d/toolchains/llvm/prebuilt/linux-x86_64/sysroot -I /host/spi-builder-workspace/.build/out/Products/Debug-android-aarch64 -module-cache-path /host/spi-builder-workspace/.build/out/ModuleCache.noindex -color-diagnostics -Xcc -fcolor-diagnostics -enable-testing -g -debug-info-format\=dwarf -dwarf-version\=4 -swift-version 5 -Onone -D SWIFT_PACKAGE -D DEBUG -D SWIFT_MODULE_RESOURCE_BUNDLE_AVAILABLE -D Xcode -serialize-debugging-options -enable-experimental-feature DebugDescriptionMacro -empty-abi-descriptor -external-plugin-path /root/.local/share/swiftly/toolchains/6.4.x-snapshot-2026-09-04/usr/lib/swift/host/plugins/testing\#/root/.local/share/swiftly/toolchains/6.4.x-snapshot-2026-09-04/usr/bin/swift-plugin-server -validate-clang-modules-once -clang-build-session-file /host/spi-builder-workspace/.build/out/ModuleCache.noindex/Session.modulevalidation -Xcc -working-directory -Xcc /host -resource-dir /root/.swiftpm/swift-sdks/swift-6.4.x-DEVELOPMENT-SNAPSHOT-2026-09-04-a_android.artifactbundle/swift-android/swift-resources/usr/lib/swift-aarch64 -enable-anonymous-context-mangled-names -file-compilation-dir /host -Xcc -resource-dir -Xcc /android-ndk/android-ndk-r27d/toolchains/llvm/prebuilt/linux-x86_64/lib/clang/18 -Xcc -fno-omit-frame-pointer -Xcc -D_LIBCPP_HARDENING_MODE\=_LIBCPP_HARDENING_MODE_DEBUG -Xcc -fmodules-prune-interval\=86400 -Xcc -fmodules-prune-after\=345600 -Xcc -I/host/spi-builder-workspace/.build/out/Products/Debug-android-aarch64/include -Xcc -I/host/spi-builder-workspace/.build/out/Intermediates.noindex/grand-access.build/Debug-android-aarch64/grand-access-t.build/DerivedSources-normal/aarch64 -Xcc -I/host/spi-builder-workspace/.build/out/Intermediates.noindex/grand-access.build/Debug-android-aarch64/grand-access-t.build/DerivedSources/aarch64 -Xcc -I/host/spi-builder-workspace/.build/out/Intermediates.noindex/grand-access.build/Debug-android-aarch64/grand-access-t.build/DerivedSources -Xcc -DSWIFT_PACKAGE -Xcc -DDEBUG\=1 -no-auto-bridging-header-chaining -module-name grand_access -const-gather-protocols-file /host/spi-builder-workspace/.build/out/Intermediates.noindex/grand-access.build/Debug-android-aarch64/grand-access-t.build/Objects-normal/aarch64/grand-access_const_extract_protocols.json -in-process-plugin-server-path /root/.local/share/swiftly/toolchains/6.4.x-snapshot-2026-09-04/usr/lib/swift/host/libSwiftInProcPluginServer.so -plugin-path /root/.local/share/swiftly/toolchains/6.4.x-snapshot-2026-09-04/usr/lib/swift/host/plugins -plugin-path /root/.local/share/swiftly/toolchains/6.4.x-snapshot-2026-09-04/usr/local/lib/swift/host/plugins -emit-module-doc-path /host/spi-builder-workspace/.build/out/Intermediates.noindex/grand-access.build/Debug-android-aarch64/grand-access-t.build/Objects-normal/aarch64/Modules/grand_access.swiftdoc -emit-module-source-info-path /host/spi-builder-workspace/.build/out/Intermediates.noindex/grand-access.build/Debug-android-aarch64/grand-access-t.build/Objects-normal/aarch64/Modules/grand_access.swiftsourceinfo -emit-objc-header-path /host/spi-builder-workspace/.build/out/Intermediates.noindex/grand-access.build/Debug-android-aarch64/grand-access-t.build/Objects-normal/aarch64/grand-access-Swift.h -serialize-diagnostics-path /host/spi-builder-workspace/.build/out/Intermediates.noindex/grand-access.build/Debug-android-aarch64/grand-access-t.build/Objects-normal/aarch64/grand-access-primary-emit-module.dia -emit-dependencies-path /host/spi-builder-workspace/.build/out/Intermediates.noindex/grand-access.build/Debug-android-aarch64/grand-access-t.build/Objects-normal/aarch64/grand-access-primary-emit-module.d -parse-as-library -o /host/spi-builder-workspace/.build/out/Intermediates.noindex/grand-access.build/Debug-android-aarch64/grand-access-t.build/Objects-normal/aarch64/Modules/grand_access.swiftmodule
error: Build failed
BUILD FAILURE 6.4 android