The Swift Package Index logo.Swift Package Index

Build Information

Failed to build swift-nio-ssh, reference citadel2 (d88989), with Swift 6.3 for Wasm on 14 Sep 2026 14:16:08 UTC.

Build Command

bash -c docker run --pull=always --rm -v "checkouts-54344845-0":/host -w "$PWD" -e JAVA_HOME="/root/.sdkman/candidates/java/current" -e SPI_BUILD="1" -e SPI_PROCESSING="1" registry.gitlab.com/saguaro1/spi-images:wasm-6.3-latest swift build --swift-sdk swift-6.3.2-RELEASE_wasm 2>&1

Build Log

========================================
RunAll
========================================
Builder version: 5.0.2
Interrupt handler set up.
========================================
Checkout
========================================
Clone URL: https://github.com/Wellz26/swift-nio-ssh.git
Reference: citadel2
Initialized empty Git repository in /host/spi-builder-workspace/.git/
hint: Using 'master' as the name for the initial branch. This default branch name
hint: is subject to change. To configure the initial branch name to use in all
hint: of your new repositories, which will suppress this warning, call:
hint:
hint: 	git config --global init.defaultBranch <name>
hint:
hint: Names commonly chosen instead of 'master' are 'main', 'trunk' and
hint: 'development'. The just-created branch can be renamed via this command:
hint:
hint: 	git branch -m <name>
From https://github.com/Wellz26/swift-nio-ssh
 * branch            citadel2   -> FETCH_HEAD
 * [new branch]      citadel2   -> origin/citadel2
HEAD is now at d88989f Merge: don't send a window adjust after a locally-initiated close
Cloned https://github.com/Wellz26/swift-nio-ssh.git
Revision (git rev-parse @):
d88989f3d3bb1dfb2a38ce4af598afbf7fc3095c
SPI manifest file found: $PWD/.spi.yml
SUCCESS checkout https://github.com/Wellz26/swift-nio-ssh.git at citadel2
========================================
Build
========================================
Selected platform:         wasm
Swift version:             6.3
Building package at path:  $PWD
https://github.com/Wellz26/swift-nio-ssh.git
Running build ...
bash -c docker run --pull=always --rm -v "checkouts-54344845-0":/host -w "$PWD" -e JAVA_HOME="/root/.sdkman/candidates/java/current" -e SPI_BUILD="1" -e SPI_PROCESSING="1" registry.gitlab.com/saguaro1/spi-images:wasm-6.3-latest swift build --swift-sdk swift-6.3.2-RELEASE_wasm 2>&1
wasm-6.3-latest: Pulling from saguaro1/spi-images
Digest: sha256:253aad7f5b11d25cf9eaef34120b94cd8a325782929c57fb304a7711494a3f9a
Status: Image is up to date for registry.gitlab.com/saguaro1/spi-images:wasm-6.3-latest
Fetching https://github.com/apple/swift-nio.git
Fetching https://github.com/apple/swift-docc-plugin
Fetching https://github.com/apple/swift-crypto.git
Fetching https://github.com/apple/swift-atomics.git
[1/18490] Fetching swift-crypto
[371/20365] Fetching swift-crypto, swift-atomics
Fetched https://github.com/apple/swift-atomics.git from cache (0.52s)
[1850/20835] Fetching swift-crypto, swift-docc-plugin
[15659/106708] Fetching swift-crypto, swift-docc-plugin, swift-nio
Fetched https://github.com/apple/swift-docc-plugin from cache (2.85s)
Fetched https://github.com/apple/swift-crypto.git from cache (2.87s)
Fetched https://github.com/apple/swift-nio.git from cache (2.89s)
Computing version for https://github.com/apple/swift-atomics.git
Computed https://github.com/apple/swift-atomics.git at 1.3.1 (3.05s)
Computing version for https://github.com/apple/swift-docc-plugin
Computed https://github.com/apple/swift-docc-plugin at 1.5.0 (0.88s)
Fetching https://github.com/swiftlang/swift-docc-symbolkit
[1/3822] Fetching swift-docc-symbolkit
Fetched https://github.com/swiftlang/swift-docc-symbolkit from cache (0.57s)
Computing version for https://github.com/swiftlang/swift-docc-symbolkit
Computed https://github.com/swiftlang/swift-docc-symbolkit at 1.0.0 (0.78s)
Computing version for https://github.com/apple/swift-nio.git
Computed https://github.com/apple/swift-nio.git at 2.102.0 (0.29s)
Fetching https://github.com/apple/swift-collections.git
Fetching https://github.com/apple/swift-system.git
[1/6894] Fetching swift-system
[6895/34068] Fetching swift-system, swift-collections
Fetched https://github.com/apple/swift-system.git from cache (1.20s)
Fetched https://github.com/apple/swift-collections.git from cache (1.21s)
Computing version for https://github.com/apple/swift-collections.git
Computed https://github.com/apple/swift-collections.git at 1.6.0 (1.45s)
Computing version for https://github.com/apple/swift-system.git
Computed https://github.com/apple/swift-system.git at 1.8.1 (0.18s)
Computing version for https://github.com/apple/swift-crypto.git
Computed https://github.com/apple/swift-crypto.git at 3.15.1 (0.22s)
Fetching https://github.com/apple/swift-asn1.git
[1/1983] Fetching swift-asn1
Fetched https://github.com/apple/swift-asn1.git from cache (0.49s)
Computing version for https://github.com/apple/swift-asn1.git
Computed https://github.com/apple/swift-asn1.git at 1.7.2 (1.38s)
Creating working copy for https://github.com/apple/swift-docc-plugin
Working copy of https://github.com/apple/swift-docc-plugin resolved at 1.5.0
Creating working copy for https://github.com/apple/swift-crypto.git
Working copy of https://github.com/apple/swift-crypto.git resolved at 3.15.1
Creating working copy for https://github.com/apple/swift-system.git
Working copy of https://github.com/apple/swift-system.git resolved at 1.8.1
Creating working copy for https://github.com/apple/swift-atomics.git
Working copy of https://github.com/apple/swift-atomics.git resolved at 1.3.1
Creating working copy for https://github.com/apple/swift-collections.git
Working copy of https://github.com/apple/swift-collections.git resolved at 1.6.0
Creating working copy for https://github.com/apple/swift-nio.git
Working copy of https://github.com/apple/swift-nio.git resolved at 2.102.0
Creating working copy for https://github.com/apple/swift-asn1.git
Working copy of https://github.com/apple/swift-asn1.git resolved at 1.7.2
Creating working copy for https://github.com/swiftlang/swift-docc-symbolkit
Working copy of https://github.com/swiftlang/swift-docc-symbolkit resolved at 1.0.0
[1/1] Compiling plugin Swift-DocC Preview
[2/2] Compiling plugin Swift-DocC
Building for debugging...
[2/426] Write sources
[20/426] Compiling CNIOWindows shim.c
[21/426] Compiling CNIOWindows WSAStartup.c
[22/426] Compiling CNIOWASI CNIOWASI.c
[22/426] Compiling _AtomicsShims.c
[24/426] Compiling CNIOPosix event_loop_id.c
[25/426] Compiling CNIOOpenBSD shim.c
[26/426] Compiling CNIOLinux shim.c
[27/426] Compiling CNIODarwin shim.c
[27/426] Compiling CNIOLinux liburing_shims.c
[29/426] Compiling CNIOFreeBSD shim.c
[30/426] Compiling fiat_p256_adx_mul.S
[31/426] Compiling fiat_p256_adx_sqr.S
[32/426] Compiling fiat_curve25519_adx_square.S
[33/426] Compiling fiat_curve25519_adx_mul.S
[34/426] Write swift-version-24593BA9C3E375BF.txt
[35/426] Compiling md5-x86_64-linux.S
[36/426] Compiling md5-586-linux.S
[36/426] Compiling md5-x86_64-apple.S
[38/426] Compiling md5-586-apple.S
[39/426] Compiling chacha20_poly1305_x86_64-linux.S
[40/450] Compiling chacha20_poly1305_x86_64-apple.S
[41/450] Compiling CCryptoBoringSSLShims shims.c
[42/450] Compiling chacha20_poly1305_armv8-win.S
[43/450] Compiling chacha20_poly1305_armv8-linux.S
[44/450] Compiling chacha20_poly1305_armv8-apple.S
[45/450] Compiling chacha-x86_64-linux.S
[46/450] Compiling chacha-x86_64-apple.S
[47/450] Compiling chacha-x86-linux.S
[49/450] Emitting module _NIOBase64
[49/450] Compiling chacha-x86-apple.S
[50/450] Compiling chacha-armv8-win.S
[51/450] Compiling chacha-armv8-linux.S
[52/450] Compiling chacha-armv8-apple.S
[53/450] Compiling chacha-armv4-linux.S
[54/450] Compiling aes128gcmsiv-x86_64-linux.S
[55/450] Compiling aes128gcmsiv-x86_64-apple.S
[56/450] Compiling x86_64-mont5-linux.S
[57/450] Compiling x86_64-mont5-apple.S
[58/450] Compiling x86_64-mont-linux.S
[59/450] Compiling x86_64-mont-apple.S
[60/450] Compiling x86-mont-linux.S
[61/450] Compiling x86-mont-apple.S
[62/450] Compiling vpaes-x86_64-linux.S
[63/450] Compiling vpaes-x86_64-apple.S
[64/450] Compiling vpaes-x86-linux.S
[65/450] Compiling vpaes-x86-apple.S
[66/450] Compiling vpaes-armv8-win.S
[67/450] Compiling err_data.cc
[68/450] Compiling vpaes-armv8-linux.S
[69/450] Compiling vpaes-armv8-apple.S
[70/450] Compiling vpaes-armv7-linux.S
[71/450] Emitting module InternalCollectionsUtilities
[72/452] Compiling sha512-x86_64-linux.S
[73/452] Compiling sha512-x86_64-apple.S
[74/452] Compiling sha512-armv8-linux.S
[75/452] Compiling sha512-armv8-win.S
[76/452] Compiling sha512-armv8-apple.S
[77/452] Compiling sha512-586-linux.S
[78/452] Compiling sha512-586-apple.S
[79/452] Compiling sha512-armv4-linux.S
[80/452] Compiling sha256-x86_64-linux.S
[81/452] Compiling sha256-x86_64-apple.S
[82/452] Compiling sha256-armv8-win.S
[83/452] Compiling sha256-armv8-linux.S
[84/452] Compiling sha256-armv8-apple.S
[85/452] Compiling sha256-armv4-linux.S
[86/452] Compiling sha256-586-linux.S
[87/452] Compiling sha256-586-apple.S
[88/452] Compiling sha1-x86_64-linux.S
[89/452] Compiling sha1-x86_64-apple.S
[90/452] Compiling sha1-armv8-win.S
[91/452] Compiling sha1-armv8-linux.S
[92/452] Compiling sha1-armv8-apple.S
[93/452] Compiling sha1-586-apple.S
[94/452] Compiling sha1-armv4-large-linux.S
[95/452] Compiling sha1-586-linux.S
[96/452] Compiling rsaz-avx2-linux.S
[97/452] Compiling rdrand-x86_64-linux.S
[98/452] Compiling rsaz-avx2-apple.S
[99/452] Compiling rdrand-x86_64-apple.S
[100/452] Compiling p256_beeu-x86_64-asm-linux.S
[101/452] Compiling p256_beeu-x86_64-asm-apple.S
[102/452] Compiling p256_beeu-armv8-asm-win.S
[103/452] Compiling p256_beeu-armv8-asm-apple.S
[104/452] Compiling p256_beeu-armv8-asm-linux.S
[105/452] Compiling c-nioatomics.c
[106/452] Compiling p256-x86_64-asm-linux.S
[107/452] Compiling p256-x86_64-asm-apple.S
[108/452] Compiling p256-armv8-asm-win.S
[109/452] Compiling p256-armv8-asm-linux.S
[110/452] Compiling p256-armv8-asm-apple.S
[111/452] Compiling ghashv8-armv8-win.S
[112/452] Compiling ghashv8-armv8-apple.S
[113/452] Compiling ghashv8-armv8-linux.S
[114/452] Compiling ghashv8-armv7-linux.S
[115/452] Compiling ghash-x86_64-linux.S
[116/452] Compiling ghash-x86_64-apple.S
[117/452] Compiling ghash-x86-linux.S
[118/452] Compiling ghash-x86-apple.S
[119/452] Compiling ghash-ssse3-x86-linux.S
[120/452] Compiling ghash-ssse3-x86_64-linux.S
[121/452] Compiling ghash-ssse3-x86_64-apple.S
[122/452] Compiling ghash-ssse3-x86-apple.S
[123/452] Compiling ghash-neon-armv8-win.S
[124/452] Compiling ghash-neon-armv8-linux.S
[125/452] Compiling ghash-neon-armv8-apple.S
[126/452] Compiling ghash-armv4-linux.S
[127/452] Compiling co-586-apple.S
[128/452] Compiling co-586-linux.S
[129/452] Compiling bsaes-armv7-linux.S
[130/452] Compiling bn-armv8-win.S
[131/452] Compiling bn-586-linux.S
[132/452] Compiling bn-armv8-apple.S
[133/452] Compiling bn-armv8-linux.S
[134/452] Compiling bn-586-apple.S
[135/452] Compiling armv8-mont-win.S
[136/452] Compiling armv8-mont-linux.S
[137/452] Compiling armv8-mont-apple.S
[138/452] Compiling armv4-mont-linux.S
[139/452] Compiling aesv8-gcm-armv8-win.S
[140/452] Compiling aesv8-gcm-armv8-apple.S
[141/452] Compiling aesv8-gcm-armv8-linux.S
[142/452] Compiling aesv8-armv8-win.S
[143/452] Compiling aesv8-armv8-linux.S
[144/452] Compiling aesv8-armv8-apple.S
[145/452] Compiling aesv8-armv7-linux.S
[146/452] Compiling aesni-x86_64-linux.S
[147/452] Compiling aesni-x86_64-apple.S
[148/452] Compiling aesni-x86-linux.S
[149/452] Compiling aesni-x86-apple.S
[150/452] Compiling aesni-gcm-x86_64-linux.S
[151/452] Compiling aes-gcm-avx512-x86_64-linux.S
[152/452] Compiling aesni-gcm-x86_64-apple.S
[153/452] Compiling aes-gcm-avx512-x86_64-apple.S
[154/452] Compiling aes-gcm-avx2-x86_64-linux.S
[155/452] Compiling aes-gcm-avx2-x86_64-apple.S
[156/452] Compiling c-atomics.c
[157/452] Compiling xwing.cc
[158/452] Compiling x_spki.cc
[159/459] Compiling x_x509a.cc
[160/459] Compiling x_sig.cc
[161/459] Compiling x_x509.cc
[162/459] Compiling x_req.cc
[163/459] Compiling x_pubkey.cc
[165/459] Compiling InternalCollectionsUtilities Integer rank.swift
[166/459] Compiling InternalCollectionsUtilities UInt+first and last set bit.swift
[167/459] Compiling InternalCollectionsUtilities UInt+reversed.swift
[167/459] Compiling x_exten.cc
[168/459] Compiling x_name.cc
[170/459] Compiling _NIODataStructures PriorityQueue.swift
[171/459] Compiling InternalCollectionsUtilities _SortedCollection.swift
[172/459] Compiling InternalCollectionsUtilities _UniqueCollection.swift
[173/459] Compiling _NIOBase64 Base64.swift
[175/460] Compiling InternalCollectionsUtilities String+Padding.swift
[176/460] Compiling InternalCollectionsUtilities _UnsafeBitSet+Index.swift
[177/460] Compiling InternalCollectionsUtilities UnsafeBufferPointer+Extras.swift
[178/460] Compiling InternalCollectionsUtilities UnsafeMutableBufferPointer+Extras.swift
[178/460] Wrapping AST for _NIOBase64 for debugging
[179/460] Compiling x_crl.cc
[181/460] Compiling InternalCollectionsUtilities _UnsafeBitSet+_Word.swift
[182/460] Compiling InternalCollectionsUtilities _UnsafeBitSet.swift
[183/460] Compiling InternalCollectionsUtilities Debugging.swift
[184/460] Compiling InternalCollectionsUtilities Descriptions.swift
[185/460] Compiling InternalCollectionsUtilities FixedWidthInteger+roundUpToPowerOfTwo.swift
[186/460] Compiling InternalCollectionsUtilities UnsafeMutableRawBufferPointer+Extras.swift
[187/460] Compiling InternalCollectionsUtilities UnsafeRawBufferPointer+Extras.swift
[188/460] Compiling InternalCollectionsUtilities LifetimeOverride.swift
[189/460] Compiling InternalCollectionsUtilities RandomAccessCollection+Offsets.swift
[190/460] Compiling InternalCollectionsUtilities Span+Extras.swift
[191/461] Compiling x_attrib.cc
[193/461] Compiling _NIODataStructures _TinyArray.swift
[193/462] Wrapping AST for InternalCollectionsUtilities for debugging
[195/497] Compiling ContainersPreview BorrowingIteratorProtocol+Map.swift
[196/497] Compiling ContainersPreview BorrowingIteratorProtocol+Reduce.swift
[197/497] Compiling ContainersPreview BorrowingIteratorProtocol+SpanwiseZip.swift
[198/497] Compiling ContainersPreview BorrowingIteratorProtocol.swift
[199/497] Compiling ContainersPreview BorrowingSequence+Algorithms.swift
[200/501] Compiling ContainersPreview Container+SpanwiseZip.swift
[201/501] Compiling ContainersPreview Container.swift
[202/501] Compiling ContainersPreview ContainerIterator.swift
[203/501] Compiling ContainersPreview DynamicContainer.swift
[204/501] Compiling ContainersPreview MutableContainer.swift
[205/501] Compiling ContainersPreview Drain+Map.swift
[206/501] Compiling ContainersPreview Drain+Reduce.swift
[207/501] Compiling ContainersPreview Drain.swift
[208/501] Compiling ContainersPreview Producer+Collect.swift
[209/501] Compiling ContainersPreview Producer+Filter.swift
[210/501] Compiling ContainersPreview Ref.swift
[211/501] Compiling ContainersPreview Shared.swift
[212/501] Compiling ContainersPreview SpanIterator.swift
[213/501] Compiling ContainersPreview UniqueBox.swift
[214/501] Compiling NIOConcurrencyHelpers NIOAtomic.swift
[215/501] Emitting module NIOConcurrencyHelpers
[216/501] Compiling NIOConcurrencyHelpers NIOLock.swift
[217/501] Compiling ContainersPreview PermutableContainer.swift
[218/501] Compiling ContainersPreview RandomAccessContainer.swift
[219/501] Compiling ContainersPreview RangeExpression2.swift
[220/501] Compiling ContainersPreview RangeReplaceableContainer.swift
[221/501] Compiling ContainersPreview Strideable+Limits.swift
[222/501] Compiling ContainersPreview BorrowingSequence+Standard Conformances.swift
[223/501] Compiling ContainersPreview BorrowingSequence+Utilities.swift
[224/501] Compiling ContainersPreview BorrowingSequence.swift
[225/501] Compiling ContainersPreview BidirectionalContainer.swift
[226/501] Compiling ContainersPreview Container+Filter.swift
[227/501] Emitting module ContainersPreview
[228/501] Emitting module _NIODataStructures
[229/501] Compiling _NIODataStructures Heap.swift
[230/502] Compiling ContainersPreview OutputSpan+Extras.swift
[231/502] Compiling ContainersPreview TemporaryAllocation.swift
[232/502] Compiling ContainersPreview BorrowingIteratorProtocol+Copy.swift
[233/502] Compiling ContainersPreview BorrowingIteratorProtocol+ElementsEqual.swift
[234/502] Compiling ContainersPreview BorrowingIteratorProtocol+Filter.swift
[235/502] Compiling ContainersPreview Producer+Map.swift
[236/502] Compiling ContainersPreview Producer+Reduce.swift
[237/502] Compiling ContainersPreview Producer.swift
[238/502] Compiling ContainersPreview InputSpan.swift
[239/502] Compiling ContainersPreview MutableRef.swift
[239/503] Compiling x_algor.cc
[242/503] Compiling x_all.cc
[243/503] Wrapping AST for _NIODataStructures for debugging
[244/503] Wrapping AST for ContainersPreview for debugging
[245/544] Compiling x509rset.cc
[247/544] Compiling NIOConcurrencyHelpers NIOThreadPoolWorkAvailable.swift
[248/544] Compiling NIOConcurrencyHelpers lock.swift
[248/544] Compiling x509spki.cc
[250/544] Compiling NIOConcurrencyHelpers NIOLockedValueBox.swift
[251/544] Compiling NIOConcurrencyHelpers atomics.swift
[251/545] Compiling x509name.cc
[253/545] Compiling DequeModule UniqueDeque+Container.swift
[254/545] Compiling DequeModule UniqueDeque+Deprecated.swift
[255/545] Compiling DequeModule UniqueDeque+Descriptions.swift
[256/545] Compiling DequeModule UniqueDeque+Equatable.swift
[257/545] Compiling DequeModule UniqueDeque+Experimental.swift
[258/550] Wrapping AST for NIOConcurrencyHelpers for debugging
[260/550] Compiling DequeModule _DequeBuffer.swift
[261/550] Compiling DequeModule _DequeBufferHeader.swift
[262/550] Compiling DequeModule RigidDeque+Append.swift
[263/550] Compiling DequeModule RigidDeque+Consumption.swift
[264/550] Compiling DequeModule RigidDeque+Container.swift
[265/550] Compiling DequeModule RigidDeque+Descriptions.swift
[266/550] Compiling DequeModule RigidDeque+Equatable.swift
[267/550] Compiling DequeModule RigidDeque+Experimental.swift
[268/550] Compiling DequeModule RigidDeque+Hashable.swift
[269/550] Compiling DequeModule RigidDeque+Initializers.swift
[270/550] Compiling DequeModule RigidDeque+Insertions.swift
[271/550] Compiling DequeModule RigidDeque+Prepend.swift
[271/550] Compiling x509_txt.cc
[272/550] Compiling x509cset.cc
[273/550] Compiling x509_v3.cc
[275/550] Compiling DequeModule Deque+Codable.swift
[276/550] Compiling DequeModule Deque+Collection.swift
[277/550] Compiling DequeModule Deque+CustomReflectable.swift
[278/550] Compiling DequeModule Deque+Descriptions.swift
[279/550] Compiling DequeModule Deque+Equatable.swift
[280/550] Compiling DequeModule Deque+ExpressibleByArrayLiteral.swift
[280/550] Compiling x509_vpm.cc
[281/550] Compiling x509_vfy.cc
[282/550] Compiling x509_set.cc
[283/550] Compiling x509_trs.cc
[284/550] Compiling x509_req.cc
[285/550] Compiling x509_def.cc
[286/550] Compiling x509_obj.cc
[287/550] Compiling x509_ext.cc
[288/550] Compiling x509_lu.cc
[289/550] Compiling x509_d2.cc
[290/550] Compiling x509_cmp.cc
[291/550] Compiling x509_att.cc
[292/550] Compiling x509.cc
[293/550] Compiling v3_utl.cc
[294/550] Compiling v3_skey.cc
[295/550] Compiling v3_purp.cc
[297/550] Emitting module DequeModule
[298/550] Compiling DequeModule RigidDeque+Removals.swift
[299/550] Compiling DequeModule RigidDeque+Replacements.swift
[300/550] Compiling DequeModule RigidDeque+Testing.swift
[301/550] Compiling DequeModule RigidDeque.swift
[302/550] Compiling DequeModule UniqueDeque+Append.swift
[303/550] Compiling DequeModule UniqueDeque+Consumption.swift
[304/550] Compiling DequeModule Deque+Extras.swift
[305/550] Compiling DequeModule Deque+Hashable.swift
[306/550] Compiling DequeModule Deque+Testing.swift
[307/550] Compiling DequeModule Deque._Storage.swift
[308/550] Compiling DequeModule Deque._UnsafeHandle.swift
[309/550] Compiling DequeModule Deque.swift
[310/550] Compiling DequeModule UniqueDeque+Hashable.swift
[311/550] Compiling DequeModule UniqueDeque+Initializers.swift
[312/550] Compiling DequeModule UniqueDeque+Insertions.swift
[313/550] Compiling DequeModule UniqueDeque+Prepend.swift
[314/550] Compiling DequeModule UniqueDeque+Removals.swift
[314/550] Compiling v3_pmaps.cc
[315/550] Compiling v3_pcons.cc
[317/550] Compiling DequeModule UniqueDeque+Replacements.swift
[318/550] Compiling DequeModule UniqueDeque.swift
[319/550] Compiling DequeModule _DequeSlot.swift
[320/550] Compiling DequeModule _UnsafeDequeHandle.swift
[321/550] Compiling DequeModule _UnsafeDequeSegments.swift
[322/551] Compiling v3_prn.cc
[323/551] Compiling v3_ocsp.cc
[323/551] Wrapping AST for DequeModule for debugging
[325/551] Compiling v3_ncons.cc
[326/551] Compiling v3_lib.cc
[327/551] Compiling v3_int.cc
[328/551] Compiling v3_ia5.cc
[329/551] Compiling v3_info.cc
[330/551] Compiling v3_genn.cc
[331/551] Compiling v3_extku.cc
[332/551] Compiling v3_enum.cc
[333/551] Compiling v3_crld.cc
[334/551] Compiling v3_cpols.cc
[335/551] Compiling v3_conf.cc
[336/551] Compiling v3_bitst.cc
[337/551] Compiling v3_bcons.cc
[338/551] Compiling v3_alt.cc
[339/551] Compiling v3_akeya.cc
[340/551] Compiling v3_akey.cc
[341/551] Compiling t_x509a.cc
[342/551] Compiling t_x509.cc
[343/551] Compiling t_req.cc
[344/551] Compiling t_crl.cc
[345/551] Compiling rsa_pss.cc
[346/551] Compiling i2d_pr.cc
[347/551] Compiling policy.cc
[348/551] Compiling name_print.cc
[349/551] Compiling by_file.cc
[350/551] Compiling by_dir.cc
[351/551] Compiling asn1_gen.cc
[352/551] Compiling algorithm.cc
[353/551] Compiling a_verify.cc
[354/551] Compiling a_sign.cc
[355/551] Compiling voprf.cc
[356/551] Compiling a_digest.cc
[357/551] Compiling thread_win.cc
[358/551] Compiling thread_pthread.cc
[359/551] Compiling trust_token.cc
[360/551] Compiling thread_none.cc
[361/551] Compiling pmbtoken.cc
[362/551] Compiling thread.cc
[363/551] Compiling stack.cc
[364/551] Compiling siphash.cc
[365/551] Compiling sha512.cc
[366/551] Compiling slhdsa.cc
[367/551] Compiling sha1.cc
[368/551] Compiling sha256.cc
[369/551] Compiling spake2plus.cc
[370/551] Compiling rsa_print.cc
[371/551] Compiling rsa_extra.cc
[372/551] Compiling rsa_crypt.cc
[373/551] Compiling rc4.cc
[374/551] Compiling refcount.cc
[375/551] Compiling urandom.cc
[376/551] Compiling windows.cc
[377/551] Compiling trusty.cc
[378/551] Compiling rand.cc
[379/551] Compiling rsa_asn1.cc
[380/551] Compiling passive.cc
[381/551] Compiling ios.cc
[382/551] Compiling getentropy.cc
[383/551] Compiling forkunsafe.cc
[384/551] Compiling poly1305_arm_asm.S
[385/551] Compiling fork_detect.cc
[386/551] Compiling deterministic.cc
[387/551] Compiling poly1305_vec.cc
[388/551] Compiling pool.cc
[389/551] Compiling poly1305_arm.cc
[390/551] Compiling poly1305.cc
[391/551] Compiling p5_pbev2.cc
[392/551] Compiling pkcs8.cc
[393/551] Compiling pkcs8_x509.cc
[394/551] Compiling pkcs7.cc
[395/551] Compiling pkcs7_x509.cc
[396/551] Compiling pem_xaux.cc
[397/551] Compiling pem_x509.cc
[398/551] Compiling pem_pkey.cc
[399/551] Compiling pem_oth.cc
[399/551] Compiling pem_pk8.cc
[401/551] Compiling pem_info.cc
[402/551] Compiling pem_lib.cc
[403/551] Compiling mlkem.cc
[404/551] Compiling pem_all.cc
[405/551] Compiling obj_xref.cc
[406/551] Compiling obj.cc
[407/551] Compiling poly_rq_mul.S
[408/551] Compiling mldsa.cc
[409/551] Compiling mem.cc
[410/551] Compiling fips_shared_support.cc
[411/551] Compiling lhash.cc
[412/551] Compiling md5.cc
[413/551] Compiling md4.cc
[414/551] Compiling hrss.cc
[415/551] Compiling kyber.cc
[416/551] Compiling fuzzer_mode.cc
[417/551] Compiling ex_data.cc
[418/551] Compiling hpke.cc
[419/551] Compiling scrypt.cc
[420/551] Compiling print.cc
[421/551] Compiling pbkdf.cc
[422/551] Compiling sign.cc
[423/551] Compiling p_x25519_asn1.cc
[424/551] Compiling p_x25519.cc
[425/551] Compiling p_rsa_asn1.cc
[426/551] Compiling p_rsa.cc
[427/551] Compiling p_hkdf.cc
[428/551] Compiling p_ed25519_asn1.cc
[429/551] Compiling p_ed25519.cc
[430/551] Compiling p_ec_asn1.cc
[431/551] Compiling p_ec.cc
[432/551] Compiling p_dsa_asn1.cc
[433/551] Compiling p_dh_asn1.cc
[434/551] Compiling p_dh.cc
[435/551] Compiling evp_ctx.cc
[436/551] Compiling evp_asn1.cc
[437/551] Compiling err.cc
[438/551] Compiling engine.cc
[439/551] Compiling evp.cc
[440/551] Compiling ecdsa_p1363.cc
[441/551] Compiling ecdh.cc
[442/551] Compiling ecdsa_asn1.cc
[443/551] Compiling ec_derive.cc
[444/551] Compiling hash_to_curve.cc
[445/551] Compiling dsa.cc
[446/551] Compiling bcm.cc
[447/551] Compiling dsa_asn1.cc
[448/551] Compiling ec_asn1.cc
[449/551] Compiling x25519-asm-arm.S
[450/551] Compiling digest_extra.cc
[450/551] Compiling params.cc
[452/551] Compiling des.cc
[453/551] Compiling dh_asn1.cc
[454/551] Compiling curve25519_64_adx.cc
[455/551] Compiling spake25519.cc
[456/551] Compiling crypto.cc
[457/551] Compiling cpu_intel.cc
[458/551] Compiling cpu_arm_linux.cc
[459/551] Compiling cpu_arm_freebsd.cc
[459/551] Compiling curve25519.cc
[461/551] Compiling cpu_aarch64_win.cc
[462/551] Compiling cpu_aarch64_sysreg.cc
[463/551] Compiling cpu_aarch64_openbsd.cc
[464/551] Compiling cpu_aarch64_linux.cc
[465/551] Compiling cpu_aarch64_apple.cc
[465/551] Compiling cpu_aarch64_fuchsia.cc
[467/551] Compiling conf.cc
[468/551] Compiling tls_cbc.cc
[469/551] Compiling get_cipher.cc
[470/551] Compiling e_rc4.cc
[471/551] Compiling e_tls.cc
[472/551] Compiling cms.cc
[473/551] Compiling e_null.cc
[474/551] Compiling e_rc2.cc
[475/551] Compiling e_des.cc
[476/551] Compiling e_chacha20poly1305.cc
[477/551] Compiling e_aesgcmsiv.cc
[478/551] Compiling e_aesctrhmac.cc
[479/551] Compiling derive_key.cc
[479/551] Compiling e_aeseax.cc
[481/551] Compiling chacha.cc
[482/551] Compiling unicode.cc
[483/551] Compiling buf.cc
[483/551] Compiling sqrt.cc
[483/551] Compiling cbs.cc
[486/551] Compiling cbb.cc
[487/551] Compiling ber.cc
[488/551] Compiling exponentiation.cc
[489/551] Compiling asn1_compat.cc
[490/551] Compiling div.cc
[491/551] Compiling blake2.cc
[492/551] Compiling printf.cc
[493/551] Compiling hexdump.cc
[494/551] Compiling pair.cc
[495/551] Compiling bn_asn1.cc
[496/551] Compiling convert.cc
[497/551] Compiling file.cc
[498/551] Compiling fd.cc
[499/551] Compiling errno.cc
[500/551] Compiling bio_mem.cc
[501/551] Compiling base64.cc
[502/551] Compiling bio.cc
[503/551] Compiling tasn_typ.cc
[504/551] Compiling tasn_fre.cc
[505/551] Compiling tasn_utl.cc
[506/551] Compiling tasn_new.cc
[507/551] Compiling tasn_enc.cc
[508/551] Compiling posix_time.cc
[509/551] Compiling f_string.cc
[510/551] Compiling tasn_dec.cc
[511/551] Compiling f_int.cc
[512/551] Compiling asn1_par.cc
[513/551] Compiling asn_pack.cc
[514/551] Compiling asn1_lib.cc
[515/551] Compiling a_utctm.cc
[516/551] Compiling a_type.cc
[517/551] Compiling a_time.cc
[518/551] Compiling a_octet.cc
[519/551] Compiling a_strnid.cc
[520/551] Compiling a_strex.cc
[521/551] Compiling a_object.cc
[522/551] Compiling a_mbstr.cc
[523/551] Compiling a_i2d_fp.cc
[524/551] Write sources
[525/551] Compiling a_dup.cc
[526/558] Compiling a_int.cc
[527/569] Compiling a_d2i_fp.cc
[528/569] Compiling a_gentm.cc
[529/569] Compiling a_bool.cc
[530/569] Compiling a_bitstr.cc
[532/569] Compiling Atomics AtomicStorage.swift
[533/569] Compiling Atomics AtomicValue.swift
[533/571] Compiling aes.cc
[535/579] Compiling Atomics IntegerOperations.swift
[536/579] Compiling Atomics Unmanaged extensions.swift
[537/579] Compiling Atomics OptionalRawRepresentable.swift
[538/579] Compiling Atomics RawRepresentable.swift
[539/579] Compiling Atomics AtomicBool.swift
[540/579] Compiling Atomics UnsafeAtomic.swift
[541/579] Compiling Atomics UnsafeAtomicLazyReference.swift
[542/579] Compiling Atomics ManagedAtomic.swift
[543/579] Compiling Atomics ManagedAtomicLazyReference.swift
[544/579] Emitting module Atomics
[545/579] Compiling Atomics AtomicMemoryOrderings.swift
[546/579] Compiling Atomics DoubleWord.swift
[547/579] Compiling Atomics IntegerConformances.swift
[548/579] Compiling Atomics PointerConformances.swift
[549/579] Compiling Atomics Primitives.native.swift
[550/579] Compiling Atomics AtomicInteger.swift
[551/579] Compiling Atomics AtomicOptionalWrappable.swift
[552/579] Compiling Atomics AtomicReference.swift
[554/580] Compiling CryptoBoringWrapper RandomBytes.swift
[554/580] Wrapping AST for Atomics for debugging
[556/580] Compiling CryptoBoringWrapper CryptoKitErrors_boring.swift
[557/581] Emitting module CryptoBoringWrapper
[558/644] Compiling CryptoBoringWrapper BoringSSLAEAD.swift
[559/644] Compiling CryptoBoringWrapper FiniteFieldArithmeticContext.swift
[560/644] Compiling CryptoBoringWrapper ArbitraryPrecisionInteger.swift
[561/644] Compiling CryptoBoringWrapper EllipticCurve.swift
[562/644] Compiling CryptoBoringWrapper EllipticCurvePoint.swift
[564/645] Compiling NIOCore NIOCoreSendableMetatype.swift
[565/645] Compiling NIOCore NIODecodedAsyncSequence.swift
[566/645] Compiling NIOCore NIOLoopBound.swift
[567/645] Compiling NIOCore NIOPooledRecvBufferAllocator.swift
[568/645] Compiling NIOCore NIOScheduledCallback.swift
[569/645] Compiling NIOCore NIOSendable.swift
[570/645] Compiling NIOCore NIOSplitLinesMessageDecoder.swift
[571/645] Compiling NIOCore NIOTransportAccessibleChannelCore.swift
[572/645] Compiling NIOCore RecvByteBufferAllocator.swift
[572/653] Wrapping AST for CryptoBoringWrapper for debugging
[574/724] Compiling Crypto ECDSA_boring.swift
[575/724] Compiling Crypto EdDSA_boring.swift
[576/724] Compiling Crypto ECDSA.swift
[577/724] Compiling Crypto ASN1Identifier.swift
[578/724] Compiling Crypto ASN1Integer.swift
[579/724] Compiling Crypto ASN1Null.swift
[580/724] Compiling Crypto ASN1OctetString.swift
[581/724] Compiling Crypto ASN1Strings.swift
[582/724] Compiling Crypto ArraySliceBigint.swift
[583/724] Compiling Crypto GeneralizedTime.swift
[584/724] Compiling Crypto ObjectIdentifier.swift
[585/724] Compiling Crypto ECDSASignature.swift
[586/724] Compiling Crypto PEMDocument.swift
[587/724] Compiling Crypto ECDH.swift
[588/724] Compiling Crypto HKDF.swift
[589/724] Compiling Crypto AESWrap.swift
[590/724] Compiling Crypto AESWrap_boring.swift
[591/724] Compiling Crypto Ed25519_boring.swift
[592/724] Emitting module Crypto
[593/734] Compiling Crypto ASN1BitString.swift
[594/734] Compiling Crypto ASN1Boolean.swift
[595/734] Compiling Crypto X25519Keys.swift
[596/734] Compiling Crypto SymmetricKeys.swift
[597/734] Compiling Crypto HMAC.swift
[598/734] Compiling Crypto MACFunctions.swift
[599/734] Compiling Crypto MessageAuthenticationCode.swift
[600/734] Compiling Crypto AES.swift
[601/734] Compiling Crypto ECDSASignature_boring.swift
[602/734] Compiling Crypto HPKE-AEAD.swift
[603/734] Compiling Crypto HPKE-Ciphersuite.swift
[604/734] Compiling Crypto HPKE-KDF.swift
[605/734] Compiling Crypto HPKE-KexKeyDerivation.swift
[606/734] Compiling Crypto HPKE-LabeledExtract.swift
[607/734] Compiling Crypto HPKE-Utils.swift
[608/734] Compiling Crypto DHKEM.swift
[609/734] Compiling Crypto HPKE-KEM-Curve25519.swift
[610/734] Compiling Crypto HPKE-NIST-EC-KEMs.swift
[611/734] Compiling Crypto HPKE-KEM.swift
[612/734] Compiling Crypto PKCS8PrivateKey.swift
[613/734] Compiling Crypto SEC1PrivateKey.swift
[614/734] Compiling Crypto SubjectPublicKeyInfo.swift
[615/734] Compiling Crypto CryptoError_boring.swift
[616/734] Compiling Crypto CryptoKitErrors.swift
[617/734] Compiling Crypto Digest_boring.swift
[618/734] Compiling Crypto Digest.swift
[619/734] Compiling Crypto Digests.swift
[620/734] Compiling Crypto HashFunctions.swift
[621/734] Compiling Crypto HashFunctions_SHA2.swift
[639/734] Compiling Crypto Ed25519.swift
[645/734] Compiling Crypto NISTCurvesKeys_boring.swift
[646/734] Compiling Crypto X25519Keys_boring.swift
[647/734] Compiling Crypto Curve25519.swift
[648/734] Compiling Crypto Ed25519Keys.swift
[649/734] Compiling Crypto NISTCurvesKeys.swift
[650/734] Compiling Crypto HPKE-Errors.swift
[651/734] Compiling Crypto HPKE.swift
[652/734] Compiling Crypto HPKE-Context.swift
[653/734] Compiling Crypto HPKE-KeySchedule.swift
[654/734] Compiling Crypto HPKE-Modes.swift
[655/734] Compiling Crypto Insecure.swift
[656/734] Compiling Crypto Insecure_HashFunctions.swift
[657/734] Compiling Crypto KEM.swift
[658/734] Compiling Crypto ECDH_boring.swift
[659/734] Compiling Crypto AES-GCM.swift
[660/734] Compiling Crypto AES-GCM_boring.swift
[661/734] Compiling Crypto ChaChaPoly_boring.swift
[662/734] Compiling Crypto ChaChaPoly.swift
[663/734] Compiling Crypto Cipher.swift
[664/734] Compiling Crypto Nonces.swift
[665/734] Compiling Crypto ASN1.swift
[666/734] Compiling Crypto ASN1Any.swift
[678/734] Compiling Crypto DH.swift
[690/734] Compiling Crypto Signature.swift
[691/734] Compiling Crypto CryptoKitErrors_boring.swift
[692/734] Compiling Crypto RNG_boring.swift
[693/734] Compiling Crypto SafeCompare_boring.swift
[694/734] Compiling Crypto Zeroization_boring.swift
[695/734] Compiling Crypto PrettyBytes.swift
[696/734] Compiling Crypto SafeCompare.swift
[697/734] Compiling Crypto SecureBytes.swift
[698/734] Compiling Crypto Zeroization.swift
[708/735] Wrapping AST for Crypto for debugging
[719/735] Emitting module NIOCore
[720/741] Wrapping AST for NIOCore for debugging
[722/793] Compiling NIOPosix BSDSocketAPICommon.swift
/host/spi-builder-workspace/.build/checkouts/swift-nio/Sources/NIOPosix/BaseSocketChannel+AccessibleTransport.swift:17:11: error: cannot find type 'BaseSocketChannel' in scope
15 | import NIOCore
16 |
17 | extension BaseSocketChannel where SocketType: BaseSocket {
   |           `- error: cannot find type 'BaseSocketChannel' in scope
18 |     /// The underlying transport type backing this channel.
19 |     typealias Transport = NIOBSDSocket.Handle
/host/spi-builder-workspace/.build/checkouts/swift-nio/Sources/NIOPosix/BaseSocketChannel+AccessibleTransport.swift:27:11: error: cannot find type 'BaseSocketChannel' in scope
25 | }
26 |
27 | extension BaseSocketChannel where SocketType: PipePair {
   |           `- error: cannot find type 'BaseSocketChannel' in scope
28 |     /// The underlying transport type backing this channel.
29 |     typealias Transport = NIOBSDSocket.PipeHandle
/host/spi-builder-workspace/.build/checkouts/swift-nio/Sources/NIOPosix/BaseSocketChannel+AccessibleTransport.swift:42:11: error: cannot find type 'SocketChannel' in scope
40 | }
41 |
42 | extension SocketChannel: NIOTransportAccessibleChannelCore {}
   |           `- error: cannot find type 'SocketChannel' in scope
43 | extension ServerSocketChannel: NIOTransportAccessibleChannelCore {}
44 | extension DatagramChannel: NIOTransportAccessibleChannelCore {}
/host/spi-builder-workspace/.build/checkouts/swift-nio/Sources/NIOPosix/BaseSocketChannel+AccessibleTransport.swift:43:11: error: cannot find type 'ServerSocketChannel' in scope
41 |
42 | extension SocketChannel: NIOTransportAccessibleChannelCore {}
43 | extension ServerSocketChannel: NIOTransportAccessibleChannelCore {}
   |           `- error: cannot find type 'ServerSocketChannel' in scope
44 | extension DatagramChannel: NIOTransportAccessibleChannelCore {}
45 | extension PipeChannel: NIOTransportAccessibleChannelCore {}
/host/spi-builder-workspace/.build/checkouts/swift-nio/Sources/NIOPosix/BaseSocketChannel+AccessibleTransport.swift:44:11: error: cannot find type 'DatagramChannel' in scope
42 | extension SocketChannel: NIOTransportAccessibleChannelCore {}
43 | extension ServerSocketChannel: NIOTransportAccessibleChannelCore {}
44 | extension DatagramChannel: NIOTransportAccessibleChannelCore {}
   |           `- error: cannot find type 'DatagramChannel' in scope
45 | extension PipeChannel: NIOTransportAccessibleChannelCore {}
46 |
/host/spi-builder-workspace/.build/checkouts/swift-nio/Sources/NIOPosix/BaseSocketChannel+AccessibleTransport.swift:45:11: error: cannot find type 'PipeChannel' in scope
43 | extension ServerSocketChannel: NIOTransportAccessibleChannelCore {}
44 | extension DatagramChannel: NIOTransportAccessibleChannelCore {}
45 | extension PipeChannel: NIOTransportAccessibleChannelCore {}
   |           `- error: cannot find type 'PipeChannel' in scope
46 |
/host/spi-builder-workspace/.build/checkouts/swift-nio/Sources/NIOPosix/BaseSocketChannel+AccessibleTransport.swift:17:29: error: 'where' clause cannot be applied to a non-generic top-level declaration
15 | import NIOCore
16 |
17 | extension BaseSocketChannel where SocketType: BaseSocket {
   |                             `- error: 'where' clause cannot be applied to a non-generic top-level declaration
18 |     /// The underlying transport type backing this channel.
19 |     typealias Transport = NIOBSDSocket.Handle
/host/spi-builder-workspace/.build/checkouts/swift-nio/Sources/NIOPosix/BaseSocketChannel+AccessibleTransport.swift:27:29: error: 'where' clause cannot be applied to a non-generic top-level declaration
25 | }
26 |
27 | extension BaseSocketChannel where SocketType: PipePair {
   |                             `- error: 'where' clause cannot be applied to a non-generic top-level declaration
28 |     /// The underlying transport type backing this channel.
29 |     typealias Transport = NIOBSDSocket.PipeHandle
[723/793] Compiling NIOPosix BSDSocketAPIPosix.swift
/host/spi-builder-workspace/.build/checkouts/swift-nio/Sources/NIOPosix/BaseSocketChannel+AccessibleTransport.swift:17:11: error: cannot find type 'BaseSocketChannel' in scope
15 | import NIOCore
16 |
17 | extension BaseSocketChannel where SocketType: BaseSocket {
   |           `- error: cannot find type 'BaseSocketChannel' in scope
18 |     /// The underlying transport type backing this channel.
19 |     typealias Transport = NIOBSDSocket.Handle
/host/spi-builder-workspace/.build/checkouts/swift-nio/Sources/NIOPosix/BaseSocketChannel+AccessibleTransport.swift:27:11: error: cannot find type 'BaseSocketChannel' in scope
25 | }
26 |
27 | extension BaseSocketChannel where SocketType: PipePair {
   |           `- error: cannot find type 'BaseSocketChannel' in scope
28 |     /// The underlying transport type backing this channel.
29 |     typealias Transport = NIOBSDSocket.PipeHandle
/host/spi-builder-workspace/.build/checkouts/swift-nio/Sources/NIOPosix/BaseSocketChannel+AccessibleTransport.swift:42:11: error: cannot find type 'SocketChannel' in scope
40 | }
41 |
42 | extension SocketChannel: NIOTransportAccessibleChannelCore {}
   |           `- error: cannot find type 'SocketChannel' in scope
43 | extension ServerSocketChannel: NIOTransportAccessibleChannelCore {}
44 | extension DatagramChannel: NIOTransportAccessibleChannelCore {}
/host/spi-builder-workspace/.build/checkouts/swift-nio/Sources/NIOPosix/BaseSocketChannel+AccessibleTransport.swift:43:11: error: cannot find type 'ServerSocketChannel' in scope
41 |
42 | extension SocketChannel: NIOTransportAccessibleChannelCore {}
43 | extension ServerSocketChannel: NIOTransportAccessibleChannelCore {}
   |           `- error: cannot find type 'ServerSocketChannel' in scope
44 | extension DatagramChannel: NIOTransportAccessibleChannelCore {}
45 | extension PipeChannel: NIOTransportAccessibleChannelCore {}
/host/spi-builder-workspace/.build/checkouts/swift-nio/Sources/NIOPosix/BaseSocketChannel+AccessibleTransport.swift:44:11: error: cannot find type 'DatagramChannel' in scope
42 | extension SocketChannel: NIOTransportAccessibleChannelCore {}
43 | extension ServerSocketChannel: NIOTransportAccessibleChannelCore {}
44 | extension DatagramChannel: NIOTransportAccessibleChannelCore {}
   |           `- error: cannot find type 'DatagramChannel' in scope
45 | extension PipeChannel: NIOTransportAccessibleChannelCore {}
46 |
/host/spi-builder-workspace/.build/checkouts/swift-nio/Sources/NIOPosix/BaseSocketChannel+AccessibleTransport.swift:45:11: error: cannot find type 'PipeChannel' in scope
43 | extension ServerSocketChannel: NIOTransportAccessibleChannelCore {}
44 | extension DatagramChannel: NIOTransportAccessibleChannelCore {}
45 | extension PipeChannel: NIOTransportAccessibleChannelCore {}
   |           `- error: cannot find type 'PipeChannel' in scope
46 |
/host/spi-builder-workspace/.build/checkouts/swift-nio/Sources/NIOPosix/BaseSocketChannel+AccessibleTransport.swift:17:29: error: 'where' clause cannot be applied to a non-generic top-level declaration
15 | import NIOCore
16 |
17 | extension BaseSocketChannel where SocketType: BaseSocket {
   |                             `- error: 'where' clause cannot be applied to a non-generic top-level declaration
18 |     /// The underlying transport type backing this channel.
19 |     typealias Transport = NIOBSDSocket.Handle
/host/spi-builder-workspace/.build/checkouts/swift-nio/Sources/NIOPosix/BaseSocketChannel+AccessibleTransport.swift:27:29: error: 'where' clause cannot be applied to a non-generic top-level declaration
25 | }
26 |
27 | extension BaseSocketChannel where SocketType: PipePair {
   |                             `- error: 'where' clause cannot be applied to a non-generic top-level declaration
28 |     /// The underlying transport type backing this channel.
29 |     typealias Transport = NIOBSDSocket.PipeHandle
[724/793] Compiling NIOPosix BSDSocketAPIWindows.swift
/host/spi-builder-workspace/.build/checkouts/swift-nio/Sources/NIOPosix/BaseSocketChannel+AccessibleTransport.swift:17:11: error: cannot find type 'BaseSocketChannel' in scope
15 | import NIOCore
16 |
17 | extension BaseSocketChannel where SocketType: BaseSocket {
   |           `- error: cannot find type 'BaseSocketChannel' in scope
18 |     /// The underlying transport type backing this channel.
19 |     typealias Transport = NIOBSDSocket.Handle
/host/spi-builder-workspace/.build/checkouts/swift-nio/Sources/NIOPosix/BaseSocketChannel+AccessibleTransport.swift:27:11: error: cannot find type 'BaseSocketChannel' in scope
25 | }
26 |
27 | extension BaseSocketChannel where SocketType: PipePair {
   |           `- error: cannot find type 'BaseSocketChannel' in scope
28 |     /// The underlying transport type backing this channel.
29 |     typealias Transport = NIOBSDSocket.PipeHandle
/host/spi-builder-workspace/.build/checkouts/swift-nio/Sources/NIOPosix/BaseSocketChannel+AccessibleTransport.swift:42:11: error: cannot find type 'SocketChannel' in scope
40 | }
41 |
42 | extension SocketChannel: NIOTransportAccessibleChannelCore {}
   |           `- error: cannot find type 'SocketChannel' in scope
43 | extension ServerSocketChannel: NIOTransportAccessibleChannelCore {}
44 | extension DatagramChannel: NIOTransportAccessibleChannelCore {}
/host/spi-builder-workspace/.build/checkouts/swift-nio/Sources/NIOPosix/BaseSocketChannel+AccessibleTransport.swift:43:11: error: cannot find type 'ServerSocketChannel' in scope
41 |
42 | extension SocketChannel: NIOTransportAccessibleChannelCore {}
43 | extension ServerSocketChannel: NIOTransportAccessibleChannelCore {}
   |           `- error: cannot find type 'ServerSocketChannel' in scope
44 | extension DatagramChannel: NIOTransportAccessibleChannelCore {}
45 | extension PipeChannel: NIOTransportAccessibleChannelCore {}
/host/spi-builder-workspace/.build/checkouts/swift-nio/Sources/NIOPosix/BaseSocketChannel+AccessibleTransport.swift:44:11: error: cannot find type 'DatagramChannel' in scope
42 | extension SocketChannel: NIOTransportAccessibleChannelCore {}
43 | extension ServerSocketChannel: NIOTransportAccessibleChannelCore {}
44 | extension DatagramChannel: NIOTransportAccessibleChannelCore {}
   |           `- error: cannot find type 'DatagramChannel' in scope
45 | extension PipeChannel: NIOTransportAccessibleChannelCore {}
46 |
/host/spi-builder-workspace/.build/checkouts/swift-nio/Sources/NIOPosix/BaseSocketChannel+AccessibleTransport.swift:45:11: error: cannot find type 'PipeChannel' in scope
43 | extension ServerSocketChannel: NIOTransportAccessibleChannelCore {}
44 | extension DatagramChannel: NIOTransportAccessibleChannelCore {}
45 | extension PipeChannel: NIOTransportAccessibleChannelCore {}
   |           `- error: cannot find type 'PipeChannel' in scope
46 |
/host/spi-builder-workspace/.build/checkouts/swift-nio/Sources/NIOPosix/BaseSocketChannel+AccessibleTransport.swift:17:29: error: 'where' clause cannot be applied to a non-generic top-level declaration
15 | import NIOCore
16 |
17 | extension BaseSocketChannel where SocketType: BaseSocket {
   |                             `- error: 'where' clause cannot be applied to a non-generic top-level declaration
18 |     /// The underlying transport type backing this channel.
19 |     typealias Transport = NIOBSDSocket.Handle
/host/spi-builder-workspace/.build/checkouts/swift-nio/Sources/NIOPosix/BaseSocketChannel+AccessibleTransport.swift:27:29: error: 'where' clause cannot be applied to a non-generic top-level declaration
25 | }
26 |
27 | extension BaseSocketChannel where SocketType: PipePair {
   |                             `- error: 'where' clause cannot be applied to a non-generic top-level declaration
28 |     /// The underlying transport type backing this channel.
29 |     typealias Transport = NIOBSDSocket.PipeHandle
[725/793] Compiling NIOPosix BaseSocket.swift
/host/spi-builder-workspace/.build/checkouts/swift-nio/Sources/NIOPosix/BaseSocketChannel+AccessibleTransport.swift:17:11: error: cannot find type 'BaseSocketChannel' in scope
15 | import NIOCore
16 |
17 | extension BaseSocketChannel where SocketType: BaseSocket {
   |           `- error: cannot find type 'BaseSocketChannel' in scope
18 |     /// The underlying transport type backing this channel.
19 |     typealias Transport = NIOBSDSocket.Handle
/host/spi-builder-workspace/.build/checkouts/swift-nio/Sources/NIOPosix/BaseSocketChannel+AccessibleTransport.swift:27:11: error: cannot find type 'BaseSocketChannel' in scope
25 | }
26 |
27 | extension BaseSocketChannel where SocketType: PipePair {
   |           `- error: cannot find type 'BaseSocketChannel' in scope
28 |     /// The underlying transport type backing this channel.
29 |     typealias Transport = NIOBSDSocket.PipeHandle
/host/spi-builder-workspace/.build/checkouts/swift-nio/Sources/NIOPosix/BaseSocketChannel+AccessibleTransport.swift:42:11: error: cannot find type 'SocketChannel' in scope
40 | }
41 |
42 | extension SocketChannel: NIOTransportAccessibleChannelCore {}
   |           `- error: cannot find type 'SocketChannel' in scope
43 | extension ServerSocketChannel: NIOTransportAccessibleChannelCore {}
44 | extension DatagramChannel: NIOTransportAccessibleChannelCore {}
/host/spi-builder-workspace/.build/checkouts/swift-nio/Sources/NIOPosix/BaseSocketChannel+AccessibleTransport.swift:43:11: error: cannot find type 'ServerSocketChannel' in scope
41 |
42 | extension SocketChannel: NIOTransportAccessibleChannelCore {}
43 | extension ServerSocketChannel: NIOTransportAccessibleChannelCore {}
   |           `- error: cannot find type 'ServerSocketChannel' in scope
44 | extension DatagramChannel: NIOTransportAccessibleChannelCore {}
45 | extension PipeChannel: NIOTransportAccessibleChannelCore {}
/host/spi-builder-workspace/.build/checkouts/swift-nio/Sources/NIOPosix/BaseSocketChannel+AccessibleTransport.swift:44:11: error: cannot find type 'DatagramChannel' in scope
42 | extension SocketChannel: NIOTransportAccessibleChannelCore {}
43 | extension ServerSocketChannel: NIOTransportAccessibleChannelCore {}
44 | extension DatagramChannel: NIOTransportAccessibleChannelCore {}
   |           `- error: cannot find type 'DatagramChannel' in scope
45 | extension PipeChannel: NIOTransportAccessibleChannelCore {}
46 |
/host/spi-builder-workspace/.build/checkouts/swift-nio/Sources/NIOPosix/BaseSocketChannel+AccessibleTransport.swift:45:11: error: cannot find type 'PipeChannel' in scope
43 | extension ServerSocketChannel: NIOTransportAccessibleChannelCore {}
44 | extension DatagramChannel: NIOTransportAccessibleChannelCore {}
45 | extension PipeChannel: NIOTransportAccessibleChannelCore {}
   |           `- error: cannot find type 'PipeChannel' in scope
46 |
/host/spi-builder-workspace/.build/checkouts/swift-nio/Sources/NIOPosix/BaseSocketChannel+AccessibleTransport.swift:17:29: error: 'where' clause cannot be applied to a non-generic top-level declaration
15 | import NIOCore
16 |
17 | extension BaseSocketChannel where SocketType: BaseSocket {
   |                             `- error: 'where' clause cannot be applied to a non-generic top-level declaration
18 |     /// The underlying transport type backing this channel.
19 |     typealias Transport = NIOBSDSocket.Handle
/host/spi-builder-workspace/.build/checkouts/swift-nio/Sources/NIOPosix/BaseSocketChannel+AccessibleTransport.swift:27:29: error: 'where' clause cannot be applied to a non-generic top-level declaration
25 | }
26 |
27 | extension BaseSocketChannel where SocketType: PipePair {
   |                             `- error: 'where' clause cannot be applied to a non-generic top-level declaration
28 |     /// The underlying transport type backing this channel.
29 |     typealias Transport = NIOBSDSocket.PipeHandle
[726/793] Compiling NIOPosix BaseSocketChannel+AccessibleTransport.swift
/host/spi-builder-workspace/.build/checkouts/swift-nio/Sources/NIOPosix/BaseSocketChannel+AccessibleTransport.swift:17:11: error: cannot find type 'BaseSocketChannel' in scope
15 | import NIOCore
16 |
17 | extension BaseSocketChannel where SocketType: BaseSocket {
   |           `- error: cannot find type 'BaseSocketChannel' in scope
18 |     /// The underlying transport type backing this channel.
19 |     typealias Transport = NIOBSDSocket.Handle
/host/spi-builder-workspace/.build/checkouts/swift-nio/Sources/NIOPosix/BaseSocketChannel+AccessibleTransport.swift:27:11: error: cannot find type 'BaseSocketChannel' in scope
25 | }
26 |
27 | extension BaseSocketChannel where SocketType: PipePair {
   |           `- error: cannot find type 'BaseSocketChannel' in scope
28 |     /// The underlying transport type backing this channel.
29 |     typealias Transport = NIOBSDSocket.PipeHandle
/host/spi-builder-workspace/.build/checkouts/swift-nio/Sources/NIOPosix/BaseSocketChannel+AccessibleTransport.swift:42:11: error: cannot find type 'SocketChannel' in scope
40 | }
41 |
42 | extension SocketChannel: NIOTransportAccessibleChannelCore {}
   |           `- error: cannot find type 'SocketChannel' in scope
43 | extension ServerSocketChannel: NIOTransportAccessibleChannelCore {}
44 | extension DatagramChannel: NIOTransportAccessibleChannelCore {}
/host/spi-builder-workspace/.build/checkouts/swift-nio/Sources/NIOPosix/BaseSocketChannel+AccessibleTransport.swift:43:11: error: cannot find type 'ServerSocketChannel' in scope
41 |
42 | extension SocketChannel: NIOTransportAccessibleChannelCore {}
43 | extension ServerSocketChannel: NIOTransportAccessibleChannelCore {}
   |           `- error: cannot find type 'ServerSocketChannel' in scope
44 | extension DatagramChannel: NIOTransportAccessibleChannelCore {}
45 | extension PipeChannel: NIOTransportAccessibleChannelCore {}
/host/spi-builder-workspace/.build/checkouts/swift-nio/Sources/NIOPosix/BaseSocketChannel+AccessibleTransport.swift:44:11: error: cannot find type 'DatagramChannel' in scope
42 | extension SocketChannel: NIOTransportAccessibleChannelCore {}
43 | extension ServerSocketChannel: NIOTransportAccessibleChannelCore {}
44 | extension DatagramChannel: NIOTransportAccessibleChannelCore {}
   |           `- error: cannot find type 'DatagramChannel' in scope
45 | extension PipeChannel: NIOTransportAccessibleChannelCore {}
46 |
/host/spi-builder-workspace/.build/checkouts/swift-nio/Sources/NIOPosix/BaseSocketChannel+AccessibleTransport.swift:45:11: error: cannot find type 'PipeChannel' in scope
43 | extension ServerSocketChannel: NIOTransportAccessibleChannelCore {}
44 | extension DatagramChannel: NIOTransportAccessibleChannelCore {}
45 | extension PipeChannel: NIOTransportAccessibleChannelCore {}
   |           `- error: cannot find type 'PipeChannel' in scope
46 |
/host/spi-builder-workspace/.build/checkouts/swift-nio/Sources/NIOPosix/BaseSocketChannel+AccessibleTransport.swift:17:29: error: 'where' clause cannot be applied to a non-generic top-level declaration
15 | import NIOCore
16 |
17 | extension BaseSocketChannel where SocketType: BaseSocket {
   |                             `- error: 'where' clause cannot be applied to a non-generic top-level declaration
18 |     /// The underlying transport type backing this channel.
19 |     typealias Transport = NIOBSDSocket.Handle
/host/spi-builder-workspace/.build/checkouts/swift-nio/Sources/NIOPosix/BaseSocketChannel+AccessibleTransport.swift:27:29: error: 'where' clause cannot be applied to a non-generic top-level declaration
25 | }
26 |
27 | extension BaseSocketChannel where SocketType: PipePair {
   |                             `- error: 'where' clause cannot be applied to a non-generic top-level declaration
28 |     /// The underlying transport type backing this channel.
29 |     typealias Transport = NIOBSDSocket.PipeHandle
[727/793] Compiling NIOPosix BaseSocketChannel+SocketOptionProvider.swift
/host/spi-builder-workspace/.build/checkouts/swift-nio/Sources/NIOPosix/BaseSocketChannel+AccessibleTransport.swift:17:11: error: cannot find type 'BaseSocketChannel' in scope
15 | import NIOCore
16 |
17 | extension BaseSocketChannel where SocketType: BaseSocket {
   |           `- error: cannot find type 'BaseSocketChannel' in scope
18 |     /// The underlying transport type backing this channel.
19 |     typealias Transport = NIOBSDSocket.Handle
/host/spi-builder-workspace/.build/checkouts/swift-nio/Sources/NIOPosix/BaseSocketChannel+AccessibleTransport.swift:27:11: error: cannot find type 'BaseSocketChannel' in scope
25 | }
26 |
27 | extension BaseSocketChannel where SocketType: PipePair {
   |           `- error: cannot find type 'BaseSocketChannel' in scope
28 |     /// The underlying transport type backing this channel.
29 |     typealias Transport = NIOBSDSocket.PipeHandle
/host/spi-builder-workspace/.build/checkouts/swift-nio/Sources/NIOPosix/BaseSocketChannel+AccessibleTransport.swift:42:11: error: cannot find type 'SocketChannel' in scope
40 | }
41 |
42 | extension SocketChannel: NIOTransportAccessibleChannelCore {}
   |           `- error: cannot find type 'SocketChannel' in scope
43 | extension ServerSocketChannel: NIOTransportAccessibleChannelCore {}
44 | extension DatagramChannel: NIOTransportAccessibleChannelCore {}
/host/spi-builder-workspace/.build/checkouts/swift-nio/Sources/NIOPosix/BaseSocketChannel+AccessibleTransport.swift:43:11: error: cannot find type 'ServerSocketChannel' in scope
41 |
42 | extension SocketChannel: NIOTransportAccessibleChannelCore {}
43 | extension ServerSocketChannel: NIOTransportAccessibleChannelCore {}
   |           `- error: cannot find type 'ServerSocketChannel' in scope
44 | extension DatagramChannel: NIOTransportAccessibleChannelCore {}
45 | extension PipeChannel: NIOTransportAccessibleChannelCore {}
/host/spi-builder-workspace/.build/checkouts/swift-nio/Sources/NIOPosix/BaseSocketChannel+AccessibleTransport.swift:44:11: error: cannot find type 'DatagramChannel' in scope
42 | extension SocketChannel: NIOTransportAccessibleChannelCore {}
43 | extension ServerSocketChannel: NIOTransportAccessibleChannelCore {}
44 | extension DatagramChannel: NIOTransportAccessibleChannelCore {}
   |           `- error: cannot find type 'DatagramChannel' in scope
45 | extension PipeChannel: NIOTransportAccessibleChannelCore {}
46 |
/host/spi-builder-workspace/.build/checkouts/swift-nio/Sources/NIOPosix/BaseSocketChannel+AccessibleTransport.swift:45:11: error: cannot find type 'PipeChannel' in scope
43 | extension ServerSocketChannel: NIOTransportAccessibleChannelCore {}
44 | extension DatagramChannel: NIOTransportAccessibleChannelCore {}
45 | extension PipeChannel: NIOTransportAccessibleChannelCore {}
   |           `- error: cannot find type 'PipeChannel' in scope
46 |
/host/spi-builder-workspace/.build/checkouts/swift-nio/Sources/NIOPosix/BaseSocketChannel+AccessibleTransport.swift:17:29: error: 'where' clause cannot be applied to a non-generic top-level declaration
15 | import NIOCore
16 |
17 | extension BaseSocketChannel where SocketType: BaseSocket {
   |                             `- error: 'where' clause cannot be applied to a non-generic top-level declaration
18 |     /// The underlying transport type backing this channel.
19 |     typealias Transport = NIOBSDSocket.Handle
/host/spi-builder-workspace/.build/checkouts/swift-nio/Sources/NIOPosix/BaseSocketChannel+AccessibleTransport.swift:27:29: error: 'where' clause cannot be applied to a non-generic top-level declaration
25 | }
26 |
27 | extension BaseSocketChannel where SocketType: PipePair {
   |                             `- error: 'where' clause cannot be applied to a non-generic top-level declaration
28 |     /// The underlying transport type backing this channel.
29 |     typealias Transport = NIOBSDSocket.PipeHandle
[728/793] Compiling NIOPosix BaseSocketChannel.swift
/host/spi-builder-workspace/.build/checkouts/swift-nio/Sources/NIOPosix/BaseSocketChannel+AccessibleTransport.swift:17:11: error: cannot find type 'BaseSocketChannel' in scope
15 | import NIOCore
16 |
17 | extension BaseSocketChannel where SocketType: BaseSocket {
   |           `- error: cannot find type 'BaseSocketChannel' in scope
18 |     /// The underlying transport type backing this channel.
19 |     typealias Transport = NIOBSDSocket.Handle
/host/spi-builder-workspace/.build/checkouts/swift-nio/Sources/NIOPosix/BaseSocketChannel+AccessibleTransport.swift:27:11: error: cannot find type 'BaseSocketChannel' in scope
25 | }
26 |
27 | extension BaseSocketChannel where SocketType: PipePair {
   |           `- error: cannot find type 'BaseSocketChannel' in scope
28 |     /// The underlying transport type backing this channel.
29 |     typealias Transport = NIOBSDSocket.PipeHandle
/host/spi-builder-workspace/.build/checkouts/swift-nio/Sources/NIOPosix/BaseSocketChannel+AccessibleTransport.swift:42:11: error: cannot find type 'SocketChannel' in scope
40 | }
41 |
42 | extension SocketChannel: NIOTransportAccessibleChannelCore {}
   |           `- error: cannot find type 'SocketChannel' in scope
43 | extension ServerSocketChannel: NIOTransportAccessibleChannelCore {}
44 | extension DatagramChannel: NIOTransportAccessibleChannelCore {}
/host/spi-builder-workspace/.build/checkouts/swift-nio/Sources/NIOPosix/BaseSocketChannel+AccessibleTransport.swift:43:11: error: cannot find type 'ServerSocketChannel' in scope
41 |
42 | extension SocketChannel: NIOTransportAccessibleChannelCore {}
43 | extension ServerSocketChannel: NIOTransportAccessibleChannelCore {}
   |           `- error: cannot find type 'ServerSocketChannel' in scope
44 | extension DatagramChannel: NIOTransportAccessibleChannelCore {}
45 | extension PipeChannel: NIOTransportAccessibleChannelCore {}
/host/spi-builder-workspace/.build/checkouts/swift-nio/Sources/NIOPosix/BaseSocketChannel+AccessibleTransport.swift:44:11: error: cannot find type 'DatagramChannel' in scope
42 | extension SocketChannel: NIOTransportAccessibleChannelCore {}
43 | extension ServerSocketChannel: NIOTransportAccessibleChannelCore {}
44 | extension DatagramChannel: NIOTransportAccessibleChannelCore {}
   |           `- error: cannot find type 'DatagramChannel' in scope
45 | extension PipeChannel: NIOTransportAccessibleChannelCore {}
46 |
/host/spi-builder-workspace/.build/checkouts/swift-nio/Sources/NIOPosix/BaseSocketChannel+AccessibleTransport.swift:45:11: error: cannot find type 'PipeChannel' in scope
43 | extension ServerSocketChannel: NIOTransportAccessibleChannelCore {}
44 | extension DatagramChannel: NIOTransportAccessibleChannelCore {}
45 | extension PipeChannel: NIOTransportAccessibleChannelCore {}
   |           `- error: cannot find type 'PipeChannel' in scope
46 |
/host/spi-builder-workspace/.build/checkouts/swift-nio/Sources/NIOPosix/BaseSocketChannel+AccessibleTransport.swift:17:29: error: 'where' clause cannot be applied to a non-generic top-level declaration
15 | import NIOCore
16 |
17 | extension BaseSocketChannel where SocketType: BaseSocket {
   |                             `- error: 'where' clause cannot be applied to a non-generic top-level declaration
18 |     /// The underlying transport type backing this channel.
19 |     typealias Transport = NIOBSDSocket.Handle
/host/spi-builder-workspace/.build/checkouts/swift-nio/Sources/NIOPosix/BaseSocketChannel+AccessibleTransport.swift:27:29: error: 'where' clause cannot be applied to a non-generic top-level declaration
25 | }
26 |
27 | extension BaseSocketChannel where SocketType: PipePair {
   |                             `- error: 'where' clause cannot be applied to a non-generic top-level declaration
28 |     /// The underlying transport type backing this channel.
29 |     typealias Transport = NIOBSDSocket.PipeHandle
error: emit-module command failed with exit code 1 (use -v to see invocation)
[729/800] Emitting module NIOPosix
/host/spi-builder-workspace/.build/checkouts/swift-nio/Sources/NIOPosix/BaseSocketChannel+AccessibleTransport.swift:17:11: error: cannot find type 'BaseSocketChannel' in scope
15 | import NIOCore
16 |
17 | extension BaseSocketChannel where SocketType: BaseSocket {
   |           `- error: cannot find type 'BaseSocketChannel' in scope
18 |     /// The underlying transport type backing this channel.
19 |     typealias Transport = NIOBSDSocket.Handle
/host/spi-builder-workspace/.build/checkouts/swift-nio/Sources/NIOPosix/BaseSocketChannel+AccessibleTransport.swift:27:11: error: cannot find type 'BaseSocketChannel' in scope
25 | }
26 |
27 | extension BaseSocketChannel where SocketType: PipePair {
   |           `- error: cannot find type 'BaseSocketChannel' in scope
28 |     /// The underlying transport type backing this channel.
29 |     typealias Transport = NIOBSDSocket.PipeHandle
/host/spi-builder-workspace/.build/checkouts/swift-nio/Sources/NIOPosix/BaseSocketChannel+AccessibleTransport.swift:42:11: error: cannot find type 'SocketChannel' in scope
40 | }
41 |
42 | extension SocketChannel: NIOTransportAccessibleChannelCore {}
   |           `- error: cannot find type 'SocketChannel' in scope
43 | extension ServerSocketChannel: NIOTransportAccessibleChannelCore {}
44 | extension DatagramChannel: NIOTransportAccessibleChannelCore {}
/host/spi-builder-workspace/.build/checkouts/swift-nio/Sources/NIOPosix/BaseSocketChannel+AccessibleTransport.swift:43:11: error: cannot find type 'ServerSocketChannel' in scope
41 |
42 | extension SocketChannel: NIOTransportAccessibleChannelCore {}
43 | extension ServerSocketChannel: NIOTransportAccessibleChannelCore {}
   |           `- error: cannot find type 'ServerSocketChannel' in scope
44 | extension DatagramChannel: NIOTransportAccessibleChannelCore {}
45 | extension PipeChannel: NIOTransportAccessibleChannelCore {}
/host/spi-builder-workspace/.build/checkouts/swift-nio/Sources/NIOPosix/BaseSocketChannel+AccessibleTransport.swift:44:11: error: cannot find type 'DatagramChannel' in scope
42 | extension SocketChannel: NIOTransportAccessibleChannelCore {}
43 | extension ServerSocketChannel: NIOTransportAccessibleChannelCore {}
44 | extension DatagramChannel: NIOTransportAccessibleChannelCore {}
   |           `- error: cannot find type 'DatagramChannel' in scope
45 | extension PipeChannel: NIOTransportAccessibleChannelCore {}
46 |
/host/spi-builder-workspace/.build/checkouts/swift-nio/Sources/NIOPosix/BaseSocketChannel+AccessibleTransport.swift:45:11: error: cannot find type 'PipeChannel' in scope
43 | extension ServerSocketChannel: NIOTransportAccessibleChannelCore {}
44 | extension DatagramChannel: NIOTransportAccessibleChannelCore {}
45 | extension PipeChannel: NIOTransportAccessibleChannelCore {}
   |           `- error: cannot find type 'PipeChannel' in scope
46 |
[730/800] Compiling NIOPosix MultiThreadedEventLoopGroup.swift
[731/800] Compiling NIOPosix NIOPosixSendableMetatype.swift
[732/800] Compiling NIOPosix NIORandomizedDNSResolver.swift
[733/800] Compiling NIOPosix NIOThreadPool.swift
[734/800] Compiling NIOPosix NonBlockingFileIO.swift
[735/800] Compiling NIOPosix PendingDatagramWritesManager.swift
[736/800] Compiling NIOPosix PendingWritesManager.swift
[737/800] Compiling NIOPosix BaseStreamSocketChannel.swift
[738/800] Compiling NIOPosix Bootstrap.swift
[739/800] Compiling NIOPosix ControlMessage.swift
[740/800] Compiling NIOPosix DatagramVectorReadManager.swift
[741/800] Compiling NIOPosix Errors+Any.swift
[742/800] Compiling NIOPosix FileDescriptor.swift
[743/800] Compiling NIOPosix GetaddrinfoResolver.swift
[744/800] Compiling NIOPosix HappyEyeballs.swift
[745/800] Compiling NIOPosix IO.swift
[746/800] Compiling NIOPosix IntegerBitPacking.swift
[747/800] Compiling NIOPosix IntegerTypes.swift
[748/800] Compiling NIOPosix Linux.swift
[749/800] Compiling NIOPosix LinuxCPUSet.swift
[750/800] Compiling NIOPosix LinuxUring.swift
[751/800] Compiling NIOPosix PipeChannel.swift
[752/800] Compiling NIOPosix PipePair.swift
[753/800] Compiling NIOPosix Pool.swift
[754/800] Compiling NIOPosix PosixSingletons+ConcurrencyTakeOver.swift
[755/800] Compiling NIOPosix PosixSingletons.swift
[756/800] Compiling NIOPosix RawSocketBootstrap.swift
[757/800] Compiling NIOPosix Resolver.swift
[758/800] Compiling NIOPosix SelectorWSAPoll.swift
[759/800] Compiling NIOPosix ServerSocket.swift
[760/800] Compiling NIOPosix Socket.swift
[761/800] Compiling NIOPosix SocketChannel.swift
[762/800] Compiling NIOPosix SocketProtocols.swift
[763/800] Compiling NIOPosix StructuredConcurrencyHelpers.swift
[764/800] Compiling NIOPosix System.swift
[765/800] Compiling NIOPosix Selectable.swift
[766/800] Compiling NIOPosix SelectableChannel.swift
[767/800] Compiling NIOPosix SelectableEventLoop.swift
[768/800] Compiling NIOPosix SelectorEpoll.swift
[769/800] Compiling NIOPosix SelectorGeneric.swift
[770/800] Compiling NIOPosix SelectorKqueue.swift
[771/800] Compiling NIOPosix SelectorUring.swift
[772/800] Compiling NIOPosix Thread.swift
[773/800] Compiling NIOPosix ThreadPosix.swift
[774/800] Compiling NIOPosix ThreadWindows.swift
[775/800] Compiling NIOPosix Utilities.swift
[776/800] Compiling NIOPosix VsockAddress.swift
[777/800] Compiling NIOPosix VsockChannelEvents.swift
[778/800] Compiling NIOPosix Windows.swift
[779/800] Compiling NIOEmbedded AsyncTestingEventLoop.swift
[780/800] Compiling NIOEmbedded AsyncTestingChannel.swift
[781/800] Emitting module NIOEmbedded
BUILD FAILURE 6.3 wasm