The Swift Package Index logo.Swift Package Index

Build Information

Failed to build SwiftGodotKick, reference 3.0.0 (b16ed8), with Swift 6.4 for watchOS using Xcode 27.0 on 22 Sep 2026 12:37:03 UTC.

Build Command

env DEVELOPER_DIR=/Applications/Xcode-27.0.0-Release.Candidate.app xcrun xcodebuild -IDEClonedSourcePackagesDirPathOverride=$PWD/.dependencies -skipMacroValidation -skipPackagePluginValidation -derivedDataPath $PWD/.derivedData build -scheme SwiftGodotKick -destination generic/platform=watchOS

Build Log

========================================
RunAll
========================================
Builder version: 5.1.0
Interrupt handler set up.
========================================
Checkout
========================================
Clone URL: https://github.com/EstevanBR/SwiftGodotKick.git
Reference: 3.0.0
Initialized empty Git repository in /Users/admin/builder/spi-builder-workspace/.git/
From https://github.com/EstevanBR/SwiftGodotKick
 * tag               3.0.0      -> FETCH_HEAD
HEAD is now at b16ed8f reorder products and targets to avoid error
Cloned https://github.com/EstevanBR/SwiftGodotKick.git
Revision (git rev-parse @):
b16ed8f7d7bd7d1f51ca753a66f0615c524d5225
SUCCESS checkout https://github.com/EstevanBR/SwiftGodotKick.git at 3.0.0
========================================
Build
========================================
Selected platform:         watchOS
Swift version:             6.4
Building package at path:  $PWD
https://github.com/EstevanBR/SwiftGodotKick.git
Command line invocation:
    /Applications/Xcode-27.0.0-Release.Candidate.app/Contents/Developer/usr/bin/xcodebuild -IDEClonedSourcePackagesDirPathOverride=/Users/admin/builder/spi-builder-workspace/.dependencies -resolvePackageDependencies
Resolve Package Graph
Resolve Package Graph
Resolved source packages:
  SwiftGodotKick: /Users/admin/builder/spi-builder-workspace
resolved source packages: SwiftGodotKick
2026-09-22 08:36:20.461 xcodebuild[529:3038] [MT] IDERunDestination: Supported platforms for the buildables in the current scheme is empty.
{
  "dependencies" : [
  ],
  "manifest_display_name" : "SwiftGodotKick",
  "name" : "SwiftGodotKick",
  "path" : "/Users/admin/builder/spi-builder-workspace",
  "platforms" : [
  ],
  "products" : [
    {
      "name" : "swift-godot-kick",
      "targets" : [
        "CreateProject"
      ],
      "type" : {
        "executable" : null
      }
    }
  ],
  "targets" : [
    {
      "c99name" : "CreateProject",
      "module_type" : "SwiftTarget",
      "name" : "CreateProject",
      "path" : "Sources/CreateProject",
      "product_memberships" : [
        "swift-godot-kick"
      ],
      "resources" : [
        {
          "path" : "/Users/admin/builder/spi-builder-workspace/Sources/CreateProject/Resources",
          "rule" : {
            "copy" : {
            }
          }
        }
      ],
      "sources" : [
        "ChangeDirectoryError.swift",
        "Color.swift",
        "CreateProject.swift",
        "DataFactory.swift",
        "Extensions/ProcessInfo+SwiftGodotKick.swift",
        "Extensions/UserChoice+Argument.swift",
        "FileFactory.swift",
        "FileManager+SwiftGodotKick.swift",
        "UserChoice.swift"
      ],
      "type" : "executable"
    }
  ],
  "tools_version" : "5.9"
}
{
  "workspace" : {
    "name" : "SwiftGodotKick",
    "schemes" : [
      "SwiftGodotKick"
    ]
  }
}
2026-09-22 08:36:51.945 xcodebuild[626:3834] [MT] IDERunDestination: Supported platforms for the buildables in the current scheme is empty.
Running build ...
env DEVELOPER_DIR=/Applications/Xcode-27.0.0-Release.Candidate.app xcrun xcodebuild -IDEClonedSourcePackagesDirPathOverride=$PWD/.dependencies -skipMacroValidation -skipPackagePluginValidation -derivedDataPath $PWD/.derivedData build -scheme SwiftGodotKick -destination generic/platform=watchOS
Command line invocation:
    /Applications/Xcode-27.0.0-Release.Candidate.app/Contents/Developer/usr/bin/xcodebuild -IDEClonedSourcePackagesDirPathOverride=/Users/admin/builder/spi-builder-workspace/.dependencies -skipMacroValidation -skipPackagePluginValidation -derivedDataPath /Users/admin/builder/spi-builder-workspace/.derivedData build -scheme SwiftGodotKick -destination generic/platform=watchOS
Resolve Package Graph
Resolved source packages:
  SwiftGodotKick: /Users/admin/builder/spi-builder-workspace
ComputePackagePrebuildTargetDependencyGraph
Prepare packages
CreateBuildRequest
SendProjectDescription
CreateBuildOperation
ComputeTargetDependencyGraph
note: Building targets in dependency order
note: Target dependency graph (2 targets)
    Target 'swift-godot-kick-product' in project 'SwiftGodotKick'
        ➜ Explicit dependency on target 'SwiftGodotKick_CreateProject' in project 'SwiftGodotKick'
    Target 'SwiftGodotKick_CreateProject' in project 'SwiftGodotKick' (no dependencies)
GatherProvisioningInputs
CreateBuildDescription
ExecuteExternalTool /Applications/Xcode-27.0.0-Release.Candidate.app/Contents/Developer/Toolchains/XcodeDefault.xctoolchain/usr/bin/clang -v -E -dM -isysroot /Applications/Xcode-27.0.0-Release.Candidate.app/Contents/Developer/Platforms/WatchOS.platform/Developer/SDKs/WatchOS27.0.sdk -x c -c /dev/null
ExecuteExternalTool /Applications/Xcode-27.0.0-Release.Candidate.app/Contents/Developer/Toolchains/XcodeDefault.xctoolchain/usr/bin/swiftc --version
ExecuteExternalTool /Applications/Xcode-27.0.0-Release.Candidate.app/Contents/Developer/Toolchains/XcodeDefault.xctoolchain/usr/bin/ld -version_details
Build description signature: 6c74e37a4fbf2cc23c300418b1b40cc0
Build description path: /Users/admin/builder/spi-builder-workspace/.derivedData/Build/Intermediates.noindex/XCBuildData/6c74e37a4fbf2cc23c300418b1b40cc0.xcbuilddata
CreateBuildDirectory /Users/admin/builder/spi-builder-workspace/.derivedData/SDKExplicitPrecompiledModules
    cd /Users/admin/builder/spi-builder-workspace/.swiftpm/xcode
    builtin-create-build-directory /Users/admin/builder/spi-builder-workspace/.derivedData/SDKExplicitPrecompiledModules
CreateBuildDirectory /Users/admin/builder/spi-builder-workspace/.derivedData/ModuleCache.noindex
    cd /Users/admin/builder/spi-builder-workspace/.swiftpm/xcode
    builtin-create-build-directory /Users/admin/builder/spi-builder-workspace/.derivedData/ModuleCache.noindex
CreateBuildDirectory /Users/admin/builder/spi-builder-workspace/.derivedData/CompilationCache.noindex
    cd /Users/admin/builder/spi-builder-workspace/.swiftpm/xcode
    builtin-create-build-directory /Users/admin/builder/spi-builder-workspace/.derivedData/CompilationCache.noindex
CreateBuildDirectory /Users/admin/builder/spi-builder-workspace/.derivedData/Build/Intermediates.noindex
    cd /Users/admin/builder/spi-builder-workspace/.swiftpm/xcode
    builtin-create-build-directory /Users/admin/builder/spi-builder-workspace/.derivedData/Build/Intermediates.noindex
CreateBuildDirectory /Users/admin/builder/spi-builder-workspace/.derivedData/Build/Products
    cd /Users/admin/builder/spi-builder-workspace/.swiftpm/xcode
    builtin-create-build-directory /Users/admin/builder/spi-builder-workspace/.derivedData/Build/Products
ClangStatCache /Applications/Xcode-27.0.0-Release.Candidate.app/Contents/Developer/Toolchains/XcodeDefault.xctoolchain/usr/bin/clang-stat-cache /Applications/Xcode-27.0.0-Release.Candidate.app/Contents/Developer/Platforms/WatchOS.platform/Developer/SDKs/WatchOS27.0.sdk /Users/admin/builder/spi-builder-workspace/.derivedData/SDKStatCaches.noindex/watchos27.0-24R360-e829b21a6f8c9b70876ba0858053c04477534ef55a1706bf4c1112bbb242f0a2.sdkstatcache
    cd /Users/admin/builder/spi-builder-workspace/.swiftpm/xcode
    /Applications/Xcode-27.0.0-Release.Candidate.app/Contents/Developer/Toolchains/XcodeDefault.xctoolchain/usr/bin/clang-stat-cache /Applications/Xcode-27.0.0-Release.Candidate.app/Contents/Developer/Platforms/WatchOS.platform/Developer/SDKs/WatchOS27.0.sdk -o /Users/admin/builder/spi-builder-workspace/.derivedData/SDKStatCaches.noindex/watchos27.0-24R360-e829b21a6f8c9b70876ba0858053c04477534ef55a1706bf4c1112bbb242f0a2.sdkstatcache
CreateBuildDirectory /Users/admin/builder/spi-builder-workspace/.derivedData/Build/Intermediates.noindex/SwiftExplicitPrecompiledModules
    cd /Users/admin/builder/spi-builder-workspace/.swiftpm/xcode
    builtin-create-build-directory /Users/admin/builder/spi-builder-workspace/.derivedData/Build/Intermediates.noindex/SwiftExplicitPrecompiledModules
CreateBuildDirectory /Users/admin/builder/spi-builder-workspace/.derivedData/Build/Intermediates.noindex/PrecompiledHeaders
    cd /Users/admin/builder/spi-builder-workspace/.swiftpm/xcode
    builtin-create-build-directory /Users/admin/builder/spi-builder-workspace/.derivedData/Build/Intermediates.noindex/PrecompiledHeaders
CreateBuildDirectory /Users/admin/builder/spi-builder-workspace/.derivedData/Build/Intermediates.noindex/ExplicitPrecompiledModules
    cd /Users/admin/builder/spi-builder-workspace/.swiftpm/xcode
    builtin-create-build-directory /Users/admin/builder/spi-builder-workspace/.derivedData/Build/Intermediates.noindex/ExplicitPrecompiledModules
CreateBuildDirectory /Users/admin/builder/spi-builder-workspace/.derivedData/Build/Intermediates.noindex/EagerLinkingTBDs/Debug-watchos
    cd /Users/admin/builder/spi-builder-workspace/.swiftpm/xcode
    builtin-create-build-directory /Users/admin/builder/spi-builder-workspace/.derivedData/Build/Intermediates.noindex/EagerLinkingTBDs/Debug-watchos
CreateBuildDirectory /Users/admin/builder/spi-builder-workspace/.derivedData/Build/Products/Debug-watchos
    cd /Users/admin/builder/spi-builder-workspace/.swiftpm/xcode
    builtin-create-build-directory /Users/admin/builder/spi-builder-workspace/.derivedData/Build/Products/Debug-watchos
CreateBuildDirectory /Users/admin/builder/spi-builder-workspace/.derivedData/Build/Products/Debug-watchos/PackageFrameworks
    cd /Users/admin/builder/spi-builder-workspace/.swiftpm/xcode
    builtin-create-build-directory /Users/admin/builder/spi-builder-workspace/.derivedData/Build/Products/Debug-watchos/PackageFrameworks
MkDir /Users/admin/builder/spi-builder-workspace/.derivedData/Build/Products/Debug-watchos/SwiftGodotKick_CreateProject.bundle (in target 'SwiftGodotKick_CreateProject' from project 'SwiftGodotKick')
    cd /Users/admin/builder/spi-builder-workspace
    /bin/mkdir -p /Users/admin/builder/spi-builder-workspace/.derivedData/Build/Products/Debug-watchos/SwiftGodotKick_CreateProject.bundle
WriteAuxiliaryFile /Users/admin/builder/spi-builder-workspace/.derivedData/Build/Intermediates.noindex/SwiftGodotKick.build/Debug-watchos/SwiftGodotKick_CreateProject-b.build/SwiftGodotKick_CreateProject.DependencyMetadataFileList (in target 'SwiftGodotKick_CreateProject' from project 'SwiftGodotKick')
    cd /Users/admin/builder/spi-builder-workspace
    write-file /Users/admin/builder/spi-builder-workspace/.derivedData/Build/Intermediates.noindex/SwiftGodotKick.build/Debug-watchos/SwiftGodotKick_CreateProject-b.build/SwiftGodotKick_CreateProject.DependencyMetadataFileList
WriteAuxiliaryFile /Users/admin/builder/spi-builder-workspace/.derivedData/Build/Intermediates.noindex/SwiftGodotKick.build/Debug-watchos/swift-godot-kick-p.build/swift-godot-kick.DependencyMetadataFileList (in target 'swift-godot-kick-product' from project 'SwiftGodotKick')
    cd /Users/admin/builder/spi-builder-workspace
    write-file /Users/admin/builder/spi-builder-workspace/.derivedData/Build/Intermediates.noindex/SwiftGodotKick.build/Debug-watchos/swift-godot-kick-p.build/swift-godot-kick.DependencyMetadataFileList
WriteAuxiliaryFile /Users/admin/builder/spi-builder-workspace/.derivedData/Build/Intermediates.noindex/SwiftGodotKick.build/Debug-watchos/SwiftGodotKick_CreateProject-b.build/empty-SwiftGodotKick_CreateProject.plist (in target 'SwiftGodotKick_CreateProject' from project 'SwiftGodotKick')
    cd /Users/admin/builder/spi-builder-workspace
    write-file /Users/admin/builder/spi-builder-workspace/.derivedData/Build/Intermediates.noindex/SwiftGodotKick.build/Debug-watchos/SwiftGodotKick_CreateProject-b.build/empty-SwiftGodotKick_CreateProject.plist
WriteAuxiliaryFile /Users/admin/builder/spi-builder-workspace/.derivedData/Build/Intermediates.noindex/SwiftGodotKick.build/Debug-watchos/SwiftGodotKick_CreateProject-b.build/SwiftGodotKick_CreateProject.DependencyStaticMetadataFileList (in target 'SwiftGodotKick_CreateProject' from project 'SwiftGodotKick')
    cd /Users/admin/builder/spi-builder-workspace
    write-file /Users/admin/builder/spi-builder-workspace/.derivedData/Build/Intermediates.noindex/SwiftGodotKick.build/Debug-watchos/SwiftGodotKick_CreateProject-b.build/SwiftGodotKick_CreateProject.DependencyStaticMetadataFileList
WriteAuxiliaryFile /Users/admin/builder/spi-builder-workspace/.derivedData/Build/Intermediates.noindex/SwiftGodotKick.build/Debug-watchos/swift-godot-kick-p.build/swift-godot-kick.DependencyStaticMetadataFileList (in target 'swift-godot-kick-product' from project 'SwiftGodotKick')
    cd /Users/admin/builder/spi-builder-workspace
    write-file /Users/admin/builder/spi-builder-workspace/.derivedData/Build/Intermediates.noindex/SwiftGodotKick.build/Debug-watchos/swift-godot-kick-p.build/swift-godot-kick.DependencyStaticMetadataFileList
WriteAuxiliaryFile /Users/admin/builder/spi-builder-workspace/.derivedData/Build/Intermediates.noindex/SwiftGodotKick.build/Debug-watchos/swift-godot-kick-p.build/Objects-normal/arm64_32/swift-godot-kick.LinkFileList (in target 'swift-godot-kick-product' from project 'SwiftGodotKick')
    cd /Users/admin/builder/spi-builder-workspace
    write-file /Users/admin/builder/spi-builder-workspace/.derivedData/Build/Intermediates.noindex/SwiftGodotKick.build/Debug-watchos/swift-godot-kick-p.build/Objects-normal/arm64_32/swift-godot-kick.LinkFileList
WriteAuxiliaryFile /Users/admin/builder/spi-builder-workspace/.derivedData/Build/Intermediates.noindex/SwiftGodotKick.build/Debug-watchos/swift-godot-kick-p.build/Objects-normal/arm64_32/swift-godot-kick.SwiftFileList (in target 'swift-godot-kick-product' from project 'SwiftGodotKick')
    cd /Users/admin/builder/spi-builder-workspace
    write-file /Users/admin/builder/spi-builder-workspace/.derivedData/Build/Intermediates.noindex/SwiftGodotKick.build/Debug-watchos/swift-godot-kick-p.build/Objects-normal/arm64_32/swift-godot-kick.SwiftFileList
WriteAuxiliaryFile /Users/admin/builder/spi-builder-workspace/.derivedData/Build/Intermediates.noindex/SwiftGodotKick.build/Debug-watchos/swift-godot-kick-p.build/Objects-normal/arm64_32/swift-godot-kick_const_extract_protocols.json (in target 'swift-godot-kick-product' from project 'SwiftGodotKick')
    cd /Users/admin/builder/spi-builder-workspace
    write-file /Users/admin/builder/spi-builder-workspace/.derivedData/Build/Intermediates.noindex/SwiftGodotKick.build/Debug-watchos/swift-godot-kick-p.build/Objects-normal/arm64_32/swift-godot-kick_const_extract_protocols.json
WriteAuxiliaryFile /Users/admin/builder/spi-builder-workspace/.derivedData/Build/Intermediates.noindex/SwiftGodotKick.build/Debug-watchos/swift-godot-kick-p.build/Objects-normal/arm64_32/swift-godot-kick-OutputFileMap.json (in target 'swift-godot-kick-product' from project 'SwiftGodotKick')
    cd /Users/admin/builder/spi-builder-workspace
    write-file /Users/admin/builder/spi-builder-workspace/.derivedData/Build/Intermediates.noindex/SwiftGodotKick.build/Debug-watchos/swift-godot-kick-p.build/Objects-normal/arm64_32/swift-godot-kick-OutputFileMap.json
WriteAuxiliaryFile /Users/admin/builder/spi-builder-workspace/.derivedData/Build/Intermediates.noindex/SwiftGodotKick.build/Debug-watchos/swift-godot-kick-p.build/Objects-normal/arm64/swift-godot-kick.LinkFileList (in target 'swift-godot-kick-product' from project 'SwiftGodotKick')
    cd /Users/admin/builder/spi-builder-workspace
    write-file /Users/admin/builder/spi-builder-workspace/.derivedData/Build/Intermediates.noindex/SwiftGodotKick.build/Debug-watchos/swift-godot-kick-p.build/Objects-normal/arm64/swift-godot-kick.LinkFileList
WriteAuxiliaryFile /Users/admin/builder/spi-builder-workspace/.derivedData/Build/Intermediates.noindex/SwiftGodotKick.build/Debug-watchos/swift-godot-kick-p.build/Objects-normal/arm64/swift-godot-kick_const_extract_protocols.json (in target 'swift-godot-kick-product' from project 'SwiftGodotKick')
    cd /Users/admin/builder/spi-builder-workspace
    write-file /Users/admin/builder/spi-builder-workspace/.derivedData/Build/Intermediates.noindex/SwiftGodotKick.build/Debug-watchos/swift-godot-kick-p.build/Objects-normal/arm64/swift-godot-kick_const_extract_protocols.json
WriteAuxiliaryFile /Users/admin/builder/spi-builder-workspace/.derivedData/Build/Intermediates.noindex/SwiftGodotKick.build/Debug-watchos/swift-godot-kick-p.build/Objects-normal/arm64/swift-godot-kick.SwiftFileList (in target 'swift-godot-kick-product' from project 'SwiftGodotKick')
    cd /Users/admin/builder/spi-builder-workspace
    write-file /Users/admin/builder/spi-builder-workspace/.derivedData/Build/Intermediates.noindex/SwiftGodotKick.build/Debug-watchos/swift-godot-kick-p.build/Objects-normal/arm64/swift-godot-kick.SwiftFileList
WriteAuxiliaryFile /Users/admin/builder/spi-builder-workspace/.derivedData/Build/Intermediates.noindex/SwiftGodotKick.build/Debug-watchos/swift-godot-kick-p.build/Objects-normal/arm64/swift-godot-kick-OutputFileMap.json (in target 'swift-godot-kick-product' from project 'SwiftGodotKick')
    cd /Users/admin/builder/spi-builder-workspace
    write-file /Users/admin/builder/spi-builder-workspace/.derivedData/Build/Intermediates.noindex/SwiftGodotKick.build/Debug-watchos/swift-godot-kick-p.build/Objects-normal/arm64/swift-godot-kick-OutputFileMap.json
WriteAuxiliaryFile /Users/admin/builder/spi-builder-workspace/.derivedData/Build/Intermediates.noindex/SwiftGodotKick.build/Debug-watchos/swift-godot-kick-p.build/DerivedSources/resource_bundle_accessor.swift (in target 'swift-godot-kick-product' from project 'SwiftGodotKick')
    cd /Users/admin/builder/spi-builder-workspace
    write-file /Users/admin/builder/spi-builder-workspace/.derivedData/Build/Intermediates.noindex/SwiftGodotKick.build/Debug-watchos/swift-godot-kick-p.build/DerivedSources/resource_bundle_accessor.swift
CpResource /Users/admin/builder/spi-builder-workspace/.derivedData/Build/Products/Debug-watchos/SwiftGodotKick_CreateProject.bundle/Resources /Users/admin/builder/spi-builder-workspace/Sources/CreateProject/Resources (in target 'SwiftGodotKick_CreateProject' from project 'SwiftGodotKick')
    cd /Users/admin/builder/spi-builder-workspace
    builtin-copy -exclude .DS_Store -exclude CVS -exclude .svn -exclude .git -exclude .hg -resolve-src-symlinks /Users/admin/builder/spi-builder-workspace/Sources/CreateProject/Resources /Users/admin/builder/spi-builder-workspace/.derivedData/Build/Products/Debug-watchos/SwiftGodotKick_CreateProject.bundle
ProcessInfoPlistFile /Users/admin/builder/spi-builder-workspace/.derivedData/Build/Products/Debug-watchos/SwiftGodotKick_CreateProject.bundle/Info.plist /Users/admin/builder/spi-builder-workspace/.derivedData/Build/Intermediates.noindex/SwiftGodotKick.build/Debug-watchos/SwiftGodotKick_CreateProject-b.build/empty-SwiftGodotKick_CreateProject.plist (in target 'SwiftGodotKick_CreateProject' from project 'SwiftGodotKick')
    cd /Users/admin/builder/spi-builder-workspace
    builtin-infoPlistUtility /Users/admin/builder/spi-builder-workspace/.derivedData/Build/Intermediates.noindex/SwiftGodotKick.build/Debug-watchos/SwiftGodotKick_CreateProject-b.build/empty-SwiftGodotKick_CreateProject.plist -producttype com.apple.product-type.bundle -expandbuildsettings -format binary -platform watchos -o /Users/admin/builder/spi-builder-workspace/.derivedData/Build/Products/Debug-watchos/SwiftGodotKick_CreateProject.bundle/Info.plist
RegisterExecutionPolicyException /Users/admin/builder/spi-builder-workspace/.derivedData/Build/Products/Debug-watchos/SwiftGodotKick_CreateProject.bundle (in target 'SwiftGodotKick_CreateProject' from project 'SwiftGodotKick')
    cd /Users/admin/builder/spi-builder-workspace
    builtin-RegisterExecutionPolicyException /Users/admin/builder/spi-builder-workspace/.derivedData/Build/Products/Debug-watchos/SwiftGodotKick_CreateProject.bundle
Touch /Users/admin/builder/spi-builder-workspace/.derivedData/Build/Products/Debug-watchos/SwiftGodotKick_CreateProject.bundle (in target 'SwiftGodotKick_CreateProject' from project 'SwiftGodotKick')
    cd /Users/admin/builder/spi-builder-workspace
    /usr/bin/touch -c /Users/admin/builder/spi-builder-workspace/.derivedData/Build/Products/Debug-watchos/SwiftGodotKick_CreateProject.bundle
SwiftDriver swift-godot-kick normal arm64_32 com.apple.xcode.tools.swift.compiler (in target 'swift-godot-kick-product' from project 'SwiftGodotKick')
    cd /Users/admin/builder/spi-builder-workspace/.swiftpm/xcode
    builtin-SwiftDriver -- /Applications/Xcode-27.0.0-Release.Candidate.app/Contents/Developer/Toolchains/XcodeDefault.xctoolchain/usr/bin/swiftc -parse-as-library -module-name CreateProject -Onone @/Users/admin/builder/spi-builder-workspace/.derivedData/Build/Intermediates.noindex/SwiftGodotKick.build/Debug-watchos/swift-godot-kick-p.build/Objects-normal/arm64_32/swift-godot-kick.SwiftFileList -DSWIFT_PACKAGE -DDEBUG -DSWIFT_MODULE_RESOURCE_BUNDLE_AVAILABLE -DXcode -plugin-path /Applications/Xcode-27.0.0-Release.Candidate.app/Contents/Developer/Toolchains/XcodeDefault.xctoolchain/usr/lib/swift/host/plugins/testing -enable-experimental-feature DebugDescriptionMacro -sdk /Applications/Xcode-27.0.0-Release.Candidate.app/Contents/Developer/Platforms/WatchOS.platform/Developer/SDKs/WatchOS27.0.sdk -target arm64_32-apple-watchos9.0 -g -module-cache-path /Users/admin/builder/spi-builder-workspace/.derivedData/ModuleCache.noindex -Xfrontend -serialize-debugging-options -enable-testing -index-store-path /Users/admin/builder/spi-builder-workspace/.derivedData/Index.noindex/DataStore -Xcc -D_LIBCPP_HARDENING_MODE\=_LIBCPP_HARDENING_MODE_DEBUG -swift-version 5 -I /Users/admin/builder/spi-builder-workspace/.derivedData/Build/Products/Debug-watchos -Isystem /Applications/Xcode-27.0.0-Release.Candidate.app/Contents/Developer/Platforms/WatchOS.platform/Developer/usr/lib -F /Users/admin/builder/spi-builder-workspace/.derivedData/Build/Products/Debug-watchos -F /Applications/Xcode-27.0.0-Release.Candidate.app/Contents/Developer/Platforms/WatchOS.platform/Developer/Library/Frameworks -F /Applications/Xcode-27.0.0-Release.Candidate.app/Contents/Developer/Platforms/WatchOS.platform/Developer/SDKs/WatchOS27.0.sdk/Developer/Library/Frameworks -c -j10 -enable-batch-mode -incremental -Xcc -ivfsstatcache -Xcc /Users/admin/builder/spi-builder-workspace/.derivedData/SDKStatCaches.noindex/watchos27.0-24R360-e829b21a6f8c9b70876ba0858053c04477534ef55a1706bf4c1112bbb242f0a2.sdkstatcache -output-file-map /Users/admin/builder/spi-builder-workspace/.derivedData/Build/Intermediates.noindex/SwiftGodotKick.build/Debug-watchos/swift-godot-kick-p.build/Objects-normal/arm64_32/swift-godot-kick-OutputFileMap.json -save-temps -no-color-diagnostics -explicit-module-build -module-cache-path /Users/admin/builder/spi-builder-workspace/.derivedData/Build/Intermediates.noindex/SwiftExplicitPrecompiledModules -clang-scanner-module-cache-path /Users/admin/builder/spi-builder-workspace/.derivedData/ModuleCache.noindex -sdk-module-cache-path /Users/admin/builder/spi-builder-workspace/.derivedData/SDKExplicitPrecompiledModules -emit-dependencies -emit-module -emit-module-path /Users/admin/builder/spi-builder-workspace/.derivedData/Build/Intermediates.noindex/SwiftGodotKick.build/Debug-watchos/swift-godot-kick-p.build/Objects-normal/arm64_32/CreateProject.swiftmodule -serialize-diagnostics -dependency-scan-serialize-diagnostics-path /Users/admin/builder/spi-builder-workspace/.derivedData/Build/Intermediates.noindex/SwiftGodotKick.build/Debug-watchos/swift-godot-kick-p.build/Objects-normal/arm64_32/CreateProject-dependency-scan.dia -validate-clang-modules-once -clang-build-session-file /Users/admin/builder/spi-builder-workspace/.derivedData/ModuleCache.noindex/Session.modulevalidation -Xcc -fmodules-prune-interval\=86400 -Xcc -fmodules-prune-after\=345600 -package-name spi_builder_workspace -emit-const-values -const-gather-protocols-list /Users/admin/builder/spi-builder-workspace/.derivedData/Build/Intermediates.noindex/SwiftGodotKick.build/Debug-watchos/swift-godot-kick-p.build/Objects-normal/arm64_32/swift-godot-kick_const_extract_protocols.json -Xcc -I/Users/admin/builder/spi-builder-workspace/.derivedData/Build/Products/Debug-watchos/include -Xcc -I/Users/admin/builder/spi-builder-workspace/.derivedData/Build/Intermediates.noindex/SwiftGodotKick.build/Debug-watchos/swift-godot-kick-p.build/DerivedSources-normal/arm64_32 -Xcc -I/Users/admin/builder/spi-builder-workspace/.derivedData/Build/Intermediates.noindex/SwiftGodotKick.build/Debug-watchos/swift-godot-kick-p.build/DerivedSources/arm64_32 -Xcc -I/Users/admin/builder/spi-builder-workspace/.derivedData/Build/Intermediates.noindex/SwiftGodotKick.build/Debug-watchos/swift-godot-kick-p.build/DerivedSources -Xcc -DSWIFT_PACKAGE -Xcc -DDEBUG\=1 -working-directory /Users/admin/builder/spi-builder-workspace/.swiftpm/xcode -experimental-emit-module-separately -disable-cmo
SwiftDriver swift-godot-kick normal arm64 com.apple.xcode.tools.swift.compiler (in target 'swift-godot-kick-product' from project 'SwiftGodotKick')
    cd /Users/admin/builder/spi-builder-workspace/.swiftpm/xcode
    builtin-SwiftDriver -- /Applications/Xcode-27.0.0-Release.Candidate.app/Contents/Developer/Toolchains/XcodeDefault.xctoolchain/usr/bin/swiftc -parse-as-library -module-name CreateProject -Onone @/Users/admin/builder/spi-builder-workspace/.derivedData/Build/Intermediates.noindex/SwiftGodotKick.build/Debug-watchos/swift-godot-kick-p.build/Objects-normal/arm64/swift-godot-kick.SwiftFileList -DSWIFT_PACKAGE -DDEBUG -DSWIFT_MODULE_RESOURCE_BUNDLE_AVAILABLE -DXcode -plugin-path /Applications/Xcode-27.0.0-Release.Candidate.app/Contents/Developer/Toolchains/XcodeDefault.xctoolchain/usr/lib/swift/host/plugins/testing -enable-experimental-feature DebugDescriptionMacro -sdk /Applications/Xcode-27.0.0-Release.Candidate.app/Contents/Developer/Platforms/WatchOS.platform/Developer/SDKs/WatchOS27.0.sdk -target arm64-apple-watchos9.0 -g -module-cache-path /Users/admin/builder/spi-builder-workspace/.derivedData/ModuleCache.noindex -Xfrontend -serialize-debugging-options -enable-testing -index-store-path /Users/admin/builder/spi-builder-workspace/.derivedData/Index.noindex/DataStore -Xcc -D_LIBCPP_HARDENING_MODE\=_LIBCPP_HARDENING_MODE_DEBUG -swift-version 5 -I /Users/admin/builder/spi-builder-workspace/.derivedData/Build/Products/Debug-watchos -Isystem /Applications/Xcode-27.0.0-Release.Candidate.app/Contents/Developer/Platforms/WatchOS.platform/Developer/usr/lib -F /Users/admin/builder/spi-builder-workspace/.derivedData/Build/Products/Debug-watchos -F /Applications/Xcode-27.0.0-Release.Candidate.app/Contents/Developer/Platforms/WatchOS.platform/Developer/Library/Frameworks -F /Applications/Xcode-27.0.0-Release.Candidate.app/Contents/Developer/Platforms/WatchOS.platform/Developer/SDKs/WatchOS27.0.sdk/Developer/Library/Frameworks -c -j10 -enable-batch-mode -incremental -Xcc -ivfsstatcache -Xcc /Users/admin/builder/spi-builder-workspace/.derivedData/SDKStatCaches.noindex/watchos27.0-24R360-e829b21a6f8c9b70876ba0858053c04477534ef55a1706bf4c1112bbb242f0a2.sdkstatcache -output-file-map /Users/admin/builder/spi-builder-workspace/.derivedData/Build/Intermediates.noindex/SwiftGodotKick.build/Debug-watchos/swift-godot-kick-p.build/Objects-normal/arm64/swift-godot-kick-OutputFileMap.json -save-temps -no-color-diagnostics -explicit-module-build -module-cache-path /Users/admin/builder/spi-builder-workspace/.derivedData/Build/Intermediates.noindex/SwiftExplicitPrecompiledModules -clang-scanner-module-cache-path /Users/admin/builder/spi-builder-workspace/.derivedData/ModuleCache.noindex -sdk-module-cache-path /Users/admin/builder/spi-builder-workspace/.derivedData/SDKExplicitPrecompiledModules -emit-dependencies -emit-module -emit-module-path /Users/admin/builder/spi-builder-workspace/.derivedData/Build/Intermediates.noindex/SwiftGodotKick.build/Debug-watchos/swift-godot-kick-p.build/Objects-normal/arm64/CreateProject.swiftmodule -serialize-diagnostics -dependency-scan-serialize-diagnostics-path /Users/admin/builder/spi-builder-workspace/.derivedData/Build/Intermediates.noindex/SwiftGodotKick.build/Debug-watchos/swift-godot-kick-p.build/Objects-normal/arm64/CreateProject-dependency-scan.dia -validate-clang-modules-once -clang-build-session-file /Users/admin/builder/spi-builder-workspace/.derivedData/ModuleCache.noindex/Session.modulevalidation -Xcc -fmodules-prune-interval\=86400 -Xcc -fmodules-prune-after\=345600 -package-name spi_builder_workspace -emit-const-values -const-gather-protocols-list /Users/admin/builder/spi-builder-workspace/.derivedData/Build/Intermediates.noindex/SwiftGodotKick.build/Debug-watchos/swift-godot-kick-p.build/Objects-normal/arm64/swift-godot-kick_const_extract_protocols.json -Xcc -I/Users/admin/builder/spi-builder-workspace/.derivedData/Build/Products/Debug-watchos/include -Xcc -I/Users/admin/builder/spi-builder-workspace/.derivedData/Build/Intermediates.noindex/SwiftGodotKick.build/Debug-watchos/swift-godot-kick-p.build/DerivedSources-normal/arm64 -Xcc -I/Users/admin/builder/spi-builder-workspace/.derivedData/Build/Intermediates.noindex/SwiftGodotKick.build/Debug-watchos/swift-godot-kick-p.build/DerivedSources/arm64 -Xcc -I/Users/admin/builder/spi-builder-workspace/.derivedData/Build/Intermediates.noindex/SwiftGodotKick.build/Debug-watchos/swift-godot-kick-p.build/DerivedSources -Xcc -DSWIFT_PACKAGE -Xcc -DDEBUG\=1 -working-directory /Users/admin/builder/spi-builder-workspace/.swiftpm/xcode -experimental-emit-module-separately -disable-cmo
SwiftExplicitDependencyGeneratePcm arm64_32 /Users/admin/builder/spi-builder-workspace/.derivedData/SDKExplicitPrecompiledModules/_Builtin_float-6KO8O3PEWRCA4WC6PPLOYO6WJ.pcm
SwiftExplicitDependencyGeneratePcm arm64_32 /Users/admin/builder/spi-builder-workspace/.derivedData/SDKExplicitPrecompiledModules/_Builtin_stdarg-D305JG44A2WPI6CJY37X3QJE8.pcm
SwiftExplicitDependencyGeneratePcm arm64_32 /Users/admin/builder/spi-builder-workspace/.derivedData/SDKExplicitPrecompiledModules/_AvailabilityInternal-244WAN3Z1QBT7PIA64EZEFY1R.pcm
SwiftExplicitDependencyGeneratePcm arm64_32 /Users/admin/builder/spi-builder-workspace/.derivedData/SDKExplicitPrecompiledModules/_Builtin_stdbool-A967K8W8YUYEC9SN52KJ7OO88.pcm
SwiftExplicitDependencyGeneratePcm arm64_32 /Users/admin/builder/spi-builder-workspace/.derivedData/SDKExplicitPrecompiledModules/_SwiftConcurrencyShims-6RTBPQ03V7BM9SPRK8SUE055H.pcm
SwiftExplicitDependencyGeneratePcm arm64_32 /Users/admin/builder/spi-builder-workspace/.derivedData/SDKExplicitPrecompiledModules/_Builtin_stddef-H44EFHQX6XSS5MZ7QP6YJZ76.pcm
SwiftExplicitDependencyGeneratePcm arm64_32 /Users/admin/builder/spi-builder-workspace/.derivedData/SDKExplicitPrecompiledModules/SwiftShims-9CQQGWTSNTN9EB5NSHDWUJICH.pcm
SwiftExplicitDependencyGeneratePcm arm64_32 /Users/admin/builder/spi-builder-workspace/.derivedData/SDKExplicitPrecompiledModules/ptrauth-BFXF358ME5AK535N5A9Z766WU.pcm
SwiftExplicitDependencyGeneratePcm arm64 /Users/admin/builder/spi-builder-workspace/.derivedData/SDKExplicitPrecompiledModules/ptrcheck-AIF0NDOYZ8ORBNHQAQR5NNB8M.pcm
SwiftExplicitDependencyGeneratePcm arm64 /Users/admin/builder/spi-builder-workspace/.derivedData/SDKExplicitPrecompiledModules/ptrauth-3TZ9WJCGLYD25HQPWH4968ONX.pcm
SwiftExplicitDependencyGeneratePcm arm64 /Users/admin/builder/spi-builder-workspace/.derivedData/SDKExplicitPrecompiledModules/_Builtin_stdarg-A7UU8LE6MP85SM26YO7PBZNUQ.pcm
SwiftExplicitDependencyGeneratePcm arm64 /Users/admin/builder/spi-builder-workspace/.derivedData/SDKExplicitPrecompiledModules/SwiftShims-4MXFZPV6FEB0XBYXCGPWAMQGL.pcm
SwiftExplicitDependencyGeneratePcm arm64 /Users/admin/builder/spi-builder-workspace/.derivedData/SDKExplicitPrecompiledModules/_Builtin_stdbool-83J96QSOFE9VX04AAS6310UAE.pcm
SwiftExplicitDependencyGeneratePcm arm64 /Users/admin/builder/spi-builder-workspace/.derivedData/SDKExplicitPrecompiledModules/_SwiftConcurrencyShims-659N52XSKR5F0QSB880BH2FJR.pcm
SwiftExplicitDependencyGeneratePcm arm64 /Users/admin/builder/spi-builder-workspace/.derivedData/SDKExplicitPrecompiledModules/_Builtin_float-C0CW5Q4HGBQYKE77TC42IAFB5.pcm
SwiftExplicitDependencyGeneratePcm arm64_32 /Users/admin/builder/spi-builder-workspace/.derivedData/SDKExplicitPrecompiledModules/ptrcheck-7ELIH9BTIGVKX3UBITM9N72WD.pcm
SwiftExplicitDependencyGeneratePcm arm64 /Users/admin/builder/spi-builder-workspace/.derivedData/SDKExplicitPrecompiledModules/_AvailabilityInternal-BUNV3UXM65NT37THI4W1AM0SF.pcm
SwiftExplicitDependencyGeneratePcm arm64 /Users/admin/builder/spi-builder-workspace/.derivedData/SDKExplicitPrecompiledModules/_Builtin_stddef-1FU30Y8SWFB7OUUHMJQH5J6FM.pcm
SwiftExplicitDependencyGeneratePcm arm64_32 /Users/admin/builder/spi-builder-workspace/.derivedData/SDKExplicitPrecompiledModules/_DarwinFoundation1-2GWF9RFMPLQW4PDHS3NARVI3G.pcm
SwiftExplicitDependencyGeneratePcm arm64 /Users/admin/builder/spi-builder-workspace/.derivedData/SDKExplicitPrecompiledModules/_DarwinFoundation1-7SPX3MD0HMP55E4OLNCPNDQ53.pcm
SwiftExplicitDependencyGeneratePcm arm64_32 /Users/admin/builder/spi-builder-workspace/.derivedData/SDKExplicitPrecompiledModules/_DarwinFoundation2-9MY8GOSYRO0M9MKNXF6D3MBNK.pcm
SwiftExplicitDependencyGeneratePcm arm64_32 /Users/admin/builder/spi-builder-workspace/.derivedData/SDKExplicitPrecompiledModules/_Builtin_limits-3VKBU2AFTD65PAJZ5CJ3LHFM2.pcm
SwiftExplicitDependencyGeneratePcm arm64 /Users/admin/builder/spi-builder-workspace/.derivedData/SDKExplicitPrecompiledModules/_Builtin_limits-9GWPA2B0H20DYUNYHYCWKABJG.pcm
SwiftExplicitDependencyGeneratePcm arm64 /Users/admin/builder/spi-builder-workspace/.derivedData/SDKExplicitPrecompiledModules/_DarwinFoundation2-D0XAPJU49S5E9XMKYOFGSTB1Q.pcm
SwiftExplicitDependencyGeneratePcm arm64_32 /Users/admin/builder/spi-builder-workspace/.derivedData/SDKExplicitPrecompiledModules/_Builtin_stdint-1HMXWI3V0V4TXHRWZOMZGZ80Y.pcm
SwiftExplicitDependencyGeneratePcm arm64_32 /Users/admin/builder/spi-builder-workspace/.derivedData/SDKExplicitPrecompiledModules/string_h-BFVLUQUSBZWYMLCU9QI7VZALW.pcm
SwiftExplicitDependencyGeneratePcm arm64_32 /Users/admin/builder/spi-builder-workspace/.derivedData/SDKExplicitPrecompiledModules/sys_types-8TLLMW08ZJWDGIIPKOYFGHHZW.pcm
SwiftExplicitDependencyGeneratePcm arm64 /Users/admin/builder/spi-builder-workspace/.derivedData/SDKExplicitPrecompiledModules/string_h-E6PRXK75PHIPCZFWOFCQ3QBMK.pcm
SwiftExplicitDependencyGeneratePcm arm64 /Users/admin/builder/spi-builder-workspace/.derivedData/SDKExplicitPrecompiledModules/_Builtin_stdint-8XMILLJZEGRN2XG7XZUXZ5RLX.pcm
SwiftExplicitDependencyGeneratePcm arm64 /Users/admin/builder/spi-builder-workspace/.derivedData/SDKExplicitPrecompiledModules/sys_types-2KXQLI78OUCDP779AE68GZJ2.pcm
SwiftExplicitDependencyGeneratePcm arm64_32 /Users/admin/builder/spi-builder-workspace/.derivedData/SDKExplicitPrecompiledModules/_DarwinFoundation3-3DUTYQDQSD9HUAAVY947NMWOI.pcm
SwiftExplicitDependencyGeneratePcm arm64 /Users/admin/builder/spi-builder-workspace/.derivedData/SDKExplicitPrecompiledModules/_DarwinFoundation3-B97LRG0E9GON2NUE65TVG81HU.pcm
SwiftExplicitDependencyGeneratePcm arm64_32 /Users/admin/builder/spi-builder-workspace/.derivedData/SDKExplicitPrecompiledModules/_Builtin_inttypes-D2KPCR4PEX9AQA33NGLUT5SBR.pcm
SwiftExplicitDependencyGeneratePcm arm64 /Users/admin/builder/spi-builder-workspace/.derivedData/SDKExplicitPrecompiledModules/_Builtin_inttypes-3UQSCM7WNM9EK4HZML8TY5J3D.pcm
SwiftExplicitDependencyGeneratePcm arm64_32 /Users/admin/builder/spi-builder-workspace/.derivedData/SDKExplicitPrecompiledModules/Darwin-3FVT1SKLN2ZQ5RVOABMTQBB34.pcm
SwiftExplicitDependencyGeneratePcm arm64 /Users/admin/builder/spi-builder-workspace/.derivedData/SDKExplicitPrecompiledModules/Darwin-3984OXKFNSPE77NT743WK8SEX.pcm
SwiftExplicitDependencyGeneratePcm arm64 /Users/admin/builder/spi-builder-workspace/.derivedData/SDKExplicitPrecompiledModules/ObjectiveC-72IVD3VS2RS8Q28D9PIMY0KQP.pcm
SwiftExplicitDependencyGeneratePcm arm64_32 /Users/admin/builder/spi-builder-workspace/.derivedData/SDKExplicitPrecompiledModules/ObjectiveC-6IJNELR2E80E7LUKESVCP2KET.pcm
SwiftExplicitDependencyGeneratePcm arm64_32 /Users/admin/builder/spi-builder-workspace/.derivedData/SDKExplicitPrecompiledModules/os_object-5YWTC6L4756IWSTPGXS5NM0D0.pcm
SwiftExplicitDependencyGeneratePcm arm64 /Users/admin/builder/spi-builder-workspace/.derivedData/SDKExplicitPrecompiledModules/os_object-3SDKD7F87FTZ26OON37DRYT6O.pcm
SwiftExplicitDependencyGeneratePcm arm64 /Users/admin/builder/spi-builder-workspace/.derivedData/SDKExplicitPrecompiledModules/os_workgroup-89GG5G7YC2D0ZTK6AZXXQ20DH.pcm
SwiftExplicitDependencyGeneratePcm arm64_32 /Users/admin/builder/spi-builder-workspace/.derivedData/SDKExplicitPrecompiledModules/os_workgroup-5JHTPDMNBUNHLJI8LPHKQK1JK.pcm
SwiftExplicitDependencyGeneratePcm arm64_32 /Users/admin/builder/spi-builder-workspace/.derivedData/SDKExplicitPrecompiledModules/Dispatch-2P62F1T4XV63S4P99TUDTOK2Q.pcm
SwiftExplicitDependencyGeneratePcm arm64 /Users/admin/builder/spi-builder-workspace/.derivedData/SDKExplicitPrecompiledModules/Dispatch-1NLJOVAK60XP0DUB05XA59EIM.pcm
SwiftExplicitDependencyGeneratePcm arm64_32 /Users/admin/builder/spi-builder-workspace/.derivedData/SDKExplicitPrecompiledModules/CoreFoundation-8E6Y4BA3EXYKUGJ24GT9LGV3N.pcm
SwiftExplicitDependencyGeneratePcm arm64_32 /Users/admin/builder/spi-builder-workspace/.derivedData/SDKExplicitPrecompiledModules/XPC-81Y45QFY96XYYFCW2GT6FY8S4.pcm
SwiftExplicitDependencyGeneratePcm arm64 /Users/admin/builder/spi-builder-workspace/.derivedData/SDKExplicitPrecompiledModules/XPC-40DR0X1DHKGCV4J1IOLFS8MOU.pcm
SwiftExplicitDependencyGeneratePcm arm64 /Users/admin/builder/spi-builder-workspace/.derivedData/SDKExplicitPrecompiledModules/CoreFoundation-8T2L24YC5NU7WO6WQJWRY7W08.pcm
SwiftExplicitDependencyGeneratePcm arm64 /Users/admin/builder/spi-builder-workspace/.derivedData/SDKExplicitPrecompiledModules/Security-6RZ6YBRU8WCUHRFFRVUK5WKMM.pcm
SwiftExplicitDependencyGeneratePcm arm64_32 /Users/admin/builder/spi-builder-workspace/.derivedData/SDKExplicitPrecompiledModules/Security-D7TOWF88VWF67TB9HAFP5UWB1.pcm
SwiftExplicitDependencyGeneratePcm arm64_32 /Users/admin/builder/spi-builder-workspace/.derivedData/SDKExplicitPrecompiledModules/Foundation-BJ2VQGI3OGR34500MEQ1VKHPH.pcm
SwiftExplicitDependencyGeneratePcm arm64 /Users/admin/builder/spi-builder-workspace/.derivedData/SDKExplicitPrecompiledModules/Foundation-DLBKUSGXN8QHAT8W0OARR9S8A.pcm
SwiftEmitModule normal arm64 Emitting\ module\ for\ CreateProject (in target 'swift-godot-kick-product' from project 'SwiftGodotKick')
SwiftCompile normal arm64 (in target 'swift-godot-kick-product' from project 'SwiftGodotKick')
    cd /Users/admin/builder/spi-builder-workspace/.swiftpm/xcode

SwiftCompile normal arm64 Compiling\ FileManager+SwiftGodotKick.swift /Users/admin/builder/spi-builder-workspace/Sources/CreateProject/FileManager+SwiftGodotKick.swift (in target 'swift-godot-kick-product' from project 'SwiftGodotKick')
SwiftCompile normal arm64 /Users/admin/builder/spi-builder-workspace/Sources/CreateProject/FileManager+SwiftGodotKick.swift (in target 'swift-godot-kick-product' from project 'SwiftGodotKick')
    cd /Users/admin/builder/spi-builder-workspace/.swiftpm/xcode
    builtin-SwiftPerFileCompile FileManager+SwiftGodotKick.swift
SwiftCompile normal arm64 Compiling\ UserChoice+Argument.swift /Users/admin/builder/spi-builder-workspace/Sources/CreateProject/Extensions/UserChoice+Argument.swift (in target 'swift-godot-kick-product' from project 'SwiftGodotKick')
SwiftCompile normal arm64 /Users/admin/builder/spi-builder-workspace/Sources/CreateProject/Extensions/UserChoice+Argument.swift (in target 'swift-godot-kick-product' from project 'SwiftGodotKick')
    cd /Users/admin/builder/spi-builder-workspace/.swiftpm/xcode
    builtin-SwiftPerFileCompile UserChoice+Argument.swift
SwiftCompile normal arm64 Compiling\ ProcessInfo+SwiftGodotKick.swift /Users/admin/builder/spi-builder-workspace/Sources/CreateProject/Extensions/ProcessInfo+SwiftGodotKick.swift (in target 'swift-godot-kick-product' from project 'SwiftGodotKick')
SwiftCompile normal arm64 /Users/admin/builder/spi-builder-workspace/Sources/CreateProject/Extensions/ProcessInfo+SwiftGodotKick.swift (in target 'swift-godot-kick-product' from project 'SwiftGodotKick')
    cd /Users/admin/builder/spi-builder-workspace/.swiftpm/xcode
    builtin-SwiftPerFileCompile ProcessInfo+SwiftGodotKick.swift
SwiftCompile normal arm64 Compiling\ DataFactory.swift /Users/admin/builder/spi-builder-workspace/Sources/CreateProject/DataFactory.swift (in target 'swift-godot-kick-product' from project 'SwiftGodotKick')
SwiftCompile normal arm64 /Users/admin/builder/spi-builder-workspace/Sources/CreateProject/DataFactory.swift (in target 'swift-godot-kick-product' from project 'SwiftGodotKick')
    cd /Users/admin/builder/spi-builder-workspace/.swiftpm/xcode
    builtin-SwiftPerFileCompile DataFactory.swift
SwiftCompile normal arm64 Compiling\ UserChoice.swift /Users/admin/builder/spi-builder-workspace/Sources/CreateProject/UserChoice.swift (in target 'swift-godot-kick-product' from project 'SwiftGodotKick')
SwiftCompile normal arm64 /Users/admin/builder/spi-builder-workspace/Sources/CreateProject/UserChoice.swift (in target 'swift-godot-kick-product' from project 'SwiftGodotKick')
    cd /Users/admin/builder/spi-builder-workspace/.swiftpm/xcode
    builtin-SwiftPerFileCompile UserChoice.swift
SwiftCompile normal arm64 Compiling\ FileFactory.swift /Users/admin/builder/spi-builder-workspace/Sources/CreateProject/FileFactory.swift (in target 'swift-godot-kick-product' from project 'SwiftGodotKick')
SwiftCompile normal arm64 /Users/admin/builder/spi-builder-workspace/Sources/CreateProject/FileFactory.swift (in target 'swift-godot-kick-product' from project 'SwiftGodotKick')
    cd /Users/admin/builder/spi-builder-workspace/.swiftpm/xcode
    builtin-SwiftPerFileCompile FileFactory.swift
SwiftCompile normal arm64 Compiling\ CreateProject.swift /Users/admin/builder/spi-builder-workspace/Sources/CreateProject/CreateProject.swift (in target 'swift-godot-kick-product' from project 'SwiftGodotKick')
/Users/admin/builder/spi-builder-workspace/Sources/CreateProject/CreateProject.swift:174:23: error: pattern of type '(Swift.String, Swift.String) -> CreateProject.CreateProjectError' cannot match '(Swift.String, Swift.String) -> CreateProject.CreateProjectError'
172 |     var errorDescription: String? {
173 |         switch self {
174 |             case let .executableNameMustBeUnique((executableName, projectName)):
    |                       `- error: pattern of type '(Swift.String, Swift.String) -> CreateProject.CreateProjectError' cannot match '(Swift.String, Swift.String) -> CreateProject.CreateProjectError'
175 |                 "Executable name \"\(executableName)\" and project name \"\(projectName)\" must be different"
176 |         }
Failed frontend command:
/Applications/Xcode-27.0.0-Release.Candidate.app/Contents/Developer/Toolchains/XcodeDefault.xctoolchain/usr/bin/swift-frontend -frontend -c /Users/admin/builder/spi-builder-workspace/.derivedData/Build/Intermediates.noindex/SwiftGodotKick.build/Debug-watchos/swift-godot-kick-p.build/DerivedSources/resource_bundle_accessor.swift /Users/admin/builder/spi-builder-workspace/Sources/CreateProject/ChangeDirectoryError.swift /Users/admin/builder/spi-builder-workspace/Sources/CreateProject/Color.swift -primary-file /Users/admin/builder/spi-builder-workspace/Sources/CreateProject/CreateProject.swift /Users/admin/builder/spi-builder-workspace/Sources/CreateProject/DataFactory.swift /Users/admin/builder/spi-builder-workspace/Sources/CreateProject/Extensions/ProcessInfo+SwiftGodotKick.swift /Users/admin/builder/spi-builder-workspace/Sources/CreateProject/Extensions/UserChoice+Argument.swift /Users/admin/builder/spi-builder-workspace/Sources/CreateProject/FileFactory.swift /Users/admin/builder/spi-builder-workspace/Sources/CreateProject/FileManager+SwiftGodotKick.swift /Users/admin/builder/spi-builder-workspace/Sources/CreateProject/UserChoice.swift -emit-dependencies-path /Users/admin/builder/spi-builder-workspace/.derivedData/Build/Intermediates.noindex/SwiftGodotKick.build/Debug-watchos/swift-godot-kick-p.build/Objects-normal/arm64/CreateProject.d -emit-const-values-path /Users/admin/builder/spi-builder-workspace/.derivedData/Build/Intermediates.noindex/SwiftGodotKick.build/Debug-watchos/swift-godot-kick-p.build/Objects-normal/arm64/CreateProject.swiftconstvalues -emit-reference-dependencies-path /Users/admin/builder/spi-builder-workspace/.derivedData/Build/Intermediates.noindex/SwiftGodotKick.build/Debug-watchos/swift-godot-kick-p.build/Objects-normal/arm64/CreateProject.swiftdeps -serialize-diagnostics-path /Users/admin/builder/spi-builder-workspace/.derivedData/Build/Intermediates.noindex/SwiftGodotKick.build/Debug-watchos/swift-godot-kick-p.build/Objects-normal/arm64/CreateProject.dia -target arm64-apple-watchos9.0 -disable-cross-import-overlay-search -load-resolved-plugin /Applications/Xcode-27.0.0-Release.Candidate.app/Contents/Developer/Platforms/WatchOS.platform/Developer/usr/lib/swift/host/plugins/libFoundationMacros.dylib\#/Applications/Xcode-27.0.0-Release.Candidate.app/Contents/Developer/Platforms/WatchOS.platform/Developer/usr/bin/swift-plugin-server\#FoundationMacros -load-resolved-plugin /Applications/Xcode-27.0.0-Release.Candidate.app/Contents/Developer/Platforms/WatchOS.platform/Developer/usr/lib/swift/host/plugins/libObservationMacros.dylib\#/Applications/Xcode-27.0.0-Release.Candidate.app/Contents/Developer/Platforms/WatchOS.platform/Developer/usr/bin/swift-plugin-server\#ObservationMacros -load-resolved-plugin /Applications/Xcode-27.0.0-Release.Candidate.app/Contents/Developer/Platforms/WatchOS.platform/Developer/usr/lib/swift/host/plugins/libSwiftMacros.dylib\#/Applications/Xcode-27.0.0-Release.Candidate.app/Contents/Developer/Platforms/WatchOS.platform/Developer/usr/bin/swift-plugin-server\#SwiftMacros -disable-implicit-swift-modules -Xcc -fno-implicit-modules -Xcc -fno-implicit-module-maps -explicit-swift-module-map-file /Users/admin/builder/spi-builder-workspace/.derivedData/Build/Intermediates.noindex/SwiftGodotKick.build/Debug-watchos/swift-godot-kick-p.build/Objects-normal/arm64/CreateProject-dependencies-2.json -Xllvm -aarch64-use-tbi -enable-objc-interop -stack-check -sdk /Applications/Xcode-27.0.0-Release.Candidate.app/Contents/Developer/Platforms/WatchOS.platform/Developer/SDKs/WatchOS27.0.sdk -I /Users/admin/builder/spi-builder-workspace/.derivedData/Build/Products/Debug-watchos -Isystem /Applications/Xcode-27.0.0-Release.Candidate.app/Contents/Developer/Platforms/WatchOS.platform/Developer/usr/lib -F /Users/admin/builder/spi-builder-workspace/.derivedData/Build/Products/Debug-watchos -F /Applications/Xcode-27.0.0-Release.Candidate.app/Contents/Developer/Platforms/WatchOS.platform/Developer/Library/Frameworks -F /Applications/Xcode-27.0.0-Release.Candidate.app/Contents/Developer/Platforms/WatchOS.platform/Developer/SDKs/WatchOS27.0.sdk/Developer/Library/Frameworks -module-cache-path /Users/admin/builder/spi-builder-workspace/.derivedData/Build/Intermediates.noindex/SwiftExplicitPrecompiledModules -no-color-diagnostics -Xcc -fno-color-diagnostics -enable-testing -g -debug-info-format\=dwarf -dwarf-version\=4 -swift-version 5 -Onone -D SWIFT_PACKAGE -D DEBUG -D SWIFT_MODULE_RESOURCE_BUNDLE_AVAILABLE -D Xcode -serialize-debugging-options -enable-experimental-feature DebugDescriptionMacro -empty-abi-descriptor -validate-clang-modules-once -clang-build-session-file /Users/admin/builder/spi-builder-workspace/.derivedData/ModuleCache.noindex/Session.modulevalidation -Xcc -working-directory -Xcc /Users/admin/builder/spi-builder-workspace/.swiftpm/xcode -enable-anonymous-context-mangled-names -file-compilation-dir /Users/admin/builder/spi-builder-workspace/.swiftpm/xcode -Xcc -D_LIBCPP_HARDENING_MODE\=_LIBCPP_HARDENING_MODE_DEBUG -Xcc -ivfsstatcache -Xcc /Users/admin/builder/spi-builder-workspace/.derivedData/SDKStatCaches.noindex/watchos27.0-24R360-e829b21a6f8c9b70876ba0858053c04477534ef55a1706bf4c1112bbb242f0a2.sdkstatcache -Xcc -fmodules-prune-interval\=86400 -Xcc -fmodules-prune-after\=345600 -Xcc -I/Users/admin/builder/spi-builder-workspace/.derivedData/Build/Products/Debug-watchos/include -Xcc -I/Users/admin/builder/spi-builder-workspace/.derivedData/Build/Intermediates.noindex/SwiftGodotKick.build/Debug-watchos/swift-godot-kick-p.build/DerivedSources-normal/arm64 -Xcc -I/Users/admin/builder/spi-builder-workspace/.derivedData/Build/Intermediates.noindex/SwiftGodotKick.build/Debug-watchos/swift-godot-kick-p.build/DerivedSources/arm64 -Xcc -I/Users/admin/builder/spi-builder-workspace/.derivedData/Build/Intermediates.noindex/SwiftGodotKick.build/Debug-watchos/swift-godot-kick-p.build/DerivedSources -Xcc -DSWIFT_PACKAGE -Xcc -DDEBUG\=1 -no-auto-bridging-header-chaining -module-name CreateProject -package-name spi_builder_workspace -const-gather-protocols-file /Users/admin/builder/spi-builder-workspace/.derivedData/Build/Intermediates.noindex/SwiftGodotKick.build/Debug-watchos/swift-godot-kick-p.build/Objects-normal/arm64/swift-godot-kick_const_extract_protocols.json -disable-clang-spi -clang-target arm64-apple-watchos27.0 -target-sdk-version 27.0 -target-sdk-name watchos27.0 -in-process-plugin-server-path /Applications/Xcode-27.0.0-Release.Candidate.app/Contents/Developer/Toolchains/XcodeDefault.xctoolchain/usr/lib/swift/host/libSwiftInProcPluginServer.dylib -parse-as-library -o /Users/admin/builder/spi-builder-workspace/.derivedData/Build/Intermediates.noindex/SwiftGodotKick.build/Debug-watchos/swift-godot-kick-p.build/Objects-normal/arm64/CreateProject.o -debug-module-path /Users/admin/builder/spi-builder-workspace/.derivedData/Build/Intermediates.noindex/SwiftGodotKick.build/Debug-watchos/swift-godot-kick-p.build/Objects-normal/arm64/CreateProject.swiftmodule -index-unit-output-path /SwiftGodotKick.build/Debug-watchos/swift-godot-kick-p.build/Objects-normal/arm64/CreateProject.o -index-store-path /Users/admin/builder/spi-builder-workspace/.derivedData/Index.noindex/DataStore -index-system-modules
SwiftCompile normal arm64 /Users/admin/builder/spi-builder-workspace/Sources/CreateProject/CreateProject.swift (in target 'swift-godot-kick-product' from project 'SwiftGodotKick')
    cd /Users/admin/builder/spi-builder-workspace/.swiftpm/xcode
    builtin-SwiftPerFileCompile CreateProject.swift
SwiftCompile normal arm64 Compiling\ resource_bundle_accessor.swift /Users/admin/builder/spi-builder-workspace/.derivedData/Build/Intermediates.noindex/SwiftGodotKick.build/Debug-watchos/swift-godot-kick-p.build/DerivedSources/resource_bundle_accessor.swift (in target 'swift-godot-kick-product' from project 'SwiftGodotKick')
SwiftCompile normal arm64 /Users/admin/builder/spi-builder-workspace/.derivedData/Build/Intermediates.noindex/SwiftGodotKick.build/Debug-watchos/swift-godot-kick-p.build/DerivedSources/resource_bundle_accessor.swift (in target 'swift-godot-kick-product' from project 'SwiftGodotKick')
    cd /Users/admin/builder/spi-builder-workspace/.swiftpm/xcode
    builtin-SwiftPerFileCompile resource_bundle_accessor.swift
SwiftCompile normal arm64 Compiling\ ChangeDirectoryError.swift /Users/admin/builder/spi-builder-workspace/Sources/CreateProject/ChangeDirectoryError.swift (in target 'swift-godot-kick-product' from project 'SwiftGodotKick')
SwiftCompile normal arm64 /Users/admin/builder/spi-builder-workspace/Sources/CreateProject/ChangeDirectoryError.swift (in target 'swift-godot-kick-product' from project 'SwiftGodotKick')
    cd /Users/admin/builder/spi-builder-workspace/.swiftpm/xcode
    builtin-SwiftPerFileCompile ChangeDirectoryError.swift
SwiftEmitModule normal arm64_32 Emitting\ module\ for\ CreateProject (in target 'swift-godot-kick-product' from project 'SwiftGodotKick')
SwiftCompile normal arm64_32 (in target 'swift-godot-kick-product' from project 'SwiftGodotKick')
    cd /Users/admin/builder/spi-builder-workspace/.swiftpm/xcode

SwiftDriverJobDiscovery normal arm64 Emitting module for CreateProject (in target 'swift-godot-kick-product' from project 'SwiftGodotKick')
SwiftDriver\ Compilation\ Requirements swift-godot-kick normal arm64 com.apple.xcode.tools.swift.compiler (in target 'swift-godot-kick-product' from project 'SwiftGodotKick')
    cd /Users/admin/builder/spi-builder-workspace/.swiftpm/xcode
    builtin-Swift-Compilation-Requirements -- /Applications/Xcode-27.0.0-Release.Candidate.app/Contents/Developer/Toolchains/XcodeDefault.xctoolchain/usr/bin/swiftc -parse-as-library -module-name CreateProject -Onone @/Users/admin/builder/spi-builder-workspace/.derivedData/Build/Intermediates.noindex/SwiftGodotKick.build/Debug-watchos/swift-godot-kick-p.build/Objects-normal/arm64/swift-godot-kick.SwiftFileList -DSWIFT_PACKAGE -DDEBUG -DSWIFT_MODULE_RESOURCE_BUNDLE_AVAILABLE -DXcode -plugin-path /Applications/Xcode-27.0.0-Release.Candidate.app/Contents/Developer/Toolchains/XcodeDefault.xctoolchain/usr/lib/swift/host/plugins/testing -enable-experimental-feature DebugDescriptionMacro -sdk /Applications/Xcode-27.0.0-Release.Candidate.app/Contents/Developer/Platforms/WatchOS.platform/Developer/SDKs/WatchOS27.0.sdk -target arm64-apple-watchos9.0 -g -module-cache-path /Users/admin/builder/spi-builder-workspace/.derivedData/ModuleCache.noindex -Xfrontend -serialize-debugging-options -enable-testing -index-store-path /Users/admin/builder/spi-builder-workspace/.derivedData/Index.noindex/DataStore -Xcc -D_LIBCPP_HARDENING_MODE\=_LIBCPP_HARDENING_MODE_DEBUG -swift-version 5 -I /Users/admin/builder/spi-builder-workspace/.derivedData/Build/Products/Debug-watchos -Isystem /Applications/Xcode-27.0.0-Release.Candidate.app/Contents/Developer/Platforms/WatchOS.platform/Developer/usr/lib -F /Users/admin/builder/spi-builder-workspace/.derivedData/Build/Products/Debug-watchos -F /Applications/Xcode-27.0.0-Release.Candidate.app/Contents/Developer/Platforms/WatchOS.platform/Developer/Library/Frameworks -F /Applications/Xcode-27.0.0-Release.Candidate.app/Contents/Developer/Platforms/WatchOS.platform/Developer/SDKs/WatchOS27.0.sdk/Developer/Library/Frameworks -c -j10 -enable-batch-mode -incremental -Xcc -ivfsstatcache -Xcc /Users/admin/builder/spi-builder-workspace/.derivedData/SDKStatCaches.noindex/watchos27.0-24R360-e829b21a6f8c9b70876ba0858053c04477534ef55a1706bf4c1112bbb242f0a2.sdkstatcache -output-file-map /Users/admin/builder/spi-builder-workspace/.derivedData/Build/Intermediates.noindex/SwiftGodotKick.build/Debug-watchos/swift-godot-kick-p.build/Objects-normal/arm64/swift-godot-kick-OutputFileMap.json -save-temps -no-color-diagnostics -explicit-module-build -module-cache-path /Users/admin/builder/spi-builder-workspace/.derivedData/Build/Intermediates.noindex/SwiftExplicitPrecompiledModules -clang-scanner-module-cache-path /Users/admin/builder/spi-builder-workspace/.derivedData/ModuleCache.noindex -sdk-module-cache-path /Users/admin/builder/spi-builder-workspace/.derivedData/SDKExplicitPrecompiledModules -emit-dependencies -emit-module -emit-module-path /Users/admin/builder/spi-builder-workspace/.derivedData/Build/Intermediates.noindex/SwiftGodotKick.build/Debug-watchos/swift-godot-kick-p.build/Objects-normal/arm64/CreateProject.swiftmodule -serialize-diagnostics -dependency-scan-serialize-diagnostics-path /Users/admin/builder/spi-builder-workspace/.derivedData/Build/Intermediates.noindex/SwiftGodotKick.build/Debug-watchos/swift-godot-kick-p.build/Objects-normal/arm64/CreateProject-dependency-scan.dia -validate-clang-modules-once -clang-build-session-file /Users/admin/builder/spi-builder-workspace/.derivedData/ModuleCache.noindex/Session.modulevalidation -Xcc -fmodules-prune-interval\=86400 -Xcc -fmodules-prune-after\=345600 -package-name spi_builder_workspace -emit-const-values -const-gather-protocols-list /Users/admin/builder/spi-builder-workspace/.derivedData/Build/Intermediates.noindex/SwiftGodotKick.build/Debug-watchos/swift-godot-kick-p.build/Objects-normal/arm64/swift-godot-kick_const_extract_protocols.json -Xcc -I/Users/admin/builder/spi-builder-workspace/.derivedData/Build/Products/Debug-watchos/include -Xcc -I/Users/admin/builder/spi-builder-workspace/.derivedData/Build/Intermediates.noindex/SwiftGodotKick.build/Debug-watchos/swift-godot-kick-p.build/DerivedSources-normal/arm64 -Xcc -I/Users/admin/builder/spi-builder-workspace/.derivedData/Build/Intermediates.noindex/SwiftGodotKick.build/Debug-watchos/swift-godot-kick-p.build/DerivedSources/arm64 -Xcc -I/Users/admin/builder/spi-builder-workspace/.derivedData/Build/Intermediates.noindex/SwiftGodotKick.build/Debug-watchos/swift-godot-kick-p.build/DerivedSources -Xcc -DSWIFT_PACKAGE -Xcc -DDEBUG\=1 -working-directory /Users/admin/builder/spi-builder-workspace/.swiftpm/xcode -experimental-emit-module-separately -disable-cmo
SwiftDriverJobDiscovery normal arm64_32 Emitting module for CreateProject (in target 'swift-godot-kick-product' from project 'SwiftGodotKick')
SwiftDriver\ Compilation\ Requirements swift-godot-kick normal arm64_32 com.apple.xcode.tools.swift.compiler (in target 'swift-godot-kick-product' from project 'SwiftGodotKick')
    cd /Users/admin/builder/spi-builder-workspace/.swiftpm/xcode
    builtin-Swift-Compilation-Requirements -- /Applications/Xcode-27.0.0-Release.Candidate.app/Contents/Developer/Toolchains/XcodeDefault.xctoolchain/usr/bin/swiftc -parse-as-library -module-name CreateProject -Onone @/Users/admin/builder/spi-builder-workspace/.derivedData/Build/Intermediates.noindex/SwiftGodotKick.build/Debug-watchos/swift-godot-kick-p.build/Objects-normal/arm64_32/swift-godot-kick.SwiftFileList -DSWIFT_PACKAGE -DDEBUG -DSWIFT_MODULE_RESOURCE_BUNDLE_AVAILABLE -DXcode -plugin-path /Applications/Xcode-27.0.0-Release.Candidate.app/Contents/Developer/Toolchains/XcodeDefault.xctoolchain/usr/lib/swift/host/plugins/testing -enable-experimental-feature DebugDescriptionMacro -sdk /Applications/Xcode-27.0.0-Release.Candidate.app/Contents/Developer/Platforms/WatchOS.platform/Developer/SDKs/WatchOS27.0.sdk -target arm64_32-apple-watchos9.0 -g -module-cache-path /Users/admin/builder/spi-builder-workspace/.derivedData/ModuleCache.noindex -Xfrontend -serialize-debugging-options -enable-testing -index-store-path /Users/admin/builder/spi-builder-workspace/.derivedData/Index.noindex/DataStore -Xcc -D_LIBCPP_HARDENING_MODE\=_LIBCPP_HARDENING_MODE_DEBUG -swift-version 5 -I /Users/admin/builder/spi-builder-workspace/.derivedData/Build/Products/Debug-watchos -Isystem /Applications/Xcode-27.0.0-Release.Candidate.app/Contents/Developer/Platforms/WatchOS.platform/Developer/usr/lib -F /Users/admin/builder/spi-builder-workspace/.derivedData/Build/Products/Debug-watchos -F /Applications/Xcode-27.0.0-Release.Candidate.app/Contents/Developer/Platforms/WatchOS.platform/Developer/Library/Frameworks -F /Applications/Xcode-27.0.0-Release.Candidate.app/Contents/Developer/Platforms/WatchOS.platform/Developer/SDKs/WatchOS27.0.sdk/Developer/Library/Frameworks -c -j10 -enable-batch-mode -incremental -Xcc -ivfsstatcache -Xcc /Users/admin/builder/spi-builder-workspace/.derivedData/SDKStatCaches.noindex/watchos27.0-24R360-e829b21a6f8c9b70876ba0858053c04477534ef55a1706bf4c1112bbb242f0a2.sdkstatcache -output-file-map /Users/admin/builder/spi-builder-workspace/.derivedData/Build/Intermediates.noindex/SwiftGodotKick.build/Debug-watchos/swift-godot-kick-p.build/Objects-normal/arm64_32/swift-godot-kick-OutputFileMap.json -save-temps -no-color-diagnostics -explicit-module-build -module-cache-path /Users/admin/builder/spi-builder-workspace/.derivedData/Build/Intermediates.noindex/SwiftExplicitPrecompiledModules -clang-scanner-module-cache-path /Users/admin/builder/spi-builder-workspace/.derivedData/ModuleCache.noindex -sdk-module-cache-path /Users/admin/builder/spi-builder-workspace/.derivedData/SDKExplicitPrecompiledModules -emit-dependencies -emit-module -emit-module-path /Users/admin/builder/spi-builder-workspace/.derivedData/Build/Intermediates.noindex/SwiftGodotKick.build/Debug-watchos/swift-godot-kick-p.build/Objects-normal/arm64_32/CreateProject.swiftmodule -serialize-diagnostics -dependency-scan-serialize-diagnostics-path /Users/admin/builder/spi-builder-workspace/.derivedData/Build/Intermediates.noindex/SwiftGodotKick.build/Debug-watchos/swift-godot-kick-p.build/Objects-normal/arm64_32/CreateProject-dependency-scan.dia -validate-clang-modules-once -clang-build-session-file /Users/admin/builder/spi-builder-workspace/.derivedData/ModuleCache.noindex/Session.modulevalidation -Xcc -fmodules-prune-interval\=86400 -Xcc -fmodules-prune-after\=345600 -package-name spi_builder_workspace -emit-const-values -const-gather-protocols-list /Users/admin/builder/spi-builder-workspace/.derivedData/Build/Intermediates.noindex/SwiftGodotKick.build/Debug-watchos/swift-godot-kick-p.build/Objects-normal/arm64_32/swift-godot-kick_const_extract_protocols.json -Xcc -I/Users/admin/builder/spi-builder-workspace/.derivedData/Build/Products/Debug-watchos/include -Xcc -I/Users/admin/builder/spi-builder-workspace/.derivedData/Build/Intermediates.noindex/SwiftGodotKick.build/Debug-watchos/swift-godot-kick-p.build/DerivedSources-normal/arm64_32 -Xcc -I/Users/admin/builder/spi-builder-workspace/.derivedData/Build/Intermediates.noindex/SwiftGodotKick.build/Debug-watchos/swift-godot-kick-p.build/DerivedSources/arm64_32 -Xcc -I/Users/admin/builder/spi-builder-workspace/.derivedData/Build/Intermediates.noindex/SwiftGodotKick.build/Debug-watchos/swift-godot-kick-p.build/DerivedSources -Xcc -DSWIFT_PACKAGE -Xcc -DDEBUG\=1 -working-directory /Users/admin/builder/spi-builder-workspace/.swiftpm/xcode -experimental-emit-module-separately -disable-cmo
SwiftCompile normal arm64_32 Compiling\ DataFactory.swift /Users/admin/builder/spi-builder-workspace/Sources/CreateProject/DataFactory.swift (in target 'swift-godot-kick-product' from project 'SwiftGodotKick')
SwiftCompile normal arm64_32 /Users/admin/builder/spi-builder-workspace/Sources/CreateProject/DataFactory.swift (in target 'swift-godot-kick-product' from project 'SwiftGodotKick')
    cd /Users/admin/builder/spi-builder-workspace/.swiftpm/xcode
    builtin-SwiftPerFileCompile DataFactory.swift
SwiftCompile normal arm64_32 Compiling\ resource_bundle_accessor.swift /Users/admin/builder/spi-builder-workspace/.derivedData/Build/Intermediates.noindex/SwiftGodotKick.build/Debug-watchos/swift-godot-kick-p.build/DerivedSources/resource_bundle_accessor.swift (in target 'swift-godot-kick-product' from project 'SwiftGodotKick')
SwiftCompile normal arm64_32 /Users/admin/builder/spi-builder-workspace/.derivedData/Build/Intermediates.noindex/SwiftGodotKick.build/Debug-watchos/swift-godot-kick-p.build/DerivedSources/resource_bundle_accessor.swift (in target 'swift-godot-kick-product' from project 'SwiftGodotKick')
    cd /Users/admin/builder/spi-builder-workspace/.swiftpm/xcode
    builtin-SwiftPerFileCompile resource_bundle_accessor.swift
SwiftDriverJobDiscovery normal arm64 Compiling UserChoice+Argument.swift (in target 'swift-godot-kick-product' from project 'SwiftGodotKick')
SwiftCompile normal arm64_32 Compiling\ UserChoice.swift /Users/admin/builder/spi-builder-workspace/Sources/CreateProject/UserChoice.swift (in target 'swift-godot-kick-product' from project 'SwiftGodotKick')
SwiftCompile normal arm64_32 /Users/admin/builder/spi-builder-workspace/Sources/CreateProject/UserChoice.swift (in target 'swift-godot-kick-product' from project 'SwiftGodotKick')
    cd /Users/admin/builder/spi-builder-workspace/.swiftpm/xcode
    builtin-SwiftPerFileCompile UserChoice.swift
PruneExplicitPrecompiledModules /Users/admin/builder/spi-builder-workspace/.derivedData/SDKExplicitPrecompiledModules
PruneExplicitPrecompiledModules /Users/admin/builder/spi-builder-workspace/.derivedData/Build/Intermediates.noindex/ExplicitPrecompiledModules
PruneExplicitPrecompiledModules /Users/admin/builder/spi-builder-workspace/.derivedData/Build/Intermediates.noindex/SwiftExplicitPrecompiledModules
2026-09-22 08:36:53.506 xcodebuild[627:3882] [MT] IDERunDestination: Supported platforms for the buildables in the current scheme is empty.
** BUILD FAILED **
The following build commands failed:
	SwiftCompile normal arm64 Compiling\ CreateProject.swift /Users/admin/builder/spi-builder-workspace/Sources/CreateProject/CreateProject.swift (in target 'swift-godot-kick-product' from project 'SwiftGodotKick')
	SwiftCompile normal arm64 /Users/admin/builder/spi-builder-workspace/Sources/CreateProject/CreateProject.swift (in target 'swift-godot-kick-product' from project 'SwiftGodotKick')
	Building workspace SwiftGodotKick with scheme SwiftGodotKick
(3 failures)
Command line invocation:
    /Applications/Xcode-27.0.0-Release.Candidate.app/Contents/Developer/usr/bin/xcodebuild -IDEClonedSourcePackagesDirPathOverride=/Users/admin/builder/spi-builder-workspace/.dependencies -resolvePackageDependencies
Resolve Package Graph
Resolved source packages:
  SwiftGodotKick: /Users/admin/builder/spi-builder-workspace
resolved source packages: SwiftGodotKick
2026-09-22 08:37:00.201 xcodebuild[730:4412] [MT] IDERunDestination: Supported platforms for the buildables in the current scheme is empty.
{
  "dependencies" : [
  ],
  "manifest_display_name" : "SwiftGodotKick",
  "name" : "SwiftGodotKick",
  "path" : "/Users/admin/builder/spi-builder-workspace",
  "platforms" : [
  ],
  "products" : [
    {
      "name" : "swift-godot-kick",
      "targets" : [
        "CreateProject"
      ],
      "type" : {
        "executable" : null
      }
    }
  ],
  "targets" : [
    {
      "c99name" : "CreateProject",
      "module_type" : "SwiftTarget",
      "name" : "CreateProject",
      "path" : "Sources/CreateProject",
      "product_memberships" : [
        "swift-godot-kick"
      ],
      "resources" : [
        {
          "path" : "/Users/admin/builder/spi-builder-workspace/Sources/CreateProject/Resources",
          "rule" : {
            "copy" : {
            }
          }
        }
      ],
      "sources" : [
        "ChangeDirectoryError.swift",
        "Color.swift",
        "CreateProject.swift",
        "DataFactory.swift",
        "Extensions/ProcessInfo+SwiftGodotKick.swift",
        "Extensions/UserChoice+Argument.swift",
        "FileFactory.swift",
        "FileManager+SwiftGodotKick.swift",
        "UserChoice.swift"
      ],
      "type" : "executable"
    }
  ],
  "tools_version" : "5.9"
}
{
  "workspace" : {
    "name" : "SwiftGodotKick",
    "schemes" : [
      "SwiftGodotKick"
    ]
  }
}
2026-09-22 08:37:01.617 xcodebuild[738:4475] [MT] IDERunDestination: Supported platforms for the buildables in the current scheme is empty.
Running build ...
env DEVELOPER_DIR=/Applications/Xcode-27.0.0-Release.Candidate.app xcrun xcodebuild -IDEClonedSourcePackagesDirPathOverride=$PWD/.dependencies -skipMacroValidation -skipPackagePluginValidation -derivedDataPath $PWD/.derivedData build -scheme SwiftGodotKick -destination generic/platform=watchOS
Command line invocation:
    /Applications/Xcode-27.0.0-Release.Candidate.app/Contents/Developer/usr/bin/xcodebuild -IDEClonedSourcePackagesDirPathOverride=/Users/admin/builder/spi-builder-workspace/.dependencies -skipMacroValidation -skipPackagePluginValidation -derivedDataPath /Users/admin/builder/spi-builder-workspace/.derivedData build -scheme SwiftGodotKick -destination generic/platform=watchOS
Resolve Package Graph
Resolved source packages:
  SwiftGodotKick: /Users/admin/builder/spi-builder-workspace
ComputePackagePrebuildTargetDependencyGraph
Prepare packages
CreateBuildRequest
SendProjectDescription
CreateBuildOperation
ComputeTargetDependencyGraph
note: Building targets in dependency order
note: Target dependency graph (2 targets)
    Target 'swift-godot-kick-product' in project 'SwiftGodotKick'
        ➜ Explicit dependency on target 'SwiftGodotKick_CreateProject' in project 'SwiftGodotKick'
    Target 'SwiftGodotKick_CreateProject' in project 'SwiftGodotKick' (no dependencies)
GatherProvisioningInputs
CreateBuildDescription
ClangStatCache /Applications/Xcode-27.0.0-Release.Candidate.app/Contents/Developer/Toolchains/XcodeDefault.xctoolchain/usr/bin/clang-stat-cache /Applications/Xcode-27.0.0-Release.Candidate.app/Contents/Developer/Platforms/WatchOS.platform/Developer/SDKs/WatchOS27.0.sdk /Users/admin/builder/spi-builder-workspace/.derivedData/SDKStatCaches.noindex/watchos27.0-24R360-e829b21a6f8c9b70876ba0858053c04477534ef55a1706bf4c1112bbb242f0a2.sdkstatcache
    cd /Users/admin/builder/spi-builder-workspace/.swiftpm/xcode
    /Applications/Xcode-27.0.0-Release.Candidate.app/Contents/Developer/Toolchains/XcodeDefault.xctoolchain/usr/bin/clang-stat-cache /Applications/Xcode-27.0.0-Release.Candidate.app/Contents/Developer/Platforms/WatchOS.platform/Developer/SDKs/WatchOS27.0.sdk -o /Users/admin/builder/spi-builder-workspace/.derivedData/SDKStatCaches.noindex/watchos27.0-24R360-e829b21a6f8c9b70876ba0858053c04477534ef55a1706bf4c1112bbb242f0a2.sdkstatcache
SwiftDriver swift-godot-kick normal arm64 com.apple.xcode.tools.swift.compiler (in target 'swift-godot-kick-product' from project 'SwiftGodotKick')
    cd /Users/admin/builder/spi-builder-workspace/.swiftpm/xcode
    builtin-SwiftDriver -- /Applications/Xcode-27.0.0-Release.Candidate.app/Contents/Developer/Toolchains/XcodeDefault.xctoolchain/usr/bin/swiftc -parse-as-library -module-name CreateProject -Onone @/Users/admin/builder/spi-builder-workspace/.derivedData/Build/Intermediates.noindex/SwiftGodotKick.build/Debug-watchos/swift-godot-kick-p.build/Objects-normal/arm64/swift-godot-kick.SwiftFileList -DSWIFT_PACKAGE -DDEBUG -DSWIFT_MODULE_RESOURCE_BUNDLE_AVAILABLE -DXcode -plugin-path /Applications/Xcode-27.0.0-Release.Candidate.app/Contents/Developer/Toolchains/XcodeDefault.xctoolchain/usr/lib/swift/host/plugins/testing -enable-experimental-feature DebugDescriptionMacro -sdk /Applications/Xcode-27.0.0-Release.Candidate.app/Contents/Developer/Platforms/WatchOS.platform/Developer/SDKs/WatchOS27.0.sdk -target arm64-apple-watchos9.0 -g -module-cache-path /Users/admin/builder/spi-builder-workspace/.derivedData/ModuleCache.noindex -Xfrontend -serialize-debugging-options -enable-testing -index-store-path /Users/admin/builder/spi-builder-workspace/.derivedData/Index.noindex/DataStore -Xcc -D_LIBCPP_HARDENING_MODE\=_LIBCPP_HARDENING_MODE_DEBUG -swift-version 5 -I /Users/admin/builder/spi-builder-workspace/.derivedData/Build/Products/Debug-watchos -Isystem /Applications/Xcode-27.0.0-Release.Candidate.app/Contents/Developer/Platforms/WatchOS.platform/Developer/usr/lib -F /Users/admin/builder/spi-builder-workspace/.derivedData/Build/Products/Debug-watchos -F /Applications/Xcode-27.0.0-Release.Candidate.app/Contents/Developer/Platforms/WatchOS.platform/Developer/Library/Frameworks -F /Applications/Xcode-27.0.0-Release.Candidate.app/Contents/Developer/Platforms/WatchOS.platform/Developer/SDKs/WatchOS27.0.sdk/Developer/Library/Frameworks -c -j10 -enable-batch-mode -incremental -Xcc -ivfsstatcache -Xcc /Users/admin/builder/spi-builder-workspace/.derivedData/SDKStatCaches.noindex/watchos27.0-24R360-e829b21a6f8c9b70876ba0858053c04477534ef55a1706bf4c1112bbb242f0a2.sdkstatcache -output-file-map /Users/admin/builder/spi-builder-workspace/.derivedData/Build/Intermediates.noindex/SwiftGodotKick.build/Debug-watchos/swift-godot-kick-p.build/Objects-normal/arm64/swift-godot-kick-OutputFileMap.json -save-temps -no-color-diagnostics -explicit-module-build -module-cache-path /Users/admin/builder/spi-builder-workspace/.derivedData/Build/Intermediates.noindex/SwiftExplicitPrecompiledModules -clang-scanner-module-cache-path /Users/admin/builder/spi-builder-workspace/.derivedData/ModuleCache.noindex -sdk-module-cache-path /Users/admin/builder/spi-builder-workspace/.derivedData/SDKExplicitPrecompiledModules -emit-dependencies -emit-module -emit-module-path /Users/admin/builder/spi-builder-workspace/.derivedData/Build/Intermediates.noindex/SwiftGodotKick.build/Debug-watchos/swift-godot-kick-p.build/Objects-normal/arm64/CreateProject.swiftmodule -serialize-diagnostics -dependency-scan-serialize-diagnostics-path /Users/admin/builder/spi-builder-workspace/.derivedData/Build/Intermediates.noindex/SwiftGodotKick.build/Debug-watchos/swift-godot-kick-p.build/Objects-normal/arm64/CreateProject-dependency-scan.dia -validate-clang-modules-once -clang-build-session-file /Users/admin/builder/spi-builder-workspace/.derivedData/ModuleCache.noindex/Session.modulevalidation -Xcc -fmodules-prune-interval\=86400 -Xcc -fmodules-prune-after\=345600 -package-name spi_builder_workspace -emit-const-values -const-gather-protocols-list /Users/admin/builder/spi-builder-workspace/.derivedData/Build/Intermediates.noindex/SwiftGodotKick.build/Debug-watchos/swift-godot-kick-p.build/Objects-normal/arm64/swift-godot-kick_const_extract_protocols.json -Xcc -I/Users/admin/builder/spi-builder-workspace/.derivedData/Build/Products/Debug-watchos/include -Xcc -I/Users/admin/builder/spi-builder-workspace/.derivedData/Build/Intermediates.noindex/SwiftGodotKick.build/Debug-watchos/swift-godot-kick-p.build/DerivedSources-normal/arm64 -Xcc -I/Users/admin/builder/spi-builder-workspace/.derivedData/Build/Intermediates.noindex/SwiftGodotKick.build/Debug-watchos/swift-godot-kick-p.build/DerivedSources/arm64 -Xcc -I/Users/admin/builder/spi-builder-workspace/.derivedData/Build/Intermediates.noindex/SwiftGodotKick.build/Debug-watchos/swift-godot-kick-p.build/DerivedSources -Xcc -DSWIFT_PACKAGE -Xcc -DDEBUG\=1 -working-directory /Users/admin/builder/spi-builder-workspace/.swiftpm/xcode -experimental-emit-module-separately -disable-cmo
SwiftDriver swift-godot-kick normal arm64_32 com.apple.xcode.tools.swift.compiler (in target 'swift-godot-kick-product' from project 'SwiftGodotKick')
    cd /Users/admin/builder/spi-builder-workspace/.swiftpm/xcode
    builtin-SwiftDriver -- /Applications/Xcode-27.0.0-Release.Candidate.app/Contents/Developer/Toolchains/XcodeDefault.xctoolchain/usr/bin/swiftc -parse-as-library -module-name CreateProject -Onone @/Users/admin/builder/spi-builder-workspace/.derivedData/Build/Intermediates.noindex/SwiftGodotKick.build/Debug-watchos/swift-godot-kick-p.build/Objects-normal/arm64_32/swift-godot-kick.SwiftFileList -DSWIFT_PACKAGE -DDEBUG -DSWIFT_MODULE_RESOURCE_BUNDLE_AVAILABLE -DXcode -plugin-path /Applications/Xcode-27.0.0-Release.Candidate.app/Contents/Developer/Toolchains/XcodeDefault.xctoolchain/usr/lib/swift/host/plugins/testing -enable-experimental-feature DebugDescriptionMacro -sdk /Applications/Xcode-27.0.0-Release.Candidate.app/Contents/Developer/Platforms/WatchOS.platform/Developer/SDKs/WatchOS27.0.sdk -target arm64_32-apple-watchos9.0 -g -module-cache-path /Users/admin/builder/spi-builder-workspace/.derivedData/ModuleCache.noindex -Xfrontend -serialize-debugging-options -enable-testing -index-store-path /Users/admin/builder/spi-builder-workspace/.derivedData/Index.noindex/DataStore -Xcc -D_LIBCPP_HARDENING_MODE\=_LIBCPP_HARDENING_MODE_DEBUG -swift-version 5 -I /Users/admin/builder/spi-builder-workspace/.derivedData/Build/Products/Debug-watchos -Isystem /Applications/Xcode-27.0.0-Release.Candidate.app/Contents/Developer/Platforms/WatchOS.platform/Developer/usr/lib -F /Users/admin/builder/spi-builder-workspace/.derivedData/Build/Products/Debug-watchos -F /Applications/Xcode-27.0.0-Release.Candidate.app/Contents/Developer/Platforms/WatchOS.platform/Developer/Library/Frameworks -F /Applications/Xcode-27.0.0-Release.Candidate.app/Contents/Developer/Platforms/WatchOS.platform/Developer/SDKs/WatchOS27.0.sdk/Developer/Library/Frameworks -c -j10 -enable-batch-mode -incremental -Xcc -ivfsstatcache -Xcc /Users/admin/builder/spi-builder-workspace/.derivedData/SDKStatCaches.noindex/watchos27.0-24R360-e829b21a6f8c9b70876ba0858053c04477534ef55a1706bf4c1112bbb242f0a2.sdkstatcache -output-file-map /Users/admin/builder/spi-builder-workspace/.derivedData/Build/Intermediates.noindex/SwiftGodotKick.build/Debug-watchos/swift-godot-kick-p.build/Objects-normal/arm64_32/swift-godot-kick-OutputFileMap.json -save-temps -no-color-diagnostics -explicit-module-build -module-cache-path /Users/admin/builder/spi-builder-workspace/.derivedData/Build/Intermediates.noindex/SwiftExplicitPrecompiledModules -clang-scanner-module-cache-path /Users/admin/builder/spi-builder-workspace/.derivedData/ModuleCache.noindex -sdk-module-cache-path /Users/admin/builder/spi-builder-workspace/.derivedData/SDKExplicitPrecompiledModules -emit-dependencies -emit-module -emit-module-path /Users/admin/builder/spi-builder-workspace/.derivedData/Build/Intermediates.noindex/SwiftGodotKick.build/Debug-watchos/swift-godot-kick-p.build/Objects-normal/arm64_32/CreateProject.swiftmodule -serialize-diagnostics -dependency-scan-serialize-diagnostics-path /Users/admin/builder/spi-builder-workspace/.derivedData/Build/Intermediates.noindex/SwiftGodotKick.build/Debug-watchos/swift-godot-kick-p.build/Objects-normal/arm64_32/CreateProject-dependency-scan.dia -validate-clang-modules-once -clang-build-session-file /Users/admin/builder/spi-builder-workspace/.derivedData/ModuleCache.noindex/Session.modulevalidation -Xcc -fmodules-prune-interval\=86400 -Xcc -fmodules-prune-after\=345600 -package-name spi_builder_workspace -emit-const-values -const-gather-protocols-list /Users/admin/builder/spi-builder-workspace/.derivedData/Build/Intermediates.noindex/SwiftGodotKick.build/Debug-watchos/swift-godot-kick-p.build/Objects-normal/arm64_32/swift-godot-kick_const_extract_protocols.json -Xcc -I/Users/admin/builder/spi-builder-workspace/.derivedData/Build/Products/Debug-watchos/include -Xcc -I/Users/admin/builder/spi-builder-workspace/.derivedData/Build/Intermediates.noindex/SwiftGodotKick.build/Debug-watchos/swift-godot-kick-p.build/DerivedSources-normal/arm64_32 -Xcc -I/Users/admin/builder/spi-builder-workspace/.derivedData/Build/Intermediates.noindex/SwiftGodotKick.build/Debug-watchos/swift-godot-kick-p.build/DerivedSources/arm64_32 -Xcc -I/Users/admin/builder/spi-builder-workspace/.derivedData/Build/Intermediates.noindex/SwiftGodotKick.build/Debug-watchos/swift-godot-kick-p.build/DerivedSources -Xcc -DSWIFT_PACKAGE -Xcc -DDEBUG\=1 -working-directory /Users/admin/builder/spi-builder-workspace/.swiftpm/xcode -experimental-emit-module-separately -disable-cmo
SwiftCompile normal arm64_32 Compiling\ resource_bundle_accessor.swift /Users/admin/builder/spi-builder-workspace/.derivedData/Build/Intermediates.noindex/SwiftGodotKick.build/Debug-watchos/swift-godot-kick-p.build/DerivedSources/resource_bundle_accessor.swift (in target 'swift-godot-kick-product' from project 'SwiftGodotKick')
SwiftCompile normal arm64_32 /Users/admin/builder/spi-builder-workspace/.derivedData/Build/Intermediates.noindex/SwiftGodotKick.build/Debug-watchos/swift-godot-kick-p.build/DerivedSources/resource_bundle_accessor.swift (in target 'swift-godot-kick-product' from project 'SwiftGodotKick')
    cd /Users/admin/builder/spi-builder-workspace/.swiftpm/xcode
    builtin-SwiftPerFileCompile resource_bundle_accessor.swift
SwiftCompile normal arm64_32 Compiling\ ChangeDirectoryError.swift /Users/admin/builder/spi-builder-workspace/Sources/CreateProject/ChangeDirectoryError.swift (in target 'swift-godot-kick-product' from project 'SwiftGodotKick')
SwiftCompile normal arm64_32 /Users/admin/builder/spi-builder-workspace/Sources/CreateProject/ChangeDirectoryError.swift (in target 'swift-godot-kick-product' from project 'SwiftGodotKick')
    cd /Users/admin/builder/spi-builder-workspace/.swiftpm/xcode
    builtin-SwiftPerFileCompile ChangeDirectoryError.swift
SwiftCompile normal arm64_32 Compiling\ DataFactory.swift /Users/admin/builder/spi-builder-workspace/Sources/CreateProject/DataFactory.swift (in target 'swift-godot-kick-product' from project 'SwiftGodotKick')
SwiftCompile normal arm64_32 /Users/admin/builder/spi-builder-workspace/Sources/CreateProject/DataFactory.swift (in target 'swift-godot-kick-product' from project 'SwiftGodotKick')
    cd /Users/admin/builder/spi-builder-workspace/.swiftpm/xcode
    builtin-SwiftPerFileCompile DataFactory.swift
SwiftCompile normal arm64_32 Compiling\ UserChoice+Argument.swift /Users/admin/builder/spi-builder-workspace/Sources/CreateProject/Extensions/UserChoice+Argument.swift (in target 'swift-godot-kick-product' from project 'SwiftGodotKick')
SwiftCompile normal arm64_32 /Users/admin/builder/spi-builder-workspace/Sources/CreateProject/Extensions/UserChoice+Argument.swift (in target 'swift-godot-kick-product' from project 'SwiftGodotKick')
    cd /Users/admin/builder/spi-builder-workspace/.swiftpm/xcode
    builtin-SwiftPerFileCompile UserChoice+Argument.swift
SwiftCompile normal arm64_32 Compiling\ FileManager+SwiftGodotKick.swift /Users/admin/builder/spi-builder-workspace/Sources/CreateProject/FileManager+SwiftGodotKick.swift (in target 'swift-godot-kick-product' from project 'SwiftGodotKick')
SwiftCompile normal arm64_32 /Users/admin/builder/spi-builder-workspace/Sources/CreateProject/FileManager+SwiftGodotKick.swift (in target 'swift-godot-kick-product' from project 'SwiftGodotKick')
    cd /Users/admin/builder/spi-builder-workspace/.swiftpm/xcode
    builtin-SwiftPerFileCompile FileManager+SwiftGodotKick.swift
SwiftCompile normal arm64_32 Compiling\ FileFactory.swift /Users/admin/builder/spi-builder-workspace/Sources/CreateProject/FileFactory.swift (in target 'swift-godot-kick-product' from project 'SwiftGodotKick')
SwiftCompile normal arm64_32 /Users/admin/builder/spi-builder-workspace/Sources/CreateProject/FileFactory.swift (in target 'swift-godot-kick-product' from project 'SwiftGodotKick')
    cd /Users/admin/builder/spi-builder-workspace/.swiftpm/xcode
    builtin-SwiftPerFileCompile FileFactory.swift
SwiftCompile normal arm64_32 Compiling\ UserChoice.swift /Users/admin/builder/spi-builder-workspace/Sources/CreateProject/UserChoice.swift (in target 'swift-godot-kick-product' from project 'SwiftGodotKick')
SwiftCompile normal arm64_32 /Users/admin/builder/spi-builder-workspace/Sources/CreateProject/UserChoice.swift (in target 'swift-godot-kick-product' from project 'SwiftGodotKick')
    cd /Users/admin/builder/spi-builder-workspace/.swiftpm/xcode
    builtin-SwiftPerFileCompile UserChoice.swift
SwiftCompile normal arm64_32 Compiling\ CreateProject.swift /Users/admin/builder/spi-builder-workspace/Sources/CreateProject/CreateProject.swift (in target 'swift-godot-kick-product' from project 'SwiftGodotKick')
/Users/admin/builder/spi-builder-workspace/Sources/CreateProject/CreateProject.swift:174:23: error: pattern of type '(Swift.String, Swift.String) -> CreateProject.CreateProjectError' cannot match '(Swift.String, Swift.String) -> CreateProject.CreateProjectError'
172 |     var errorDescription: String? {
173 |         switch self {
174 |             case let .executableNameMustBeUnique((executableName, projectName)):
    |                       `- error: pattern of type '(Swift.String, Swift.String) -> CreateProject.CreateProjectError' cannot match '(Swift.String, Swift.String) -> CreateProject.CreateProjectError'
175 |                 "Executable name \"\(executableName)\" and project name \"\(projectName)\" must be different"
176 |         }
Failed frontend command:
/Applications/Xcode-27.0.0-Release.Candidate.app/Contents/Developer/Toolchains/XcodeDefault.xctoolchain/usr/bin/swift-frontend -frontend -c /Users/admin/builder/spi-builder-workspace/.derivedData/Build/Intermediates.noindex/SwiftGodotKick.build/Debug-watchos/swift-godot-kick-p.build/DerivedSources/resource_bundle_accessor.swift /Users/admin/builder/spi-builder-workspace/Sources/CreateProject/ChangeDirectoryError.swift /Users/admin/builder/spi-builder-workspace/Sources/CreateProject/Color.swift -primary-file /Users/admin/builder/spi-builder-workspace/Sources/CreateProject/CreateProject.swift /Users/admin/builder/spi-builder-workspace/Sources/CreateProject/DataFactory.swift /Users/admin/builder/spi-builder-workspace/Sources/CreateProject/Extensions/ProcessInfo+SwiftGodotKick.swift /Users/admin/builder/spi-builder-workspace/Sources/CreateProject/Extensions/UserChoice+Argument.swift /Users/admin/builder/spi-builder-workspace/Sources/CreateProject/FileFactory.swift /Users/admin/builder/spi-builder-workspace/Sources/CreateProject/FileManager+SwiftGodotKick.swift /Users/admin/builder/spi-builder-workspace/Sources/CreateProject/UserChoice.swift -emit-dependencies-path /Users/admin/builder/spi-builder-workspace/.derivedData/Build/Intermediates.noindex/SwiftGodotKick.build/Debug-watchos/swift-godot-kick-p.build/Objects-normal/arm64_32/CreateProject.d -emit-const-values-path /Users/admin/builder/spi-builder-workspace/.derivedData/Build/Intermediates.noindex/SwiftGodotKick.build/Debug-watchos/swift-godot-kick-p.build/Objects-normal/arm64_32/CreateProject.swiftconstvalues -emit-reference-dependencies-path /Users/admin/builder/spi-builder-workspace/.derivedData/Build/Intermediates.noindex/SwiftGodotKick.build/Debug-watchos/swift-godot-kick-p.build/Objects-normal/arm64_32/CreateProject.swiftdeps -serialize-diagnostics-path /Users/admin/builder/spi-builder-workspace/.derivedData/Build/Intermediates.noindex/SwiftGodotKick.build/Debug-watchos/swift-godot-kick-p.build/Objects-normal/arm64_32/CreateProject.dia -target arm64_32-apple-watchos9.0 -disable-cross-import-overlay-search -load-resolved-plugin /Applications/Xcode-27.0.0-Release.Candidate.app/Contents/Developer/Platforms/WatchOS.platform/Developer/usr/lib/swift/host/plugins/libFoundationMacros.dylib\#/Applications/Xcode-27.0.0-Release.Candidate.app/Contents/Developer/Platforms/WatchOS.platform/Developer/usr/bin/swift-plugin-server\#FoundationMacros -load-resolved-plugin /Applications/Xcode-27.0.0-Release.Candidate.app/Contents/Developer/Platforms/WatchOS.platform/Developer/usr/lib/swift/host/plugins/libObservationMacros.dylib\#/Applications/Xcode-27.0.0-Release.Candidate.app/Contents/Developer/Platforms/WatchOS.platform/Developer/usr/bin/swift-plugin-server\#ObservationMacros -load-resolved-plugin /Applications/Xcode-27.0.0-Release.Candidate.app/Contents/Developer/Platforms/WatchOS.platform/Developer/usr/lib/swift/host/plugins/libSwiftMacros.dylib\#/Applications/Xcode-27.0.0-Release.Candidate.app/Contents/Developer/Platforms/WatchOS.platform/Developer/usr/bin/swift-plugin-server\#SwiftMacros -disable-implicit-swift-modules -Xcc -fno-implicit-modules -Xcc -fno-implicit-module-maps -explicit-swift-module-map-file /Users/admin/builder/spi-builder-workspace/.derivedData/Build/Intermediates.noindex/SwiftGodotKick.build/Debug-watchos/swift-godot-kick-p.build/Objects-normal/arm64_32/CreateProject-dependencies-2.json -enable-objc-interop -sdk /Applications/Xcode-27.0.0-Release.Candidate.app/Contents/Developer/Platforms/WatchOS.platform/Developer/SDKs/WatchOS27.0.sdk -I /Users/admin/builder/spi-builder-workspace/.derivedData/Build/Products/Debug-watchos -Isystem /Applications/Xcode-27.0.0-Release.Candidate.app/Contents/Developer/Platforms/WatchOS.platform/Developer/usr/lib -F /Users/admin/builder/spi-builder-workspace/.derivedData/Build/Products/Debug-watchos -F /Applications/Xcode-27.0.0-Release.Candidate.app/Contents/Developer/Platforms/WatchOS.platform/Developer/Library/Frameworks -F /Applications/Xcode-27.0.0-Release.Candidate.app/Contents/Developer/Platforms/WatchOS.platform/Developer/SDKs/WatchOS27.0.sdk/Developer/Library/Frameworks -module-cache-path /Users/admin/builder/spi-builder-workspace/.derivedData/Build/Intermediates.noindex/SwiftExplicitPrecompiledModules -no-color-diagnostics -Xcc -fno-color-diagnostics -enable-testing -g -debug-info-format\=dwarf -dwarf-version\=4 -swift-version 5 -Onone -D SWIFT_PACKAGE -D DEBUG -D SWIFT_MODULE_RESOURCE_BUNDLE_AVAILABLE -D Xcode -serialize-debugging-options -enable-experimental-feature DebugDescriptionMacro -empty-abi-descriptor -validate-clang-modules-once -clang-build-session-file /Users/admin/builder/spi-builder-workspace/.derivedData/ModuleCache.noindex/Session.modulevalidation -Xcc -working-directory -Xcc /Users/admin/builder/spi-builder-workspace/.swiftpm/xcode -enable-anonymous-context-mangled-names -file-compilation-dir /Users/admin/builder/spi-builder-workspace/.swiftpm/xcode -Xcc -D_LIBCPP_HARDENING_MODE\=_LIBCPP_HARDENING_MODE_DEBUG -Xcc -ivfsstatcache -Xcc /Users/admin/builder/spi-builder-workspace/.derivedData/SDKStatCaches.noindex/watchos27.0-24R360-e829b21a6f8c9b70876ba0858053c04477534ef55a1706bf4c1112bbb242f0a2.sdkstatcache -Xcc -fmodules-prune-interval\=86400 -Xcc -fmodules-prune-after\=345600 -Xcc -I/Users/admin/builder/spi-builder-workspace/.derivedData/Build/Products/Debug-watchos/include -Xcc -I/Users/admin/builder/spi-builder-workspace/.derivedData/Build/Intermediates.noindex/SwiftGodotKick.build/Debug-watchos/swift-godot-kick-p.build/DerivedSources-normal/arm64_32 -Xcc -I/Users/admin/builder/spi-builder-workspace/.derivedData/Build/Intermediates.noindex/SwiftGodotKick.build/Debug-watchos/swift-godot-kick-p.build/DerivedSources/arm64_32 -Xcc -I/Users/admin/builder/spi-builder-workspace/.derivedData/Build/Intermediates.noindex/SwiftGodotKick.build/Debug-watchos/swift-godot-kick-p.build/DerivedSources -Xcc -DSWIFT_PACKAGE -Xcc -DDEBUG\=1 -no-auto-bridging-header-chaining -module-name CreateProject -package-name spi_builder_workspace -const-gather-protocols-file /Users/admin/builder/spi-builder-workspace/.derivedData/Build/Intermediates.noindex/SwiftGodotKick.build/Debug-watchos/swift-godot-kick-p.build/Objects-normal/arm64_32/swift-godot-kick_const_extract_protocols.json -disable-clang-spi -clang-target arm64_32-apple-watchos27.0 -target-sdk-version 27.0 -target-sdk-name watchos27.0 -in-process-plugin-server-path /Applications/Xcode-27.0.0-Release.Candidate.app/Contents/Developer/Toolchains/XcodeDefault.xctoolchain/usr/lib/swift/host/libSwiftInProcPluginServer.dylib -parse-as-library -o /Users/admin/builder/spi-builder-workspace/.derivedData/Build/Intermediates.noindex/SwiftGodotKick.build/Debug-watchos/swift-godot-kick-p.build/Objects-normal/arm64_32/CreateProject.o -debug-module-path /Users/admin/builder/spi-builder-workspace/.derivedData/Build/Intermediates.noindex/SwiftGodotKick.build/Debug-watchos/swift-godot-kick-p.build/Objects-normal/arm64_32/CreateProject.swiftmodule -index-unit-output-path /SwiftGodotKick.build/Debug-watchos/swift-godot-kick-p.build/Objects-normal/arm64_32/CreateProject.o -index-store-path /Users/admin/builder/spi-builder-workspace/.derivedData/Index.noindex/DataStore -index-system-modules
SwiftCompile normal arm64_32 /Users/admin/builder/spi-builder-workspace/Sources/CreateProject/CreateProject.swift (in target 'swift-godot-kick-product' from project 'SwiftGodotKick')
    cd /Users/admin/builder/spi-builder-workspace/.swiftpm/xcode
    builtin-SwiftPerFileCompile CreateProject.swift
SwiftCompile normal arm64_32 Compiling\ ProcessInfo+SwiftGodotKick.swift /Users/admin/builder/spi-builder-workspace/Sources/CreateProject/Extensions/ProcessInfo+SwiftGodotKick.swift (in target 'swift-godot-kick-product' from project 'SwiftGodotKick')
SwiftCompile normal arm64_32 /Users/admin/builder/spi-builder-workspace/Sources/CreateProject/Extensions/ProcessInfo+SwiftGodotKick.swift (in target 'swift-godot-kick-product' from project 'SwiftGodotKick')
    cd /Users/admin/builder/spi-builder-workspace/.swiftpm/xcode
    builtin-SwiftPerFileCompile ProcessInfo+SwiftGodotKick.swift
SwiftCompile normal arm64_32 Compiling\ Color.swift /Users/admin/builder/spi-builder-workspace/Sources/CreateProject/Color.swift (in target 'swift-godot-kick-product' from project 'SwiftGodotKick')
SwiftCompile normal arm64_32 /Users/admin/builder/spi-builder-workspace/Sources/CreateProject/Color.swift (in target 'swift-godot-kick-product' from project 'SwiftGodotKick')
    cd /Users/admin/builder/spi-builder-workspace/.swiftpm/xcode
    builtin-SwiftPerFileCompile Color.swift
SwiftEmitModule normal arm64 Emitting\ module\ for\ CreateProject (in target 'swift-godot-kick-product' from project 'SwiftGodotKick')
SwiftCompile normal arm64 (in target 'swift-godot-kick-product' from project 'SwiftGodotKick')
    cd /Users/admin/builder/spi-builder-workspace/.swiftpm/xcode

SwiftDriverJobDiscovery normal arm64_32 Compiling UserChoice+Argument.swift (in target 'swift-godot-kick-product' from project 'SwiftGodotKick')
SwiftEmitModule normal arm64_32 Emitting\ module\ for\ CreateProject (in target 'swift-godot-kick-product' from project 'SwiftGodotKick')
SwiftCompile normal arm64_32 (in target 'swift-godot-kick-product' from project 'SwiftGodotKick')
    cd /Users/admin/builder/spi-builder-workspace/.swiftpm/xcode

SwiftCompile normal arm64 Compiling\ resource_bundle_accessor.swift /Users/admin/builder/spi-builder-workspace/.derivedData/Build/Intermediates.noindex/SwiftGodotKick.build/Debug-watchos/swift-godot-kick-p.build/DerivedSources/resource_bundle_accessor.swift (in target 'swift-godot-kick-product' from project 'SwiftGodotKick')
SwiftCompile normal arm64 /Users/admin/builder/spi-builder-workspace/.derivedData/Build/Intermediates.noindex/SwiftGodotKick.build/Debug-watchos/swift-godot-kick-p.build/DerivedSources/resource_bundle_accessor.swift (in target 'swift-godot-kick-product' from project 'SwiftGodotKick')
    cd /Users/admin/builder/spi-builder-workspace/.swiftpm/xcode
    builtin-SwiftPerFileCompile resource_bundle_accessor.swift
SwiftCompile normal arm64 Compiling\ ProcessInfo+SwiftGodotKick.swift /Users/admin/builder/spi-builder-workspace/Sources/CreateProject/Extensions/ProcessInfo+SwiftGodotKick.swift (in target 'swift-godot-kick-product' from project 'SwiftGodotKick')
SwiftCompile normal arm64 /Users/admin/builder/spi-builder-workspace/Sources/CreateProject/Extensions/ProcessInfo+SwiftGodotKick.swift (in target 'swift-godot-kick-product' from project 'SwiftGodotKick')
    cd /Users/admin/builder/spi-builder-workspace/.swiftpm/xcode
    builtin-SwiftPerFileCompile ProcessInfo+SwiftGodotKick.swift
SwiftDriverJobDiscovery normal arm64_32 Compiling ChangeDirectoryError.swift (in target 'swift-godot-kick-product' from project 'SwiftGodotKick')
SwiftDriverJobDiscovery normal arm64_32 Compiling ProcessInfo+SwiftGodotKick.swift (in target 'swift-godot-kick-product' from project 'SwiftGodotKick')
SwiftDriverJobDiscovery normal arm64_32 Compiling Color.swift (in target 'swift-godot-kick-product' from project 'SwiftGodotKick')
SwiftCompile normal arm64 Compiling\ DataFactory.swift /Users/admin/builder/spi-builder-workspace/Sources/CreateProject/DataFactory.swift (in target 'swift-godot-kick-product' from project 'SwiftGodotKick')
SwiftCompile normal arm64 /Users/admin/builder/spi-builder-workspace/Sources/CreateProject/DataFactory.swift (in target 'swift-godot-kick-product' from project 'SwiftGodotKick')
    cd /Users/admin/builder/spi-builder-workspace/.swiftpm/xcode
    builtin-SwiftPerFileCompile DataFactory.swift
SwiftDriverJobDiscovery normal arm64_32 Compiling resource_bundle_accessor.swift (in target 'swift-godot-kick-product' from project 'SwiftGodotKick')
SwiftCompile normal arm64 Compiling\ CreateProject.swift /Users/admin/builder/spi-builder-workspace/Sources/CreateProject/CreateProject.swift (in target 'swift-godot-kick-product' from project 'SwiftGodotKick')
SwiftCompile normal arm64 /Users/admin/builder/spi-builder-workspace/Sources/CreateProject/CreateProject.swift (in target 'swift-godot-kick-product' from project 'SwiftGodotKick')
    cd /Users/admin/builder/spi-builder-workspace/.swiftpm/xcode
    builtin-SwiftPerFileCompile CreateProject.swift
PruneExplicitPrecompiledModules /Users/admin/builder/spi-builder-workspace/.derivedData/Build/Intermediates.noindex/ExplicitPrecompiledModules
PruneExplicitPrecompiledModules /Users/admin/builder/spi-builder-workspace/.derivedData/Build/Intermediates.noindex/SwiftExplicitPrecompiledModules
PruneExplicitPrecompiledModules /Users/admin/builder/spi-builder-workspace/.derivedData/SDKExplicitPrecompiledModules
2026-09-22 08:37:02.613 xcodebuild[739:4503] [MT] IDERunDestination: Supported platforms for the buildables in the current scheme is empty.
** BUILD FAILED **
The following build commands failed:
	SwiftCompile normal arm64_32 Compiling\ CreateProject.swift /Users/admin/builder/spi-builder-workspace/Sources/CreateProject/CreateProject.swift (in target 'swift-godot-kick-product' from project 'SwiftGodotKick')
	SwiftCompile normal arm64_32 /Users/admin/builder/spi-builder-workspace/Sources/CreateProject/CreateProject.swift (in target 'swift-godot-kick-product' from project 'SwiftGodotKick')
	Building workspace SwiftGodotKick with scheme SwiftGodotKick
(3 failures)
BUILD FAILURE 6.4 watchOS