Build Information
Failed to build CoreDataEvolution, reference main (96493d), with Swift 6.2 for Android on 5 Oct 2026 05:41:58 UTC.
Build Command
bash -c docker run --pull=always --rm -v "checkouts-54344843-1":/host -w "$PWD" -e JAVA_HOME="/root/.sdkman/candidates/java/current" -e SPI_BUILD="1" -e SPI_PROCESSING="1" registry.gitlab.com/saguaro1/spi-images:android-6.2-latest swift build --swift-sdk aarch64-unknown-linux-android28 2>&1Build Log
========================================
RunAll
========================================
Builder version: 5.1.1
Interrupt handler set up.
========================================
Checkout
========================================
Clone URL: https://github.com/fatbobman/CoreDataEvolution.git
Reference: main
Initialized empty Git repository in /host/spi-builder-workspace/.git/
hint: Using 'master' as the name for the initial branch. This default branch name
hint: is subject to change. To configure the initial branch name to use in all
hint: of your new repositories, which will suppress this warning, call:
hint:
hint: git config --global init.defaultBranch <name>
hint:
hint: Names commonly chosen instead of 'master' are 'main', 'trunk' and
hint: 'development'. The just-created branch can be renamed via this command:
hint:
hint: git branch -m <name>
From https://github.com/fatbobman/CoreDataEvolution
* branch main -> FETCH_HEAD
* [new branch] main -> origin/main
HEAD is now at 96493df feat: add attribute validation and fix model actor availability
Cloned https://github.com/fatbobman/CoreDataEvolution.git
Revision (git rev-parse @):
96493df0978f1f3097256c9f93ff9fa0efb4b2c3
SUCCESS checkout https://github.com/fatbobman/CoreDataEvolution.git at main
========================================
Build
========================================
Selected platform: android
Swift version: 6.2
Building package at path: $PWD
https://github.com/fatbobman/CoreDataEvolution.git
Running build ...
bash -c docker run --pull=always --rm -v "checkouts-54344843-1":/host -w "$PWD" -e JAVA_HOME="/root/.sdkman/candidates/java/current" -e SPI_BUILD="1" -e SPI_PROCESSING="1" registry.gitlab.com/saguaro1/spi-images:android-6.2-latest swift build --swift-sdk aarch64-unknown-linux-android28 2>&1
android-6.2-latest: Pulling from saguaro1/spi-images
Digest: sha256:f47b2a33897778fb58ca39c1139e193fa7f391fa362fe0d23c00db9747030994
Status: Image is up to date for registry.gitlab.com/saguaro1/spi-images:android-6.2-latest
Fetching https://github.com/apple/swift-argument-parser
Fetching https://github.com/swiftlang/swift-syntax
[1/19050] Fetching swift-argument-parser
[19051/99319] Fetching swift-argument-parser, swift-syntax
Fetched https://github.com/apple/swift-argument-parser from cache (5.77s)
Fetched https://github.com/swiftlang/swift-syntax from cache (5.80s)
Computing version for https://github.com/swiftlang/swift-syntax
Computed https://github.com/swiftlang/swift-syntax at 602.0.0 (7.20s)
Computing version for https://github.com/apple/swift-argument-parser
Computed https://github.com/apple/swift-argument-parser at 1.8.2 (0.17s)
Creating working copy for https://github.com/swiftlang/swift-syntax
Working copy of https://github.com/swiftlang/swift-syntax resolved at 602.0.0
Creating working copy for https://github.com/apple/swift-argument-parser
Working copy of https://github.com/apple/swift-argument-parser resolved at 1.8.2
Downloading package prebuilt https://download.swift.org/prebuilts/swift-syntax/602.0.0/swift-6.2-RELEASE-MacroSupport-ubuntu_jammy_x86_64.tar.gz
Downloaded https://download.swift.org/prebuilts/swift-syntax/602.0.0/swift-6.2-RELEASE-MacroSupport-ubuntu_jammy_x86_64.tar.gz (0.27s)
[1/1] Compiling plugin GenerateManual
[2/2] Compiling plugin GenerateDoccReference
Building for debugging...
[2/55] Write sources
[30/55] Compiling _SwiftSyntaxCShims PlatformMutex.c
[32/55] Write swift-version--11D90AFD9DD3AB2.txt
[34/71] Emitting module SwiftSyntax601
[35/71] Emitting module SwiftSyntax600
[36/71] Emitting module SwiftSyntax510
[37/71] Emitting module SwiftSyntax601
[38/71] Compiling SwiftSyntax601 Empty.swift
[39/72] Compiling SwiftSyntax510 Empty.swift
[40/72] Emitting module SwiftSyntax510
[42/73] Compiling SwiftSyntax600 Empty.swift
[45/74] Emitting module SwiftSyntax600
[46/74] Compiling SwiftSyntax600 Empty.swift
[47/74] Emitting module SwiftSyntax602
[48/74] Compiling SwiftSyntax602 Empty.swift
[51/80] Compiling SwiftSyntax601 Empty.swift
[52/83] Emitting module SwiftSyntax602
[53/83] Compiling SwiftSyntax602 Empty.swift
[54/84] Compiling SwiftSyntax509 Empty.swift
[58/86] Emitting module SwiftSyntax509
[61/90] Compiling SwiftSyntax510 Empty.swift
[61/91] Wrapping AST for SwiftSyntax602 for debugging
[63/93] Wrapping AST for SwiftSyntax601 for debugging
[65/93] Wrapping AST for SwiftSyntax600 for debugging
[66/93] Wrapping AST for SwiftSyntax510 for debugging
[67/93] Wrapping AST for SwiftSyntax509 for debugging
[69/187] Emitting module ArgumentParserToolInfo
[71/219] Compiling ArgumentParserToolInfo ToolInfo.swift
[74/268] Wrapping AST for ArgumentParserToolInfo for debugging
[76/315] Compiling ArgumentParser ArgumentVisibility.swift
[77/315] Compiling ArgumentParser CompletionKind.swift
[78/315] Compiling ArgumentParser Errors.swift
[79/315] Compiling ArgumentParser Flag.swift
[80/315] Compiling ArgumentParser NameSpecification.swift
[81/315] Compiling ArgumentParser Option.swift
[82/315] Compiling ArgumentParser OptionGroup.swift
[83/315] Compiling ArgumentParser ParentCommand.swift
[84/315] Compiling ArgumentParser AsyncParsableCommand.swift
[85/321] Compiling ArgumentParser ArgumentDecoder.swift
[86/321] Compiling ArgumentParser ArgumentDefinition.swift
[87/321] Compiling ArgumentParser ArgumentSet.swift
[88/321] Compiling ArgumentParser CommandParser.swift
[89/321] Compiling ArgumentParser InputKey.swift
[90/321] Compiling ArgumentParser InputOrigin.swift
[91/329] Compiling ArgumentParser CommandConfiguration.swift
[92/329] Compiling ArgumentParser CommandGroup.swift
[93/329] Compiling ArgumentParser EnumerableFlag.swift
[94/329] Compiling ArgumentParser ExpressibleByArgument.swift
[95/329] Compiling ArgumentParser ParsableArguments.swift
[96/329] Compiling ArgumentParser BashCompletionsGenerator.swift
[97/329] Compiling ArgumentParser CompletionsGenerator.swift
[98/329] Compiling ArgumentParser FishCompletionsGenerator.swift
[99/329] Compiling ArgumentParser ZshCompletionsGenerator.swift
[109/337] Compiling ArgumentParser Argument.swift
[110/337] Compiling ArgumentParser ArgumentDiscussion.swift
[111/337] Compiling ArgumentParser ArgumentHelp.swift
[112/337] Compiling ArgumentParser Name.swift
[113/337] Compiling ArgumentParser Parsed.swift
[114/337] Compiling ArgumentParser ParsedValues.swift
[115/337] Compiling ArgumentParser ParserError.swift
[116/337] Compiling ArgumentParser SplitArguments.swift
[117/337] Compiling ArgumentParser DumpHelpGenerator.swift
[141/343] Compiling ArgumentParser AsyncCompletionsValidator.swift
[142/343] Compiling ArgumentParser CodingKeyValidator.swift
[143/343] Compiling ArgumentParser NonsenseFlagsValidator.swift
[144/343] Compiling ArgumentParser ParsableArgumentsValidation.swift
[145/343] Compiling ArgumentParser PositionalArgumentsValidator.swift
[146/343] Compiling ArgumentParser UniqueNamesValidator.swift
[154/343] Emitting module ArgumentParser
error: emit-module command failed with exit code 1 (use -v to see invocation)
[155/343] Emitting module CoreDataEvolutionSchemaSupport
/host/spi-builder-workspace/Sources/CoreDataEvolutionSchemaSupport/CDAttributeValidationRules.swift:1:8: error: no such module 'CoreData'
1 | import CoreData
| `- error: no such module 'CoreData'
2 | import Foundation
3 |
[156/343] Compiling CoreDataEvolutionSchemaSupport CDAttributeValidationRules.swift
/host/spi-builder-workspace/Sources/CoreDataEvolutionSchemaSupport/CDAttributeValidationRules.swift:1:8: error: no such module 'CoreData'
1 | import CoreData
| `- error: no such module 'CoreData'
2 | import Foundation
3 |
error: emit-module command failed with exit code 1 (use -v to see invocation)
[157/343] Emitting module CoreDataEvolutionSchemaSupport
/host/spi-builder-workspace/Sources/CoreDataEvolutionSchemaSupport/CDAttributeValidationRules.swift:1:8: error: no such module 'CoreData'
1 | import CoreData
| `- error: no such module 'CoreData'
2 | import Foundation
3 |
BUILD FAILURE 6.2 android