Build Information
Failed to build CoreStore, reference develop (4cf205), with Swift 6.1 for Android on 16 Jul 2026 17:12:53 UTC.
Build Command
bash -c docker run --pull=always --rm -v "checkouts-54344844-1":/host -w "$PWD" -e JAVA_HOME="/root/.sdkman/candidates/java/current" -e SPI_BUILD="1" -e SPI_PROCESSING="1" registry.gitlab.com/saguaro1/spi-images:android-6.1-latest swift build --swift-sdk aarch64-unknown-linux-android24 2>&1Build Log
========================================
RunAll
========================================
Builder version: 333316120c8b89ed7d21f1b34865290794301d91
Interrupt handler set up.
========================================
Checkout
========================================
Clone URL: https://github.com/JohnEstropia/CoreStore.git
Reference: develop
Initialized empty Git repository in /host/spi-builder-workspace/.git/
hint: Using 'master' as the name for the initial branch. This default branch name
hint: is subject to change. To configure the initial branch name to use in all
hint: of your new repositories, which will suppress this warning, call:
hint:
hint: git config --global init.defaultBranch <name>
hint:
hint: Names commonly chosen instead of 'master' are 'main', 'trunk' and
hint: 'development'. The just-created branch can be renamed via this command:
hint:
hint: git branch -m <name>
From https://github.com/JohnEstropia/CoreStore
* branch develop -> FETCH_HEAD
* [new branch] develop -> origin/develop
HEAD is now at 4cf205a Merge branch 'develop' of https://github.com/JohnEstropia/CoreStore into develop
Cloned https://github.com/JohnEstropia/CoreStore.git
Revision (git rev-parse @):
4cf205a57b57eda24d88571a9aee4023b5c3981b
SUCCESS checkout https://github.com/JohnEstropia/CoreStore.git at develop
========================================
Build
========================================
Selected platform: android
Swift version: 6.1
Building package at path: $PWD
https://github.com/JohnEstropia/CoreStore.git
https://github.com/JohnEstropia/CoreStore.git
WARNING: environment variable SUPPRESS_SWIFT_6_FLAGS is not set
Running build ...
bash -c docker run --pull=always --rm -v "checkouts-54344844-1":/host -w "$PWD" -e JAVA_HOME="/root/.sdkman/candidates/java/current" -e SPI_BUILD="1" -e SPI_PROCESSING="1" registry.gitlab.com/saguaro1/spi-images:android-6.1-latest swift build --swift-sdk aarch64-unknown-linux-android24 -Xswiftc -Xfrontend -Xswiftc -stats-output-dir -Xswiftc -Xfrontend -Xswiftc .stats -Xswiftc -strict-concurrency=complete -Xswiftc -enable-upcoming-feature -Xswiftc StrictConcurrency -Xswiftc -enable-upcoming-feature -Xswiftc DisableOutwardActorInference -Xswiftc -enable-upcoming-feature -Xswiftc GlobalActorIsolatedTypesUsability -Xswiftc -enable-upcoming-feature -Xswiftc InferSendableFromCaptures 2>&1
android-6.1-latest: Pulling from saguaro1/spi-images
Digest: sha256:365d9b14669f92fea0572234887def10439445c91d7e524c78a6579ad7294f11
Status: Image is up to date for registry.gitlab.com/saguaro1/spi-images:android-6.1-latest
warning: 'spi-builder-workspace': found 1 file(s) which are unhandled; explicitly declare them as resources or exclude from the target
/host/spi-builder-workspace/Sources/Info.plist
Building for debugging...
[0/5] Write sources
[1/5] Write swift-version-24593BA9C3E375BF.txt
error: emit-module command failed with exit code 1 (use -v to see invocation)
[3/160] Emitting module CoreStore
/host/spi-builder-workspace/Sources/AsynchronousDataTransaction.swift:27:8: error: no such module 'CoreData'
25 |
26 | import Foundation
27 | import CoreData
| `- error: no such module 'CoreData'
28 |
29 |
[4/181] Compiling CoreStore DataStack+Migration.swift
/host/spi-builder-workspace/Sources/AsynchronousDataTransaction.swift:27:8: error: no such module 'CoreData'
25 |
26 | import Foundation
27 | import CoreData
| `- error: no such module 'CoreData'
28 |
29 |
[5/181] Compiling CoreStore DataStack+Observing.swift
/host/spi-builder-workspace/Sources/AsynchronousDataTransaction.swift:27:8: error: no such module 'CoreData'
25 |
26 | import Foundation
27 | import CoreData
| `- error: no such module 'CoreData'
28 |
29 |
[6/181] Compiling CoreStore DataStack+Querying.swift
/host/spi-builder-workspace/Sources/AsynchronousDataTransaction.swift:27:8: error: no such module 'CoreData'
25 |
26 | import Foundation
27 | import CoreData
| `- error: no such module 'CoreData'
28 |
29 |
[7/181] Compiling CoreStore DataStack+Reactive.swift
/host/spi-builder-workspace/Sources/AsynchronousDataTransaction.swift:27:8: error: no such module 'CoreData'
25 |
26 | import Foundation
27 | import CoreData
| `- error: no such module 'CoreData'
28 |
29 |
[8/181] Compiling CoreStore DataStack+Transaction.swift
/host/spi-builder-workspace/Sources/AsynchronousDataTransaction.swift:27:8: error: no such module 'CoreData'
25 |
26 | import Foundation
27 | import CoreData
| `- error: no such module 'CoreData'
28 |
29 |
[9/181] Compiling CoreStore DataStack.AddStoragePublisher.swift
/host/spi-builder-workspace/Sources/AsynchronousDataTransaction.swift:27:8: error: no such module 'CoreData'
25 |
26 | import Foundation
27 | import CoreData
| `- error: no such module 'CoreData'
28 |
29 |
[10/181] Compiling CoreStore DataStack.swift
/host/spi-builder-workspace/Sources/AsynchronousDataTransaction.swift:27:8: error: no such module 'CoreData'
25 |
26 | import Foundation
27 | import CoreData
| `- error: no such module 'CoreData'
28 |
29 |
[11/181] Compiling CoreStore DefaultLogger.swift
/host/spi-builder-workspace/Sources/AsynchronousDataTransaction.swift:27:8: error: no such module 'CoreData'
25 |
26 | import Foundation
27 | import CoreData
| `- error: no such module 'CoreData'
28 |
29 |
[12/181] Compiling CoreStore DiffableDataSource.BaseAdapter.swift
/host/spi-builder-workspace/Sources/AsynchronousDataTransaction.swift:27:8: error: no such module 'CoreData'
25 |
26 | import Foundation
27 | import CoreData
| `- error: no such module 'CoreData'
28 |
29 |
[13/181] Compiling CoreStore DiffableDataSource.CollectionViewAdapter-AppKit.swift
/host/spi-builder-workspace/Sources/AsynchronousDataTransaction.swift:27:8: error: no such module 'CoreData'
25 |
26 | import Foundation
27 | import CoreData
| `- error: no such module 'CoreData'
28 |
29 |
[14/181] Compiling CoreStore DiffableDataSource.CollectionViewAdapter-UIKit.swift
/host/spi-builder-workspace/Sources/AsynchronousDataTransaction.swift:27:8: error: no such module 'CoreData'
25 |
26 | import Foundation
27 | import CoreData
| `- error: no such module 'CoreData'
28 |
29 |
[15/181] Compiling CoreStore DiffableDataSource.TableViewAdapter-UIKit.swift
/host/spi-builder-workspace/Sources/AsynchronousDataTransaction.swift:27:8: error: no such module 'CoreData'
25 |
26 | import Foundation
27 | import CoreData
| `- error: no such module 'CoreData'
28 |
29 |
[16/181] Compiling CoreStore DiffableDataSource.Target.swift
/host/spi-builder-workspace/Sources/AsynchronousDataTransaction.swift:27:8: error: no such module 'CoreData'
25 |
26 | import Foundation
27 | import CoreData
| `- error: no such module 'CoreData'
28 |
29 |
[17/181] Compiling CoreStore DiffableDataSource.swift
/host/spi-builder-workspace/Sources/AsynchronousDataTransaction.swift:27:8: error: no such module 'CoreData'
25 |
26 | import Foundation
27 | import CoreData
| `- error: no such module 'CoreData'
28 |
29 |
[18/181] Compiling CoreStore DiffableDataSourceSnapshotProtocol.swift
/host/spi-builder-workspace/Sources/AsynchronousDataTransaction.swift:27:8: error: no such module 'CoreData'
25 |
26 | import Foundation
27 | import CoreData
| `- error: no such module 'CoreData'
28 |
29 |
[19/181] Compiling CoreStore Differentiable.swift
/host/spi-builder-workspace/Sources/AsynchronousDataTransaction.swift:27:8: error: no such module 'CoreData'
25 |
26 | import Foundation
27 | import CoreData
| `- error: no such module 'CoreData'
28 |
29 |
[20/181] Compiling CoreStore DispatchQueue+CoreStore.swift
/host/spi-builder-workspace/Sources/AsynchronousDataTransaction.swift:27:8: error: no such module 'CoreData'
25 |
26 | import Foundation
27 | import CoreData
| `- error: no such module 'CoreData'
28 |
29 |
[21/181] Compiling CoreStore DynamicObject.swift
/host/spi-builder-workspace/Sources/AsynchronousDataTransaction.swift:27:8: error: no such module 'CoreData'
25 |
26 | import Foundation
27 | import CoreData
| `- error: no such module 'CoreData'
28 |
29 |
[22/181] Compiling CoreStore DynamicSchema+Convenience.swift
/host/spi-builder-workspace/Sources/AsynchronousDataTransaction.swift:27:8: error: no such module 'CoreData'
25 |
26 | import Foundation
27 | import CoreData
| `- error: no such module 'CoreData'
28 |
29 |
[23/181] Compiling CoreStore DynamicSchema.swift
/host/spi-builder-workspace/Sources/AsynchronousDataTransaction.swift:27:8: error: no such module 'CoreData'
25 |
26 | import Foundation
27 | import CoreData
| `- error: no such module 'CoreData'
28 |
29 |
[24/181] Compiling CoreStore Entity.swift
/host/spi-builder-workspace/Sources/AsynchronousDataTransaction.swift:27:8: error: no such module 'CoreData'
25 |
26 | import Foundation
27 | import CoreData
| `- error: no such module 'CoreData'
28 |
29 |
[25/181] Compiling CoreStore EnvironmentValues+DataSources.swift
/host/spi-builder-workspace/Sources/AsynchronousDataTransaction.swift:27:8: error: no such module 'CoreData'
25 |
26 | import Foundation
27 | import CoreData
| `- error: no such module 'CoreData'
28 |
29 |
[26/181] Compiling CoreStore GroupBy.swift
/host/spi-builder-workspace/Sources/AsynchronousDataTransaction.swift:27:8: error: no such module 'CoreData'
25 |
26 | import Foundation
27 | import CoreData
| `- error: no such module 'CoreData'
28 |
29 |
[27/181] Compiling CoreStore ImportableAttributeType.swift
/host/spi-builder-workspace/Sources/AsynchronousDataTransaction.swift:27:8: error: no such module 'CoreData'
25 |
26 | import Foundation
27 | import CoreData
| `- error: no such module 'CoreData'
28 |
29 |
[28/181] Compiling CoreStore ImportableObject.swift
/host/spi-builder-workspace/Sources/AsynchronousDataTransaction.swift:27:8: error: no such module 'CoreData'
25 |
26 | import Foundation
27 | import CoreData
| `- error: no such module 'CoreData'
28 |
29 |
[29/181] Compiling CoreStore ImportableUniqueObject.swift
/host/spi-builder-workspace/Sources/AsynchronousDataTransaction.swift:27:8: error: no such module 'CoreData'
25 |
26 | import Foundation
27 | import CoreData
| `- error: no such module 'CoreData'
28 |
29 |
[30/181] Compiling CoreStore InMemoryStore.swift
/host/spi-builder-workspace/Sources/AsynchronousDataTransaction.swift:27:8: error: no such module 'CoreData'
25 |
26 | import Foundation
27 | import CoreData
| `- error: no such module 'CoreData'
28 |
29 |
[31/181] Compiling CoreStore InferredSchemaMappingProvider.swift
/host/spi-builder-workspace/Sources/AsynchronousDataTransaction.swift:27:8: error: no such module 'CoreData'
25 |
26 | import Foundation
27 | import CoreData
| `- error: no such module 'CoreData'
28 |
29 |
[32/181] Compiling CoreStore Internals.AnyFieldCoder.swift
/host/spi-builder-workspace/Sources/AsynchronousDataTransaction.swift:27:8: error: no such module 'CoreData'
25 |
26 | import Foundation
27 | import CoreData
| `- error: no such module 'CoreData'
28 |
29 |
[33/181] Compiling CoreStore Internals.Closure.swift
/host/spi-builder-workspace/Sources/AsynchronousDataTransaction.swift:27:8: error: no such module 'CoreData'
25 |
26 | import Foundation
27 | import CoreData
| `- error: no such module 'CoreData'
28 |
29 |
[34/181] Compiling CoreStore Internals.CoreStoreFetchRequest.swift
/host/spi-builder-workspace/Sources/AsynchronousDataTransaction.swift:27:8: error: no such module 'CoreData'
25 |
26 | import Foundation
27 | import CoreData
| `- error: no such module 'CoreData'
28 |
29 |
[35/181] Compiling CoreStore Internals.CoreStoreFetchedResultsController.swift
/host/spi-builder-workspace/Sources/AsynchronousDataTransaction.swift:27:8: error: no such module 'CoreData'
25 |
26 | import Foundation
27 | import CoreData
| `- error: no such module 'CoreData'
28 |
29 |
[36/181] Compiling CoreStore Internals.DiffableDataSourceSnapshot.swift
/host/spi-builder-workspace/Sources/AsynchronousDataTransaction.swift:27:8: error: no such module 'CoreData'
25 |
26 | import Foundation
27 | import CoreData
| `- error: no such module 'CoreData'
28 |
29 |
[37/181] Compiling CoreStore Internals.DiffableDataUIDispatcher.Changeset.swift
/host/spi-builder-workspace/Sources/AsynchronousDataTransaction.swift:27:8: error: no such module 'CoreData'
25 |
26 | import Foundation
27 | import CoreData
| `- error: no such module 'CoreData'
28 |
29 |
[38/181] Compiling CoreStore Internals.DiffableDataUIDispatcher.DiffResult.swift
/host/spi-builder-workspace/Sources/AsynchronousDataTransaction.swift:27:8: error: no such module 'CoreData'
25 |
26 | import Foundation
27 | import CoreData
| `- error: no such module 'CoreData'
28 |
29 |
[39/181] Compiling CoreStore Internals.DiffableDataUIDispatcher.StagedChangeset.swift
/host/spi-builder-workspace/Sources/AsynchronousDataTransaction.swift:27:8: error: no such module 'CoreData'
25 |
26 | import Foundation
27 | import CoreData
| `- error: no such module 'CoreData'
28 |
29 |
[40/181] Compiling CoreStore Internals.DiffableDataUIDispatcher.swift
/host/spi-builder-workspace/Sources/AsynchronousDataTransaction.swift:27:8: error: no such module 'CoreData'
25 |
26 | import Foundation
27 | import CoreData
| `- error: no such module 'CoreData'
28 |
29 |
[41/181] Compiling CoreStore Internals.EntityIdentifier.swift
/host/spi-builder-workspace/Sources/AsynchronousDataTransaction.swift:27:8: error: no such module 'CoreData'
25 |
26 | import Foundation
27 | import CoreData
| `- error: no such module 'CoreData'
28 |
29 |
[42/181] Compiling CoreStore Internals.FetchedDiffableDataSourceSnapshotDelegate.swift
/host/spi-builder-workspace/Sources/AsynchronousDataTransaction.swift:27:8: error: no such module 'CoreData'
25 |
26 | import Foundation
27 | import CoreData
| `- error: no such module 'CoreData'
28 |
29 |
[43/181] Compiling CoreStore Internals.FetchedResultsControllerDelegate.swift
/host/spi-builder-workspace/Sources/AsynchronousDataTransaction.swift:27:8: error: no such module 'CoreData'
25 |
26 | import Foundation
27 | import CoreData
| `- error: no such module 'CoreData'
28 |
29 |
[44/181] Compiling CoreStore Internals.LazyNonmutating.swift
/host/spi-builder-workspace/Sources/AsynchronousDataTransaction.swift:27:8: error: no such module 'CoreData'
25 |
26 | import Foundation
27 | import CoreData
| `- error: no such module 'CoreData'
28 |
29 |
[45/181] Compiling CoreStore Internals.MigrationManager.swift
/host/spi-builder-workspace/Sources/AsynchronousDataTransaction.swift:27:8: error: no such module 'CoreData'
25 |
26 | import Foundation
27 | import CoreData
| `- error: no such module 'CoreData'
28 |
29 |
[46/181] Compiling CoreStore Internals.NotificationObserver.swift
/host/spi-builder-workspace/Sources/AsynchronousDataTransaction.swift:27:8: error: no such module 'CoreData'
25 |
26 | import Foundation
27 | import CoreData
| `- error: no such module 'CoreData'
28 |
29 |
[47/181] Compiling CoreStore Internals.SharedNotificationObserver.swift
/host/spi-builder-workspace/Sources/AsynchronousDataTransaction.swift:27:8: error: no such module 'CoreData'
25 |
26 | import Foundation
27 | import CoreData
| `- error: no such module 'CoreData'
28 |
29 |
[48/181] Compiling CoreStore Internals.WeakObject.swift
/host/spi-builder-workspace/Sources/AsynchronousDataTransaction.swift:27:8: error: no such module 'CoreData'
25 |
26 | import Foundation
27 | import CoreData
| `- error: no such module 'CoreData'
28 |
29 |
[49/181] Compiling CoreStore Internals.swift
/host/spi-builder-workspace/Sources/AsynchronousDataTransaction.swift:27:8: error: no such module 'CoreData'
25 |
26 | import Foundation
27 | import CoreData
| `- error: no such module 'CoreData'
28 |
29 |
[50/181] Compiling CoreStore Into.swift
/host/spi-builder-workspace/Sources/AsynchronousDataTransaction.swift:27:8: error: no such module 'CoreData'
25 |
26 | import Foundation
27 | import CoreData
| `- error: no such module 'CoreData'
28 |
29 |
[51/181] Compiling CoreStore KeyPath+KeyPaths.swift
/host/spi-builder-workspace/Sources/AsynchronousDataTransaction.swift:27:8: error: no such module 'CoreData'
25 |
26 | import Foundation
27 | import CoreData
| `- error: no such module 'CoreData'
28 |
29 |
[52/181] Compiling CoreStore KeyPath+Querying.swift
/host/spi-builder-workspace/Sources/AsynchronousDataTransaction.swift:27:8: error: no such module 'CoreData'
25 |
26 | import Foundation
27 | import CoreData
| `- error: no such module 'CoreData'
28 |
29 |
[53/181] Compiling CoreStore KeyPathGenericBindings.swift
/host/spi-builder-workspace/Sources/AsynchronousDataTransaction.swift:27:8: error: no such module 'CoreData'
25 |
26 | import Foundation
27 | import CoreData
| `- error: no such module 'CoreData'
28 |
29 |
[54/181] Compiling CoreStore KeyPathStringConvertible.swift
/host/spi-builder-workspace/Sources/AsynchronousDataTransaction.swift:27:8: error: no such module 'CoreData'
25 |
26 | import Foundation
27 | import CoreData
| `- error: no such module 'CoreData'
28 |
29 |
[55/181] Compiling CoreStore ListMonitor.swift
/host/spi-builder-workspace/Sources/AsynchronousDataTransaction.swift:27:8: error: no such module 'CoreData'
25 |
26 | import Foundation
27 | import CoreData
| `- error: no such module 'CoreData'
28 |
29 |
[56/181] Compiling CoreStore ListObserver.swift
/host/spi-builder-workspace/Sources/AsynchronousDataTransaction.swift:27:8: error: no such module 'CoreData'
25 |
26 | import Foundation
27 | import CoreData
| `- error: no such module 'CoreData'
28 |
29 |
[57/181] Compiling CoreStore ListPublisher+Reactive.swift
/host/spi-builder-workspace/Sources/AsynchronousDataTransaction.swift:27:8: error: no such module 'CoreData'
25 |
26 | import Foundation
27 | import CoreData
| `- error: no such module 'CoreData'
28 |
29 |
[58/181] Compiling CoreStore ListPublisher.SnapshotPublisher.swift
/host/spi-builder-workspace/Sources/AsynchronousDataTransaction.swift:27:8: error: no such module 'CoreData'
25 |
26 | import Foundation
27 | import CoreData
| `- error: no such module 'CoreData'
28 |
29 |
[59/181] Compiling CoreStore ListPublisher.swift
/host/spi-builder-workspace/Sources/AsynchronousDataTransaction.swift:27:8: error: no such module 'CoreData'
25 |
26 | import Foundation
27 | import CoreData
| `- error: no such module 'CoreData'
28 |
29 |
[60/181] Compiling CoreStore ListReader.swift
/host/spi-builder-workspace/Sources/AsynchronousDataTransaction.swift:27:8: error: no such module 'CoreData'
25 |
26 | import Foundation
27 | import CoreData
| `- error: no such module 'CoreData'
28 |
29 |
[61/181] Compiling CoreStore ListSnapshot.SectionInfo.swift
/host/spi-builder-workspace/Sources/AsynchronousDataTransaction.swift:27:8: error: no such module 'CoreData'
25 |
26 | import Foundation
27 | import CoreData
| `- error: no such module 'CoreData'
28 |
29 |
[62/181] Compiling CoreStore ListSnapshot.swift
/host/spi-builder-workspace/Sources/AsynchronousDataTransaction.swift:27:8: error: no such module 'CoreData'
25 |
26 | import Foundation
27 | import CoreData
| `- error: no such module 'CoreData'
28 |
29 |
[63/181] Compiling CoreStore ListState.swift
/host/spi-builder-workspace/Sources/AsynchronousDataTransaction.swift:27:8: error: no such module 'CoreData'
25 |
26 | import Foundation
27 | import CoreData
| `- error: no such module 'CoreData'
28 |
29 |
[64/181] Compiling CoreStore MigrationChain.swift
/host/spi-builder-workspace/Sources/AsynchronousDataTransaction.swift:27:8: error: no such module 'CoreData'
25 |
26 | import Foundation
27 | import CoreData
| `- error: no such module 'CoreData'
28 |
29 |
[65/181] Compiling CoreStore MigrationProgress.swift
/host/spi-builder-workspace/Sources/AsynchronousDataTransaction.swift:27:8: error: no such module 'CoreData'
25 |
26 | import Foundation
27 | import CoreData
| `- error: no such module 'CoreData'
28 |
29 |
[66/181] Compiling CoreStore MigrationResult.swift
/host/spi-builder-workspace/Sources/AsynchronousDataTransaction.swift:27:8: error: no such module 'CoreData'
25 |
26 | import Foundation
27 | import CoreData
| `- error: no such module 'CoreData'
28 |
29 |
[67/181] Compiling CoreStore MigrationType.swift
/host/spi-builder-workspace/Sources/AsynchronousDataTransaction.swift:27:8: error: no such module 'CoreData'
25 |
26 | import Foundation
27 | import CoreData
| `- error: no such module 'CoreData'
28 |
29 |
[68/181] Compiling CoreStore Module.swift
/host/spi-builder-workspace/Sources/AsynchronousDataTransaction.swift:27:8: error: no such module 'CoreData'
25 |
26 | import Foundation
27 | import CoreData
| `- error: no such module 'CoreData'
28 |
29 |
[69/181] Compiling CoreStore NSEntityDescription+DynamicModel.swift
/host/spi-builder-workspace/Sources/AsynchronousDataTransaction.swift:27:8: error: no such module 'CoreData'
25 |
26 | import Foundation
27 | import CoreData
| `- error: no such module 'CoreData'
28 |
29 |
[70/181] Compiling CoreStore NSEntityDescription+Migration.swift
/host/spi-builder-workspace/Sources/AsynchronousDataTransaction.swift:27:8: error: no such module 'CoreData'
25 |
26 | import Foundation
27 | import CoreData
| `- error: no such module 'CoreData'
28 |
29 |
[71/181] Compiling CoreStore NSFetchedResultsController+Convenience.swift
/host/spi-builder-workspace/Sources/AsynchronousDataTransaction.swift:27:8: error: no such module 'CoreData'
25 |
26 | import Foundation
27 | import CoreData
| `- error: no such module 'CoreData'
28 |
29 |
[72/181] Compiling CoreStore NSManagedObject+Convenience.swift
/host/spi-builder-workspace/Sources/AsynchronousDataTransaction.swift:27:8: error: no such module 'CoreData'
25 |
26 | import Foundation
27 | import CoreData
| `- error: no such module 'CoreData'
28 |
29 |
[73/181] Compiling CoreStore NSManagedObject+DynamicModel.swift
/host/spi-builder-workspace/Sources/AsynchronousDataTransaction.swift:27:8: error: no such module 'CoreData'
25 |
26 | import Foundation
27 | import CoreData
| `- error: no such module 'CoreData'
28 |
29 |
[74/181] Compiling CoreStore NSManagedObject+Logging.swift
/host/spi-builder-workspace/Sources/AsynchronousDataTransaction.swift:27:8: error: no such module 'CoreData'
25 |
26 | import Foundation
27 | import CoreData
| `- error: no such module 'CoreData'
28 |
29 |
[75/181] Compiling CoreStore NSManagedObject+Transaction.swift
/host/spi-builder-workspace/Sources/AsynchronousDataTransaction.swift:27:8: error: no such module 'CoreData'
25 |
26 | import Foundation
27 | import CoreData
| `- error: no such module 'CoreData'
28 |
29 |
[76/181] Compiling CoreStore NSManagedObjectContext+CoreStore.swift
/host/spi-builder-workspace/Sources/AsynchronousDataTransaction.swift:27:8: error: no such module 'CoreData'
25 |
26 | import Foundation
27 | import CoreData
| `- error: no such module 'CoreData'
28 |
29 |
[77/181] Compiling CoreStore NSManagedObjectContext+Logging.swift
/host/spi-builder-workspace/Sources/AsynchronousDataTransaction.swift:27:8: error: no such module 'CoreData'
25 |
26 | import Foundation
27 | import CoreData
| `- error: no such module 'CoreData'
28 |
29 |
[78/181] Compiling CoreStore NSManagedObjectContext+Querying.swift
/host/spi-builder-workspace/Sources/AsynchronousDataTransaction.swift:27:8: error: no such module 'CoreData'
25 |
26 | import Foundation
27 | import CoreData
| `- error: no such module 'CoreData'
28 |
29 |
[79/181] Compiling CoreStore NSManagedObjectContext+Setup.swift
/host/spi-builder-workspace/Sources/AsynchronousDataTransaction.swift:27:8: error: no such module 'CoreData'
25 |
26 | import Foundation
27 | import CoreData
| `- error: no such module 'CoreData'
28 |
29 |
[80/181] Compiling CoreStore NSManagedObjectContext+Transaction.swift
/host/spi-builder-workspace/Sources/AsynchronousDataTransaction.swift:27:8: error: no such module 'CoreData'
25 |
26 | import Foundation
27 | import CoreData
| `- error: no such module 'CoreData'
28 |
29 |
[81/181] Compiling CoreStore NSManagedObjectModel+Migration.swift
/host/spi-builder-workspace/Sources/AsynchronousDataTransaction.swift:27:8: error: no such module 'CoreData'
25 |
26 | import Foundation
27 | import CoreData
| `- error: no such module 'CoreData'
28 |
29 |
[82/181] Compiling CoreStore NSPersistentStore+Setup.swift
/host/spi-builder-workspace/Sources/AsynchronousDataTransaction.swift:27:8: error: no such module 'CoreData'
25 |
26 | import Foundation
27 | import CoreData
| `- error: no such module 'CoreData'
28 |
29 |
[83/181] Compiling CoreStore NSPersistentStoreCoordinator+Setup.swift
/host/spi-builder-workspace/Sources/AsynchronousDataTransaction.swift:27:8: error: no such module 'CoreData'
25 |
26 | import Foundation
27 | import CoreData
| `- error: no such module 'CoreData'
28 |
29 |
[84/181] Compiling CoreStore ObjectMonitor.swift
/host/spi-builder-workspace/Sources/AsynchronousDataTransaction.swift:27:8: error: no such module 'CoreData'
25 |
26 | import Foundation
27 | import CoreData
| `- error: no such module 'CoreData'
28 |
29 |
[85/181] Compiling CoreStore ObjectObserver.swift
/host/spi-builder-workspace/Sources/AsynchronousDataTransaction.swift:27:8: error: no such module 'CoreData'
25 |
26 | import Foundation
27 | import CoreData
| `- error: no such module 'CoreData'
28 |
29 |
[86/181] Compiling CoreStore ObjectProxy.swift
/host/spi-builder-workspace/Sources/AsynchronousDataTransaction.swift:27:8: error: no such module 'CoreData'
25 |
26 | import Foundation
27 | import CoreData
| `- error: no such module 'CoreData'
28 |
29 |
[87/181] Compiling CoreStore ObjectPublisher+Reactive.swift
/host/spi-builder-workspace/Sources/AsynchronousDataTransaction.swift:27:8: error: no such module 'CoreData'
25 |
26 | import Foundation
27 | import CoreData
| `- error: no such module 'CoreData'
28 |
29 |
[88/181] Compiling CoreStore ObjectPublisher.SnapshotPublisher.swift
/host/spi-builder-workspace/Sources/AsynchronousDataTransaction.swift:27:8: error: no such module 'CoreData'
25 |
26 | import Foundation
27 | import CoreData
| `- error: no such module 'CoreData'
28 |
29 |
[89/181] Compiling CoreStore ObjectPublisher.swift
/host/spi-builder-workspace/Sources/AsynchronousDataTransaction.swift:27:8: error: no such module 'CoreData'
25 |
26 | import Foundation
27 | import CoreData
| `- error: no such module 'CoreData'
28 |
29 |
[90/181] Compiling CoreStore ObjectReader.swift
/host/spi-builder-workspace/Sources/AsynchronousDataTransaction.swift:27:8: error: no such module 'CoreData'
25 |
26 | import Foundation
27 | import CoreData
| `- error: no such module 'CoreData'
28 |
29 |
[91/181] Compiling CoreStore ObjectRepresentation.swift
/host/spi-builder-workspace/Sources/AsynchronousDataTransaction.swift:27:8: error: no such module 'CoreData'
25 |
26 | import Foundation
27 | import CoreData
| `- error: no such module 'CoreData'
28 |
29 |
[92/181] Compiling CoreStore AsynchronousDataTransaction.swift
/host/spi-builder-workspace/Sources/AsynchronousDataTransaction.swift:27:8: error: no such module 'CoreData'
25 |
26 | import Foundation
27 | import CoreData
| `- error: no such module 'CoreData'
28 |
29 |
[93/181] Compiling CoreStore AttributeProtocol.swift
/host/spi-builder-workspace/Sources/AsynchronousDataTransaction.swift:27:8: error: no such module 'CoreData'
25 |
26 | import Foundation
27 | import CoreData
| `- error: no such module 'CoreData'
28 |
29 |
[94/181] Compiling CoreStore BaseDataTransaction+Importing.swift
/host/spi-builder-workspace/Sources/AsynchronousDataTransaction.swift:27:8: error: no such module 'CoreData'
25 |
26 | import Foundation
27 | import CoreData
| `- error: no such module 'CoreData'
28 |
29 |
[95/181] Compiling CoreStore BaseDataTransaction+Querying.swift
/host/spi-builder-workspace/Sources/AsynchronousDataTransaction.swift:27:8: error: no such module 'CoreData'
25 |
26 | import Foundation
27 | import CoreData
| `- error: no such module 'CoreData'
28 |
29 |
[96/181] Compiling CoreStore BaseDataTransaction.swift
/host/spi-builder-workspace/Sources/AsynchronousDataTransaction.swift:27:8: error: no such module 'CoreData'
25 |
26 | import Foundation
27 | import CoreData
| `- error: no such module 'CoreData'
28 |
29 |
[97/181] Compiling CoreStore CoreDataNativeType.swift
/host/spi-builder-workspace/Sources/AsynchronousDataTransaction.swift:27:8: error: no such module 'CoreData'
25 |
26 | import Foundation
27 | import CoreData
| `- error: no such module 'CoreData'
28 |
29 |
[98/181] Compiling CoreStore CoreStore+CustomDebugStringConvertible.swift
/host/spi-builder-workspace/Sources/AsynchronousDataTransaction.swift:27:8: error: no such module 'CoreData'
25 |
26 | import Foundation
27 | import CoreData
| `- error: no such module 'CoreData'
28 |
29 |
[99/181] Compiling CoreStore CoreStore+Logging.swift
/host/spi-builder-workspace/Sources/AsynchronousDataTransaction.swift:27:8: error: no such module 'CoreData'
25 |
26 | import Foundation
27 | import CoreData
| `- error: no such module 'CoreData'
28 |
29 |
[100/181] Compiling CoreStore CoreStoreDefaults.swift
/host/spi-builder-workspace/Sources/AsynchronousDataTransaction.swift:27:8: error: no such module 'CoreData'
25 |
26 | import Foundation
27 | import CoreData
| `- error: no such module 'CoreData'
28 |
29 |
[101/181] Compiling CoreStore CoreStoreError.swift
/host/spi-builder-workspace/Sources/AsynchronousDataTransaction.swift:27:8: error: no such module 'CoreData'
25 |
26 | import Foundation
27 | import CoreData
| `- error: no such module 'CoreData'
28 |
29 |
[102/181] Compiling CoreStore CoreStoreLogger.swift
/host/spi-builder-workspace/Sources/AsynchronousDataTransaction.swift:27:8: error: no such module 'CoreData'
25 |
26 | import Foundation
27 | import CoreData
| `- error: no such module 'CoreData'
28 |
29 |
[103/181] Compiling CoreStore CoreStoreManagedObject.swift
/host/spi-builder-workspace/Sources/AsynchronousDataTransaction.swift:27:8: error: no such module 'CoreData'
25 |
26 | import Foundation
27 | import CoreData
| `- error: no such module 'CoreData'
28 |
29 |
[104/181] Compiling CoreStore CoreStoreObject+Convenience.swift
/host/spi-builder-workspace/Sources/AsynchronousDataTransaction.swift:27:8: error: no such module 'CoreData'
25 |
26 | import Foundation
27 | import CoreData
| `- error: no such module 'CoreData'
28 |
29 |
[105/181] Compiling CoreStore CoreStoreObject+DataSources.swift
/host/spi-builder-workspace/Sources/AsynchronousDataTransaction.swift:27:8: error: no such module 'CoreData'
25 |
26 | import Foundation
27 | import CoreData
| `- error: no such module 'CoreData'
28 |
29 |
[106/181] Compiling CoreStore CoreStoreObject+Observing.swift
/host/spi-builder-workspace/Sources/AsynchronousDataTransaction.swift:27:8: error: no such module 'CoreData'
25 |
26 | import Foundation
27 | import CoreData
| `- error: no such module 'CoreData'
28 |
29 |
[107/181] Compiling CoreStore CoreStoreObject+Querying.swift
/host/spi-builder-workspace/Sources/AsynchronousDataTransaction.swift:27:8: error: no such module 'CoreData'
25 |
26 | import Foundation
27 | import CoreData
| `- error: no such module 'CoreData'
28 |
29 |
[108/181] Compiling CoreStore CoreStoreObject.swift
/host/spi-builder-workspace/Sources/AsynchronousDataTransaction.swift:27:8: error: no such module 'CoreData'
25 |
26 | import Foundation
27 | import CoreData
| `- error: no such module 'CoreData'
28 |
29 |
[109/181] Compiling CoreStore CoreStoreSchema.swift
/host/spi-builder-workspace/Sources/AsynchronousDataTransaction.swift:27:8: error: no such module 'CoreData'
25 |
26 | import Foundation
27 | import CoreData
| `- error: no such module 'CoreData'
28 |
29 |
[110/181] Compiling CoreStore CoreStoreStrings.swift
/host/spi-builder-workspace/Sources/AsynchronousDataTransaction.swift:27:8: error: no such module 'CoreData'
25 |
26 | import Foundation
27 | import CoreData
| `- error: no such module 'CoreData'
28 |
29 |
[111/181] Compiling CoreStore CustomSchemaMappingProvider.swift
/host/spi-builder-workspace/Sources/AsynchronousDataTransaction.swift:27:8: error: no such module 'CoreData'
25 |
26 | import Foundation
27 | import CoreData
| `- error: no such module 'CoreData'
28 |
29 |
[112/181] Compiling CoreStore DataStack+Concurrency.swift
/host/spi-builder-workspace/Sources/AsynchronousDataTransaction.swift:27:8: error: no such module 'CoreData'
25 |
26 | import Foundation
27 | import CoreData
| `- error: no such module 'CoreData'
28 |
29 |
[113/181] Compiling CoreStore DataStack+DataSources.swift
/host/spi-builder-workspace/Sources/AsynchronousDataTransaction.swift:27:8: error: no such module 'CoreData'
25 |
26 | import Foundation
27 | import CoreData
| `- error: no such module 'CoreData'
28 |
29 |
[114/181] Compiling CoreStore StorageInterface.swift
/host/spi-builder-workspace/Sources/AsynchronousDataTransaction.swift:27:8: error: no such module 'CoreData'
25 |
26 | import Foundation
27 | import CoreData
| `- error: no such module 'CoreData'
28 |
29 |
[115/181] Compiling CoreStore String+KeyPaths.swift
/host/spi-builder-workspace/Sources/AsynchronousDataTransaction.swift:27:8: error: no such module 'CoreData'
25 |
26 | import Foundation
27 | import CoreData
| `- error: no such module 'CoreData'
28 |
29 |
[116/181] Compiling CoreStore SynchronousDataTransaction.swift
/host/spi-builder-workspace/Sources/AsynchronousDataTransaction.swift:27:8: error: no such module 'CoreData'
25 |
26 | import Foundation
27 | import CoreData
| `- error: no such module 'CoreData'
28 |
29 |
[117/181] Compiling CoreStore Transformable.Optional.swift
/host/spi-builder-workspace/Sources/AsynchronousDataTransaction.swift:27:8: error: no such module 'CoreData'
25 |
26 | import Foundation
27 | import CoreData
| `- error: no such module 'CoreData'
28 |
29 |
[118/181] Compiling CoreStore Transformable.Required.swift
/host/spi-builder-workspace/Sources/AsynchronousDataTransaction.swift:27:8: error: no such module 'CoreData'
25 |
26 | import Foundation
27 | import CoreData
| `- error: no such module 'CoreData'
28 |
29 |
[119/181] Compiling CoreStore Transformable.swift
/host/spi-builder-workspace/Sources/AsynchronousDataTransaction.swift:27:8: error: no such module 'CoreData'
25 |
26 | import Foundation
27 | import CoreData
| `- error: no such module 'CoreData'
28 |
29 |
[120/181] Compiling CoreStore Tweak.swift
/host/spi-builder-workspace/Sources/AsynchronousDataTransaction.swift:27:8: error: no such module 'CoreData'
25 |
26 | import Foundation
27 | import CoreData
| `- error: no such module 'CoreData'
28 |
29 |
[121/181] Compiling CoreStore TypeErasedClauses.swift
/host/spi-builder-workspace/Sources/AsynchronousDataTransaction.swift:27:8: error: no such module 'CoreData'
25 |
26 | import Foundation
27 | import CoreData
| `- error: no such module 'CoreData'
28 |
29 |
[122/181] Compiling CoreStore UnsafeDataModelSchema.swift
/host/spi-builder-workspace/Sources/AsynchronousDataTransaction.swift:27:8: error: no such module 'CoreData'
25 |
26 | import Foundation
27 | import CoreData
| `- error: no such module 'CoreData'
28 |
29 |
[123/181] Compiling CoreStore UnsafeDataTransaction+Observing.swift
/host/spi-builder-workspace/Sources/AsynchronousDataTransaction.swift:27:8: error: no such module 'CoreData'
25 |
26 | import Foundation
27 | import CoreData
| `- error: no such module 'CoreData'
28 |
29 |
[124/181] Compiling CoreStore UnsafeDataTransaction.swift
/host/spi-builder-workspace/Sources/AsynchronousDataTransaction.swift:27:8: error: no such module 'CoreData'
25 |
26 | import Foundation
27 | import CoreData
| `- error: no such module 'CoreData'
28 |
29 |
[125/181] Compiling CoreStore UserInfo.swift
/host/spi-builder-workspace/Sources/AsynchronousDataTransaction.swift:27:8: error: no such module 'CoreData'
25 |
26 | import Foundation
27 | import CoreData
| `- error: no such module 'CoreData'
28 |
29 |
[126/181] Compiling CoreStore Value.Optional.swift
/host/spi-builder-workspace/Sources/AsynchronousDataTransaction.swift:27:8: error: no such module 'CoreData'
25 |
26 | import Foundation
27 | import CoreData
| `- error: no such module 'CoreData'
28 |
29 |
[127/181] Compiling CoreStore Value.Required.swift
/host/spi-builder-workspace/Sources/AsynchronousDataTransaction.swift:27:8: error: no such module 'CoreData'
25 |
26 | import Foundation
27 | import CoreData
| `- error: no such module 'CoreData'
28 |
29 |
[128/181] Compiling CoreStore Value.swift
/host/spi-builder-workspace/Sources/AsynchronousDataTransaction.swift:27:8: error: no such module 'CoreData'
25 |
26 | import Foundation
27 | import CoreData
| `- error: no such module 'CoreData'
28 |
29 |
[129/181] Compiling CoreStore VersionLock.swift
/host/spi-builder-workspace/Sources/AsynchronousDataTransaction.swift:27:8: error: no such module 'CoreData'
25 |
26 | import Foundation
27 | import CoreData
| `- error: no such module 'CoreData'
28 |
29 |
[130/181] Compiling CoreStore Where.Expression.swift
/host/spi-builder-workspace/Sources/AsynchronousDataTransaction.swift:27:8: error: no such module 'CoreData'
25 |
26 | import Foundation
27 | import CoreData
| `- error: no such module 'CoreData'
28 |
29 |
[131/181] Compiling CoreStore Where.swift
/host/spi-builder-workspace/Sources/AsynchronousDataTransaction.swift:27:8: error: no such module 'CoreData'
25 |
26 | import Foundation
27 | import CoreData
| `- error: no such module 'CoreData'
28 |
29 |
[132/181] Compiling CoreStore WhereClauseType.swift
/host/spi-builder-workspace/Sources/AsynchronousDataTransaction.swift:27:8: error: no such module 'CoreData'
25 |
26 | import Foundation
27 | import CoreData
| `- error: no such module 'CoreData'
28 |
29 |
[133/181] Compiling CoreStore XcodeDataModelSchema.swift
/host/spi-builder-workspace/Sources/AsynchronousDataTransaction.swift:27:8: error: no such module 'CoreData'
25 |
26 | import Foundation
27 | import CoreData
| `- error: no such module 'CoreData'
28 |
29 |
[134/181] Compiling CoreStore XcodeSchemaMappingProvider.swift
/host/spi-builder-workspace/Sources/AsynchronousDataTransaction.swift:27:8: error: no such module 'CoreData'
25 |
26 | import Foundation
27 | import CoreData
| `- error: no such module 'CoreData'
28 |
29 |
[135/181] Compiling CoreStore ObjectSnapshot.swift
/host/spi-builder-workspace/Sources/AsynchronousDataTransaction.swift:27:8: error: no such module 'CoreData'
25 |
26 | import Foundation
27 | import CoreData
| `- error: no such module 'CoreData'
28 |
29 |
[136/181] Compiling CoreStore ObjectState.swift
/host/spi-builder-workspace/Sources/AsynchronousDataTransaction.swift:27:8: error: no such module 'CoreData'
25 |
26 | import Foundation
27 | import CoreData
| `- error: no such module 'CoreData'
28 |
29 |
[137/181] Compiling CoreStore Operators.swift
/host/spi-builder-workspace/Sources/AsynchronousDataTransaction.swift:27:8: error: no such module 'CoreData'
25 |
26 | import Foundation
27 | import CoreData
| `- error: no such module 'CoreData'
28 |
29 |
[138/181] Compiling CoreStore OrderBy.swift
/host/spi-builder-workspace/Sources/AsynchronousDataTransaction.swift:27:8: error: no such module 'CoreData'
25 |
26 | import Foundation
27 | import CoreData
| `- error: no such module 'CoreData'
28 |
29 |
[139/181] Compiling CoreStore PartialObject.swift
/host/spi-builder-workspace/Sources/AsynchronousDataTransaction.swift:27:8: error: no such module 'CoreData'
25 |
26 | import Foundation
27 | import CoreData
| `- error: no such module 'CoreData'
28 |
29 |
[140/181] Compiling CoreStore Progress+Convenience.swift
/host/spi-builder-workspace/Sources/AsynchronousDataTransaction.swift:27:8: error: no such module 'CoreData'
25 |
26 | import Foundation
27 | import CoreData
| `- error: no such module 'CoreData'
28 |
29 |
[141/181] Compiling CoreStore PropertyProtocol.swift
/host/spi-builder-workspace/Sources/AsynchronousDataTransaction.swift:27:8: error: no such module 'CoreData'
25 |
26 | import Foundation
27 | import CoreData
| `- error: no such module 'CoreData'
28 |
29 |
[142/181] Compiling CoreStore QueryChainBuilder.swift
/host/spi-builder-workspace/Sources/AsynchronousDataTransaction.swift:27:8: error: no such module 'CoreData'
25 |
26 | import Foundation
27 | import CoreData
| `- error: no such module 'CoreData'
28 |
29 |
[143/181] Compiling CoreStore QueryableAttributeType.swift
/host/spi-builder-workspace/Sources/AsynchronousDataTransaction.swift:27:8: error: no such module 'CoreData'
25 |
26 | import Foundation
27 | import CoreData
| `- error: no such module 'CoreData'
28 |
29 |
[144/181] Compiling CoreStore QueryableSource.swift
/host/spi-builder-workspace/Sources/AsynchronousDataTransaction.swift:27:8: error: no such module 'CoreData'
25 |
26 | import Foundation
27 | import CoreData
| `- error: no such module 'CoreData'
28 |
29 |
[145/181] Compiling CoreStore Relationship.ToManyOrdered.swift
/host/spi-builder-workspace/Sources/AsynchronousDataTransaction.swift:27:8: error: no such module 'CoreData'
25 |
26 | import Foundation
27 | import CoreData
| `- error: no such module 'CoreData'
28 |
29 |
[146/181] Compiling CoreStore Relationship.ToManyUnordered.swift
/host/spi-builder-workspace/Sources/AsynchronousDataTransaction.swift:27:8: error: no such module 'CoreData'
25 |
26 | import Foundation
27 | import CoreData
| `- error: no such module 'CoreData'
28 |
29 |
[147/181] Compiling CoreStore Relationship.ToOne.swift
/host/spi-builder-workspace/Sources/AsynchronousDataTransaction.swift:27:8: error: no such module 'CoreData'
25 |
26 | import Foundation
27 | import CoreData
| `- error: no such module 'CoreData'
28 |
29 |
[148/181] Compiling CoreStore Relationship.swift
/host/spi-builder-workspace/Sources/AsynchronousDataTransaction.swift:27:8: error: no such module 'CoreData'
25 |
26 | import Foundation
27 | import CoreData
| `- error: no such module 'CoreData'
28 |
29 |
[149/181] Compiling CoreStore RelationshipProtocol.swift
/host/spi-builder-workspace/Sources/AsynchronousDataTransaction.swift:27:8: error: no such module 'CoreData'
25 |
26 | import Foundation
27 | import CoreData
| `- error: no such module 'CoreData'
28 |
29 |
[150/181] Compiling CoreStore SQLiteStore.swift
/host/spi-builder-workspace/Sources/AsynchronousDataTransaction.swift:27:8: error: no such module 'CoreData'
25 |
26 | import Foundation
27 | import CoreData
| `- error: no such module 'CoreData'
28 |
29 |
[151/181] Compiling CoreStore SchemaHistory.swift
/host/spi-builder-workspace/Sources/AsynchronousDataTransaction.swift:27:8: error: no such module 'CoreData'
25 |
26 | import Foundation
27 | import CoreData
| `- error: no such module 'CoreData'
28 |
29 |
[152/181] Compiling CoreStore SchemaMappingProvider.swift
/host/spi-builder-workspace/Sources/AsynchronousDataTransaction.swift:27:8: error: no such module 'CoreData'
25 |
26 | import Foundation
27 | import CoreData
| `- error: no such module 'CoreData'
28 |
29 |
[153/181] Compiling CoreStore SectionBy.swift
/host/spi-builder-workspace/Sources/AsynchronousDataTransaction.swift:27:8: error: no such module 'CoreData'
25 |
26 | import Foundation
27 | import CoreData
| `- error: no such module 'CoreData'
28 |
29 |
[154/181] Compiling CoreStore SectionMonitorBuilder.swift
/host/spi-builder-workspace/Sources/AsynchronousDataTransaction.swift:27:8: error: no such module 'CoreData'
25 |
26 | import Foundation
27 | import CoreData
| `- error: no such module 'CoreData'
28 |
29 |
[155/181] Compiling CoreStore Select.swift
/host/spi-builder-workspace/Sources/AsynchronousDataTransaction.swift:27:8: error: no such module 'CoreData'
25 |
26 | import Foundation
27 | import CoreData
| `- error: no such module 'CoreData'
28 |
29 |
[156/181] Compiling CoreStore SetupResult.swift
/host/spi-builder-workspace/Sources/AsynchronousDataTransaction.swift:27:8: error: no such module 'CoreData'
25 |
26 | import Foundation
27 | import CoreData
| `- error: no such module 'CoreData'
28 |
29 |
[157/181] Compiling CoreStore FIeldRelationshipType.swift
/host/spi-builder-workspace/Sources/AsynchronousDataTransaction.swift:27:8: error: no such module 'CoreData'
25 |
26 | import Foundation
27 | import CoreData
| `- error: no such module 'CoreData'
28 |
29 |
[158/181] Compiling CoreStore FetchChainBuilder.swift
/host/spi-builder-workspace/Sources/AsynchronousDataTransaction.swift:27:8: error: no such module 'CoreData'
25 |
26 | import Foundation
27 | import CoreData
| `- error: no such module 'CoreData'
28 |
29 |
[159/181] Compiling CoreStore FetchableSource.swift
/host/spi-builder-workspace/Sources/AsynchronousDataTransaction.swift:27:8: error: no such module 'CoreData'
25 |
26 | import Foundation
27 | import CoreData
| `- error: no such module 'CoreData'
28 |
29 |
[160/181] Compiling CoreStore Field.Coded.swift
/host/spi-builder-workspace/Sources/AsynchronousDataTransaction.swift:27:8: error: no such module 'CoreData'
25 |
26 | import Foundation
27 | import CoreData
| `- error: no such module 'CoreData'
28 |
29 |
[161/181] Compiling CoreStore Field.Relationship.swift
/host/spi-builder-workspace/Sources/AsynchronousDataTransaction.swift:27:8: error: no such module 'CoreData'
25 |
26 | import Foundation
27 | import CoreData
| `- error: no such module 'CoreData'
28 |
29 |
[162/181] Compiling CoreStore Field.Stored.swift
/host/spi-builder-workspace/Sources/AsynchronousDataTransaction.swift:27:8: error: no such module 'CoreData'
25 |
26 | import Foundation
27 | import CoreData
| `- error: no such module 'CoreData'
28 |
29 |
[163/181] Compiling CoreStore Field.Virtual.swift
/host/spi-builder-workspace/Sources/AsynchronousDataTransaction.swift:27:8: error: no such module 'CoreData'
25 |
26 | import Foundation
27 | import CoreData
| `- error: no such module 'CoreData'
28 |
29 |
[164/181] Compiling CoreStore Field.swift
/host/spi-builder-workspace/Sources/AsynchronousDataTransaction.swift:27:8: error: no such module 'CoreData'
25 |
26 | import Foundation
27 | import CoreData
| `- error: no such module 'CoreData'
28 |
29 |
[165/181] Compiling CoreStore FieldAttributeProtocol.swift
/host/spi-builder-workspace/Sources/AsynchronousDataTransaction.swift:27:8: error: no such module 'CoreData'
25 |
26 | import Foundation
27 | import CoreData
| `- error: no such module 'CoreData'
28 |
29 |
[166/181] Compiling CoreStore FieldCoderType.swift
/host/spi-builder-workspace/Sources/AsynchronousDataTransaction.swift:27:8: error: no such module 'CoreData'
25 |
26 | import Foundation
27 | import CoreData
| `- error: no such module 'CoreData'
28 |
29 |
[167/181] Compiling CoreStore FieldCoders.DefaultNSSecureCoding.swift
/host/spi-builder-workspace/Sources/AsynchronousDataTransaction.swift:27:8: error: no such module 'CoreData'
25 |
26 | import Foundation
27 | import CoreData
| `- error: no such module 'CoreData'
28 |
29 |
[168/181] Compiling CoreStore FieldCoders.Json.swift
/host/spi-builder-workspace/Sources/AsynchronousDataTransaction.swift:27:8: error: no such module 'CoreData'
25 |
26 | import Foundation
27 | import CoreData
| `- error: no such module 'CoreData'
28 |
29 |
[169/181] Compiling CoreStore FieldCoders.NSCoding.swift
/host/spi-builder-workspace/Sources/AsynchronousDataTransaction.swift:27:8: error: no such module 'CoreData'
25 |
26 | import Foundation
27 | import CoreData
| `- error: no such module 'CoreData'
28 |
29 |
[170/181] Compiling CoreStore FieldCoders.Plist.swift
/host/spi-builder-workspace/Sources/AsynchronousDataTransaction.swift:27:8: error: no such module 'CoreData'
25 |
26 | import Foundation
27 | import CoreData
| `- error: no such module 'CoreData'
28 |
29 |
[171/181] Compiling CoreStore FieldCoders.swift
/host/spi-builder-workspace/Sources/AsynchronousDataTransaction.swift:27:8: error: no such module 'CoreData'
25 |
26 | import Foundation
27 | import CoreData
| `- error: no such module 'CoreData'
28 |
29 |
[172/181] Compiling CoreStore FieldOptionalType.swift
/host/spi-builder-workspace/Sources/AsynchronousDataTransaction.swift:27:8: error: no such module 'CoreData'
25 |
26 | import Foundation
27 | import CoreData
| `- error: no such module 'CoreData'
28 |
29 |
[173/181] Compiling CoreStore FieldProtocol.swift
/host/spi-builder-workspace/Sources/AsynchronousDataTransaction.swift:27:8: error: no such module 'CoreData'
25 |
26 | import Foundation
27 | import CoreData
| `- error: no such module 'CoreData'
28 |
29 |
[174/181] Compiling CoreStore FieldRelationshipProtocol.swift
/host/spi-builder-workspace/Sources/AsynchronousDataTransaction.swift:27:8: error: no such module 'CoreData'
25 |
26 | import Foundation
27 | import CoreData
| `- error: no such module 'CoreData'
28 |
29 |
[175/181] Compiling CoreStore FieldStorableType.swift
/host/spi-builder-workspace/Sources/AsynchronousDataTransaction.swift:27:8: error: no such module 'CoreData'
25 |
26 | import Foundation
27 | import CoreData
| `- error: no such module 'CoreData'
28 |
29 |
[176/181] Compiling CoreStore ForEach+SwiftUI.swift
/host/spi-builder-workspace/Sources/AsynchronousDataTransaction.swift:27:8: error: no such module 'CoreData'
25 |
26 | import Foundation
27 | import CoreData
| `- error: no such module 'CoreData'
28 |
29 |
[177/181] Compiling CoreStore From+Querying.swift
/host/spi-builder-workspace/Sources/AsynchronousDataTransaction.swift:27:8: error: no such module 'CoreData'
25 |
26 | import Foundation
27 | import CoreData
| `- error: no such module 'CoreData'
28 |
29 |
[178/181] Compiling CoreStore From.swift
/host/spi-builder-workspace/Sources/AsynchronousDataTransaction.swift:27:8: error: no such module 'CoreData'
25 |
26 | import Foundation
27 | import CoreData
| `- error: no such module 'CoreData'
28 |
29 |
Running build ...
bash -c docker run --pull=always --rm -v "checkouts-54344844-1":/host -w "$PWD" -e JAVA_HOME="/root/.sdkman/candidates/java/current" -e SPI_BUILD="1" -e SPI_PROCESSING="1" registry.gitlab.com/saguaro1/spi-images:android-6.1-latest swift build --swift-sdk aarch64-unknown-linux-android24 2>&1
android-6.1-latest: Pulling from saguaro1/spi-images
Digest: sha256:365d9b14669f92fea0572234887def10439445c91d7e524c78a6579ad7294f11
Status: Image is up to date for registry.gitlab.com/saguaro1/spi-images:android-6.1-latest
warning: 'spi-builder-workspace': found 1 file(s) which are unhandled; explicitly declare them as resources or exclude from the target
/host/spi-builder-workspace/CoreStoreTests/Info.plist
warning: 'spi-builder-workspace': found 1 file(s) which are unhandled; explicitly declare them as resources or exclude from the target
/host/spi-builder-workspace/Sources/Info.plist
[0/1] Planning build
Building for debugging...
[0/4] Write swift-version-24593BA9C3E375BF.txt
[2/159] Compiling CoreStore GroupBy.swift
/host/spi-builder-workspace/Sources/AsynchronousDataTransaction.swift:27:8: error: no such module 'CoreData'
25 |
26 | import Foundation
27 | import CoreData
| `- error: no such module 'CoreData'
28 |
29 |
[3/159] Compiling CoreStore ImportableAttributeType.swift
/host/spi-builder-workspace/Sources/AsynchronousDataTransaction.swift:27:8: error: no such module 'CoreData'
25 |
26 | import Foundation
27 | import CoreData
| `- error: no such module 'CoreData'
28 |
29 |
[4/159] Compiling CoreStore ImportableObject.swift
/host/spi-builder-workspace/Sources/AsynchronousDataTransaction.swift:27:8: error: no such module 'CoreData'
25 |
26 | import Foundation
27 | import CoreData
| `- error: no such module 'CoreData'
28 |
29 |
[5/159] Compiling CoreStore ImportableUniqueObject.swift
/host/spi-builder-workspace/Sources/AsynchronousDataTransaction.swift:27:8: error: no such module 'CoreData'
25 |
26 | import Foundation
27 | import CoreData
| `- error: no such module 'CoreData'
28 |
29 |
[6/159] Compiling CoreStore InMemoryStore.swift
/host/spi-builder-workspace/Sources/AsynchronousDataTransaction.swift:27:8: error: no such module 'CoreData'
25 |
26 | import Foundation
27 | import CoreData
| `- error: no such module 'CoreData'
28 |
29 |
[7/159] Compiling CoreStore InferredSchemaMappingProvider.swift
/host/spi-builder-workspace/Sources/AsynchronousDataTransaction.swift:27:8: error: no such module 'CoreData'
25 |
26 | import Foundation
27 | import CoreData
| `- error: no such module 'CoreData'
28 |
29 |
[8/159] Compiling CoreStore Internals.AnyFieldCoder.swift
/host/spi-builder-workspace/Sources/AsynchronousDataTransaction.swift:27:8: error: no such module 'CoreData'
25 |
26 | import Foundation
27 | import CoreData
| `- error: no such module 'CoreData'
28 |
29 |
[9/159] Compiling CoreStore Internals.Closure.swift
/host/spi-builder-workspace/Sources/AsynchronousDataTransaction.swift:27:8: error: no such module 'CoreData'
25 |
26 | import Foundation
27 | import CoreData
| `- error: no such module 'CoreData'
28 |
29 |
[10/159] Compiling CoreStore Internals.CoreStoreFetchRequest.swift
/host/spi-builder-workspace/Sources/AsynchronousDataTransaction.swift:27:8: error: no such module 'CoreData'
25 |
26 | import Foundation
27 | import CoreData
| `- error: no such module 'CoreData'
28 |
29 |
[11/159] Compiling CoreStore Internals.CoreStoreFetchedResultsController.swift
/host/spi-builder-workspace/Sources/AsynchronousDataTransaction.swift:27:8: error: no such module 'CoreData'
25 |
26 | import Foundation
27 | import CoreData
| `- error: no such module 'CoreData'
28 |
29 |
[12/159] Compiling CoreStore Internals.DiffableDataSourceSnapshot.swift
/host/spi-builder-workspace/Sources/AsynchronousDataTransaction.swift:27:8: error: no such module 'CoreData'
25 |
26 | import Foundation
27 | import CoreData
| `- error: no such module 'CoreData'
28 |
29 |
[13/159] Compiling CoreStore Internals.DiffableDataUIDispatcher.Changeset.swift
/host/spi-builder-workspace/Sources/AsynchronousDataTransaction.swift:27:8: error: no such module 'CoreData'
25 |
26 | import Foundation
27 | import CoreData
| `- error: no such module 'CoreData'
28 |
29 |
[14/159] Compiling CoreStore Internals.DiffableDataUIDispatcher.DiffResult.swift
/host/spi-builder-workspace/Sources/AsynchronousDataTransaction.swift:27:8: error: no such module 'CoreData'
25 |
26 | import Foundation
27 | import CoreData
| `- error: no such module 'CoreData'
28 |
29 |
[15/159] Compiling CoreStore Internals.DiffableDataUIDispatcher.StagedChangeset.swift
/host/spi-builder-workspace/Sources/AsynchronousDataTransaction.swift:27:8: error: no such module 'CoreData'
25 |
26 | import Foundation
27 | import CoreData
| `- error: no such module 'CoreData'
28 |
29 |
[16/159] Compiling CoreStore Internals.DiffableDataUIDispatcher.swift
/host/spi-builder-workspace/Sources/AsynchronousDataTransaction.swift:27:8: error: no such module 'CoreData'
25 |
26 | import Foundation
27 | import CoreData
| `- error: no such module 'CoreData'
28 |
29 |
[17/159] Compiling CoreStore Internals.EntityIdentifier.swift
/host/spi-builder-workspace/Sources/AsynchronousDataTransaction.swift:27:8: error: no such module 'CoreData'
25 |
26 | import Foundation
27 | import CoreData
| `- error: no such module 'CoreData'
28 |
29 |
[18/159] Compiling CoreStore Internals.FetchedDiffableDataSourceSnapshotDelegate.swift
/host/spi-builder-workspace/Sources/AsynchronousDataTransaction.swift:27:8: error: no such module 'CoreData'
25 |
26 | import Foundation
27 | import CoreData
| `- error: no such module 'CoreData'
28 |
29 |
[19/159] Compiling CoreStore Internals.FetchedResultsControllerDelegate.swift
/host/spi-builder-workspace/Sources/AsynchronousDataTransaction.swift:27:8: error: no such module 'CoreData'
25 |
26 | import Foundation
27 | import CoreData
| `- error: no such module 'CoreData'
28 |
29 |
[20/159] Compiling CoreStore Internals.LazyNonmutating.swift
/host/spi-builder-workspace/Sources/AsynchronousDataTransaction.swift:27:8: error: no such module 'CoreData'
25 |
26 | import Foundation
27 | import CoreData
| `- error: no such module 'CoreData'
28 |
29 |
[21/159] Compiling CoreStore Internals.MigrationManager.swift
/host/spi-builder-workspace/Sources/AsynchronousDataTransaction.swift:27:8: error: no such module 'CoreData'
25 |
26 | import Foundation
27 | import CoreData
| `- error: no such module 'CoreData'
28 |
29 |
[22/159] Compiling CoreStore Internals.NotificationObserver.swift
/host/spi-builder-workspace/Sources/AsynchronousDataTransaction.swift:27:8: error: no such module 'CoreData'
25 |
26 | import Foundation
27 | import CoreData
| `- error: no such module 'CoreData'
28 |
29 |
[23/159] Compiling CoreStore Internals.SharedNotificationObserver.swift
/host/spi-builder-workspace/Sources/AsynchronousDataTransaction.swift:27:8: error: no such module 'CoreData'
25 |
26 | import Foundation
27 | import CoreData
| `- error: no such module 'CoreData'
28 |
29 |
error: emit-module command failed with exit code 1 (use -v to see invocation)
[24/180] Emitting module CoreStore
/host/spi-builder-workspace/Sources/AsynchronousDataTransaction.swift:27:8: error: no such module 'CoreData'
25 |
26 | import Foundation
27 | import CoreData
| `- error: no such module 'CoreData'
28 |
29 |
[25/180] Compiling CoreStore Internals.WeakObject.swift
/host/spi-builder-workspace/Sources/AsynchronousDataTransaction.swift:27:8: error: no such module 'CoreData'
25 |
26 | import Foundation
27 | import CoreData
| `- error: no such module 'CoreData'
28 |
29 |
[26/180] Compiling CoreStore Internals.swift
/host/spi-builder-workspace/Sources/AsynchronousDataTransaction.swift:27:8: error: no such module 'CoreData'
25 |
26 | import Foundation
27 | import CoreData
| `- error: no such module 'CoreData'
28 |
29 |
[27/180] Compiling CoreStore Into.swift
/host/spi-builder-workspace/Sources/AsynchronousDataTransaction.swift:27:8: error: no such module 'CoreData'
25 |
26 | import Foundation
27 | import CoreData
| `- error: no such module 'CoreData'
28 |
29 |
[28/180] Compiling CoreStore KeyPath+KeyPaths.swift
/host/spi-builder-workspace/Sources/AsynchronousDataTransaction.swift:27:8: error: no such module 'CoreData'
25 |
26 | import Foundation
27 | import CoreData
| `- error: no such module 'CoreData'
28 |
29 |
[29/180] Compiling CoreStore KeyPath+Querying.swift
/host/spi-builder-workspace/Sources/AsynchronousDataTransaction.swift:27:8: error: no such module 'CoreData'
25 |
26 | import Foundation
27 | import CoreData
| `- error: no such module 'CoreData'
28 |
29 |
[30/180] Compiling CoreStore KeyPathGenericBindings.swift
/host/spi-builder-workspace/Sources/AsynchronousDataTransaction.swift:27:8: error: no such module 'CoreData'
25 |
26 | import Foundation
27 | import CoreData
| `- error: no such module 'CoreData'
28 |
29 |
[31/180] Compiling CoreStore KeyPathStringConvertible.swift
/host/spi-builder-workspace/Sources/AsynchronousDataTransaction.swift:27:8: error: no such module 'CoreData'
25 |
26 | import Foundation
27 | import CoreData
| `- error: no such module 'CoreData'
28 |
29 |
[32/180] Compiling CoreStore ListMonitor.swift
/host/spi-builder-workspace/Sources/AsynchronousDataTransaction.swift:27:8: error: no such module 'CoreData'
25 |
26 | import Foundation
27 | import CoreData
| `- error: no such module 'CoreData'
28 |
29 |
[33/180] Compiling CoreStore ListObserver.swift
/host/spi-builder-workspace/Sources/AsynchronousDataTransaction.swift:27:8: error: no such module 'CoreData'
25 |
26 | import Foundation
27 | import CoreData
| `- error: no such module 'CoreData'
28 |
29 |
[34/180] Compiling CoreStore ListPublisher+Reactive.swift
/host/spi-builder-workspace/Sources/AsynchronousDataTransaction.swift:27:8: error: no such module 'CoreData'
25 |
26 | import Foundation
27 | import CoreData
| `- error: no such module 'CoreData'
28 |
29 |
[35/180] Compiling CoreStore ListPublisher.SnapshotPublisher.swift
/host/spi-builder-workspace/Sources/AsynchronousDataTransaction.swift:27:8: error: no such module 'CoreData'
25 |
26 | import Foundation
27 | import CoreData
| `- error: no such module 'CoreData'
28 |
29 |
[36/180] Compiling CoreStore ListPublisher.swift
/host/spi-builder-workspace/Sources/AsynchronousDataTransaction.swift:27:8: error: no such module 'CoreData'
25 |
26 | import Foundation
27 | import CoreData
| `- error: no such module 'CoreData'
28 |
29 |
[37/180] Compiling CoreStore ListReader.swift
/host/spi-builder-workspace/Sources/AsynchronousDataTransaction.swift:27:8: error: no such module 'CoreData'
25 |
26 | import Foundation
27 | import CoreData
| `- error: no such module 'CoreData'
28 |
29 |
[38/180] Compiling CoreStore ListSnapshot.SectionInfo.swift
/host/spi-builder-workspace/Sources/AsynchronousDataTransaction.swift:27:8: error: no such module 'CoreData'
25 |
26 | import Foundation
27 | import CoreData
| `- error: no such module 'CoreData'
28 |
29 |
[39/180] Compiling CoreStore ListSnapshot.swift
/host/spi-builder-workspace/Sources/AsynchronousDataTransaction.swift:27:8: error: no such module 'CoreData'
25 |
26 | import Foundation
27 | import CoreData
| `- error: no such module 'CoreData'
28 |
29 |
[40/180] Compiling CoreStore ListState.swift
/host/spi-builder-workspace/Sources/AsynchronousDataTransaction.swift:27:8: error: no such module 'CoreData'
25 |
26 | import Foundation
27 | import CoreData
| `- error: no such module 'CoreData'
28 |
29 |
[41/180] Compiling CoreStore MigrationChain.swift
/host/spi-builder-workspace/Sources/AsynchronousDataTransaction.swift:27:8: error: no such module 'CoreData'
25 |
26 | import Foundation
27 | import CoreData
| `- error: no such module 'CoreData'
28 |
29 |
[42/180] Compiling CoreStore MigrationProgress.swift
/host/spi-builder-workspace/Sources/AsynchronousDataTransaction.swift:27:8: error: no such module 'CoreData'
25 |
26 | import Foundation
27 | import CoreData
| `- error: no such module 'CoreData'
28 |
29 |
[43/180] Compiling CoreStore MigrationResult.swift
/host/spi-builder-workspace/Sources/AsynchronousDataTransaction.swift:27:8: error: no such module 'CoreData'
25 |
26 | import Foundation
27 | import CoreData
| `- error: no such module 'CoreData'
28 |
29 |
[44/180] Compiling CoreStore MigrationType.swift
/host/spi-builder-workspace/Sources/AsynchronousDataTransaction.swift:27:8: error: no such module 'CoreData'
25 |
26 | import Foundation
27 | import CoreData
| `- error: no such module 'CoreData'
28 |
29 |
[45/180] Compiling CoreStore Module.swift
/host/spi-builder-workspace/Sources/AsynchronousDataTransaction.swift:27:8: error: no such module 'CoreData'
25 |
26 | import Foundation
27 | import CoreData
| `- error: no such module 'CoreData'
28 |
29 |
[46/180] Compiling CoreStore NSEntityDescription+DynamicModel.swift
/host/spi-builder-workspace/Sources/AsynchronousDataTransaction.swift:27:8: error: no such module 'CoreData'
25 |
26 | import Foundation
27 | import CoreData
| `- error: no such module 'CoreData'
28 |
29 |
[47/180] Compiling CoreStore DataStack+Migration.swift
/host/spi-builder-workspace/Sources/AsynchronousDataTransaction.swift:27:8: error: no such module 'CoreData'
25 |
26 | import Foundation
27 | import CoreData
| `- error: no such module 'CoreData'
28 |
29 |
[48/180] Compiling CoreStore DataStack+Observing.swift
/host/spi-builder-workspace/Sources/AsynchronousDataTransaction.swift:27:8: error: no such module 'CoreData'
25 |
26 | import Foundation
27 | import CoreData
| `- error: no such module 'CoreData'
28 |
29 |
[49/180] Compiling CoreStore DataStack+Querying.swift
/host/spi-builder-workspace/Sources/AsynchronousDataTransaction.swift:27:8: error: no such module 'CoreData'
25 |
26 | import Foundation
27 | import CoreData
| `- error: no such module 'CoreData'
28 |
29 |
[50/180] Compiling CoreStore DataStack+Reactive.swift
/host/spi-builder-workspace/Sources/AsynchronousDataTransaction.swift:27:8: error: no such module 'CoreData'
25 |
26 | import Foundation
27 | import CoreData
| `- error: no such module 'CoreData'
28 |
29 |
[51/180] Compiling CoreStore DataStack+Transaction.swift
/host/spi-builder-workspace/Sources/AsynchronousDataTransaction.swift:27:8: error: no such module 'CoreData'
25 |
26 | import Foundation
27 | import CoreData
| `- error: no such module 'CoreData'
28 |
29 |
[52/180] Compiling CoreStore DataStack.AddStoragePublisher.swift
/host/spi-builder-workspace/Sources/AsynchronousDataTransaction.swift:27:8: error: no such module 'CoreData'
25 |
26 | import Foundation
27 | import CoreData
| `- error: no such module 'CoreData'
28 |
29 |
[53/180] Compiling CoreStore DataStack.swift
/host/spi-builder-workspace/Sources/AsynchronousDataTransaction.swift:27:8: error: no such module 'CoreData'
25 |
26 | import Foundation
27 | import CoreData
| `- error: no such module 'CoreData'
28 |
29 |
[54/180] Compiling CoreStore DefaultLogger.swift
/host/spi-builder-workspace/Sources/AsynchronousDataTransaction.swift:27:8: error: no such module 'CoreData'
25 |
26 | import Foundation
27 | import CoreData
| `- error: no such module 'CoreData'
28 |
29 |
[55/180] Compiling CoreStore DiffableDataSource.BaseAdapter.swift
/host/spi-builder-workspace/Sources/AsynchronousDataTransaction.swift:27:8: error: no such module 'CoreData'
25 |
26 | import Foundation
27 | import CoreData
| `- error: no such module 'CoreData'
28 |
29 |
[56/180] Compiling CoreStore DiffableDataSource.CollectionViewAdapter-AppKit.swift
/host/spi-builder-workspace/Sources/AsynchronousDataTransaction.swift:27:8: error: no such module 'CoreData'
25 |
26 | import Foundation
27 | import CoreData
| `- error: no such module 'CoreData'
28 |
29 |
[57/180] Compiling CoreStore DiffableDataSource.CollectionViewAdapter-UIKit.swift
/host/spi-builder-workspace/Sources/AsynchronousDataTransaction.swift:27:8: error: no such module 'CoreData'
25 |
26 | import Foundation
27 | import CoreData
| `- error: no such module 'CoreData'
28 |
29 |
[58/180] Compiling CoreStore DiffableDataSource.TableViewAdapter-UIKit.swift
/host/spi-builder-workspace/Sources/AsynchronousDataTransaction.swift:27:8: error: no such module 'CoreData'
25 |
26 | import Foundation
27 | import CoreData
| `- error: no such module 'CoreData'
28 |
29 |
[59/180] Compiling CoreStore DiffableDataSource.Target.swift
/host/spi-builder-workspace/Sources/AsynchronousDataTransaction.swift:27:8: error: no such module 'CoreData'
25 |
26 | import Foundation
27 | import CoreData
| `- error: no such module 'CoreData'
28 |
29 |
[60/180] Compiling CoreStore DiffableDataSource.swift
/host/spi-builder-workspace/Sources/AsynchronousDataTransaction.swift:27:8: error: no such module 'CoreData'
25 |
26 | import Foundation
27 | import CoreData
| `- error: no such module 'CoreData'
28 |
29 |
[61/180] Compiling CoreStore DiffableDataSourceSnapshotProtocol.swift
/host/spi-builder-workspace/Sources/AsynchronousDataTransaction.swift:27:8: error: no such module 'CoreData'
25 |
26 | import Foundation
27 | import CoreData
| `- error: no such module 'CoreData'
28 |
29 |
[62/180] Compiling CoreStore Differentiable.swift
/host/spi-builder-workspace/Sources/AsynchronousDataTransaction.swift:27:8: error: no such module 'CoreData'
25 |
26 | import Foundation
27 | import CoreData
| `- error: no such module 'CoreData'
28 |
29 |
[63/180] Compiling CoreStore DispatchQueue+CoreStore.swift
/host/spi-builder-workspace/Sources/AsynchronousDataTransaction.swift:27:8: error: no such module 'CoreData'
25 |
26 | import Foundation
27 | import CoreData
| `- error: no such module 'CoreData'
28 |
29 |
[64/180] Compiling CoreStore DynamicObject.swift
/host/spi-builder-workspace/Sources/AsynchronousDataTransaction.swift:27:8: error: no such module 'CoreData'
25 |
26 | import Foundation
27 | import CoreData
| `- error: no such module 'CoreData'
28 |
29 |
[65/180] Compiling CoreStore DynamicSchema+Convenience.swift
/host/spi-builder-workspace/Sources/AsynchronousDataTransaction.swift:27:8: error: no such module 'CoreData'
25 |
26 | import Foundation
27 | import CoreData
| `- error: no such module 'CoreData'
28 |
29 |
[66/180] Compiling CoreStore DynamicSchema.swift
/host/spi-builder-workspace/Sources/AsynchronousDataTransaction.swift:27:8: error: no such module 'CoreData'
25 |
26 | import Foundation
27 | import CoreData
| `- error: no such module 'CoreData'
28 |
29 |
[67/180] Compiling CoreStore Entity.swift
/host/spi-builder-workspace/Sources/AsynchronousDataTransaction.swift:27:8: error: no such module 'CoreData'
25 |
26 | import Foundation
27 | import CoreData
| `- error: no such module 'CoreData'
28 |
29 |
[68/180] Compiling CoreStore EnvironmentValues+DataSources.swift
/host/spi-builder-workspace/Sources/AsynchronousDataTransaction.swift:27:8: error: no such module 'CoreData'
25 |
26 | import Foundation
27 | import CoreData
| `- error: no such module 'CoreData'
28 |
29 |
[69/180] Compiling CoreStore NSEntityDescription+Migration.swift
/host/spi-builder-workspace/Sources/AsynchronousDataTransaction.swift:27:8: error: no such module 'CoreData'
25 |
26 | import Foundation
27 | import CoreData
| `- error: no such module 'CoreData'
28 |
29 |
[70/180] Compiling CoreStore NSFetchedResultsController+Convenience.swift
/host/spi-builder-workspace/Sources/AsynchronousDataTransaction.swift:27:8: error: no such module 'CoreData'
25 |
26 | import Foundation
27 | import CoreData
| `- error: no such module 'CoreData'
28 |
29 |
[71/180] Compiling CoreStore NSManagedObject+Convenience.swift
/host/spi-builder-workspace/Sources/AsynchronousDataTransaction.swift:27:8: error: no such module 'CoreData'
25 |
26 | import Foundation
27 | import CoreData
| `- error: no such module 'CoreData'
28 |
29 |
[72/180] Compiling CoreStore NSManagedObject+DynamicModel.swift
/host/spi-builder-workspace/Sources/AsynchronousDataTransaction.swift:27:8: error: no such module 'CoreData'
25 |
26 | import Foundation
27 | import CoreData
| `- error: no such module 'CoreData'
28 |
29 |
[73/180] Compiling CoreStore NSManagedObject+Logging.swift
/host/spi-builder-workspace/Sources/AsynchronousDataTransaction.swift:27:8: error: no such module 'CoreData'
25 |
26 | import Foundation
27 | import CoreData
| `- error: no such module 'CoreData'
28 |
29 |
[74/180] Compiling CoreStore NSManagedObject+Transaction.swift
/host/spi-builder-workspace/Sources/AsynchronousDataTransaction.swift:27:8: error: no such module 'CoreData'
25 |
26 | import Foundation
27 | import CoreData
| `- error: no such module 'CoreData'
28 |
29 |
[75/180] Compiling CoreStore NSManagedObjectContext+CoreStore.swift
/host/spi-builder-workspace/Sources/AsynchronousDataTransaction.swift:27:8: error: no such module 'CoreData'
25 |
26 | import Foundation
27 | import CoreData
| `- error: no such module 'CoreData'
28 |
29 |
[76/180] Compiling CoreStore NSManagedObjectContext+Logging.swift
/host/spi-builder-workspace/Sources/AsynchronousDataTransaction.swift:27:8: error: no such module 'CoreData'
25 |
26 | import Foundation
27 | import CoreData
| `- error: no such module 'CoreData'
28 |
29 |
[77/180] Compiling CoreStore NSManagedObjectContext+Querying.swift
/host/spi-builder-workspace/Sources/AsynchronousDataTransaction.swift:27:8: error: no such module 'CoreData'
25 |
26 | import Foundation
27 | import CoreData
| `- error: no such module 'CoreData'
28 |
29 |
[78/180] Compiling CoreStore NSManagedObjectContext+Setup.swift
/host/spi-builder-workspace/Sources/AsynchronousDataTransaction.swift:27:8: error: no such module 'CoreData'
25 |
26 | import Foundation
27 | import CoreData
| `- error: no such module 'CoreData'
28 |
29 |
[79/180] Compiling CoreStore NSManagedObjectContext+Transaction.swift
/host/spi-builder-workspace/Sources/AsynchronousDataTransaction.swift:27:8: error: no such module 'CoreData'
25 |
26 | import Foundation
27 | import CoreData
| `- error: no such module 'CoreData'
28 |
29 |
[80/180] Compiling CoreStore NSManagedObjectModel+Migration.swift
/host/spi-builder-workspace/Sources/AsynchronousDataTransaction.swift:27:8: error: no such module 'CoreData'
25 |
26 | import Foundation
27 | import CoreData
| `- error: no such module 'CoreData'
28 |
29 |
[81/180] Compiling CoreStore NSPersistentStore+Setup.swift
/host/spi-builder-workspace/Sources/AsynchronousDataTransaction.swift:27:8: error: no such module 'CoreData'
25 |
26 | import Foundation
27 | import CoreData
| `- error: no such module 'CoreData'
28 |
29 |
[82/180] Compiling CoreStore NSPersistentStoreCoordinator+Setup.swift
/host/spi-builder-workspace/Sources/AsynchronousDataTransaction.swift:27:8: error: no such module 'CoreData'
25 |
26 | import Foundation
27 | import CoreData
| `- error: no such module 'CoreData'
28 |
29 |
[83/180] Compiling CoreStore ObjectMonitor.swift
/host/spi-builder-workspace/Sources/AsynchronousDataTransaction.swift:27:8: error: no such module 'CoreData'
25 |
26 | import Foundation
27 | import CoreData
| `- error: no such module 'CoreData'
28 |
29 |
[84/180] Compiling CoreStore ObjectObserver.swift
/host/spi-builder-workspace/Sources/AsynchronousDataTransaction.swift:27:8: error: no such module 'CoreData'
25 |
26 | import Foundation
27 | import CoreData
| `- error: no such module 'CoreData'
28 |
29 |
[85/180] Compiling CoreStore ObjectProxy.swift
/host/spi-builder-workspace/Sources/AsynchronousDataTransaction.swift:27:8: error: no such module 'CoreData'
25 |
26 | import Foundation
27 | import CoreData
| `- error: no such module 'CoreData'
28 |
29 |
[86/180] Compiling CoreStore ObjectPublisher+Reactive.swift
/host/spi-builder-workspace/Sources/AsynchronousDataTransaction.swift:27:8: error: no such module 'CoreData'
25 |
26 | import Foundation
27 | import CoreData
| `- error: no such module 'CoreData'
28 |
29 |
[87/180] Compiling CoreStore ObjectPublisher.SnapshotPublisher.swift
/host/spi-builder-workspace/Sources/AsynchronousDataTransaction.swift:27:8: error: no such module 'CoreData'
25 |
26 | import Foundation
27 | import CoreData
| `- error: no such module 'CoreData'
28 |
29 |
[88/180] Compiling CoreStore ObjectPublisher.swift
/host/spi-builder-workspace/Sources/AsynchronousDataTransaction.swift:27:8: error: no such module 'CoreData'
25 |
26 | import Foundation
27 | import CoreData
| `- error: no such module 'CoreData'
28 |
29 |
[89/180] Compiling CoreStore ObjectReader.swift
/host/spi-builder-workspace/Sources/AsynchronousDataTransaction.swift:27:8: error: no such module 'CoreData'
25 |
26 | import Foundation
27 | import CoreData
| `- error: no such module 'CoreData'
28 |
29 |
[90/180] Compiling CoreStore ObjectRepresentation.swift
/host/spi-builder-workspace/Sources/AsynchronousDataTransaction.swift:27:8: error: no such module 'CoreData'
25 |
26 | import Foundation
27 | import CoreData
| `- error: no such module 'CoreData'
28 |
29 |
[91/180] Compiling CoreStore AsynchronousDataTransaction.swift
/host/spi-builder-workspace/Sources/AsynchronousDataTransaction.swift:27:8: error: no such module 'CoreData'
25 |
26 | import Foundation
27 | import CoreData
| `- error: no such module 'CoreData'
28 |
29 |
[92/180] Compiling CoreStore AttributeProtocol.swift
/host/spi-builder-workspace/Sources/AsynchronousDataTransaction.swift:27:8: error: no such module 'CoreData'
25 |
26 | import Foundation
27 | import CoreData
| `- error: no such module 'CoreData'
28 |
29 |
[93/180] Compiling CoreStore BaseDataTransaction+Importing.swift
/host/spi-builder-workspace/Sources/AsynchronousDataTransaction.swift:27:8: error: no such module 'CoreData'
25 |
26 | import Foundation
27 | import CoreData
| `- error: no such module 'CoreData'
28 |
29 |
[94/180] Compiling CoreStore BaseDataTransaction+Querying.swift
/host/spi-builder-workspace/Sources/AsynchronousDataTransaction.swift:27:8: error: no such module 'CoreData'
25 |
26 | import Foundation
27 | import CoreData
| `- error: no such module 'CoreData'
28 |
29 |
[95/180] Compiling CoreStore BaseDataTransaction.swift
/host/spi-builder-workspace/Sources/AsynchronousDataTransaction.swift:27:8: error: no such module 'CoreData'
25 |
26 | import Foundation
27 | import CoreData
| `- error: no such module 'CoreData'
28 |
29 |
[96/180] Compiling CoreStore CoreDataNativeType.swift
/host/spi-builder-workspace/Sources/AsynchronousDataTransaction.swift:27:8: error: no such module 'CoreData'
25 |
26 | import Foundation
27 | import CoreData
| `- error: no such module 'CoreData'
28 |
29 |
[97/180] Compiling CoreStore CoreStore+CustomDebugStringConvertible.swift
/host/spi-builder-workspace/Sources/AsynchronousDataTransaction.swift:27:8: error: no such module 'CoreData'
25 |
26 | import Foundation
27 | import CoreData
| `- error: no such module 'CoreData'
28 |
29 |
[98/180] Compiling CoreStore CoreStore+Logging.swift
/host/spi-builder-workspace/Sources/AsynchronousDataTransaction.swift:27:8: error: no such module 'CoreData'
25 |
26 | import Foundation
27 | import CoreData
| `- error: no such module 'CoreData'
28 |
29 |
[99/180] Compiling CoreStore CoreStoreDefaults.swift
/host/spi-builder-workspace/Sources/AsynchronousDataTransaction.swift:27:8: error: no such module 'CoreData'
25 |
26 | import Foundation
27 | import CoreData
| `- error: no such module 'CoreData'
28 |
29 |
[100/180] Compiling CoreStore CoreStoreError.swift
/host/spi-builder-workspace/Sources/AsynchronousDataTransaction.swift:27:8: error: no such module 'CoreData'
25 |
26 | import Foundation
27 | import CoreData
| `- error: no such module 'CoreData'
28 |
29 |
[101/180] Compiling CoreStore CoreStoreLogger.swift
/host/spi-builder-workspace/Sources/AsynchronousDataTransaction.swift:27:8: error: no such module 'CoreData'
25 |
26 | import Foundation
27 | import CoreData
| `- error: no such module 'CoreData'
28 |
29 |
[102/180] Compiling CoreStore CoreStoreManagedObject.swift
/host/spi-builder-workspace/Sources/AsynchronousDataTransaction.swift:27:8: error: no such module 'CoreData'
25 |
26 | import Foundation
27 | import CoreData
| `- error: no such module 'CoreData'
28 |
29 |
[103/180] Compiling CoreStore CoreStoreObject+Convenience.swift
/host/spi-builder-workspace/Sources/AsynchronousDataTransaction.swift:27:8: error: no such module 'CoreData'
25 |
26 | import Foundation
27 | import CoreData
| `- error: no such module 'CoreData'
28 |
29 |
[104/180] Compiling CoreStore CoreStoreObject+DataSources.swift
/host/spi-builder-workspace/Sources/AsynchronousDataTransaction.swift:27:8: error: no such module 'CoreData'
25 |
26 | import Foundation
27 | import CoreData
| `- error: no such module 'CoreData'
28 |
29 |
[105/180] Compiling CoreStore CoreStoreObject+Observing.swift
/host/spi-builder-workspace/Sources/AsynchronousDataTransaction.swift:27:8: error: no such module 'CoreData'
25 |
26 | import Foundation
27 | import CoreData
| `- error: no such module 'CoreData'
28 |
29 |
[106/180] Compiling CoreStore CoreStoreObject+Querying.swift
/host/spi-builder-workspace/Sources/AsynchronousDataTransaction.swift:27:8: error: no such module 'CoreData'
25 |
26 | import Foundation
27 | import CoreData
| `- error: no such module 'CoreData'
28 |
29 |
[107/180] Compiling CoreStore CoreStoreObject.swift
/host/spi-builder-workspace/Sources/AsynchronousDataTransaction.swift:27:8: error: no such module 'CoreData'
25 |
26 | import Foundation
27 | import CoreData
| `- error: no such module 'CoreData'
28 |
29 |
[108/180] Compiling CoreStore CoreStoreSchema.swift
/host/spi-builder-workspace/Sources/AsynchronousDataTransaction.swift:27:8: error: no such module 'CoreData'
25 |
26 | import Foundation
27 | import CoreData
| `- error: no such module 'CoreData'
28 |
29 |
[109/180] Compiling CoreStore CoreStoreStrings.swift
/host/spi-builder-workspace/Sources/AsynchronousDataTransaction.swift:27:8: error: no such module 'CoreData'
25 |
26 | import Foundation
27 | import CoreData
| `- error: no such module 'CoreData'
28 |
29 |
[110/180] Compiling CoreStore CustomSchemaMappingProvider.swift
/host/spi-builder-workspace/Sources/AsynchronousDataTransaction.swift:27:8: error: no such module 'CoreData'
25 |
26 | import Foundation
27 | import CoreData
| `- error: no such module 'CoreData'
28 |
29 |
[111/180] Compiling CoreStore DataStack+Concurrency.swift
/host/spi-builder-workspace/Sources/AsynchronousDataTransaction.swift:27:8: error: no such module 'CoreData'
25 |
26 | import Foundation
27 | import CoreData
| `- error: no such module 'CoreData'
28 |
29 |
[112/180] Compiling CoreStore DataStack+DataSources.swift
/host/spi-builder-workspace/Sources/AsynchronousDataTransaction.swift:27:8: error: no such module 'CoreData'
25 |
26 | import Foundation
27 | import CoreData
| `- error: no such module 'CoreData'
28 |
29 |
[113/180] Compiling CoreStore StorageInterface.swift
/host/spi-builder-workspace/Sources/AsynchronousDataTransaction.swift:27:8: error: no such module 'CoreData'
25 |
26 | import Foundation
27 | import CoreData
| `- error: no such module 'CoreData'
28 |
29 |
[114/180] Compiling CoreStore String+KeyPaths.swift
/host/spi-builder-workspace/Sources/AsynchronousDataTransaction.swift:27:8: error: no such module 'CoreData'
25 |
26 | import Foundation
27 | import CoreData
| `- error: no such module 'CoreData'
28 |
29 |
[115/180] Compiling CoreStore SynchronousDataTransaction.swift
/host/spi-builder-workspace/Sources/AsynchronousDataTransaction.swift:27:8: error: no such module 'CoreData'
25 |
26 | import Foundation
27 | import CoreData
| `- error: no such module 'CoreData'
28 |
29 |
[116/180] Compiling CoreStore Transformable.Optional.swift
/host/spi-builder-workspace/Sources/AsynchronousDataTransaction.swift:27:8: error: no such module 'CoreData'
25 |
26 | import Foundation
27 | import CoreData
| `- error: no such module 'CoreData'
28 |
29 |
[117/180] Compiling CoreStore Transformable.Required.swift
/host/spi-builder-workspace/Sources/AsynchronousDataTransaction.swift:27:8: error: no such module 'CoreData'
25 |
26 | import Foundation
27 | import CoreData
| `- error: no such module 'CoreData'
28 |
29 |
[118/180] Compiling CoreStore Transformable.swift
/host/spi-builder-workspace/Sources/AsynchronousDataTransaction.swift:27:8: error: no such module 'CoreData'
25 |
26 | import Foundation
27 | import CoreData
| `- error: no such module 'CoreData'
28 |
29 |
[119/180] Compiling CoreStore Tweak.swift
/host/spi-builder-workspace/Sources/AsynchronousDataTransaction.swift:27:8: error: no such module 'CoreData'
25 |
26 | import Foundation
27 | import CoreData
| `- error: no such module 'CoreData'
28 |
29 |
[120/180] Compiling CoreStore TypeErasedClauses.swift
/host/spi-builder-workspace/Sources/AsynchronousDataTransaction.swift:27:8: error: no such module 'CoreData'
25 |
26 | import Foundation
27 | import CoreData
| `- error: no such module 'CoreData'
28 |
29 |
[121/180] Compiling CoreStore UnsafeDataModelSchema.swift
/host/spi-builder-workspace/Sources/AsynchronousDataTransaction.swift:27:8: error: no such module 'CoreData'
25 |
26 | import Foundation
27 | import CoreData
| `- error: no such module 'CoreData'
28 |
29 |
[122/180] Compiling CoreStore UnsafeDataTransaction+Observing.swift
/host/spi-builder-workspace/Sources/AsynchronousDataTransaction.swift:27:8: error: no such module 'CoreData'
25 |
26 | import Foundation
27 | import CoreData
| `- error: no such module 'CoreData'
28 |
29 |
[123/180] Compiling CoreStore UnsafeDataTransaction.swift
/host/spi-builder-workspace/Sources/AsynchronousDataTransaction.swift:27:8: error: no such module 'CoreData'
25 |
26 | import Foundation
27 | import CoreData
| `- error: no such module 'CoreData'
28 |
29 |
[124/180] Compiling CoreStore UserInfo.swift
/host/spi-builder-workspace/Sources/AsynchronousDataTransaction.swift:27:8: error: no such module 'CoreData'
25 |
26 | import Foundation
27 | import CoreData
| `- error: no such module 'CoreData'
28 |
29 |
[125/180] Compiling CoreStore Value.Optional.swift
/host/spi-builder-workspace/Sources/AsynchronousDataTransaction.swift:27:8: error: no such module 'CoreData'
25 |
26 | import Foundation
27 | import CoreData
| `- error: no such module 'CoreData'
28 |
29 |
[126/180] Compiling CoreStore Value.Required.swift
/host/spi-builder-workspace/Sources/AsynchronousDataTransaction.swift:27:8: error: no such module 'CoreData'
25 |
26 | import Foundation
27 | import CoreData
| `- error: no such module 'CoreData'
28 |
29 |
[127/180] Compiling CoreStore Value.swift
/host/spi-builder-workspace/Sources/AsynchronousDataTransaction.swift:27:8: error: no such module 'CoreData'
25 |
26 | import Foundation
27 | import CoreData
| `- error: no such module 'CoreData'
28 |
29 |
[128/180] Compiling CoreStore VersionLock.swift
/host/spi-builder-workspace/Sources/AsynchronousDataTransaction.swift:27:8: error: no such module 'CoreData'
25 |
26 | import Foundation
27 | import CoreData
| `- error: no such module 'CoreData'
28 |
29 |
[129/180] Compiling CoreStore Where.Expression.swift
/host/spi-builder-workspace/Sources/AsynchronousDataTransaction.swift:27:8: error: no such module 'CoreData'
25 |
26 | import Foundation
27 | import CoreData
| `- error: no such module 'CoreData'
28 |
29 |
[130/180] Compiling CoreStore Where.swift
/host/spi-builder-workspace/Sources/AsynchronousDataTransaction.swift:27:8: error: no such module 'CoreData'
25 |
26 | import Foundation
27 | import CoreData
| `- error: no such module 'CoreData'
28 |
29 |
[131/180] Compiling CoreStore WhereClauseType.swift
/host/spi-builder-workspace/Sources/AsynchronousDataTransaction.swift:27:8: error: no such module 'CoreData'
25 |
26 | import Foundation
27 | import CoreData
| `- error: no such module 'CoreData'
28 |
29 |
[132/180] Compiling CoreStore XcodeDataModelSchema.swift
/host/spi-builder-workspace/Sources/AsynchronousDataTransaction.swift:27:8: error: no such module 'CoreData'
25 |
26 | import Foundation
27 | import CoreData
| `- error: no such module 'CoreData'
28 |
29 |
[133/180] Compiling CoreStore XcodeSchemaMappingProvider.swift
/host/spi-builder-workspace/Sources/AsynchronousDataTransaction.swift:27:8: error: no such module 'CoreData'
25 |
26 | import Foundation
27 | import CoreData
| `- error: no such module 'CoreData'
28 |
29 |
[134/180] Compiling CoreStore ObjectSnapshot.swift
/host/spi-builder-workspace/Sources/AsynchronousDataTransaction.swift:27:8: error: no such module 'CoreData'
25 |
26 | import Foundation
27 | import CoreData
| `- error: no such module 'CoreData'
28 |
29 |
[135/180] Compiling CoreStore ObjectState.swift
/host/spi-builder-workspace/Sources/AsynchronousDataTransaction.swift:27:8: error: no such module 'CoreData'
25 |
26 | import Foundation
27 | import CoreData
| `- error: no such module 'CoreData'
28 |
29 |
[136/180] Compiling CoreStore Operators.swift
/host/spi-builder-workspace/Sources/AsynchronousDataTransaction.swift:27:8: error: no such module 'CoreData'
25 |
26 | import Foundation
27 | import CoreData
| `- error: no such module 'CoreData'
28 |
29 |
[137/180] Compiling CoreStore OrderBy.swift
/host/spi-builder-workspace/Sources/AsynchronousDataTransaction.swift:27:8: error: no such module 'CoreData'
25 |
26 | import Foundation
27 | import CoreData
| `- error: no such module 'CoreData'
28 |
29 |
[138/180] Compiling CoreStore PartialObject.swift
/host/spi-builder-workspace/Sources/AsynchronousDataTransaction.swift:27:8: error: no such module 'CoreData'
25 |
26 | import Foundation
27 | import CoreData
| `- error: no such module 'CoreData'
28 |
29 |
[139/180] Compiling CoreStore Progress+Convenience.swift
/host/spi-builder-workspace/Sources/AsynchronousDataTransaction.swift:27:8: error: no such module 'CoreData'
25 |
26 | import Foundation
27 | import CoreData
| `- error: no such module 'CoreData'
28 |
29 |
[140/180] Compiling CoreStore PropertyProtocol.swift
/host/spi-builder-workspace/Sources/AsynchronousDataTransaction.swift:27:8: error: no such module 'CoreData'
25 |
26 | import Foundation
27 | import CoreData
| `- error: no such module 'CoreData'
28 |
29 |
[141/180] Compiling CoreStore QueryChainBuilder.swift
/host/spi-builder-workspace/Sources/AsynchronousDataTransaction.swift:27:8: error: no such module 'CoreData'
25 |
26 | import Foundation
27 | import CoreData
| `- error: no such module 'CoreData'
28 |
29 |
[142/180] Compiling CoreStore QueryableAttributeType.swift
/host/spi-builder-workspace/Sources/AsynchronousDataTransaction.swift:27:8: error: no such module 'CoreData'
25 |
26 | import Foundation
27 | import CoreData
| `- error: no such module 'CoreData'
28 |
29 |
[143/180] Compiling CoreStore QueryableSource.swift
/host/spi-builder-workspace/Sources/AsynchronousDataTransaction.swift:27:8: error: no such module 'CoreData'
25 |
26 | import Foundation
27 | import CoreData
| `- error: no such module 'CoreData'
28 |
29 |
[144/180] Compiling CoreStore Relationship.ToManyOrdered.swift
/host/spi-builder-workspace/Sources/AsynchronousDataTransaction.swift:27:8: error: no such module 'CoreData'
25 |
26 | import Foundation
27 | import CoreData
| `- error: no such module 'CoreData'
28 |
29 |
[145/180] Compiling CoreStore Relationship.ToManyUnordered.swift
/host/spi-builder-workspace/Sources/AsynchronousDataTransaction.swift:27:8: error: no such module 'CoreData'
25 |
26 | import Foundation
27 | import CoreData
| `- error: no such module 'CoreData'
28 |
29 |
[146/180] Compiling CoreStore Relationship.ToOne.swift
/host/spi-builder-workspace/Sources/AsynchronousDataTransaction.swift:27:8: error: no such module 'CoreData'
25 |
26 | import Foundation
27 | import CoreData
| `- error: no such module 'CoreData'
28 |
29 |
[147/180] Compiling CoreStore Relationship.swift
/host/spi-builder-workspace/Sources/AsynchronousDataTransaction.swift:27:8: error: no such module 'CoreData'
25 |
26 | import Foundation
27 | import CoreData
| `- error: no such module 'CoreData'
28 |
29 |
[148/180] Compiling CoreStore RelationshipProtocol.swift
/host/spi-builder-workspace/Sources/AsynchronousDataTransaction.swift:27:8: error: no such module 'CoreData'
25 |
26 | import Foundation
27 | import CoreData
| `- error: no such module 'CoreData'
28 |
29 |
[149/180] Compiling CoreStore SQLiteStore.swift
/host/spi-builder-workspace/Sources/AsynchronousDataTransaction.swift:27:8: error: no such module 'CoreData'
25 |
26 | import Foundation
27 | import CoreData
| `- error: no such module 'CoreData'
28 |
29 |
[150/180] Compiling CoreStore SchemaHistory.swift
/host/spi-builder-workspace/Sources/AsynchronousDataTransaction.swift:27:8: error: no such module 'CoreData'
25 |
26 | import Foundation
27 | import CoreData
| `- error: no such module 'CoreData'
28 |
29 |
[151/180] Compiling CoreStore SchemaMappingProvider.swift
/host/spi-builder-workspace/Sources/AsynchronousDataTransaction.swift:27:8: error: no such module 'CoreData'
25 |
26 | import Foundation
27 | import CoreData
| `- error: no such module 'CoreData'
28 |
29 |
[152/180] Compiling CoreStore SectionBy.swift
/host/spi-builder-workspace/Sources/AsynchronousDataTransaction.swift:27:8: error: no such module 'CoreData'
25 |
26 | import Foundation
27 | import CoreData
| `- error: no such module 'CoreData'
28 |
29 |
[153/180] Compiling CoreStore SectionMonitorBuilder.swift
/host/spi-builder-workspace/Sources/AsynchronousDataTransaction.swift:27:8: error: no such module 'CoreData'
25 |
26 | import Foundation
27 | import CoreData
| `- error: no such module 'CoreData'
28 |
29 |
[154/180] Compiling CoreStore Select.swift
/host/spi-builder-workspace/Sources/AsynchronousDataTransaction.swift:27:8: error: no such module 'CoreData'
25 |
26 | import Foundation
27 | import CoreData
| `- error: no such module 'CoreData'
28 |
29 |
[155/180] Compiling CoreStore SetupResult.swift
/host/spi-builder-workspace/Sources/AsynchronousDataTransaction.swift:27:8: error: no such module 'CoreData'
25 |
26 | import Foundation
27 | import CoreData
| `- error: no such module 'CoreData'
28 |
29 |
[156/180] Compiling CoreStore FIeldRelationshipType.swift
/host/spi-builder-workspace/Sources/AsynchronousDataTransaction.swift:27:8: error: no such module 'CoreData'
25 |
26 | import Foundation
27 | import CoreData
| `- error: no such module 'CoreData'
28 |
29 |
[157/180] Compiling CoreStore FetchChainBuilder.swift
/host/spi-builder-workspace/Sources/AsynchronousDataTransaction.swift:27:8: error: no such module 'CoreData'
25 |
26 | import Foundation
27 | import CoreData
| `- error: no such module 'CoreData'
28 |
29 |
[158/180] Compiling CoreStore FetchableSource.swift
/host/spi-builder-workspace/Sources/AsynchronousDataTransaction.swift:27:8: error: no such module 'CoreData'
25 |
26 | import Foundation
27 | import CoreData
| `- error: no such module 'CoreData'
28 |
29 |
[159/180] Compiling CoreStore Field.Coded.swift
/host/spi-builder-workspace/Sources/AsynchronousDataTransaction.swift:27:8: error: no such module 'CoreData'
25 |
26 | import Foundation
27 | import CoreData
| `- error: no such module 'CoreData'
28 |
29 |
[160/180] Compiling CoreStore Field.Relationship.swift
/host/spi-builder-workspace/Sources/AsynchronousDataTransaction.swift:27:8: error: no such module 'CoreData'
25 |
26 | import Foundation
27 | import CoreData
| `- error: no such module 'CoreData'
28 |
29 |
[161/180] Compiling CoreStore Field.Stored.swift
/host/spi-builder-workspace/Sources/AsynchronousDataTransaction.swift:27:8: error: no such module 'CoreData'
25 |
26 | import Foundation
27 | import CoreData
| `- error: no such module 'CoreData'
28 |
29 |
[162/180] Compiling CoreStore Field.Virtual.swift
/host/spi-builder-workspace/Sources/AsynchronousDataTransaction.swift:27:8: error: no such module 'CoreData'
25 |
26 | import Foundation
27 | import CoreData
| `- error: no such module 'CoreData'
28 |
29 |
[163/180] Compiling CoreStore Field.swift
/host/spi-builder-workspace/Sources/AsynchronousDataTransaction.swift:27:8: error: no such module 'CoreData'
25 |
26 | import Foundation
27 | import CoreData
| `- error: no such module 'CoreData'
28 |
29 |
[164/180] Compiling CoreStore FieldAttributeProtocol.swift
/host/spi-builder-workspace/Sources/AsynchronousDataTransaction.swift:27:8: error: no such module 'CoreData'
25 |
26 | import Foundation
27 | import CoreData
| `- error: no such module 'CoreData'
28 |
29 |
[165/180] Compiling CoreStore FieldCoderType.swift
/host/spi-builder-workspace/Sources/AsynchronousDataTransaction.swift:27:8: error: no such module 'CoreData'
25 |
26 | import Foundation
27 | import CoreData
| `- error: no such module 'CoreData'
28 |
29 |
[166/180] Compiling CoreStore FieldCoders.DefaultNSSecureCoding.swift
/host/spi-builder-workspace/Sources/AsynchronousDataTransaction.swift:27:8: error: no such module 'CoreData'
25 |
26 | import Foundation
27 | import CoreData
| `- error: no such module 'CoreData'
28 |
29 |
[167/180] Compiling CoreStore FieldCoders.Json.swift
/host/spi-builder-workspace/Sources/AsynchronousDataTransaction.swift:27:8: error: no such module 'CoreData'
25 |
26 | import Foundation
27 | import CoreData
| `- error: no such module 'CoreData'
28 |
29 |
[168/180] Compiling CoreStore FieldCoders.NSCoding.swift
/host/spi-builder-workspace/Sources/AsynchronousDataTransaction.swift:27:8: error: no such module 'CoreData'
25 |
26 | import Foundation
27 | import CoreData
| `- error: no such module 'CoreData'
28 |
29 |
[169/180] Compiling CoreStore FieldCoders.Plist.swift
/host/spi-builder-workspace/Sources/AsynchronousDataTransaction.swift:27:8: error: no such module 'CoreData'
25 |
26 | import Foundation
27 | import CoreData
| `- error: no such module 'CoreData'
28 |
29 |
[170/180] Compiling CoreStore FieldCoders.swift
/host/spi-builder-workspace/Sources/AsynchronousDataTransaction.swift:27:8: error: no such module 'CoreData'
25 |
26 | import Foundation
27 | import CoreData
| `- error: no such module 'CoreData'
28 |
29 |
[171/180] Compiling CoreStore FieldOptionalType.swift
/host/spi-builder-workspace/Sources/AsynchronousDataTransaction.swift:27:8: error: no such module 'CoreData'
25 |
26 | import Foundation
27 | import CoreData
| `- error: no such module 'CoreData'
28 |
29 |
[172/180] Compiling CoreStore FieldProtocol.swift
/host/spi-builder-workspace/Sources/AsynchronousDataTransaction.swift:27:8: error: no such module 'CoreData'
25 |
26 | import Foundation
27 | import CoreData
| `- error: no such module 'CoreData'
28 |
29 |
[173/180] Compiling CoreStore FieldRelationshipProtocol.swift
/host/spi-builder-workspace/Sources/AsynchronousDataTransaction.swift:27:8: error: no such module 'CoreData'
25 |
26 | import Foundation
27 | import CoreData
| `- error: no such module 'CoreData'
28 |
29 |
[174/180] Compiling CoreStore FieldStorableType.swift
/host/spi-builder-workspace/Sources/AsynchronousDataTransaction.swift:27:8: error: no such module 'CoreData'
25 |
26 | import Foundation
27 | import CoreData
| `- error: no such module 'CoreData'
28 |
29 |
[175/180] Compiling CoreStore ForEach+SwiftUI.swift
/host/spi-builder-workspace/Sources/AsynchronousDataTransaction.swift:27:8: error: no such module 'CoreData'
25 |
26 | import Foundation
27 | import CoreData
| `- error: no such module 'CoreData'
28 |
29 |
[176/180] Compiling CoreStore From+Querying.swift
/host/spi-builder-workspace/Sources/AsynchronousDataTransaction.swift:27:8: error: no such module 'CoreData'
25 |
26 | import Foundation
27 | import CoreData
| `- error: no such module 'CoreData'
28 |
29 |
[177/180] Compiling CoreStore From.swift
/host/spi-builder-workspace/Sources/AsynchronousDataTransaction.swift:27:8: error: no such module 'CoreData'
25 |
26 | import Foundation
27 | import CoreData
| `- error: no such module 'CoreData'
28 |
29 |
BUILD FAILURE 6.1 android