Build Information
Failed to build Catenoid, reference main (51244f), with Swift 6.1 for watchOS using Xcode 16.3 on 1 Oct 2026 01:53:28 UTC.
Build Command
env DEVELOPER_DIR=/Applications/Xcode-16.3.0.app xcrun xcodebuild -IDEClonedSourcePackagesDirPathOverride=$PWD/.dependencies -skipMacroValidation -skipPackagePluginValidation -derivedDataPath $PWD/.derivedData build -scheme Catenoid -destination generic/platform=watchOSBuild Log
SwiftCompile normal arm64 /Users/admin/builder/spi-builder-workspace/.dependencies/checkouts/ReactiveSwift/Sources/Observers/DematerializeResults.swift (in target 'ReactiveSwift' from project 'ReactiveSwift')
cd /Users/admin/builder/spi-builder-workspace/.swiftpm/xcode
SwiftCompile normal arm64 /Users/admin/builder/spi-builder-workspace/.dependencies/checkouts/ReactiveSwift/Sources/Observers/Filter.swift (in target 'ReactiveSwift' from project 'ReactiveSwift')
cd /Users/admin/builder/spi-builder-workspace/.swiftpm/xcode
SwiftCompile normal arm64 /Users/admin/builder/spi-builder-workspace/.dependencies/checkouts/ReactiveSwift/Sources/Observers/LazyMap.swift (in target 'ReactiveSwift' from project 'ReactiveSwift')
cd /Users/admin/builder/spi-builder-workspace/.swiftpm/xcode
SwiftCompile normal arm64 /Users/admin/builder/spi-builder-workspace/.dependencies/checkouts/ReactiveSwift/Sources/Observers/Map.swift (in target 'ReactiveSwift' from project 'ReactiveSwift')
cd /Users/admin/builder/spi-builder-workspace/.swiftpm/xcode
SwiftCompile normal arm64 /Users/admin/builder/spi-builder-workspace/.dependencies/checkouts/ReactiveSwift/Sources/Observers/MapError.swift (in target 'ReactiveSwift' from project 'ReactiveSwift')
cd /Users/admin/builder/spi-builder-workspace/.swiftpm/xcode
SwiftCompile normal arm64 Compiling\ EventLogger.swift,\ Flatten.swift,\ FoundationExtensions.swift,\ Lifetime.swift,\ AttemptMap.swift,\ Collect.swift /Users/admin/builder/spi-builder-workspace/.dependencies/checkouts/ReactiveSwift/Sources/EventLogger.swift /Users/admin/builder/spi-builder-workspace/.dependencies/checkouts/ReactiveSwift/Sources/Flatten.swift /Users/admin/builder/spi-builder-workspace/.dependencies/checkouts/ReactiveSwift/Sources/FoundationExtensions.swift /Users/admin/builder/spi-builder-workspace/.dependencies/checkouts/ReactiveSwift/Sources/Lifetime.swift /Users/admin/builder/spi-builder-workspace/.dependencies/checkouts/ReactiveSwift/Sources/Observers/AttemptMap.swift /Users/admin/builder/spi-builder-workspace/.dependencies/checkouts/ReactiveSwift/Sources/Observers/Collect.swift (in target 'ReactiveSwift' from project 'ReactiveSwift')
SwiftCompile normal arm64 /Users/admin/builder/spi-builder-workspace/.dependencies/checkouts/ReactiveSwift/Sources/EventLogger.swift (in target 'ReactiveSwift' from project 'ReactiveSwift')
cd /Users/admin/builder/spi-builder-workspace/.swiftpm/xcode
SwiftCompile normal arm64 /Users/admin/builder/spi-builder-workspace/.dependencies/checkouts/ReactiveSwift/Sources/Flatten.swift (in target 'ReactiveSwift' from project 'ReactiveSwift')
cd /Users/admin/builder/spi-builder-workspace/.swiftpm/xcode
SwiftCompile normal arm64 /Users/admin/builder/spi-builder-workspace/.dependencies/checkouts/ReactiveSwift/Sources/FoundationExtensions.swift (in target 'ReactiveSwift' from project 'ReactiveSwift')
cd /Users/admin/builder/spi-builder-workspace/.swiftpm/xcode
SwiftCompile normal arm64 /Users/admin/builder/spi-builder-workspace/.dependencies/checkouts/ReactiveSwift/Sources/Lifetime.swift (in target 'ReactiveSwift' from project 'ReactiveSwift')
cd /Users/admin/builder/spi-builder-workspace/.swiftpm/xcode
SwiftCompile normal arm64 /Users/admin/builder/spi-builder-workspace/.dependencies/checkouts/ReactiveSwift/Sources/Observers/AttemptMap.swift (in target 'ReactiveSwift' from project 'ReactiveSwift')
cd /Users/admin/builder/spi-builder-workspace/.swiftpm/xcode
SwiftCompile normal arm64 /Users/admin/builder/spi-builder-workspace/.dependencies/checkouts/ReactiveSwift/Sources/Observers/Collect.swift (in target 'ReactiveSwift' from project 'ReactiveSwift')
cd /Users/admin/builder/spi-builder-workspace/.swiftpm/xcode
SwiftDriverJobDiscovery normal arm64 Compiling TakeFirst.swift, TakeLast.swift, TakeUntil.swift, TakeWhile.swift, Throttle.swift (in target 'ReactiveSwift' from project 'ReactiveSwift')
SwiftCompile normal arm64 Compiling\ Materialize.swift,\ MaterializeAsResult.swift,\ ObserveOn.swift,\ Observer.swift,\ Operators.swift /Users/admin/builder/spi-builder-workspace/.dependencies/checkouts/ReactiveSwift/Sources/Observers/Materialize.swift /Users/admin/builder/spi-builder-workspace/.dependencies/checkouts/ReactiveSwift/Sources/Observers/MaterializeAsResult.swift /Users/admin/builder/spi-builder-workspace/.dependencies/checkouts/ReactiveSwift/Sources/Observers/ObserveOn.swift /Users/admin/builder/spi-builder-workspace/.dependencies/checkouts/ReactiveSwift/Sources/Observers/Observer.swift /Users/admin/builder/spi-builder-workspace/.dependencies/checkouts/ReactiveSwift/Sources/Observers/Operators.swift (in target 'ReactiveSwift' from project 'ReactiveSwift')
SwiftCompile normal arm64 /Users/admin/builder/spi-builder-workspace/.dependencies/checkouts/ReactiveSwift/Sources/Observers/Materialize.swift (in target 'ReactiveSwift' from project 'ReactiveSwift')
cd /Users/admin/builder/spi-builder-workspace/.swiftpm/xcode
SwiftCompile normal arm64 /Users/admin/builder/spi-builder-workspace/.dependencies/checkouts/ReactiveSwift/Sources/Observers/MaterializeAsResult.swift (in target 'ReactiveSwift' from project 'ReactiveSwift')
cd /Users/admin/builder/spi-builder-workspace/.swiftpm/xcode
SwiftCompile normal arm64 /Users/admin/builder/spi-builder-workspace/.dependencies/checkouts/ReactiveSwift/Sources/Observers/ObserveOn.swift (in target 'ReactiveSwift' from project 'ReactiveSwift')
cd /Users/admin/builder/spi-builder-workspace/.swiftpm/xcode
SwiftCompile normal arm64 /Users/admin/builder/spi-builder-workspace/.dependencies/checkouts/ReactiveSwift/Sources/Observers/Observer.swift (in target 'ReactiveSwift' from project 'ReactiveSwift')
cd /Users/admin/builder/spi-builder-workspace/.swiftpm/xcode
SwiftCompile normal arm64 /Users/admin/builder/spi-builder-workspace/.dependencies/checkouts/ReactiveSwift/Sources/Observers/Operators.swift (in target 'ReactiveSwift' from project 'ReactiveSwift')
cd /Users/admin/builder/spi-builder-workspace/.swiftpm/xcode
SwiftDriverJobDiscovery normal arm64_32 Compiling CollectEvery.swift, CombinePrevious.swift, CompactMap.swift, Debounce.swift, Delay.swift, Dematerialize.swift (in target 'ReactiveSwift' from project 'ReactiveSwift')
SwiftCompile normal armv7k Compiling\ CollectEvery.swift,\ CombinePrevious.swift,\ CompactMap.swift,\ Debounce.swift,\ Delay.swift,\ Dematerialize.swift /Users/admin/builder/spi-builder-workspace/.dependencies/checkouts/ReactiveSwift/Sources/Observers/CollectEvery.swift /Users/admin/builder/spi-builder-workspace/.dependencies/checkouts/ReactiveSwift/Sources/Observers/CombinePrevious.swift /Users/admin/builder/spi-builder-workspace/.dependencies/checkouts/ReactiveSwift/Sources/Observers/CompactMap.swift /Users/admin/builder/spi-builder-workspace/.dependencies/checkouts/ReactiveSwift/Sources/Observers/Debounce.swift /Users/admin/builder/spi-builder-workspace/.dependencies/checkouts/ReactiveSwift/Sources/Observers/Delay.swift /Users/admin/builder/spi-builder-workspace/.dependencies/checkouts/ReactiveSwift/Sources/Observers/Dematerialize.swift (in target 'ReactiveSwift' from project 'ReactiveSwift')
SwiftCompile normal armv7k /Users/admin/builder/spi-builder-workspace/.dependencies/checkouts/ReactiveSwift/Sources/Observers/CollectEvery.swift (in target 'ReactiveSwift' from project 'ReactiveSwift')
cd /Users/admin/builder/spi-builder-workspace/.swiftpm/xcode
SwiftCompile normal armv7k /Users/admin/builder/spi-builder-workspace/.dependencies/checkouts/ReactiveSwift/Sources/Observers/CombinePrevious.swift (in target 'ReactiveSwift' from project 'ReactiveSwift')
cd /Users/admin/builder/spi-builder-workspace/.swiftpm/xcode
SwiftCompile normal armv7k /Users/admin/builder/spi-builder-workspace/.dependencies/checkouts/ReactiveSwift/Sources/Observers/CompactMap.swift (in target 'ReactiveSwift' from project 'ReactiveSwift')
cd /Users/admin/builder/spi-builder-workspace/.swiftpm/xcode
SwiftCompile normal armv7k /Users/admin/builder/spi-builder-workspace/.dependencies/checkouts/ReactiveSwift/Sources/Observers/Debounce.swift (in target 'ReactiveSwift' from project 'ReactiveSwift')
cd /Users/admin/builder/spi-builder-workspace/.swiftpm/xcode
SwiftCompile normal armv7k /Users/admin/builder/spi-builder-workspace/.dependencies/checkouts/ReactiveSwift/Sources/Observers/Delay.swift (in target 'ReactiveSwift' from project 'ReactiveSwift')
cd /Users/admin/builder/spi-builder-workspace/.swiftpm/xcode
SwiftCompile normal armv7k /Users/admin/builder/spi-builder-workspace/.dependencies/checkouts/ReactiveSwift/Sources/Observers/Dematerialize.swift (in target 'ReactiveSwift' from project 'ReactiveSwift')
cd /Users/admin/builder/spi-builder-workspace/.swiftpm/xcode
SwiftDriverJobDiscovery normal armv7k Compiling TakeFirst.swift, TakeLast.swift, TakeUntil.swift, TakeWhile.swift, Throttle.swift (in target 'ReactiveSwift' from project 'ReactiveSwift')
SwiftCompile normal armv7k Compiling\ DematerializeResults.swift,\ Filter.swift,\ LazyMap.swift,\ Map.swift,\ MapError.swift /Users/admin/builder/spi-builder-workspace/.dependencies/checkouts/ReactiveSwift/Sources/Observers/DematerializeResults.swift /Users/admin/builder/spi-builder-workspace/.dependencies/checkouts/ReactiveSwift/Sources/Observers/Filter.swift /Users/admin/builder/spi-builder-workspace/.dependencies/checkouts/ReactiveSwift/Sources/Observers/LazyMap.swift /Users/admin/builder/spi-builder-workspace/.dependencies/checkouts/ReactiveSwift/Sources/Observers/Map.swift /Users/admin/builder/spi-builder-workspace/.dependencies/checkouts/ReactiveSwift/Sources/Observers/MapError.swift (in target 'ReactiveSwift' from project 'ReactiveSwift')
SwiftCompile normal armv7k /Users/admin/builder/spi-builder-workspace/.dependencies/checkouts/ReactiveSwift/Sources/Observers/DematerializeResults.swift (in target 'ReactiveSwift' from project 'ReactiveSwift')
cd /Users/admin/builder/spi-builder-workspace/.swiftpm/xcode
SwiftCompile normal armv7k /Users/admin/builder/spi-builder-workspace/.dependencies/checkouts/ReactiveSwift/Sources/Observers/Filter.swift (in target 'ReactiveSwift' from project 'ReactiveSwift')
cd /Users/admin/builder/spi-builder-workspace/.swiftpm/xcode
SwiftCompile normal armv7k /Users/admin/builder/spi-builder-workspace/.dependencies/checkouts/ReactiveSwift/Sources/Observers/LazyMap.swift (in target 'ReactiveSwift' from project 'ReactiveSwift')
cd /Users/admin/builder/spi-builder-workspace/.swiftpm/xcode
SwiftCompile normal armv7k /Users/admin/builder/spi-builder-workspace/.dependencies/checkouts/ReactiveSwift/Sources/Observers/Map.swift (in target 'ReactiveSwift' from project 'ReactiveSwift')
cd /Users/admin/builder/spi-builder-workspace/.swiftpm/xcode
SwiftCompile normal armv7k /Users/admin/builder/spi-builder-workspace/.dependencies/checkouts/ReactiveSwift/Sources/Observers/MapError.swift (in target 'ReactiveSwift' from project 'ReactiveSwift')
cd /Users/admin/builder/spi-builder-workspace/.swiftpm/xcode
SwiftDriverJobDiscovery normal arm64 Compiling UnaryAsyncOperator.swift, UniqueValues.swift, Optional.swift, Property.swift, Reactive.swift (in target 'ReactiveSwift' from project 'ReactiveSwift')
SwiftCompile normal arm64_32 Compiling\ ResultExtensions.swift,\ Scheduler.swift,\ Signal+SwiftConcurrency.swift,\ Signal.Observer.swift,\ Signal.swift /Users/admin/builder/spi-builder-workspace/.dependencies/checkouts/ReactiveSwift/Sources/ResultExtensions.swift /Users/admin/builder/spi-builder-workspace/.dependencies/checkouts/ReactiveSwift/Sources/Scheduler.swift /Users/admin/builder/spi-builder-workspace/.dependencies/checkouts/ReactiveSwift/Sources/Signal+SwiftConcurrency.swift /Users/admin/builder/spi-builder-workspace/.dependencies/checkouts/ReactiveSwift/Sources/Signal.Observer.swift /Users/admin/builder/spi-builder-workspace/.dependencies/checkouts/ReactiveSwift/Sources/Signal.swift (in target 'ReactiveSwift' from project 'ReactiveSwift')
SwiftCompile normal arm64_32 /Users/admin/builder/spi-builder-workspace/.dependencies/checkouts/ReactiveSwift/Sources/ResultExtensions.swift (in target 'ReactiveSwift' from project 'ReactiveSwift')
cd /Users/admin/builder/spi-builder-workspace/.swiftpm/xcode
SwiftCompile normal arm64_32 /Users/admin/builder/spi-builder-workspace/.dependencies/checkouts/ReactiveSwift/Sources/Scheduler.swift (in target 'ReactiveSwift' from project 'ReactiveSwift')
cd /Users/admin/builder/spi-builder-workspace/.swiftpm/xcode
SwiftCompile normal arm64_32 /Users/admin/builder/spi-builder-workspace/.dependencies/checkouts/ReactiveSwift/Sources/Signal+SwiftConcurrency.swift (in target 'ReactiveSwift' from project 'ReactiveSwift')
cd /Users/admin/builder/spi-builder-workspace/.swiftpm/xcode
SwiftCompile normal arm64_32 /Users/admin/builder/spi-builder-workspace/.dependencies/checkouts/ReactiveSwift/Sources/Signal.Observer.swift (in target 'ReactiveSwift' from project 'ReactiveSwift')
cd /Users/admin/builder/spi-builder-workspace/.swiftpm/xcode
SwiftCompile normal arm64_32 /Users/admin/builder/spi-builder-workspace/.dependencies/checkouts/ReactiveSwift/Sources/Signal.swift (in target 'ReactiveSwift' from project 'ReactiveSwift')
cd /Users/admin/builder/spi-builder-workspace/.swiftpm/xcode
SwiftDriverJobDiscovery normal arm64 Compiling DematerializeResults.swift, Filter.swift, LazyMap.swift, Map.swift, MapError.swift (in target 'ReactiveSwift' from project 'ReactiveSwift')
SwiftCompile normal armv7k Compiling\ EventLogger.swift,\ Flatten.swift,\ FoundationExtensions.swift,\ Lifetime.swift,\ AttemptMap.swift,\ Collect.swift /Users/admin/builder/spi-builder-workspace/.dependencies/checkouts/ReactiveSwift/Sources/EventLogger.swift /Users/admin/builder/spi-builder-workspace/.dependencies/checkouts/ReactiveSwift/Sources/Flatten.swift /Users/admin/builder/spi-builder-workspace/.dependencies/checkouts/ReactiveSwift/Sources/FoundationExtensions.swift /Users/admin/builder/spi-builder-workspace/.dependencies/checkouts/ReactiveSwift/Sources/Lifetime.swift /Users/admin/builder/spi-builder-workspace/.dependencies/checkouts/ReactiveSwift/Sources/Observers/AttemptMap.swift /Users/admin/builder/spi-builder-workspace/.dependencies/checkouts/ReactiveSwift/Sources/Observers/Collect.swift (in target 'ReactiveSwift' from project 'ReactiveSwift')
SwiftCompile normal armv7k /Users/admin/builder/spi-builder-workspace/.dependencies/checkouts/ReactiveSwift/Sources/EventLogger.swift (in target 'ReactiveSwift' from project 'ReactiveSwift')
cd /Users/admin/builder/spi-builder-workspace/.swiftpm/xcode
SwiftCompile normal armv7k /Users/admin/builder/spi-builder-workspace/.dependencies/checkouts/ReactiveSwift/Sources/Flatten.swift (in target 'ReactiveSwift' from project 'ReactiveSwift')
cd /Users/admin/builder/spi-builder-workspace/.swiftpm/xcode
SwiftCompile normal armv7k /Users/admin/builder/spi-builder-workspace/.dependencies/checkouts/ReactiveSwift/Sources/FoundationExtensions.swift (in target 'ReactiveSwift' from project 'ReactiveSwift')
cd /Users/admin/builder/spi-builder-workspace/.swiftpm/xcode
SwiftCompile normal armv7k /Users/admin/builder/spi-builder-workspace/.dependencies/checkouts/ReactiveSwift/Sources/Lifetime.swift (in target 'ReactiveSwift' from project 'ReactiveSwift')
cd /Users/admin/builder/spi-builder-workspace/.swiftpm/xcode
SwiftCompile normal armv7k /Users/admin/builder/spi-builder-workspace/.dependencies/checkouts/ReactiveSwift/Sources/Observers/AttemptMap.swift (in target 'ReactiveSwift' from project 'ReactiveSwift')
cd /Users/admin/builder/spi-builder-workspace/.swiftpm/xcode
SwiftCompile normal armv7k /Users/admin/builder/spi-builder-workspace/.dependencies/checkouts/ReactiveSwift/Sources/Observers/Collect.swift (in target 'ReactiveSwift' from project 'ReactiveSwift')
cd /Users/admin/builder/spi-builder-workspace/.swiftpm/xcode
SwiftDriverJobDiscovery normal arm64_32 Compiling EventLogger.swift, Flatten.swift, FoundationExtensions.swift, Lifetime.swift, AttemptMap.swift, Collect.swift (in target 'ReactiveSwift' from project 'ReactiveSwift')
SwiftCompile normal arm64 Compiling\ CollectEvery.swift,\ CombinePrevious.swift,\ CompactMap.swift,\ Debounce.swift,\ Delay.swift,\ Dematerialize.swift /Users/admin/builder/spi-builder-workspace/.dependencies/checkouts/ReactiveSwift/Sources/Observers/CollectEvery.swift /Users/admin/builder/spi-builder-workspace/.dependencies/checkouts/ReactiveSwift/Sources/Observers/CombinePrevious.swift /Users/admin/builder/spi-builder-workspace/.dependencies/checkouts/ReactiveSwift/Sources/Observers/CompactMap.swift /Users/admin/builder/spi-builder-workspace/.dependencies/checkouts/ReactiveSwift/Sources/Observers/Debounce.swift /Users/admin/builder/spi-builder-workspace/.dependencies/checkouts/ReactiveSwift/Sources/Observers/Delay.swift /Users/admin/builder/spi-builder-workspace/.dependencies/checkouts/ReactiveSwift/Sources/Observers/Dematerialize.swift (in target 'ReactiveSwift' from project 'ReactiveSwift')
SwiftCompile normal arm64 /Users/admin/builder/spi-builder-workspace/.dependencies/checkouts/ReactiveSwift/Sources/Observers/CollectEvery.swift (in target 'ReactiveSwift' from project 'ReactiveSwift')
cd /Users/admin/builder/spi-builder-workspace/.swiftpm/xcode
SwiftCompile normal arm64 /Users/admin/builder/spi-builder-workspace/.dependencies/checkouts/ReactiveSwift/Sources/Observers/CombinePrevious.swift (in target 'ReactiveSwift' from project 'ReactiveSwift')
cd /Users/admin/builder/spi-builder-workspace/.swiftpm/xcode
SwiftCompile normal arm64 /Users/admin/builder/spi-builder-workspace/.dependencies/checkouts/ReactiveSwift/Sources/Observers/CompactMap.swift (in target 'ReactiveSwift' from project 'ReactiveSwift')
cd /Users/admin/builder/spi-builder-workspace/.swiftpm/xcode
SwiftCompile normal arm64 /Users/admin/builder/spi-builder-workspace/.dependencies/checkouts/ReactiveSwift/Sources/Observers/Debounce.swift (in target 'ReactiveSwift' from project 'ReactiveSwift')
cd /Users/admin/builder/spi-builder-workspace/.swiftpm/xcode
SwiftCompile normal arm64 /Users/admin/builder/spi-builder-workspace/.dependencies/checkouts/ReactiveSwift/Sources/Observers/Delay.swift (in target 'ReactiveSwift' from project 'ReactiveSwift')
cd /Users/admin/builder/spi-builder-workspace/.swiftpm/xcode
SwiftCompile normal arm64 /Users/admin/builder/spi-builder-workspace/.dependencies/checkouts/ReactiveSwift/Sources/Observers/Dematerialize.swift (in target 'ReactiveSwift' from project 'ReactiveSwift')
cd /Users/admin/builder/spi-builder-workspace/.swiftpm/xcode
SwiftDriverJobDiscovery normal arm64 Compiling Action.swift, Atomic.swift, Bag.swift, Deprecations+Removals.swift, Disposable.swift, Event.swift (in target 'ReactiveSwift' from project 'ReactiveSwift')
SwiftCompile normal arm64_32 Compiling\ Materialize.swift,\ MaterializeAsResult.swift,\ ObserveOn.swift,\ Observer.swift,\ Operators.swift /Users/admin/builder/spi-builder-workspace/.dependencies/checkouts/ReactiveSwift/Sources/Observers/Materialize.swift /Users/admin/builder/spi-builder-workspace/.dependencies/checkouts/ReactiveSwift/Sources/Observers/MaterializeAsResult.swift /Users/admin/builder/spi-builder-workspace/.dependencies/checkouts/ReactiveSwift/Sources/Observers/ObserveOn.swift /Users/admin/builder/spi-builder-workspace/.dependencies/checkouts/ReactiveSwift/Sources/Observers/Observer.swift /Users/admin/builder/spi-builder-workspace/.dependencies/checkouts/ReactiveSwift/Sources/Observers/Operators.swift (in target 'ReactiveSwift' from project 'ReactiveSwift')
SwiftCompile normal arm64_32 /Users/admin/builder/spi-builder-workspace/.dependencies/checkouts/ReactiveSwift/Sources/Observers/Materialize.swift (in target 'ReactiveSwift' from project 'ReactiveSwift')
cd /Users/admin/builder/spi-builder-workspace/.swiftpm/xcode
SwiftCompile normal arm64_32 /Users/admin/builder/spi-builder-workspace/.dependencies/checkouts/ReactiveSwift/Sources/Observers/MaterializeAsResult.swift (in target 'ReactiveSwift' from project 'ReactiveSwift')
cd /Users/admin/builder/spi-builder-workspace/.swiftpm/xcode
SwiftCompile normal arm64_32 /Users/admin/builder/spi-builder-workspace/.dependencies/checkouts/ReactiveSwift/Sources/Observers/ObserveOn.swift (in target 'ReactiveSwift' from project 'ReactiveSwift')
cd /Users/admin/builder/spi-builder-workspace/.swiftpm/xcode
SwiftCompile normal arm64_32 /Users/admin/builder/spi-builder-workspace/.dependencies/checkouts/ReactiveSwift/Sources/Observers/Observer.swift (in target 'ReactiveSwift' from project 'ReactiveSwift')
cd /Users/admin/builder/spi-builder-workspace/.swiftpm/xcode
SwiftCompile normal arm64_32 /Users/admin/builder/spi-builder-workspace/.dependencies/checkouts/ReactiveSwift/Sources/Observers/Operators.swift (in target 'ReactiveSwift' from project 'ReactiveSwift')
cd /Users/admin/builder/spi-builder-workspace/.swiftpm/xcode
SwiftDriverJobDiscovery normal arm64 Compiling Materialize.swift, MaterializeAsResult.swift, ObserveOn.swift, Observer.swift, Operators.swift (in target 'ReactiveSwift' from project 'ReactiveSwift')
SwiftCompile normal arm64_32 Compiling\ TakeFirst.swift,\ TakeLast.swift,\ TakeUntil.swift,\ TakeWhile.swift,\ Throttle.swift /Users/admin/builder/spi-builder-workspace/.dependencies/checkouts/ReactiveSwift/Sources/Observers/TakeFirst.swift /Users/admin/builder/spi-builder-workspace/.dependencies/checkouts/ReactiveSwift/Sources/Observers/TakeLast.swift /Users/admin/builder/spi-builder-workspace/.dependencies/checkouts/ReactiveSwift/Sources/Observers/TakeUntil.swift /Users/admin/builder/spi-builder-workspace/.dependencies/checkouts/ReactiveSwift/Sources/Observers/TakeWhile.swift /Users/admin/builder/spi-builder-workspace/.dependencies/checkouts/ReactiveSwift/Sources/Observers/Throttle.swift (in target 'ReactiveSwift' from project 'ReactiveSwift')
SwiftCompile normal arm64_32 /Users/admin/builder/spi-builder-workspace/.dependencies/checkouts/ReactiveSwift/Sources/Observers/TakeFirst.swift (in target 'ReactiveSwift' from project 'ReactiveSwift')
cd /Users/admin/builder/spi-builder-workspace/.swiftpm/xcode
SwiftCompile normal arm64_32 /Users/admin/builder/spi-builder-workspace/.dependencies/checkouts/ReactiveSwift/Sources/Observers/TakeLast.swift (in target 'ReactiveSwift' from project 'ReactiveSwift')
cd /Users/admin/builder/spi-builder-workspace/.swiftpm/xcode
SwiftCompile normal arm64_32 /Users/admin/builder/spi-builder-workspace/.dependencies/checkouts/ReactiveSwift/Sources/Observers/TakeUntil.swift (in target 'ReactiveSwift' from project 'ReactiveSwift')
cd /Users/admin/builder/spi-builder-workspace/.swiftpm/xcode
SwiftCompile normal arm64_32 /Users/admin/builder/spi-builder-workspace/.dependencies/checkouts/ReactiveSwift/Sources/Observers/TakeWhile.swift (in target 'ReactiveSwift' from project 'ReactiveSwift')
cd /Users/admin/builder/spi-builder-workspace/.swiftpm/xcode
SwiftCompile normal arm64_32 /Users/admin/builder/spi-builder-workspace/.dependencies/checkouts/ReactiveSwift/Sources/Observers/Throttle.swift (in target 'ReactiveSwift' from project 'ReactiveSwift')
cd /Users/admin/builder/spi-builder-workspace/.swiftpm/xcode
SwiftDriverJobDiscovery normal armv7k Compiling DematerializeResults.swift, Filter.swift, LazyMap.swift, Map.swift, MapError.swift (in target 'ReactiveSwift' from project 'ReactiveSwift')
SwiftCompile normal arm64_32 Compiling\ SignalProducer+SwiftConcurrency.swift,\ SignalProducer.swift,\ UnidirectionalBinding.swift,\ UninhabitedTypeGuards.swift,\ ValidatingProperty.swift /Users/admin/builder/spi-builder-workspace/.dependencies/checkouts/ReactiveSwift/Sources/SignalProducer+SwiftConcurrency.swift /Users/admin/builder/spi-builder-workspace/.dependencies/checkouts/ReactiveSwift/Sources/SignalProducer.swift /Users/admin/builder/spi-builder-workspace/.dependencies/checkouts/ReactiveSwift/Sources/UnidirectionalBinding.swift /Users/admin/builder/spi-builder-workspace/.dependencies/checkouts/ReactiveSwift/Sources/UninhabitedTypeGuards.swift /Users/admin/builder/spi-builder-workspace/.dependencies/checkouts/ReactiveSwift/Sources/ValidatingProperty.swift (in target 'ReactiveSwift' from project 'ReactiveSwift')
SwiftCompile normal arm64_32 /Users/admin/builder/spi-builder-workspace/.dependencies/checkouts/ReactiveSwift/Sources/SignalProducer+SwiftConcurrency.swift (in target 'ReactiveSwift' from project 'ReactiveSwift')
cd /Users/admin/builder/spi-builder-workspace/.swiftpm/xcode
SwiftCompile normal arm64_32 /Users/admin/builder/spi-builder-workspace/.dependencies/checkouts/ReactiveSwift/Sources/SignalProducer.swift (in target 'ReactiveSwift' from project 'ReactiveSwift')
cd /Users/admin/builder/spi-builder-workspace/.swiftpm/xcode
SwiftCompile normal arm64_32 /Users/admin/builder/spi-builder-workspace/.dependencies/checkouts/ReactiveSwift/Sources/UnidirectionalBinding.swift (in target 'ReactiveSwift' from project 'ReactiveSwift')
cd /Users/admin/builder/spi-builder-workspace/.swiftpm/xcode
SwiftCompile normal arm64_32 /Users/admin/builder/spi-builder-workspace/.dependencies/checkouts/ReactiveSwift/Sources/UninhabitedTypeGuards.swift (in target 'ReactiveSwift' from project 'ReactiveSwift')
cd /Users/admin/builder/spi-builder-workspace/.swiftpm/xcode
SwiftCompile normal arm64_32 /Users/admin/builder/spi-builder-workspace/.dependencies/checkouts/ReactiveSwift/Sources/ValidatingProperty.swift (in target 'ReactiveSwift' from project 'ReactiveSwift')
cd /Users/admin/builder/spi-builder-workspace/.swiftpm/xcode
SwiftDriverJobDiscovery normal arm64_32 Compiling Action.swift, Atomic.swift, Bag.swift, Deprecations+Removals.swift, Disposable.swift, Event.swift (in target 'ReactiveSwift' from project 'ReactiveSwift')
SwiftCompile normal arm64_32 Compiling\ UnaryAsyncOperator.swift,\ UniqueValues.swift,\ Optional.swift,\ Property.swift,\ Reactive.swift /Users/admin/builder/spi-builder-workspace/.dependencies/checkouts/ReactiveSwift/Sources/Observers/UnaryAsyncOperator.swift /Users/admin/builder/spi-builder-workspace/.dependencies/checkouts/ReactiveSwift/Sources/Observers/UniqueValues.swift /Users/admin/builder/spi-builder-workspace/.dependencies/checkouts/ReactiveSwift/Sources/Optional.swift /Users/admin/builder/spi-builder-workspace/.dependencies/checkouts/ReactiveSwift/Sources/Property.swift /Users/admin/builder/spi-builder-workspace/.dependencies/checkouts/ReactiveSwift/Sources/Reactive.swift (in target 'ReactiveSwift' from project 'ReactiveSwift')
SwiftCompile normal arm64_32 /Users/admin/builder/spi-builder-workspace/.dependencies/checkouts/ReactiveSwift/Sources/Observers/UnaryAsyncOperator.swift (in target 'ReactiveSwift' from project 'ReactiveSwift')
cd /Users/admin/builder/spi-builder-workspace/.swiftpm/xcode
SwiftCompile normal arm64_32 /Users/admin/builder/spi-builder-workspace/.dependencies/checkouts/ReactiveSwift/Sources/Observers/UniqueValues.swift (in target 'ReactiveSwift' from project 'ReactiveSwift')
cd /Users/admin/builder/spi-builder-workspace/.swiftpm/xcode
SwiftCompile normal arm64_32 /Users/admin/builder/spi-builder-workspace/.dependencies/checkouts/ReactiveSwift/Sources/Optional.swift (in target 'ReactiveSwift' from project 'ReactiveSwift')
cd /Users/admin/builder/spi-builder-workspace/.swiftpm/xcode
SwiftCompile normal arm64_32 /Users/admin/builder/spi-builder-workspace/.dependencies/checkouts/ReactiveSwift/Sources/Property.swift (in target 'ReactiveSwift' from project 'ReactiveSwift')
cd /Users/admin/builder/spi-builder-workspace/.swiftpm/xcode
SwiftCompile normal arm64_32 /Users/admin/builder/spi-builder-workspace/.dependencies/checkouts/ReactiveSwift/Sources/Reactive.swift (in target 'ReactiveSwift' from project 'ReactiveSwift')
cd /Users/admin/builder/spi-builder-workspace/.swiftpm/xcode
SwiftDriverJobDiscovery normal armv7k Compiling CollectEvery.swift, CombinePrevious.swift, CompactMap.swift, Debounce.swift, Delay.swift, Dematerialize.swift (in target 'ReactiveSwift' from project 'ReactiveSwift')
SwiftCompile normal armv7k Compiling\ Materialize.swift,\ MaterializeAsResult.swift,\ ObserveOn.swift,\ Observer.swift,\ Operators.swift /Users/admin/builder/spi-builder-workspace/.dependencies/checkouts/ReactiveSwift/Sources/Observers/Materialize.swift /Users/admin/builder/spi-builder-workspace/.dependencies/checkouts/ReactiveSwift/Sources/Observers/MaterializeAsResult.swift /Users/admin/builder/spi-builder-workspace/.dependencies/checkouts/ReactiveSwift/Sources/Observers/ObserveOn.swift /Users/admin/builder/spi-builder-workspace/.dependencies/checkouts/ReactiveSwift/Sources/Observers/Observer.swift /Users/admin/builder/spi-builder-workspace/.dependencies/checkouts/ReactiveSwift/Sources/Observers/Operators.swift (in target 'ReactiveSwift' from project 'ReactiveSwift')
SwiftCompile normal armv7k /Users/admin/builder/spi-builder-workspace/.dependencies/checkouts/ReactiveSwift/Sources/Observers/Materialize.swift (in target 'ReactiveSwift' from project 'ReactiveSwift')
cd /Users/admin/builder/spi-builder-workspace/.swiftpm/xcode
SwiftCompile normal armv7k /Users/admin/builder/spi-builder-workspace/.dependencies/checkouts/ReactiveSwift/Sources/Observers/MaterializeAsResult.swift (in target 'ReactiveSwift' from project 'ReactiveSwift')
cd /Users/admin/builder/spi-builder-workspace/.swiftpm/xcode
SwiftCompile normal armv7k /Users/admin/builder/spi-builder-workspace/.dependencies/checkouts/ReactiveSwift/Sources/Observers/ObserveOn.swift (in target 'ReactiveSwift' from project 'ReactiveSwift')
cd /Users/admin/builder/spi-builder-workspace/.swiftpm/xcode
SwiftCompile normal armv7k /Users/admin/builder/spi-builder-workspace/.dependencies/checkouts/ReactiveSwift/Sources/Observers/Observer.swift (in target 'ReactiveSwift' from project 'ReactiveSwift')
cd /Users/admin/builder/spi-builder-workspace/.swiftpm/xcode
SwiftCompile normal armv7k /Users/admin/builder/spi-builder-workspace/.dependencies/checkouts/ReactiveSwift/Sources/Observers/Operators.swift (in target 'ReactiveSwift' from project 'ReactiveSwift')
cd /Users/admin/builder/spi-builder-workspace/.swiftpm/xcode
SwiftDriverJobDiscovery normal arm64 Compiling ResultExtensions.swift, Scheduler.swift, Signal+SwiftConcurrency.swift, Signal.Observer.swift, Signal.swift (in target 'ReactiveSwift' from project 'ReactiveSwift')
SwiftCompile normal armv7k Compiling\ UnaryAsyncOperator.swift,\ UniqueValues.swift,\ Optional.swift,\ Property.swift,\ Reactive.swift /Users/admin/builder/spi-builder-workspace/.dependencies/checkouts/ReactiveSwift/Sources/Observers/UnaryAsyncOperator.swift /Users/admin/builder/spi-builder-workspace/.dependencies/checkouts/ReactiveSwift/Sources/Observers/UniqueValues.swift /Users/admin/builder/spi-builder-workspace/.dependencies/checkouts/ReactiveSwift/Sources/Optional.swift /Users/admin/builder/spi-builder-workspace/.dependencies/checkouts/ReactiveSwift/Sources/Property.swift /Users/admin/builder/spi-builder-workspace/.dependencies/checkouts/ReactiveSwift/Sources/Reactive.swift (in target 'ReactiveSwift' from project 'ReactiveSwift')
SwiftCompile normal armv7k /Users/admin/builder/spi-builder-workspace/.dependencies/checkouts/ReactiveSwift/Sources/Observers/UnaryAsyncOperator.swift (in target 'ReactiveSwift' from project 'ReactiveSwift')
cd /Users/admin/builder/spi-builder-workspace/.swiftpm/xcode
SwiftCompile normal armv7k /Users/admin/builder/spi-builder-workspace/.dependencies/checkouts/ReactiveSwift/Sources/Observers/UniqueValues.swift (in target 'ReactiveSwift' from project 'ReactiveSwift')
cd /Users/admin/builder/spi-builder-workspace/.swiftpm/xcode
SwiftCompile normal armv7k /Users/admin/builder/spi-builder-workspace/.dependencies/checkouts/ReactiveSwift/Sources/Optional.swift (in target 'ReactiveSwift' from project 'ReactiveSwift')
cd /Users/admin/builder/spi-builder-workspace/.swiftpm/xcode
SwiftCompile normal armv7k /Users/admin/builder/spi-builder-workspace/.dependencies/checkouts/ReactiveSwift/Sources/Property.swift (in target 'ReactiveSwift' from project 'ReactiveSwift')
cd /Users/admin/builder/spi-builder-workspace/.swiftpm/xcode
SwiftCompile normal armv7k /Users/admin/builder/spi-builder-workspace/.dependencies/checkouts/ReactiveSwift/Sources/Reactive.swift (in target 'ReactiveSwift' from project 'ReactiveSwift')
cd /Users/admin/builder/spi-builder-workspace/.swiftpm/xcode
SwiftDriverJobDiscovery normal arm64_32 Compiling Materialize.swift, MaterializeAsResult.swift, ObserveOn.swift, Observer.swift, Operators.swift (in target 'ReactiveSwift' from project 'ReactiveSwift')
SwiftCompile normal arm64_32 Compiling\ DematerializeResults.swift,\ Filter.swift,\ LazyMap.swift,\ Map.swift,\ MapError.swift /Users/admin/builder/spi-builder-workspace/.dependencies/checkouts/ReactiveSwift/Sources/Observers/DematerializeResults.swift /Users/admin/builder/spi-builder-workspace/.dependencies/checkouts/ReactiveSwift/Sources/Observers/Filter.swift /Users/admin/builder/spi-builder-workspace/.dependencies/checkouts/ReactiveSwift/Sources/Observers/LazyMap.swift /Users/admin/builder/spi-builder-workspace/.dependencies/checkouts/ReactiveSwift/Sources/Observers/Map.swift /Users/admin/builder/spi-builder-workspace/.dependencies/checkouts/ReactiveSwift/Sources/Observers/MapError.swift (in target 'ReactiveSwift' from project 'ReactiveSwift')
SwiftCompile normal arm64_32 /Users/admin/builder/spi-builder-workspace/.dependencies/checkouts/ReactiveSwift/Sources/Observers/DematerializeResults.swift (in target 'ReactiveSwift' from project 'ReactiveSwift')
cd /Users/admin/builder/spi-builder-workspace/.swiftpm/xcode
SwiftCompile normal arm64_32 /Users/admin/builder/spi-builder-workspace/.dependencies/checkouts/ReactiveSwift/Sources/Observers/Filter.swift (in target 'ReactiveSwift' from project 'ReactiveSwift')
cd /Users/admin/builder/spi-builder-workspace/.swiftpm/xcode
SwiftCompile normal arm64_32 /Users/admin/builder/spi-builder-workspace/.dependencies/checkouts/ReactiveSwift/Sources/Observers/LazyMap.swift (in target 'ReactiveSwift' from project 'ReactiveSwift')
cd /Users/admin/builder/spi-builder-workspace/.swiftpm/xcode
SwiftCompile normal arm64_32 /Users/admin/builder/spi-builder-workspace/.dependencies/checkouts/ReactiveSwift/Sources/Observers/Map.swift (in target 'ReactiveSwift' from project 'ReactiveSwift')
cd /Users/admin/builder/spi-builder-workspace/.swiftpm/xcode
SwiftCompile normal arm64_32 /Users/admin/builder/spi-builder-workspace/.dependencies/checkouts/ReactiveSwift/Sources/Observers/MapError.swift (in target 'ReactiveSwift' from project 'ReactiveSwift')
cd /Users/admin/builder/spi-builder-workspace/.swiftpm/xcode
SwiftDriverJobDiscovery normal armv7k Compiling ResultExtensions.swift, Scheduler.swift, Signal+SwiftConcurrency.swift, Signal.Observer.swift, Signal.swift (in target 'ReactiveSwift' from project 'ReactiveSwift')
SwiftCompile normal arm64 Compiling\ Reduce.swift,\ ScanMap.swift,\ SkipFirst.swift,\ SkipRepeats.swift,\ SkipWhile.swift /Users/admin/builder/spi-builder-workspace/.dependencies/checkouts/ReactiveSwift/Sources/Observers/Reduce.swift /Users/admin/builder/spi-builder-workspace/.dependencies/checkouts/ReactiveSwift/Sources/Observers/ScanMap.swift /Users/admin/builder/spi-builder-workspace/.dependencies/checkouts/ReactiveSwift/Sources/Observers/SkipFirst.swift /Users/admin/builder/spi-builder-workspace/.dependencies/checkouts/ReactiveSwift/Sources/Observers/SkipRepeats.swift /Users/admin/builder/spi-builder-workspace/.dependencies/checkouts/ReactiveSwift/Sources/Observers/SkipWhile.swift (in target 'ReactiveSwift' from project 'ReactiveSwift')
SwiftCompile normal arm64 /Users/admin/builder/spi-builder-workspace/.dependencies/checkouts/ReactiveSwift/Sources/Observers/Reduce.swift (in target 'ReactiveSwift' from project 'ReactiveSwift')
cd /Users/admin/builder/spi-builder-workspace/.swiftpm/xcode
SwiftCompile normal arm64 /Users/admin/builder/spi-builder-workspace/.dependencies/checkouts/ReactiveSwift/Sources/Observers/ScanMap.swift (in target 'ReactiveSwift' from project 'ReactiveSwift')
cd /Users/admin/builder/spi-builder-workspace/.swiftpm/xcode
SwiftCompile normal arm64 /Users/admin/builder/spi-builder-workspace/.dependencies/checkouts/ReactiveSwift/Sources/Observers/SkipFirst.swift (in target 'ReactiveSwift' from project 'ReactiveSwift')
cd /Users/admin/builder/spi-builder-workspace/.swiftpm/xcode
SwiftCompile normal arm64 /Users/admin/builder/spi-builder-workspace/.dependencies/checkouts/ReactiveSwift/Sources/Observers/SkipRepeats.swift (in target 'ReactiveSwift' from project 'ReactiveSwift')
cd /Users/admin/builder/spi-builder-workspace/.swiftpm/xcode
SwiftCompile normal arm64 /Users/admin/builder/spi-builder-workspace/.dependencies/checkouts/ReactiveSwift/Sources/Observers/SkipWhile.swift (in target 'ReactiveSwift' from project 'ReactiveSwift')
cd /Users/admin/builder/spi-builder-workspace/.swiftpm/xcode
SwiftDriverJobDiscovery normal arm64 Compiling CollectEvery.swift, CombinePrevious.swift, CompactMap.swift, Debounce.swift, Delay.swift, Dematerialize.swift (in target 'ReactiveSwift' from project 'ReactiveSwift')
SwiftCompile normal arm64 Compiling\ SignalProducer+SwiftConcurrency.swift,\ SignalProducer.swift,\ UnidirectionalBinding.swift,\ UninhabitedTypeGuards.swift,\ ValidatingProperty.swift /Users/admin/builder/spi-builder-workspace/.dependencies/checkouts/ReactiveSwift/Sources/SignalProducer+SwiftConcurrency.swift /Users/admin/builder/spi-builder-workspace/.dependencies/checkouts/ReactiveSwift/Sources/SignalProducer.swift /Users/admin/builder/spi-builder-workspace/.dependencies/checkouts/ReactiveSwift/Sources/UnidirectionalBinding.swift /Users/admin/builder/spi-builder-workspace/.dependencies/checkouts/ReactiveSwift/Sources/UninhabitedTypeGuards.swift /Users/admin/builder/spi-builder-workspace/.dependencies/checkouts/ReactiveSwift/Sources/ValidatingProperty.swift (in target 'ReactiveSwift' from project 'ReactiveSwift')
SwiftCompile normal arm64 /Users/admin/builder/spi-builder-workspace/.dependencies/checkouts/ReactiveSwift/Sources/SignalProducer+SwiftConcurrency.swift (in target 'ReactiveSwift' from project 'ReactiveSwift')
cd /Users/admin/builder/spi-builder-workspace/.swiftpm/xcode
SwiftCompile normal arm64 /Users/admin/builder/spi-builder-workspace/.dependencies/checkouts/ReactiveSwift/Sources/SignalProducer.swift (in target 'ReactiveSwift' from project 'ReactiveSwift')
cd /Users/admin/builder/spi-builder-workspace/.swiftpm/xcode
SwiftCompile normal arm64 /Users/admin/builder/spi-builder-workspace/.dependencies/checkouts/ReactiveSwift/Sources/UnidirectionalBinding.swift (in target 'ReactiveSwift' from project 'ReactiveSwift')
cd /Users/admin/builder/spi-builder-workspace/.swiftpm/xcode
SwiftCompile normal arm64 /Users/admin/builder/spi-builder-workspace/.dependencies/checkouts/ReactiveSwift/Sources/UninhabitedTypeGuards.swift (in target 'ReactiveSwift' from project 'ReactiveSwift')
cd /Users/admin/builder/spi-builder-workspace/.swiftpm/xcode
SwiftCompile normal arm64 /Users/admin/builder/spi-builder-workspace/.dependencies/checkouts/ReactiveSwift/Sources/ValidatingProperty.swift (in target 'ReactiveSwift' from project 'ReactiveSwift')
cd /Users/admin/builder/spi-builder-workspace/.swiftpm/xcode
SwiftDriverJobDiscovery normal arm64 Compiling EventLogger.swift, Flatten.swift, FoundationExtensions.swift, Lifetime.swift, AttemptMap.swift, Collect.swift (in target 'ReactiveSwift' from project 'ReactiveSwift')
SwiftCompile normal arm64_32 Compiling\ Reduce.swift,\ ScanMap.swift,\ SkipFirst.swift,\ SkipRepeats.swift,\ SkipWhile.swift /Users/admin/builder/spi-builder-workspace/.dependencies/checkouts/ReactiveSwift/Sources/Observers/Reduce.swift /Users/admin/builder/spi-builder-workspace/.dependencies/checkouts/ReactiveSwift/Sources/Observers/ScanMap.swift /Users/admin/builder/spi-builder-workspace/.dependencies/checkouts/ReactiveSwift/Sources/Observers/SkipFirst.swift /Users/admin/builder/spi-builder-workspace/.dependencies/checkouts/ReactiveSwift/Sources/Observers/SkipRepeats.swift /Users/admin/builder/spi-builder-workspace/.dependencies/checkouts/ReactiveSwift/Sources/Observers/SkipWhile.swift (in target 'ReactiveSwift' from project 'ReactiveSwift')
SwiftCompile normal arm64_32 /Users/admin/builder/spi-builder-workspace/.dependencies/checkouts/ReactiveSwift/Sources/Observers/Reduce.swift (in target 'ReactiveSwift' from project 'ReactiveSwift')
cd /Users/admin/builder/spi-builder-workspace/.swiftpm/xcode
SwiftCompile normal arm64_32 /Users/admin/builder/spi-builder-workspace/.dependencies/checkouts/ReactiveSwift/Sources/Observers/ScanMap.swift (in target 'ReactiveSwift' from project 'ReactiveSwift')
cd /Users/admin/builder/spi-builder-workspace/.swiftpm/xcode
SwiftCompile normal arm64_32 /Users/admin/builder/spi-builder-workspace/.dependencies/checkouts/ReactiveSwift/Sources/Observers/SkipFirst.swift (in target 'ReactiveSwift' from project 'ReactiveSwift')
cd /Users/admin/builder/spi-builder-workspace/.swiftpm/xcode
SwiftCompile normal arm64_32 /Users/admin/builder/spi-builder-workspace/.dependencies/checkouts/ReactiveSwift/Sources/Observers/SkipRepeats.swift (in target 'ReactiveSwift' from project 'ReactiveSwift')
cd /Users/admin/builder/spi-builder-workspace/.swiftpm/xcode
SwiftCompile normal arm64_32 /Users/admin/builder/spi-builder-workspace/.dependencies/checkouts/ReactiveSwift/Sources/Observers/SkipWhile.swift (in target 'ReactiveSwift' from project 'ReactiveSwift')
cd /Users/admin/builder/spi-builder-workspace/.swiftpm/xcode
SwiftDriverJobDiscovery normal armv7k Compiling Materialize.swift, MaterializeAsResult.swift, ObserveOn.swift, Observer.swift, Operators.swift (in target 'ReactiveSwift' from project 'ReactiveSwift')
SwiftCompile normal armv7k Compiling\ SignalProducer+SwiftConcurrency.swift,\ SignalProducer.swift,\ UnidirectionalBinding.swift,\ UninhabitedTypeGuards.swift,\ ValidatingProperty.swift /Users/admin/builder/spi-builder-workspace/.dependencies/checkouts/ReactiveSwift/Sources/SignalProducer+SwiftConcurrency.swift /Users/admin/builder/spi-builder-workspace/.dependencies/checkouts/ReactiveSwift/Sources/SignalProducer.swift /Users/admin/builder/spi-builder-workspace/.dependencies/checkouts/ReactiveSwift/Sources/UnidirectionalBinding.swift /Users/admin/builder/spi-builder-workspace/.dependencies/checkouts/ReactiveSwift/Sources/UninhabitedTypeGuards.swift /Users/admin/builder/spi-builder-workspace/.dependencies/checkouts/ReactiveSwift/Sources/ValidatingProperty.swift (in target 'ReactiveSwift' from project 'ReactiveSwift')
SwiftCompile normal armv7k /Users/admin/builder/spi-builder-workspace/.dependencies/checkouts/ReactiveSwift/Sources/SignalProducer+SwiftConcurrency.swift (in target 'ReactiveSwift' from project 'ReactiveSwift')
cd /Users/admin/builder/spi-builder-workspace/.swiftpm/xcode
SwiftCompile normal armv7k /Users/admin/builder/spi-builder-workspace/.dependencies/checkouts/ReactiveSwift/Sources/SignalProducer.swift (in target 'ReactiveSwift' from project 'ReactiveSwift')
cd /Users/admin/builder/spi-builder-workspace/.swiftpm/xcode
SwiftCompile normal armv7k /Users/admin/builder/spi-builder-workspace/.dependencies/checkouts/ReactiveSwift/Sources/UnidirectionalBinding.swift (in target 'ReactiveSwift' from project 'ReactiveSwift')
cd /Users/admin/builder/spi-builder-workspace/.swiftpm/xcode
SwiftCompile normal armv7k /Users/admin/builder/spi-builder-workspace/.dependencies/checkouts/ReactiveSwift/Sources/UninhabitedTypeGuards.swift (in target 'ReactiveSwift' from project 'ReactiveSwift')
cd /Users/admin/builder/spi-builder-workspace/.swiftpm/xcode
SwiftCompile normal armv7k /Users/admin/builder/spi-builder-workspace/.dependencies/checkouts/ReactiveSwift/Sources/ValidatingProperty.swift (in target 'ReactiveSwift' from project 'ReactiveSwift')
cd /Users/admin/builder/spi-builder-workspace/.swiftpm/xcode
SwiftDriverJobDiscovery normal arm64_32 Compiling TakeFirst.swift, TakeLast.swift, TakeUntil.swift, TakeWhile.swift, Throttle.swift (in target 'ReactiveSwift' from project 'ReactiveSwift')
SwiftCompile normal armv7k Compiling\ Action.swift,\ Atomic.swift,\ Bag.swift,\ Deprecations+Removals.swift,\ Disposable.swift,\ Event.swift /Users/admin/builder/spi-builder-workspace/.dependencies/checkouts/ReactiveSwift/Sources/Action.swift /Users/admin/builder/spi-builder-workspace/.dependencies/checkouts/ReactiveSwift/Sources/Atomic.swift /Users/admin/builder/spi-builder-workspace/.dependencies/checkouts/ReactiveSwift/Sources/Bag.swift /Users/admin/builder/spi-builder-workspace/.dependencies/checkouts/ReactiveSwift/Sources/Deprecations+Removals.swift /Users/admin/builder/spi-builder-workspace/.dependencies/checkouts/ReactiveSwift/Sources/Disposable.swift /Users/admin/builder/spi-builder-workspace/.dependencies/checkouts/ReactiveSwift/Sources/Event.swift (in target 'ReactiveSwift' from project 'ReactiveSwift')
SwiftCompile normal armv7k /Users/admin/builder/spi-builder-workspace/.dependencies/checkouts/ReactiveSwift/Sources/Action.swift (in target 'ReactiveSwift' from project 'ReactiveSwift')
cd /Users/admin/builder/spi-builder-workspace/.swiftpm/xcode
SwiftCompile normal armv7k /Users/admin/builder/spi-builder-workspace/.dependencies/checkouts/ReactiveSwift/Sources/Atomic.swift (in target 'ReactiveSwift' from project 'ReactiveSwift')
cd /Users/admin/builder/spi-builder-workspace/.swiftpm/xcode
SwiftCompile normal armv7k /Users/admin/builder/spi-builder-workspace/.dependencies/checkouts/ReactiveSwift/Sources/Bag.swift (in target 'ReactiveSwift' from project 'ReactiveSwift')
cd /Users/admin/builder/spi-builder-workspace/.swiftpm/xcode
SwiftCompile normal armv7k /Users/admin/builder/spi-builder-workspace/.dependencies/checkouts/ReactiveSwift/Sources/Deprecations+Removals.swift (in target 'ReactiveSwift' from project 'ReactiveSwift')
cd /Users/admin/builder/spi-builder-workspace/.swiftpm/xcode
SwiftCompile normal armv7k /Users/admin/builder/spi-builder-workspace/.dependencies/checkouts/ReactiveSwift/Sources/Disposable.swift (in target 'ReactiveSwift' from project 'ReactiveSwift')
cd /Users/admin/builder/spi-builder-workspace/.swiftpm/xcode
SwiftCompile normal armv7k /Users/admin/builder/spi-builder-workspace/.dependencies/checkouts/ReactiveSwift/Sources/Event.swift (in target 'ReactiveSwift' from project 'ReactiveSwift')
cd /Users/admin/builder/spi-builder-workspace/.swiftpm/xcode
SwiftDriverJobDiscovery normal arm64_32 Compiling DematerializeResults.swift, Filter.swift, LazyMap.swift, Map.swift, MapError.swift (in target 'ReactiveSwift' from project 'ReactiveSwift')
SwiftCompile normal arm64_32 Compiling\ Identity.swift /Users/admin/builder/spi-builder-workspace/.dependencies/checkouts/Identity/Sources/Identity/Identity.swift (in target 'Identity' from project 'Identity')
SwiftCompile normal arm64_32 /Users/admin/builder/spi-builder-workspace/.dependencies/checkouts/Identity/Sources/Identity/Identity.swift (in target 'Identity' from project 'Identity')
cd /Users/admin/builder/spi-builder-workspace/.swiftpm/xcode
SwiftDriverJobDiscovery normal armv7k Compiling EventLogger.swift, Flatten.swift, FoundationExtensions.swift, Lifetime.swift, AttemptMap.swift, Collect.swift (in target 'ReactiveSwift' from project 'ReactiveSwift')
SwiftCompile normal armv7k Compiling\ Identity.swift /Users/admin/builder/spi-builder-workspace/.dependencies/checkouts/Identity/Sources/Identity/Identity.swift (in target 'Identity' from project 'Identity')
SwiftCompile normal armv7k /Users/admin/builder/spi-builder-workspace/.dependencies/checkouts/Identity/Sources/Identity/Identity.swift (in target 'Identity' from project 'Identity')
cd /Users/admin/builder/spi-builder-workspace/.swiftpm/xcode
SwiftDriverJobDiscovery normal arm64 Compiling Reduce.swift, ScanMap.swift, SkipFirst.swift, SkipRepeats.swift, SkipWhile.swift (in target 'ReactiveSwift' from project 'ReactiveSwift')
SwiftDriver Catena normal armv7k com.apple.xcode.tools.swift.compiler (in target 'Catena' from project 'Catena')
cd /Users/admin/builder/spi-builder-workspace/.swiftpm/xcode
builtin-SwiftDriver -- /Applications/Xcode-16.3.0.app/Contents/Developer/Toolchains/XcodeDefault.xctoolchain/usr/bin/swiftc -module-name Catena -Onone -enforce-exclusivity\=checked @/Users/admin/builder/spi-builder-workspace/.derivedData/Build/Intermediates.noindex/Catena.build/Debug-watchos/Catena.build/Objects-normal/armv7k/Catena.SwiftFileList -DSWIFT_PACKAGE -DDEBUG -DXcode -enable-upcoming-feature ExistentialAny -plugin-path /Applications/Xcode-16.3.0.app/Contents/Developer/Toolchains/XcodeDefault.xctoolchain/usr/lib/swift/host/plugins/testing -enable-experimental-feature DebugDescriptionMacro -sdk /Applications/Xcode-16.3.0.app/Contents/Developer/Platforms/WatchOS.platform/Developer/SDKs/WatchOS11.4.sdk -target armv7k-apple-watchos6.0 -g -module-cache-path /Users/admin/builder/spi-builder-workspace/.derivedData/ModuleCache.noindex -Xfrontend -serialize-debugging-options -enable-testing -suppress-warnings -index-store-path /Users/admin/builder/spi-builder-workspace/.derivedData/Index.noindex/DataStore -swift-version 6 -I /Users/admin/builder/spi-builder-workspace/.derivedData/Build/Products/Debug-watchos -I /Applications/Xcode-16.3.0.app/Contents/Developer/Platforms/WatchOS.platform/Developer/usr/lib -F /Users/admin/builder/spi-builder-workspace/.derivedData/Build/Products/Debug-watchos/PackageFrameworks -F /Users/admin/builder/spi-builder-workspace/.derivedData/Build/Products/Debug-watchos -F /Applications/Xcode-16.3.0.app/Contents/Developer/Platforms/WatchOS.platform/Developer/Library/Frameworks -F /Applications/Xcode-16.3.0.app/Contents/Developer/Platforms/WatchOS.platform/Developer/SDKs/WatchOS11.4.sdk/Developer/Library/Frameworks -c -j10 -enable-batch-mode -incremental -Xcc -ivfsstatcache -Xcc /Users/admin/builder/spi-builder-workspace/.derivedData/SDKStatCaches.noindex/watchos11.4-22T246-43efb940ff07ba2497b70ec94253f576.sdkstatcache -output-file-map /Users/admin/builder/spi-builder-workspace/.derivedData/Build/Intermediates.noindex/Catena.build/Debug-watchos/Catena.build/Objects-normal/armv7k/Catena-OutputFileMap.json -use-frontend-parseable-output -save-temps -no-color-diagnostics -serialize-diagnostics -emit-dependencies -emit-module -emit-module-path /Users/admin/builder/spi-builder-workspace/.derivedData/Build/Intermediates.noindex/Catena.build/Debug-watchos/Catena.build/Objects-normal/armv7k/Catena.swiftmodule -validate-clang-modules-once -clang-build-session-file /Users/admin/builder/spi-builder-workspace/.derivedData/ModuleCache.noindex/Session.modulevalidation -package-name catena -Xcc -I/Users/admin/builder/spi-builder-workspace/.derivedData/Build/Intermediates.noindex/Catena.build/Debug-watchos/Catena.build/swift-overrides.hmap -emit-const-values -Xfrontend -const-gather-protocols-file -Xfrontend /Users/admin/builder/spi-builder-workspace/.derivedData/Build/Intermediates.noindex/Catena.build/Debug-watchos/Catena.build/Objects-normal/armv7k/Catena_const_extract_protocols.json -Xcc -I/Users/admin/builder/spi-builder-workspace/.derivedData/Build/Products/Debug-watchos/include -Xcc -I/Users/admin/builder/spi-builder-workspace/.derivedData/Build/Intermediates.noindex/Catena.build/Debug-watchos/Catena.build/DerivedSources-normal/armv7k -Xcc -I/Users/admin/builder/spi-builder-workspace/.derivedData/Build/Intermediates.noindex/Catena.build/Debug-watchos/Catena.build/DerivedSources/armv7k -Xcc -I/Users/admin/builder/spi-builder-workspace/.derivedData/Build/Intermediates.noindex/Catena.build/Debug-watchos/Catena.build/DerivedSources -Xcc -DSWIFT_PACKAGE -Xcc -DDEBUG\=1 -emit-objc-header -emit-objc-header-path /Users/admin/builder/spi-builder-workspace/.derivedData/Build/Intermediates.noindex/Catena.build/Debug-watchos/Catena.build/Objects-normal/armv7k/Catena-Swift.h -working-directory /Users/admin/builder/spi-builder-workspace/.swiftpm/xcode -experimental-emit-module-separately -disable-cmo
SwiftDriver Catena normal arm64 com.apple.xcode.tools.swift.compiler (in target 'Catena' from project 'Catena')
cd /Users/admin/builder/spi-builder-workspace/.swiftpm/xcode
builtin-SwiftDriver -- /Applications/Xcode-16.3.0.app/Contents/Developer/Toolchains/XcodeDefault.xctoolchain/usr/bin/swiftc -module-name Catena -Onone -enforce-exclusivity\=checked @/Users/admin/builder/spi-builder-workspace/.derivedData/Build/Intermediates.noindex/Catena.build/Debug-watchos/Catena.build/Objects-normal/arm64/Catena.SwiftFileList -DSWIFT_PACKAGE -DDEBUG -DXcode -enable-upcoming-feature ExistentialAny -plugin-path /Applications/Xcode-16.3.0.app/Contents/Developer/Toolchains/XcodeDefault.xctoolchain/usr/lib/swift/host/plugins/testing -enable-experimental-feature DebugDescriptionMacro -sdk /Applications/Xcode-16.3.0.app/Contents/Developer/Platforms/WatchOS.platform/Developer/SDKs/WatchOS11.4.sdk -target arm64-apple-watchos6.0 -g -module-cache-path /Users/admin/builder/spi-builder-workspace/.derivedData/ModuleCache.noindex -Xfrontend -serialize-debugging-options -enable-testing -suppress-warnings -index-store-path /Users/admin/builder/spi-builder-workspace/.derivedData/Index.noindex/DataStore -swift-version 6 -I /Users/admin/builder/spi-builder-workspace/.derivedData/Build/Products/Debug-watchos -I /Applications/Xcode-16.3.0.app/Contents/Developer/Platforms/WatchOS.platform/Developer/usr/lib -F /Users/admin/builder/spi-builder-workspace/.derivedData/Build/Products/Debug-watchos/PackageFrameworks -F /Users/admin/builder/spi-builder-workspace/.derivedData/Build/Products/Debug-watchos -F /Applications/Xcode-16.3.0.app/Contents/Developer/Platforms/WatchOS.platform/Developer/Library/Frameworks -F /Applications/Xcode-16.3.0.app/Contents/Developer/Platforms/WatchOS.platform/Developer/SDKs/WatchOS11.4.sdk/Developer/Library/Frameworks -c -j10 -enable-batch-mode -incremental -Xcc -ivfsstatcache -Xcc /Users/admin/builder/spi-builder-workspace/.derivedData/SDKStatCaches.noindex/watchos11.4-22T246-43efb940ff07ba2497b70ec94253f576.sdkstatcache -output-file-map /Users/admin/builder/spi-builder-workspace/.derivedData/Build/Intermediates.noindex/Catena.build/Debug-watchos/Catena.build/Objects-normal/arm64/Catena-OutputFileMap.json -use-frontend-parseable-output -save-temps -no-color-diagnostics -serialize-diagnostics -emit-dependencies -emit-module -emit-module-path /Users/admin/builder/spi-builder-workspace/.derivedData/Build/Intermediates.noindex/Catena.build/Debug-watchos/Catena.build/Objects-normal/arm64/Catena.swiftmodule -validate-clang-modules-once -clang-build-session-file /Users/admin/builder/spi-builder-workspace/.derivedData/ModuleCache.noindex/Session.modulevalidation -package-name catena -Xcc -I/Users/admin/builder/spi-builder-workspace/.derivedData/Build/Intermediates.noindex/Catena.build/Debug-watchos/Catena.build/swift-overrides.hmap -emit-const-values -Xfrontend -const-gather-protocols-file -Xfrontend /Users/admin/builder/spi-builder-workspace/.derivedData/Build/Intermediates.noindex/Catena.build/Debug-watchos/Catena.build/Objects-normal/arm64/Catena_const_extract_protocols.json -Xcc -I/Users/admin/builder/spi-builder-workspace/.derivedData/Build/Products/Debug-watchos/include -Xcc -I/Users/admin/builder/spi-builder-workspace/.derivedData/Build/Intermediates.noindex/Catena.build/Debug-watchos/Catena.build/DerivedSources-normal/arm64 -Xcc -I/Users/admin/builder/spi-builder-workspace/.derivedData/Build/Intermediates.noindex/Catena.build/Debug-watchos/Catena.build/DerivedSources/arm64 -Xcc -I/Users/admin/builder/spi-builder-workspace/.derivedData/Build/Intermediates.noindex/Catena.build/Debug-watchos/Catena.build/DerivedSources -Xcc -DSWIFT_PACKAGE -Xcc -DDEBUG\=1 -emit-objc-header -emit-objc-header-path /Users/admin/builder/spi-builder-workspace/.derivedData/Build/Intermediates.noindex/Catena.build/Debug-watchos/Catena.build/Objects-normal/arm64/Catena-Swift.h -working-directory /Users/admin/builder/spi-builder-workspace/.swiftpm/xcode -experimental-emit-module-separately -disable-cmo
SwiftDriverJobDiscovery normal arm64_32 Compiling Reduce.swift, ScanMap.swift, SkipFirst.swift, SkipRepeats.swift, SkipWhile.swift (in target 'ReactiveSwift' from project 'ReactiveSwift')
SwiftDriverJobDiscovery normal arm64_32 Compiling UnaryAsyncOperator.swift, UniqueValues.swift, Optional.swift, Property.swift, Reactive.swift (in target 'ReactiveSwift' from project 'ReactiveSwift')
SwiftDriver Catena normal arm64_32 com.apple.xcode.tools.swift.compiler (in target 'Catena' from project 'Catena')
cd /Users/admin/builder/spi-builder-workspace/.swiftpm/xcode
builtin-SwiftDriver -- /Applications/Xcode-16.3.0.app/Contents/Developer/Toolchains/XcodeDefault.xctoolchain/usr/bin/swiftc -module-name Catena -Onone -enforce-exclusivity\=checked @/Users/admin/builder/spi-builder-workspace/.derivedData/Build/Intermediates.noindex/Catena.build/Debug-watchos/Catena.build/Objects-normal/arm64_32/Catena.SwiftFileList -DSWIFT_PACKAGE -DDEBUG -DXcode -enable-upcoming-feature ExistentialAny -plugin-path /Applications/Xcode-16.3.0.app/Contents/Developer/Toolchains/XcodeDefault.xctoolchain/usr/lib/swift/host/plugins/testing -enable-experimental-feature DebugDescriptionMacro -sdk /Applications/Xcode-16.3.0.app/Contents/Developer/Platforms/WatchOS.platform/Developer/SDKs/WatchOS11.4.sdk -target arm64_32-apple-watchos6.0 -g -module-cache-path /Users/admin/builder/spi-builder-workspace/.derivedData/ModuleCache.noindex -Xfrontend -serialize-debugging-options -enable-testing -suppress-warnings -index-store-path /Users/admin/builder/spi-builder-workspace/.derivedData/Index.noindex/DataStore -swift-version 6 -I /Users/admin/builder/spi-builder-workspace/.derivedData/Build/Products/Debug-watchos -I /Applications/Xcode-16.3.0.app/Contents/Developer/Platforms/WatchOS.platform/Developer/usr/lib -F /Users/admin/builder/spi-builder-workspace/.derivedData/Build/Products/Debug-watchos/PackageFrameworks -F /Users/admin/builder/spi-builder-workspace/.derivedData/Build/Products/Debug-watchos -F /Applications/Xcode-16.3.0.app/Contents/Developer/Platforms/WatchOS.platform/Developer/Library/Frameworks -F /Applications/Xcode-16.3.0.app/Contents/Developer/Platforms/WatchOS.platform/Developer/SDKs/WatchOS11.4.sdk/Developer/Library/Frameworks -c -j10 -enable-batch-mode -incremental -Xcc -ivfsstatcache -Xcc /Users/admin/builder/spi-builder-workspace/.derivedData/SDKStatCaches.noindex/watchos11.4-22T246-43efb940ff07ba2497b70ec94253f576.sdkstatcache -output-file-map /Users/admin/builder/spi-builder-workspace/.derivedData/Build/Intermediates.noindex/Catena.build/Debug-watchos/Catena.build/Objects-normal/arm64_32/Catena-OutputFileMap.json -use-frontend-parseable-output -save-temps -no-color-diagnostics -serialize-diagnostics -emit-dependencies -emit-module -emit-module-path /Users/admin/builder/spi-builder-workspace/.derivedData/Build/Intermediates.noindex/Catena.build/Debug-watchos/Catena.build/Objects-normal/arm64_32/Catena.swiftmodule -validate-clang-modules-once -clang-build-session-file /Users/admin/builder/spi-builder-workspace/.derivedData/ModuleCache.noindex/Session.modulevalidation -package-name catena -Xcc -I/Users/admin/builder/spi-builder-workspace/.derivedData/Build/Intermediates.noindex/Catena.build/Debug-watchos/Catena.build/swift-overrides.hmap -emit-const-values -Xfrontend -const-gather-protocols-file -Xfrontend /Users/admin/builder/spi-builder-workspace/.derivedData/Build/Intermediates.noindex/Catena.build/Debug-watchos/Catena.build/Objects-normal/arm64_32/Catena_const_extract_protocols.json -Xcc -I/Users/admin/builder/spi-builder-workspace/.derivedData/Build/Products/Debug-watchos/include -Xcc -I/Users/admin/builder/spi-builder-workspace/.derivedData/Build/Intermediates.noindex/Catena.build/Debug-watchos/Catena.build/DerivedSources-normal/arm64_32 -Xcc -I/Users/admin/builder/spi-builder-workspace/.derivedData/Build/Intermediates.noindex/Catena.build/Debug-watchos/Catena.build/DerivedSources/arm64_32 -Xcc -I/Users/admin/builder/spi-builder-workspace/.derivedData/Build/Intermediates.noindex/Catena.build/Debug-watchos/Catena.build/DerivedSources -Xcc -DSWIFT_PACKAGE -Xcc -DDEBUG\=1 -emit-objc-header -emit-objc-header-path /Users/admin/builder/spi-builder-workspace/.derivedData/Build/Intermediates.noindex/Catena.build/Debug-watchos/Catena.build/Objects-normal/arm64_32/Catena-Swift.h -working-directory /Users/admin/builder/spi-builder-workspace/.swiftpm/xcode -experimental-emit-module-separately -disable-cmo
SwiftEmitModule normal arm64 Emitting\ module\ for\ Catena (in target 'Catena' from project 'Catena')
EmitSwiftModule normal arm64 (in target 'Catena' from project 'Catena')
cd /Users/admin/builder/spi-builder-workspace/.swiftpm/xcode
SwiftCompile normal arm64 Compiling\ Identity.swift /Users/admin/builder/spi-builder-workspace/.dependencies/checkouts/Identity/Sources/Identity/Identity.swift (in target 'Identity' from project 'Identity')
SwiftCompile normal arm64 /Users/admin/builder/spi-builder-workspace/.dependencies/checkouts/Identity/Sources/Identity/Identity.swift (in target 'Identity' from project 'Identity')
cd /Users/admin/builder/spi-builder-workspace/.swiftpm/xcode
SwiftDriverJobDiscovery normal arm64_32 Compiling Identity.swift (in target 'Identity' from project 'Identity')
SwiftEmitModule normal armv7k Emitting\ module\ for\ Catena (in target 'Catena' from project 'Catena')
EmitSwiftModule normal armv7k (in target 'Catena' from project 'Catena')
cd /Users/admin/builder/spi-builder-workspace/.swiftpm/xcode
SwiftEmitModule normal arm64_32 Emitting\ module\ for\ Catena (in target 'Catena' from project 'Catena')
EmitSwiftModule normal arm64_32 (in target 'Catena' from project 'Catena')
cd /Users/admin/builder/spi-builder-workspace/.swiftpm/xcode
SwiftDriverJobDiscovery normal armv7k Compiling UnaryAsyncOperator.swift, UniqueValues.swift, Optional.swift, Property.swift, Reactive.swift (in target 'ReactiveSwift' from project 'ReactiveSwift')
SwiftDriver\ Compilation Identity normal arm64_32 com.apple.xcode.tools.swift.compiler (in target 'Identity' from project 'Identity')
cd /Users/admin/builder/spi-builder-workspace/.swiftpm/xcode
builtin-Swift-Compilation -- /Applications/Xcode-16.3.0.app/Contents/Developer/Toolchains/XcodeDefault.xctoolchain/usr/bin/swiftc -module-name Identity -Onone -enforce-exclusivity\=checked @/Users/admin/builder/spi-builder-workspace/.derivedData/Build/Intermediates.noindex/Identity.build/Debug-watchos/Identity.build/Objects-normal/arm64_32/Identity.SwiftFileList -DSWIFT_PACKAGE -DDEBUG -DXcode -plugin-path /Applications/Xcode-16.3.0.app/Contents/Developer/Toolchains/XcodeDefault.xctoolchain/usr/lib/swift/host/plugins/testing -enable-experimental-feature DebugDescriptionMacro -sdk /Applications/Xcode-16.3.0.app/Contents/Developer/Platforms/WatchOS.platform/Developer/SDKs/WatchOS11.4.sdk -target arm64_32-apple-watchos5.0 -g -module-cache-path /Users/admin/builder/spi-builder-workspace/.derivedData/ModuleCache.noindex -Xfrontend -serialize-debugging-options -enable-testing -suppress-warnings -index-store-path /Users/admin/builder/spi-builder-workspace/.derivedData/Index.noindex/DataStore -swift-version 5 -I /Users/admin/builder/spi-builder-workspace/.derivedData/Build/Products/Debug-watchos -I /Applications/Xcode-16.3.0.app/Contents/Developer/Platforms/WatchOS.platform/Developer/usr/lib -F /Users/admin/builder/spi-builder-workspace/.derivedData/Build/Products/Debug-watchos -F /Applications/Xcode-16.3.0.app/Contents/Developer/Platforms/WatchOS.platform/Developer/Library/Frameworks -F /Applications/Xcode-16.3.0.app/Contents/Developer/Platforms/WatchOS.platform/Developer/SDKs/WatchOS11.4.sdk/Developer/Library/Frameworks -parse-as-library -c -j10 -enable-batch-mode -incremental -Xcc -ivfsstatcache -Xcc /Users/admin/builder/spi-builder-workspace/.derivedData/SDKStatCaches.noindex/watchos11.4-22T246-43efb940ff07ba2497b70ec94253f576.sdkstatcache -output-file-map /Users/admin/builder/spi-builder-workspace/.derivedData/Build/Intermediates.noindex/Identity.build/Debug-watchos/Identity.build/Objects-normal/arm64_32/Identity-OutputFileMap.json -use-frontend-parseable-output -save-temps -no-color-diagnostics -serialize-diagnostics -emit-dependencies -emit-module -emit-module-path /Users/admin/builder/spi-builder-workspace/.derivedData/Build/Intermediates.noindex/Identity.build/Debug-watchos/Identity.build/Objects-normal/arm64_32/Identity.swiftmodule -validate-clang-modules-once -clang-build-session-file /Users/admin/builder/spi-builder-workspace/.derivedData/ModuleCache.noindex/Session.modulevalidation -Xcc -I/Users/admin/builder/spi-builder-workspace/.derivedData/Build/Intermediates.noindex/Identity.build/Debug-watchos/Identity.build/swift-overrides.hmap -emit-const-values -Xfrontend -const-gather-protocols-file -Xfrontend /Users/admin/builder/spi-builder-workspace/.derivedData/Build/Intermediates.noindex/Identity.build/Debug-watchos/Identity.build/Objects-normal/arm64_32/Identity_const_extract_protocols.json -Xcc -I/Users/admin/builder/spi-builder-workspace/.derivedData/Build/Products/Debug-watchos/include -Xcc -I/Users/admin/builder/spi-builder-workspace/.derivedData/Build/Intermediates.noindex/Identity.build/Debug-watchos/Identity.build/DerivedSources-normal/arm64_32 -Xcc -I/Users/admin/builder/spi-builder-workspace/.derivedData/Build/Intermediates.noindex/Identity.build/Debug-watchos/Identity.build/DerivedSources/arm64_32 -Xcc -I/Users/admin/builder/spi-builder-workspace/.derivedData/Build/Intermediates.noindex/Identity.build/Debug-watchos/Identity.build/DerivedSources -Xcc -DSWIFT_PACKAGE -Xcc -DDEBUG\=1 -emit-objc-header -emit-objc-header-path /Users/admin/builder/spi-builder-workspace/.derivedData/Build/Intermediates.noindex/Identity.build/Debug-watchos/Identity.build/Objects-normal/arm64_32/Identity-Swift.h -working-directory /Users/admin/builder/spi-builder-workspace/.swiftpm/xcode -experimental-emit-module-separately -disable-cmo
SwiftDriverJobDiscovery normal arm64_32 Compiling ResultExtensions.swift, Scheduler.swift, Signal+SwiftConcurrency.swift, Signal.Observer.swift, Signal.swift (in target 'ReactiveSwift' from project 'ReactiveSwift')
SwiftCompile normal armv7k Compiling\ Patch.swift /Users/admin/builder/spi-builder-workspace/.dependencies/checkouts/Differ/Sources/Differ/Patch.swift (in target 'Differ' from project 'Differ')
SwiftCompile normal armv7k /Users/admin/builder/spi-builder-workspace/.dependencies/checkouts/Differ/Sources/Differ/Patch.swift (in target 'Differ' from project 'Differ')
cd /Users/admin/builder/spi-builder-workspace/.swiftpm/xcode
SwiftCompile normal arm64 Compiling\ BatchUpdate.swift,\ Diff+AppKit.swift /Users/admin/builder/spi-builder-workspace/.dependencies/checkouts/Differ/Sources/Differ/BatchUpdate.swift /Users/admin/builder/spi-builder-workspace/.dependencies/checkouts/Differ/Sources/Differ/Diff+AppKit.swift (in target 'Differ' from project 'Differ')
SwiftCompile normal arm64 /Users/admin/builder/spi-builder-workspace/.dependencies/checkouts/Differ/Sources/Differ/BatchUpdate.swift (in target 'Differ' from project 'Differ')
cd /Users/admin/builder/spi-builder-workspace/.swiftpm/xcode
SwiftCompile normal arm64 /Users/admin/builder/spi-builder-workspace/.dependencies/checkouts/Differ/Sources/Differ/Diff+AppKit.swift (in target 'Differ' from project 'Differ')
cd /Users/admin/builder/spi-builder-workspace/.swiftpm/xcode
SwiftDriverJobDiscovery normal armv7k Compiling Identity.swift (in target 'Identity' from project 'Identity')
SwiftDriver\ Compilation Identity normal armv7k com.apple.xcode.tools.swift.compiler (in target 'Identity' from project 'Identity')
cd /Users/admin/builder/spi-builder-workspace/.swiftpm/xcode
builtin-Swift-Compilation -- /Applications/Xcode-16.3.0.app/Contents/Developer/Toolchains/XcodeDefault.xctoolchain/usr/bin/swiftc -module-name Identity -Onone -enforce-exclusivity\=checked @/Users/admin/builder/spi-builder-workspace/.derivedData/Build/Intermediates.noindex/Identity.build/Debug-watchos/Identity.build/Objects-normal/armv7k/Identity.SwiftFileList -DSWIFT_PACKAGE -DDEBUG -DXcode -plugin-path /Applications/Xcode-16.3.0.app/Contents/Developer/Toolchains/XcodeDefault.xctoolchain/usr/lib/swift/host/plugins/testing -enable-experimental-feature DebugDescriptionMacro -sdk /Applications/Xcode-16.3.0.app/Contents/Developer/Platforms/WatchOS.platform/Developer/SDKs/WatchOS11.4.sdk -target armv7k-apple-watchos5.0 -g -module-cache-path /Users/admin/builder/spi-builder-workspace/.derivedData/ModuleCache.noindex -Xfrontend -serialize-debugging-options -enable-testing -suppress-warnings -index-store-path /Users/admin/builder/spi-builder-workspace/.derivedData/Index.noindex/DataStore -swift-version 5 -I /Users/admin/builder/spi-builder-workspace/.derivedData/Build/Products/Debug-watchos -I /Applications/Xcode-16.3.0.app/Contents/Developer/Platforms/WatchOS.platform/Developer/usr/lib -F /Users/admin/builder/spi-builder-workspace/.derivedData/Build/Products/Debug-watchos -F /Applications/Xcode-16.3.0.app/Contents/Developer/Platforms/WatchOS.platform/Developer/Library/Frameworks -F /Applications/Xcode-16.3.0.app/Contents/Developer/Platforms/WatchOS.platform/Developer/SDKs/WatchOS11.4.sdk/Developer/Library/Frameworks -parse-as-library -c -j10 -enable-batch-mode -incremental -Xcc -ivfsstatcache -Xcc /Users/admin/builder/spi-builder-workspace/.derivedData/SDKStatCaches.noindex/watchos11.4-22T246-43efb940ff07ba2497b70ec94253f576.sdkstatcache -output-file-map /Users/admin/builder/spi-builder-workspace/.derivedData/Build/Intermediates.noindex/Identity.build/Debug-watchos/Identity.build/Objects-normal/armv7k/Identity-OutputFileMap.json -use-frontend-parseable-output -save-temps -no-color-diagnostics -serialize-diagnostics -emit-dependencies -emit-module -emit-module-path /Users/admin/builder/spi-builder-workspace/.derivedData/Build/Intermediates.noindex/Identity.build/Debug-watchos/Identity.build/Objects-normal/armv7k/Identity.swiftmodule -validate-clang-modules-once -clang-build-session-file /Users/admin/builder/spi-builder-workspace/.derivedData/ModuleCache.noindex/Session.modulevalidation -Xcc -I/Users/admin/builder/spi-builder-workspace/.derivedData/Build/Intermediates.noindex/Identity.build/Debug-watchos/Identity.build/swift-overrides.hmap -emit-const-values -Xfrontend -const-gather-protocols-file -Xfrontend /Users/admin/builder/spi-builder-workspace/.derivedData/Build/Intermediates.noindex/Identity.build/Debug-watchos/Identity.build/Objects-normal/armv7k/Identity_const_extract_protocols.json -Xcc -I/Users/admin/builder/spi-builder-workspace/.derivedData/Build/Products/Debug-watchos/include -Xcc -I/Users/admin/builder/spi-builder-workspace/.derivedData/Build/Intermediates.noindex/Identity.build/Debug-watchos/Identity.build/DerivedSources-normal/armv7k -Xcc -I/Users/admin/builder/spi-builder-workspace/.derivedData/Build/Intermediates.noindex/Identity.build/Debug-watchos/Identity.build/DerivedSources/armv7k -Xcc -I/Users/admin/builder/spi-builder-workspace/.derivedData/Build/Intermediates.noindex/Identity.build/Debug-watchos/Identity.build/DerivedSources -Xcc -DSWIFT_PACKAGE -Xcc -DDEBUG\=1 -emit-objc-header -emit-objc-header-path /Users/admin/builder/spi-builder-workspace/.derivedData/Build/Intermediates.noindex/Identity.build/Debug-watchos/Identity.build/Objects-normal/armv7k/Identity-Swift.h -working-directory /Users/admin/builder/spi-builder-workspace/.swiftpm/xcode -experimental-emit-module-separately -disable-cmo
SwiftDriverJobDiscovery normal arm64 Compiling Identity.swift (in target 'Identity' from project 'Identity')
SwiftCompile normal arm64_32 Compiling\ BatchUpdate.swift,\ Diff+AppKit.swift /Users/admin/builder/spi-builder-workspace/.dependencies/checkouts/Differ/Sources/Differ/BatchUpdate.swift /Users/admin/builder/spi-builder-workspace/.dependencies/checkouts/Differ/Sources/Differ/Diff+AppKit.swift (in target 'Differ' from project 'Differ')
SwiftCompile normal arm64_32 /Users/admin/builder/spi-builder-workspace/.dependencies/checkouts/Differ/Sources/Differ/BatchUpdate.swift (in target 'Differ' from project 'Differ')
cd /Users/admin/builder/spi-builder-workspace/.swiftpm/xcode
SwiftCompile normal arm64_32 /Users/admin/builder/spi-builder-workspace/.dependencies/checkouts/Differ/Sources/Differ/Diff+AppKit.swift (in target 'Differ' from project 'Differ')
cd /Users/admin/builder/spi-builder-workspace/.swiftpm/xcode
SwiftDriver\ Compilation Identity normal arm64 com.apple.xcode.tools.swift.compiler (in target 'Identity' from project 'Identity')
cd /Users/admin/builder/spi-builder-workspace/.swiftpm/xcode
builtin-Swift-Compilation -- /Applications/Xcode-16.3.0.app/Contents/Developer/Toolchains/XcodeDefault.xctoolchain/usr/bin/swiftc -module-name Identity -Onone -enforce-exclusivity\=checked @/Users/admin/builder/spi-builder-workspace/.derivedData/Build/Intermediates.noindex/Identity.build/Debug-watchos/Identity.build/Objects-normal/arm64/Identity.SwiftFileList -DSWIFT_PACKAGE -DDEBUG -DXcode -plugin-path /Applications/Xcode-16.3.0.app/Contents/Developer/Toolchains/XcodeDefault.xctoolchain/usr/lib/swift/host/plugins/testing -enable-experimental-feature DebugDescriptionMacro -sdk /Applications/Xcode-16.3.0.app/Contents/Developer/Platforms/WatchOS.platform/Developer/SDKs/WatchOS11.4.sdk -target arm64-apple-watchos5.0 -g -module-cache-path /Users/admin/builder/spi-builder-workspace/.derivedData/ModuleCache.noindex -Xfrontend -serialize-debugging-options -enable-testing -suppress-warnings -index-store-path /Users/admin/builder/spi-builder-workspace/.derivedData/Index.noindex/DataStore -swift-version 5 -I /Users/admin/builder/spi-builder-workspace/.derivedData/Build/Products/Debug-watchos -I /Applications/Xcode-16.3.0.app/Contents/Developer/Platforms/WatchOS.platform/Developer/usr/lib -F /Users/admin/builder/spi-builder-workspace/.derivedData/Build/Products/Debug-watchos -F /Applications/Xcode-16.3.0.app/Contents/Developer/Platforms/WatchOS.platform/Developer/Library/Frameworks -F /Applications/Xcode-16.3.0.app/Contents/Developer/Platforms/WatchOS.platform/Developer/SDKs/WatchOS11.4.sdk/Developer/Library/Frameworks -parse-as-library -c -j10 -enable-batch-mode -incremental -Xcc -ivfsstatcache -Xcc /Users/admin/builder/spi-builder-workspace/.derivedData/SDKStatCaches.noindex/watchos11.4-22T246-43efb940ff07ba2497b70ec94253f576.sdkstatcache -output-file-map /Users/admin/builder/spi-builder-workspace/.derivedData/Build/Intermediates.noindex/Identity.build/Debug-watchos/Identity.build/Objects-normal/arm64/Identity-OutputFileMap.json -use-frontend-parseable-output -save-temps -no-color-diagnostics -serialize-diagnostics -emit-dependencies -emit-module -emit-module-path /Users/admin/builder/spi-builder-workspace/.derivedData/Build/Intermediates.noindex/Identity.build/Debug-watchos/Identity.build/Objects-normal/arm64/Identity.swiftmodule -validate-clang-modules-once -clang-build-session-file /Users/admin/builder/spi-builder-workspace/.derivedData/ModuleCache.noindex/Session.modulevalidation -Xcc -I/Users/admin/builder/spi-builder-workspace/.derivedData/Build/Intermediates.noindex/Identity.build/Debug-watchos/Identity.build/swift-overrides.hmap -emit-const-values -Xfrontend -const-gather-protocols-file -Xfrontend /Users/admin/builder/spi-builder-workspace/.derivedData/Build/Intermediates.noindex/Identity.build/Debug-watchos/Identity.build/Objects-normal/arm64/Identity_const_extract_protocols.json -Xcc -I/Users/admin/builder/spi-builder-workspace/.derivedData/Build/Products/Debug-watchos/include -Xcc -I/Users/admin/builder/spi-builder-workspace/.derivedData/Build/Intermediates.noindex/Identity.build/Debug-watchos/Identity.build/DerivedSources-normal/arm64 -Xcc -I/Users/admin/builder/spi-builder-workspace/.derivedData/Build/Intermediates.noindex/Identity.build/Debug-watchos/Identity.build/DerivedSources/arm64 -Xcc -I/Users/admin/builder/spi-builder-workspace/.derivedData/Build/Intermediates.noindex/Identity.build/Debug-watchos/Identity.build/DerivedSources -Xcc -DSWIFT_PACKAGE -Xcc -DDEBUG\=1 -emit-objc-header -emit-objc-header-path /Users/admin/builder/spi-builder-workspace/.derivedData/Build/Intermediates.noindex/Identity.build/Debug-watchos/Identity.build/Objects-normal/arm64/Identity-Swift.h -working-directory /Users/admin/builder/spi-builder-workspace/.swiftpm/xcode -experimental-emit-module-separately -disable-cmo
SwiftDriverJobDiscovery normal armv7k Compiling Patch.swift (in target 'Differ' from project 'Differ')
SwiftCompile normal armv7k Compiling\ NestedExtendedDiff.swift /Users/admin/builder/spi-builder-workspace/.dependencies/checkouts/Differ/Sources/Differ/NestedExtendedDiff.swift (in target 'Differ' from project 'Differ')
SwiftCompile normal armv7k /Users/admin/builder/spi-builder-workspace/.dependencies/checkouts/Differ/Sources/Differ/NestedExtendedDiff.swift (in target 'Differ' from project 'Differ')
cd /Users/admin/builder/spi-builder-workspace/.swiftpm/xcode
SwiftCompile normal armv7k Compiling\ NestedDiff.swift /Users/admin/builder/spi-builder-workspace/.dependencies/checkouts/Differ/Sources/Differ/NestedDiff.swift (in target 'Differ' from project 'Differ')
SwiftCompile normal armv7k /Users/admin/builder/spi-builder-workspace/.dependencies/checkouts/Differ/Sources/Differ/NestedDiff.swift (in target 'Differ' from project 'Differ')
cd /Users/admin/builder/spi-builder-workspace/.swiftpm/xcode
SwiftDriverJobDiscovery normal arm64 Compiling BatchUpdate.swift, Diff+AppKit.swift (in target 'Differ' from project 'Differ')
SwiftCompile normal arm64_32 Compiling\ NestedDiff.swift /Users/admin/builder/spi-builder-workspace/.dependencies/checkouts/Differ/Sources/Differ/NestedDiff.swift (in target 'Differ' from project 'Differ')
SwiftCompile normal arm64_32 /Users/admin/builder/spi-builder-workspace/.dependencies/checkouts/Differ/Sources/Differ/NestedDiff.swift (in target 'Differ' from project 'Differ')
cd /Users/admin/builder/spi-builder-workspace/.swiftpm/xcode
SwiftDriverJobDiscovery normal arm64_32 Compiling SignalProducer+SwiftConcurrency.swift, SignalProducer.swift, UnidirectionalBinding.swift, UninhabitedTypeGuards.swift, ValidatingProperty.swift (in target 'ReactiveSwift' from project 'ReactiveSwift')
SwiftDriver\ Compilation ReactiveSwift normal arm64_32 com.apple.xcode.tools.swift.compiler (in target 'ReactiveSwift' from project 'ReactiveSwift')
cd /Users/admin/builder/spi-builder-workspace/.swiftpm/xcode
builtin-Swift-Compilation -- /Applications/Xcode-16.3.0.app/Contents/Developer/Toolchains/XcodeDefault.xctoolchain/usr/bin/swiftc -module-name ReactiveSwift -Onone -enforce-exclusivity\=checked @/Users/admin/builder/spi-builder-workspace/.derivedData/Build/Intermediates.noindex/ReactiveSwift.build/Debug-watchos/ReactiveSwift.build/Objects-normal/arm64_32/ReactiveSwift.SwiftFileList -DSWIFT_PACKAGE -DDEBUG -DXcode -plugin-path /Applications/Xcode-16.3.0.app/Contents/Developer/Toolchains/XcodeDefault.xctoolchain/usr/lib/swift/host/plugins/testing -enable-experimental-feature DebugDescriptionMacro -sdk /Applications/Xcode-16.3.0.app/Contents/Developer/Platforms/WatchOS.platform/Developer/SDKs/WatchOS11.4.sdk -target arm64_32-apple-watchos4.0 -g -module-cache-path /Users/admin/builder/spi-builder-workspace/.derivedData/ModuleCache.noindex -Xfrontend -serialize-debugging-options -enable-testing -suppress-warnings -index-store-path /Users/admin/builder/spi-builder-workspace/.derivedData/Index.noindex/DataStore -swift-version 5 -I /Users/admin/builder/spi-builder-workspace/.derivedData/Build/Products/Debug-watchos -I /Applications/Xcode-16.3.0.app/Contents/Developer/Platforms/WatchOS.platform/Developer/usr/lib -F /Users/admin/builder/spi-builder-workspace/.derivedData/Build/Products/Debug-watchos -F /Applications/Xcode-16.3.0.app/Contents/Developer/Platforms/WatchOS.platform/Developer/Library/Frameworks -F /Applications/Xcode-16.3.0.app/Contents/Developer/Platforms/WatchOS.platform/Developer/SDKs/WatchOS11.4.sdk/Developer/Library/Frameworks -c -j10 -enable-batch-mode -incremental -Xcc -ivfsstatcache -Xcc /Users/admin/builder/spi-builder-workspace/.derivedData/SDKStatCaches.noindex/watchos11.4-22T246-43efb940ff07ba2497b70ec94253f576.sdkstatcache -output-file-map /Users/admin/builder/spi-builder-workspace/.derivedData/Build/Intermediates.noindex/ReactiveSwift.build/Debug-watchos/ReactiveSwift.build/Objects-normal/arm64_32/ReactiveSwift-OutputFileMap.json -use-frontend-parseable-output -save-temps -no-color-diagnostics -serialize-diagnostics -emit-dependencies -emit-module -emit-module-path /Users/admin/builder/spi-builder-workspace/.derivedData/Build/Intermediates.noindex/ReactiveSwift.build/Debug-watchos/ReactiveSwift.build/Objects-normal/arm64_32/ReactiveSwift.swiftmodule -validate-clang-modules-once -clang-build-session-file /Users/admin/builder/spi-builder-workspace/.derivedData/ModuleCache.noindex/Session.modulevalidation -Xcc -I/Users/admin/builder/spi-builder-workspace/.derivedData/Build/Intermediates.noindex/ReactiveSwift.build/Debug-watchos/ReactiveSwift.build/swift-overrides.hmap -emit-const-values -Xfrontend -const-gather-protocols-file -Xfrontend /Users/admin/builder/spi-builder-workspace/.derivedData/Build/Intermediates.noindex/ReactiveSwift.build/Debug-watchos/ReactiveSwift.build/Objects-normal/arm64_32/ReactiveSwift_const_extract_protocols.json -Xcc -I/Users/admin/builder/spi-builder-workspace/.derivedData/Build/Products/Debug-watchos/include -Xcc -I/Users/admin/builder/spi-builder-workspace/.derivedData/Build/Intermediates.noindex/ReactiveSwift.build/Debug-watchos/ReactiveSwift.build/DerivedSources-normal/arm64_32 -Xcc -I/Users/admin/builder/spi-builder-workspace/.derivedData/Build/Intermediates.noindex/ReactiveSwift.build/Debug-watchos/ReactiveSwift.build/DerivedSources/arm64_32 -Xcc -I/Users/admin/builder/spi-builder-workspace/.derivedData/Build/Intermediates.noindex/ReactiveSwift.build/Debug-watchos/ReactiveSwift.build/DerivedSources -Xcc -DSWIFT_PACKAGE -Xcc -DDEBUG\=1 -emit-objc-header -emit-objc-header-path /Users/admin/builder/spi-builder-workspace/.derivedData/Build/Intermediates.noindex/ReactiveSwift.build/Debug-watchos/ReactiveSwift.build/Objects-normal/arm64_32/ReactiveSwift-Swift.h -working-directory /Users/admin/builder/spi-builder-workspace/.swiftpm/xcode -experimental-emit-module-separately -disable-cmo
SwiftDriverJobDiscovery normal armv7k Compiling Action.swift, Atomic.swift, Bag.swift, Deprecations+Removals.swift, Disposable.swift, Event.swift (in target 'ReactiveSwift' from project 'ReactiveSwift')
SwiftCompile normal arm64 Compiling\ ExtendedPatch.swift,\ GenericPatch.swift /Users/admin/builder/spi-builder-workspace/.dependencies/checkouts/Differ/Sources/Differ/ExtendedPatch.swift /Users/admin/builder/spi-builder-workspace/.dependencies/checkouts/Differ/Sources/Differ/GenericPatch.swift (in target 'Differ' from project 'Differ')
SwiftCompile normal arm64 /Users/admin/builder/spi-builder-workspace/.dependencies/checkouts/Differ/Sources/Differ/ExtendedPatch.swift (in target 'Differ' from project 'Differ')
cd /Users/admin/builder/spi-builder-workspace/.swiftpm/xcode
SwiftCompile normal arm64 /Users/admin/builder/spi-builder-workspace/.dependencies/checkouts/Differ/Sources/Differ/GenericPatch.swift (in target 'Differ' from project 'Differ')
cd /Users/admin/builder/spi-builder-workspace/.swiftpm/xcode
SwiftCompile normal arm64_32 Compiling\ Patch+Apply.swift /Users/admin/builder/spi-builder-workspace/.dependencies/checkouts/Differ/Sources/Differ/Patch+Apply.swift (in target 'Differ' from project 'Differ')
SwiftCompile normal arm64_32 /Users/admin/builder/spi-builder-workspace/.dependencies/checkouts/Differ/Sources/Differ/Patch+Apply.swift (in target 'Differ' from project 'Differ')
cd /Users/admin/builder/spi-builder-workspace/.swiftpm/xcode
SwiftDriverJobDiscovery normal arm64_32 Compiling BatchUpdate.swift, Diff+AppKit.swift (in target 'Differ' from project 'Differ')
SwiftCompile normal armv7k Compiling\ LinkedList.swift,\ NestedBatchUpdate.swift /Users/admin/builder/spi-builder-workspace/.dependencies/checkouts/Differ/Sources/Differ/LinkedList.swift /Users/admin/builder/spi-builder-workspace/.dependencies/checkouts/Differ/Sources/Differ/NestedBatchUpdate.swift (in target 'Differ' from project 'Differ')
SwiftCompile normal armv7k /Users/admin/builder/spi-builder-workspace/.dependencies/checkouts/Differ/Sources/Differ/LinkedList.swift (in target 'Differ' from project 'Differ')
cd /Users/admin/builder/spi-builder-workspace/.swiftpm/xcode
SwiftCompile normal armv7k /Users/admin/builder/spi-builder-workspace/.dependencies/checkouts/Differ/Sources/Differ/NestedBatchUpdate.swift (in target 'Differ' from project 'Differ')
cd /Users/admin/builder/spi-builder-workspace/.swiftpm/xcode
SwiftDriverJobDiscovery normal armv7k Compiling NestedDiff.swift (in target 'Differ' from project 'Differ')
SwiftCompile normal arm64_32 Compiling\ NestedExtendedDiff.swift /Users/admin/builder/spi-builder-workspace/.dependencies/checkouts/Differ/Sources/Differ/NestedExtendedDiff.swift (in target 'Differ' from project 'Differ')
SwiftCompile normal arm64_32 /Users/admin/builder/spi-builder-workspace/.dependencies/checkouts/Differ/Sources/Differ/NestedExtendedDiff.swift (in target 'Differ' from project 'Differ')
cd /Users/admin/builder/spi-builder-workspace/.swiftpm/xcode
SwiftDriverJobDiscovery normal armv7k Compiling NestedExtendedDiff.swift (in target 'Differ' from project 'Differ')
SwiftCompile normal arm64_32 Compiling\ Diff+UIKit.swift,\ Diff.swift /Users/admin/builder/spi-builder-workspace/.dependencies/checkouts/Differ/Sources/Differ/Diff+UIKit.swift /Users/admin/builder/spi-builder-workspace/.dependencies/checkouts/Differ/Sources/Differ/Diff.swift (in target 'Differ' from project 'Differ')
SwiftCompile normal arm64_32 /Users/admin/builder/spi-builder-workspace/.dependencies/checkouts/Differ/Sources/Differ/Diff+UIKit.swift (in target 'Differ' from project 'Differ')
cd /Users/admin/builder/spi-builder-workspace/.swiftpm/xcode
SwiftCompile normal arm64_32 /Users/admin/builder/spi-builder-workspace/.dependencies/checkouts/Differ/Sources/Differ/Diff.swift (in target 'Differ' from project 'Differ')
cd /Users/admin/builder/spi-builder-workspace/.swiftpm/xcode
SwiftDriverJobDiscovery normal arm64_32 Compiling Patch+Apply.swift (in target 'Differ' from project 'Differ')
SwiftCompile normal arm64 Compiling\ LinkedList.swift,\ NestedBatchUpdate.swift /Users/admin/builder/spi-builder-workspace/.dependencies/checkouts/Differ/Sources/Differ/LinkedList.swift /Users/admin/builder/spi-builder-workspace/.dependencies/checkouts/Differ/Sources/Differ/NestedBatchUpdate.swift (in target 'Differ' from project 'Differ')
SwiftCompile normal arm64 /Users/admin/builder/spi-builder-workspace/.dependencies/checkouts/Differ/Sources/Differ/LinkedList.swift (in target 'Differ' from project 'Differ')
cd /Users/admin/builder/spi-builder-workspace/.swiftpm/xcode
SwiftCompile normal arm64 /Users/admin/builder/spi-builder-workspace/.dependencies/checkouts/Differ/Sources/Differ/NestedBatchUpdate.swift (in target 'Differ' from project 'Differ')
cd /Users/admin/builder/spi-builder-workspace/.swiftpm/xcode
SwiftDriverJobDiscovery normal arm64_32 Compiling NestedDiff.swift (in target 'Differ' from project 'Differ')
SwiftCompile normal arm64 Compiling\ NestedDiff.swift /Users/admin/builder/spi-builder-workspace/.dependencies/checkouts/Differ/Sources/Differ/NestedDiff.swift (in target 'Differ' from project 'Differ')
SwiftCompile normal arm64 /Users/admin/builder/spi-builder-workspace/.dependencies/checkouts/Differ/Sources/Differ/NestedDiff.swift (in target 'Differ' from project 'Differ')
cd /Users/admin/builder/spi-builder-workspace/.swiftpm/xcode
SwiftDriverJobDiscovery normal arm64 Compiling SignalProducer+SwiftConcurrency.swift, SignalProducer.swift, UnidirectionalBinding.swift, UninhabitedTypeGuards.swift, ValidatingProperty.swift (in target 'ReactiveSwift' from project 'ReactiveSwift')
SwiftDriver PersistDB normal arm64_32 com.apple.xcode.tools.swift.compiler (in target 'PersistDB' from project 'PersistDB')
cd /Users/admin/builder/spi-builder-workspace/.swiftpm/xcode
builtin-SwiftDriver -- /Applications/Xcode-16.3.0.app/Contents/Developer/Toolchains/XcodeDefault.xctoolchain/usr/bin/swiftc -module-name PersistDB -Onone -enforce-exclusivity\=checked @/Users/admin/builder/spi-builder-workspace/.derivedData/Build/Intermediates.noindex/PersistDB.build/Debug-watchos/PersistDB.build/Objects-normal/arm64_32/PersistDB.SwiftFileList -DSWIFT_PACKAGE -DDEBUG -DXcode -plugin-path /Applications/Xcode-16.3.0.app/Contents/Developer/Toolchains/XcodeDefault.xctoolchain/usr/lib/swift/host/plugins/testing -enable-experimental-feature DebugDescriptionMacro -sdk /Applications/Xcode-16.3.0.app/Contents/Developer/Platforms/WatchOS.platform/Developer/SDKs/WatchOS11.4.sdk -target arm64_32-apple-watchos5.0 -g -module-cache-path /Users/admin/builder/spi-builder-workspace/.derivedData/ModuleCache.noindex -Xfrontend -serialize-debugging-options -enable-testing -suppress-warnings -index-store-path /Users/admin/builder/spi-builder-workspace/.derivedData/Index.noindex/DataStore -swift-version 5 -I /Users/admin/builder/spi-builder-workspace/.derivedData/Build/Products/Debug-watchos -I /Applications/Xcode-16.3.0.app/Contents/Developer/Platforms/WatchOS.platform/Developer/usr/lib -F /Users/admin/builder/spi-builder-workspace/.derivedData/Build/Products/Debug-watchos/PackageFrameworks -F /Users/admin/builder/spi-builder-workspace/.derivedData/Build/Products/Debug-watchos/PackageFrameworks -F /Users/admin/builder/spi-builder-workspace/.derivedData/Build/Products/Debug-watchos/PackageFrameworks -F /Users/admin/builder/spi-builder-workspace/.derivedData/Build/Products/Debug-watchos -F /Applications/Xcode-16.3.0.app/Contents/Developer/Platforms/WatchOS.platform/Developer/Library/Frameworks -F /Applications/Xcode-16.3.0.app/Contents/Developer/Platforms/WatchOS.platform/Developer/SDKs/WatchOS11.4.sdk/Developer/Library/Frameworks -c -j10 -enable-batch-mode -incremental -Xcc -ivfsstatcache -Xcc /Users/admin/builder/spi-builder-workspace/.derivedData/SDKStatCaches.noindex/watchos11.4-22T246-43efb940ff07ba2497b70ec94253f576.sdkstatcache -output-file-map /Users/admin/builder/spi-builder-workspace/.derivedData/Build/Intermediates.noindex/PersistDB.build/Debug-watchos/PersistDB.build/Objects-normal/arm64_32/PersistDB-OutputFileMap.json -use-frontend-parseable-output -save-temps -no-color-diagnostics -serialize-diagnostics -emit-dependencies -emit-module -emit-module-path /Users/admin/builder/spi-builder-workspace/.derivedData/Build/Intermediates.noindex/PersistDB.build/Debug-watchos/PersistDB.build/Objects-normal/arm64_32/PersistDB.swiftmodule -validate-clang-modules-once -clang-build-session-file /Users/admin/builder/spi-builder-workspace/.derivedData/ModuleCache.noindex/Session.modulevalidation -Xcc -I/Users/admin/builder/spi-builder-workspace/.derivedData/Build/Intermediates.noindex/PersistDB.build/Debug-watchos/PersistDB.build/swift-overrides.hmap -emit-const-values -Xfrontend -const-gather-protocols-file -Xfrontend /Users/admin/builder/spi-builder-workspace/.derivedData/Build/Intermediates.noindex/PersistDB.build/Debug-watchos/PersistDB.build/Objects-normal/arm64_32/PersistDB_const_extract_protocols.json -Xcc -I/Users/admin/builder/spi-builder-workspace/.derivedData/Build/Products/Debug-watchos/include -Xcc -I/Users/admin/builder/spi-builder-workspace/.derivedData/Build/Intermediates.noindex/PersistDB.build/Debug-watchos/PersistDB.build/DerivedSources-normal/arm64_32 -Xcc -I/Users/admin/builder/spi-builder-workspace/.derivedData/Build/Intermediates.noindex/PersistDB.build/Debug-watchos/PersistDB.build/DerivedSources/arm64_32 -Xcc -I/Users/admin/builder/spi-builder-workspace/.derivedData/Build/Intermediates.noindex/PersistDB.build/Debug-watchos/PersistDB.build/DerivedSources -Xcc -DSWIFT_PACKAGE -Xcc -DDEBUG\=1 -emit-objc-header -emit-objc-header-path /Users/admin/builder/spi-builder-workspace/.derivedData/Build/Intermediates.noindex/PersistDB.build/Debug-watchos/PersistDB.build/Objects-normal/arm64_32/PersistDB-Swift.h -working-directory /Users/admin/builder/spi-builder-workspace/.swiftpm/xcode -experimental-emit-module-separately -disable-cmo
SwiftDriverJobDiscovery normal armv7k Compiling LinkedList.swift, NestedBatchUpdate.swift (in target 'Differ' from project 'Differ')
SwiftDriver PersistDB normal armv7k com.apple.xcode.tools.swift.compiler (in target 'PersistDB' from project 'PersistDB')
cd /Users/admin/builder/spi-builder-workspace/.swiftpm/xcode
builtin-SwiftDriver -- /Applications/Xcode-16.3.0.app/Contents/Developer/Toolchains/XcodeDefault.xctoolchain/usr/bin/swiftc -module-name PersistDB -Onone -enforce-exclusivity\=checked @/Users/admin/builder/spi-builder-workspace/.derivedData/Build/Intermediates.noindex/PersistDB.build/Debug-watchos/PersistDB.build/Objects-normal/armv7k/PersistDB.SwiftFileList -DSWIFT_PACKAGE -DDEBUG -DXcode -plugin-path /Applications/Xcode-16.3.0.app/Contents/Developer/Toolchains/XcodeDefault.xctoolchain/usr/lib/swift/host/plugins/testing -enable-experimental-feature DebugDescriptionMacro -sdk /Applications/Xcode-16.3.0.app/Contents/Developer/Platforms/WatchOS.platform/Developer/SDKs/WatchOS11.4.sdk -target armv7k-apple-watchos5.0 -g -module-cache-path /Users/admin/builder/spi-builder-workspace/.derivedData/ModuleCache.noindex -Xfrontend -serialize-debugging-options -enable-testing -suppress-warnings -index-store-path /Users/admin/builder/spi-builder-workspace/.derivedData/Index.noindex/DataStore -swift-version 5 -I /Users/admin/builder/spi-builder-workspace/.derivedData/Build/Products/Debug-watchos -I /Applications/Xcode-16.3.0.app/Contents/Developer/Platforms/WatchOS.platform/Developer/usr/lib -F /Users/admin/builder/spi-builder-workspace/.derivedData/Build/Products/Debug-watchos/PackageFrameworks -F /Users/admin/builder/spi-builder-workspace/.derivedData/Build/Products/Debug-watchos/PackageFrameworks -F /Users/admin/builder/spi-builder-workspace/.derivedData/Build/Products/Debug-watchos/PackageFrameworks -F /Users/admin/builder/spi-builder-workspace/.derivedData/Build/Products/Debug-watchos -F /Applications/Xcode-16.3.0.app/Contents/Developer/Platforms/WatchOS.platform/Developer/Library/Frameworks -F /Applications/Xcode-16.3.0.app/Contents/Developer/Platforms/WatchOS.platform/Developer/SDKs/WatchOS11.4.sdk/Developer/Library/Frameworks -c -j10 -enable-batch-mode -incremental -Xcc -ivfsstatcache -Xcc /Users/admin/builder/spi-builder-workspace/.derivedData/SDKStatCaches.noindex/watchos11.4-22T246-43efb940ff07ba2497b70ec94253f576.sdkstatcache -output-file-map /Users/admin/builder/spi-builder-workspace/.derivedData/Build/Intermediates.noindex/PersistDB.build/Debug-watchos/PersistDB.build/Objects-normal/armv7k/PersistDB-OutputFileMap.json -use-frontend-parseable-output -save-temps -no-color-diagnostics -serialize-diagnostics -emit-dependencies -emit-module -emit-module-path /Users/admin/builder/spi-builder-workspace/.derivedData/Build/Intermediates.noindex/PersistDB.build/Debug-watchos/PersistDB.build/Objects-normal/armv7k/PersistDB.swiftmodule -validate-clang-modules-once -clang-build-session-file /Users/admin/builder/spi-builder-workspace/.derivedData/ModuleCache.noindex/Session.modulevalidation -Xcc -I/Users/admin/builder/spi-builder-workspace/.derivedData/Build/Intermediates.noindex/PersistDB.build/Debug-watchos/PersistDB.build/swift-overrides.hmap -emit-const-values -Xfrontend -const-gather-protocols-file -Xfrontend /Users/admin/builder/spi-builder-workspace/.derivedData/Build/Intermediates.noindex/PersistDB.build/Debug-watchos/PersistDB.build/Objects-normal/armv7k/PersistDB_const_extract_protocols.json -Xcc -I/Users/admin/builder/spi-builder-workspace/.derivedData/Build/Products/Debug-watchos/include -Xcc -I/Users/admin/builder/spi-builder-workspace/.derivedData/Build/Intermediates.noindex/PersistDB.build/Debug-watchos/PersistDB.build/DerivedSources-normal/armv7k -Xcc -I/Users/admin/builder/spi-builder-workspace/.derivedData/Build/Intermediates.noindex/PersistDB.build/Debug-watchos/PersistDB.build/DerivedSources/armv7k -Xcc -I/Users/admin/builder/spi-builder-workspace/.derivedData/Build/Intermediates.noindex/PersistDB.build/Debug-watchos/PersistDB.build/DerivedSources -Xcc -DSWIFT_PACKAGE -Xcc -DDEBUG\=1 -emit-objc-header -emit-objc-header-path /Users/admin/builder/spi-builder-workspace/.derivedData/Build/Intermediates.noindex/PersistDB.build/Debug-watchos/PersistDB.build/Objects-normal/armv7k/PersistDB-Swift.h -working-directory /Users/admin/builder/spi-builder-workspace/.swiftpm/xcode -experimental-emit-module-separately -disable-cmo
SwiftDriver PersistDB normal arm64 com.apple.xcode.tools.swift.compiler (in target 'PersistDB' from project 'PersistDB')
cd /Users/admin/builder/spi-builder-workspace/.swiftpm/xcode
builtin-SwiftDriver -- /Applications/Xcode-16.3.0.app/Contents/Developer/Toolchains/XcodeDefault.xctoolchain/usr/bin/swiftc -module-name PersistDB -Onone -enforce-exclusivity\=checked @/Users/admin/builder/spi-builder-workspace/.derivedData/Build/Intermediates.noindex/PersistDB.build/Debug-watchos/PersistDB.build/Objects-normal/arm64/PersistDB.SwiftFileList -DSWIFT_PACKAGE -DDEBUG -DXcode -plugin-path /Applications/Xcode-16.3.0.app/Contents/Developer/Toolchains/XcodeDefault.xctoolchain/usr/lib/swift/host/plugins/testing -enable-experimental-feature DebugDescriptionMacro -sdk /Applications/Xcode-16.3.0.app/Contents/Developer/Platforms/WatchOS.platform/Developer/SDKs/WatchOS11.4.sdk -target arm64-apple-watchos5.0 -g -module-cache-path /Users/admin/builder/spi-builder-workspace/.derivedData/ModuleCache.noindex -Xfrontend -serialize-debugging-options -enable-testing -suppress-warnings -index-store-path /Users/admin/builder/spi-builder-workspace/.derivedData/Index.noindex/DataStore -swift-version 5 -I /Users/admin/builder/spi-builder-workspace/.derivedData/Build/Products/Debug-watchos -I /Applications/Xcode-16.3.0.app/Contents/Developer/Platforms/WatchOS.platform/Developer/usr/lib -F /Users/admin/builder/spi-builder-workspace/.derivedData/Build/Products/Debug-watchos/PackageFrameworks -F /Users/admin/builder/spi-builder-workspace/.derivedData/Build/Products/Debug-watchos/PackageFrameworks -F /Users/admin/builder/spi-builder-workspace/.derivedData/Build/Products/Debug-watchos/PackageFrameworks -F /Users/admin/builder/spi-builder-workspace/.derivedData/Build/Products/Debug-watchos -F /Applications/Xcode-16.3.0.app/Contents/Developer/Platforms/WatchOS.platform/Developer/Library/Frameworks -F /Applications/Xcode-16.3.0.app/Contents/Developer/Platforms/WatchOS.platform/Developer/SDKs/WatchOS11.4.sdk/Developer/Library/Frameworks -c -j10 -enable-batch-mode -incremental -Xcc -ivfsstatcache -Xcc /Users/admin/builder/spi-builder-workspace/.derivedData/SDKStatCaches.noindex/watchos11.4-22T246-43efb940ff07ba2497b70ec94253f576.sdkstatcache -output-file-map /Users/admin/builder/spi-builder-workspace/.derivedData/Build/Intermediates.noindex/PersistDB.build/Debug-watchos/PersistDB.build/Objects-normal/arm64/PersistDB-OutputFileMap.json -use-frontend-parseable-output -save-temps -no-color-diagnostics -serialize-diagnostics -emit-dependencies -emit-module -emit-module-path /Users/admin/builder/spi-builder-workspace/.derivedData/Build/Intermediates.noindex/PersistDB.build/Debug-watchos/PersistDB.build/Objects-normal/arm64/PersistDB.swiftmodule -validate-clang-modules-once -clang-build-session-file /Users/admin/builder/spi-builder-workspace/.derivedData/ModuleCache.noindex/Session.modulevalidation -Xcc -I/Users/admin/builder/spi-builder-workspace/.derivedData/Build/Intermediates.noindex/PersistDB.build/Debug-watchos/PersistDB.build/swift-overrides.hmap -emit-const-values -Xfrontend -const-gather-protocols-file -Xfrontend /Users/admin/builder/spi-builder-workspace/.derivedData/Build/Intermediates.noindex/PersistDB.build/Debug-watchos/PersistDB.build/Objects-normal/arm64/PersistDB_const_extract_protocols.json -Xcc -I/Users/admin/builder/spi-builder-workspace/.derivedData/Build/Products/Debug-watchos/include -Xcc -I/Users/admin/builder/spi-builder-workspace/.derivedData/Build/Intermediates.noindex/PersistDB.build/Debug-watchos/PersistDB.build/DerivedSources-normal/arm64 -Xcc -I/Users/admin/builder/spi-builder-workspace/.derivedData/Build/Intermediates.noindex/PersistDB.build/Debug-watchos/PersistDB.build/DerivedSources/arm64 -Xcc -I/Users/admin/builder/spi-builder-workspace/.derivedData/Build/Intermediates.noindex/PersistDB.build/Debug-watchos/PersistDB.build/DerivedSources -Xcc -DSWIFT_PACKAGE -Xcc -DDEBUG\=1 -emit-objc-header -emit-objc-header-path /Users/admin/builder/spi-builder-workspace/.derivedData/Build/Intermediates.noindex/PersistDB.build/Debug-watchos/PersistDB.build/Objects-normal/arm64/PersistDB-Swift.h -working-directory /Users/admin/builder/spi-builder-workspace/.swiftpm/xcode -experimental-emit-module-separately -disable-cmo
SwiftDriverJobDiscovery normal arm64 Compiling ExtendedPatch.swift, GenericPatch.swift (in target 'Differ' from project 'Differ')
SwiftDriverJobDiscovery normal armv7k Emitting module for Catena (in target 'Catena' from project 'Catena')
SwiftDriver\ Compilation\ Requirements Catena normal armv7k com.apple.xcode.tools.swift.compiler (in target 'Catena' from project 'Catena')
cd /Users/admin/builder/spi-builder-workspace/.swiftpm/xcode
builtin-Swift-Compilation-Requirements -- /Applications/Xcode-16.3.0.app/Contents/Developer/Toolchains/XcodeDefault.xctoolchain/usr/bin/swiftc -module-name Catena -Onone -enforce-exclusivity\=checked @/Users/admin/builder/spi-builder-workspace/.derivedData/Build/Intermediates.noindex/Catena.build/Debug-watchos/Catena.build/Objects-normal/armv7k/Catena.SwiftFileList -DSWIFT_PACKAGE -DDEBUG -DXcode -enable-upcoming-feature ExistentialAny -plugin-path /Applications/Xcode-16.3.0.app/Contents/Developer/Toolchains/XcodeDefault.xctoolchain/usr/lib/swift/host/plugins/testing -enable-experimental-feature DebugDescriptionMacro -sdk /Applications/Xcode-16.3.0.app/Contents/Developer/Platforms/WatchOS.platform/Developer/SDKs/WatchOS11.4.sdk -target armv7k-apple-watchos6.0 -g -module-cache-path /Users/admin/builder/spi-builder-workspace/.derivedData/ModuleCache.noindex -Xfrontend -serialize-debugging-options -enable-testing -suppress-warnings -index-store-path /Users/admin/builder/spi-builder-workspace/.derivedData/Index.noindex/DataStore -swift-version 6 -I /Users/admin/builder/spi-builder-workspace/.derivedData/Build/Products/Debug-watchos -I /Applications/Xcode-16.3.0.app/Contents/Developer/Platforms/WatchOS.platform/Developer/usr/lib -F /Users/admin/builder/spi-builder-workspace/.derivedData/Build/Products/Debug-watchos/PackageFrameworks -F /Users/admin/builder/spi-builder-workspace/.derivedData/Build/Products/Debug-watchos -F /Applications/Xcode-16.3.0.app/Contents/Developer/Platforms/WatchOS.platform/Developer/Library/Frameworks -F /Applications/Xcode-16.3.0.app/Contents/Developer/Platforms/WatchOS.platform/Developer/SDKs/WatchOS11.4.sdk/Developer/Library/Frameworks -c -j10 -enable-batch-mode -incremental -Xcc -ivfsstatcache -Xcc /Users/admin/builder/spi-builder-workspace/.derivedData/SDKStatCaches.noindex/watchos11.4-22T246-43efb940ff07ba2497b70ec94253f576.sdkstatcache -output-file-map /Users/admin/builder/spi-builder-workspace/.derivedData/Build/Intermediates.noindex/Catena.build/Debug-watchos/Catena.build/Objects-normal/armv7k/Catena-OutputFileMap.json -use-frontend-parseable-output -save-temps -no-color-diagnostics -serialize-diagnostics -emit-dependencies -emit-module -emit-module-path /Users/admin/builder/spi-builder-workspace/.derivedData/Build/Intermediates.noindex/Catena.build/Debug-watchos/Catena.build/Objects-normal/armv7k/Catena.swiftmodule -validate-clang-modules-once -clang-build-session-file /Users/admin/builder/spi-builder-workspace/.derivedData/ModuleCache.noindex/Session.modulevalidation -package-name catena -Xcc -I/Users/admin/builder/spi-builder-workspace/.derivedData/Build/Intermediates.noindex/Catena.build/Debug-watchos/Catena.build/swift-overrides.hmap -emit-const-values -Xfrontend -const-gather-protocols-file -Xfrontend /Users/admin/builder/spi-builder-workspace/.derivedData/Build/Intermediates.noindex/Catena.build/Debug-watchos/Catena.build/Objects-normal/armv7k/Catena_const_extract_protocols.json -Xcc -I/Users/admin/builder/spi-builder-workspace/.derivedData/Build/Products/Debug-watchos/include -Xcc -I/Users/admin/builder/spi-builder-workspace/.derivedData/Build/Intermediates.noindex/Catena.build/Debug-watchos/Catena.build/DerivedSources-normal/armv7k -Xcc -I/Users/admin/builder/spi-builder-workspace/.derivedData/Build/Intermediates.noindex/Catena.build/Debug-watchos/Catena.build/DerivedSources/armv7k -Xcc -I/Users/admin/builder/spi-builder-workspace/.derivedData/Build/Intermediates.noindex/Catena.build/Debug-watchos/Catena.build/DerivedSources -Xcc -DSWIFT_PACKAGE -Xcc -DDEBUG\=1 -emit-objc-header -emit-objc-header-path /Users/admin/builder/spi-builder-workspace/.derivedData/Build/Intermediates.noindex/Catena.build/Debug-watchos/Catena.build/Objects-normal/armv7k/Catena-Swift.h -working-directory /Users/admin/builder/spi-builder-workspace/.swiftpm/xcode -experimental-emit-module-separately -disable-cmo
SwiftDriverJobDiscovery normal armv7k Compiling SignalProducer+SwiftConcurrency.swift, SignalProducer.swift, UnidirectionalBinding.swift, UninhabitedTypeGuards.swift, ValidatingProperty.swift (in target 'ReactiveSwift' from project 'ReactiveSwift')
SwiftDriver\ Compilation ReactiveSwift normal arm64 com.apple.xcode.tools.swift.compiler (in target 'ReactiveSwift' from project 'ReactiveSwift')
cd /Users/admin/builder/spi-builder-workspace/.swiftpm/xcode
builtin-Swift-Compilation -- /Applications/Xcode-16.3.0.app/Contents/Developer/Toolchains/XcodeDefault.xctoolchain/usr/bin/swiftc -module-name ReactiveSwift -Onone -enforce-exclusivity\=checked @/Users/admin/builder/spi-builder-workspace/.derivedData/Build/Intermediates.noindex/ReactiveSwift.build/Debug-watchos/ReactiveSwift.build/Objects-normal/arm64/ReactiveSwift.SwiftFileList -DSWIFT_PACKAGE -DDEBUG -DXcode -plugin-path /Applications/Xcode-16.3.0.app/Contents/Developer/Toolchains/XcodeDefault.xctoolchain/usr/lib/swift/host/plugins/testing -enable-experimental-feature DebugDescriptionMacro -sdk /Applications/Xcode-16.3.0.app/Contents/Developer/Platforms/WatchOS.platform/Developer/SDKs/WatchOS11.4.sdk -target arm64-apple-watchos4.0 -g -module-cache-path /Users/admin/builder/spi-builder-workspace/.derivedData/ModuleCache.noindex -Xfrontend -serialize-debugging-options -enable-testing -suppress-warnings -index-store-path /Users/admin/builder/spi-builder-workspace/.derivedData/Index.noindex/DataStore -swift-version 5 -I /Users/admin/builder/spi-builder-workspace/.derivedData/Build/Products/Debug-watchos -I /Applications/Xcode-16.3.0.app/Contents/Developer/Platforms/WatchOS.platform/Developer/usr/lib -F /Users/admin/builder/spi-builder-workspace/.derivedData/Build/Products/Debug-watchos -F /Applications/Xcode-16.3.0.app/Contents/Developer/Platforms/WatchOS.platform/Developer/Library/Frameworks -F /Applications/Xcode-16.3.0.app/Contents/Developer/Platforms/WatchOS.platform/Developer/SDKs/WatchOS11.4.sdk/Developer/Library/Frameworks -c -j10 -enable-batch-mode -incremental -Xcc -ivfsstatcache -Xcc /Users/admin/builder/spi-builder-workspace/.derivedData/SDKStatCaches.noindex/watchos11.4-22T246-43efb940ff07ba2497b70ec94253f576.sdkstatcache -output-file-map /Users/admin/builder/spi-builder-workspace/.derivedData/Build/Intermediates.noindex/ReactiveSwift.build/Debug-watchos/ReactiveSwift.build/Objects-normal/arm64/ReactiveSwift-OutputFileMap.json -use-frontend-parseable-output -save-temps -no-color-diagnostics -serialize-diagnostics -emit-dependencies -emit-module -emit-module-path /Users/admin/builder/spi-builder-workspace/.derivedData/Build/Intermediates.noindex/ReactiveSwift.build/Debug-watchos/ReactiveSwift.build/Objects-normal/arm64/ReactiveSwift.swiftmodule -validate-clang-modules-once -clang-build-session-file /Users/admin/builder/spi-builder-workspace/.derivedData/ModuleCache.noindex/Session.modulevalidation -Xcc -I/Users/admin/builder/spi-builder-workspace/.derivedData/Build/Intermediates.noindex/ReactiveSwift.build/Debug-watchos/ReactiveSwift.build/swift-overrides.hmap -emit-const-values -Xfrontend -const-gather-protocols-file -Xfrontend /Users/admin/builder/spi-builder-workspace/.derivedData/Build/Intermediates.noindex/ReactiveSwift.build/Debug-watchos/ReactiveSwift.build/Objects-normal/arm64/ReactiveSwift_const_extract_protocols.json -Xcc -I/Users/admin/builder/spi-builder-workspace/.derivedData/Build/Products/Debug-watchos/include -Xcc -I/Users/admin/builder/spi-builder-workspace/.derivedData/Build/Intermediates.noindex/ReactiveSwift.build/Debug-watchos/ReactiveSwift.build/DerivedSources-normal/arm64 -Xcc -I/Users/admin/builder/spi-builder-workspace/.derivedData/Build/Intermediates.noindex/ReactiveSwift.build/Debug-watchos/ReactiveSwift.build/DerivedSources/arm64 -Xcc -I/Users/admin/builder/spi-builder-workspace/.derivedData/Build/Intermediates.noindex/ReactiveSwift.build/Debug-watchos/ReactiveSwift.build/DerivedSources -Xcc -DSWIFT_PACKAGE -Xcc -DDEBUG\=1 -emit-objc-header -emit-objc-header-path /Users/admin/builder/spi-builder-workspace/.derivedData/Build/Intermediates.noindex/ReactiveSwift.build/Debug-watchos/ReactiveSwift.build/Objects-normal/arm64/ReactiveSwift-Swift.h -working-directory /Users/admin/builder/spi-builder-workspace/.swiftpm/xcode -experimental-emit-module-separately -disable-cmo
SwiftCompile normal armv7k Compiling\ Patch+Sort.swift /Users/admin/builder/spi-builder-workspace/.dependencies/checkouts/Differ/Sources/Differ/Patch+Sort.swift (in target 'Differ' from project 'Differ')
SwiftCompile normal armv7k /Users/admin/builder/spi-builder-workspace/.dependencies/checkouts/Differ/Sources/Differ/Patch+Sort.swift (in target 'Differ' from project 'Differ')
cd /Users/admin/builder/spi-builder-workspace/.swiftpm/xcode
SwiftDriverJobDiscovery normal arm64_32 Compiling NestedExtendedDiff.swift (in target 'Differ' from project 'Differ')
Copy /Users/admin/builder/spi-builder-workspace/.derivedData/Build/Products/Debug-watchos/Catena.swiftmodule/armv7k-apple-watchos.swiftmodule /Users/admin/builder/spi-builder-workspace/.derivedData/Build/Intermediates.noindex/Catena.build/Debug-watchos/Catena.build/Objects-normal/armv7k/Catena.swiftmodule (in target 'Catena' from project 'Catena')
cd /Users/admin/builder/spi-builder-workspace/.dependencies/checkouts/Catena
builtin-copy -exclude .DS_Store -exclude CVS -exclude .svn -exclude .git -exclude .hg -resolve-src-symlinks -rename /Users/admin/builder/spi-builder-workspace/.derivedData/Build/Intermediates.noindex/Catena.build/Debug-watchos/Catena.build/Objects-normal/armv7k/Catena.swiftmodule /Users/admin/builder/spi-builder-workspace/.derivedData/Build/Products/Debug-watchos/Catena.swiftmodule/armv7k-apple-watchos.swiftmodule
Copy /Users/admin/builder/spi-builder-workspace/.derivedData/Build/Products/Debug-watchos/Catena.swiftmodule/armv7k-apple-watchos.swiftdoc /Users/admin/builder/spi-builder-workspace/.derivedData/Build/Intermediates.noindex/Catena.build/Debug-watchos/Catena.build/Objects-normal/armv7k/Catena.swiftdoc (in target 'Catena' from project 'Catena')
cd /Users/admin/builder/spi-builder-workspace/.dependencies/checkouts/Catena
builtin-copy -exclude .DS_Store -exclude CVS -exclude .svn -exclude .git -exclude .hg -resolve-src-symlinks -rename /Users/admin/builder/spi-builder-workspace/.derivedData/Build/Intermediates.noindex/Catena.build/Debug-watchos/Catena.build/Objects-normal/armv7k/Catena.swiftdoc /Users/admin/builder/spi-builder-workspace/.derivedData/Build/Products/Debug-watchos/Catena.swiftmodule/armv7k-apple-watchos.swiftdoc
Copy /Users/admin/builder/spi-builder-workspace/.derivedData/Build/Products/Debug-watchos/Catena.swiftmodule/armv7k-apple-watchos.abi.json /Users/admin/builder/spi-builder-workspace/.derivedData/Build/Intermediates.noindex/Catena.build/Debug-watchos/Catena.build/Objects-normal/armv7k/Catena.abi.json (in target 'Catena' from project 'Catena')
cd /Users/admin/builder/spi-builder-workspace/.dependencies/checkouts/Catena
builtin-copy -exclude .DS_Store -exclude CVS -exclude .svn -exclude .git -exclude .hg -resolve-src-symlinks -rename /Users/admin/builder/spi-builder-workspace/.derivedData/Build/Intermediates.noindex/Catena.build/Debug-watchos/Catena.build/Objects-normal/armv7k/Catena.abi.json /Users/admin/builder/spi-builder-workspace/.derivedData/Build/Products/Debug-watchos/Catena.swiftmodule/armv7k-apple-watchos.abi.json
Copy /Users/admin/builder/spi-builder-workspace/.derivedData/Build/Products/Debug-watchos/Catena.swiftmodule/Project/armv7k-apple-watchos.swiftsourceinfo /Users/admin/builder/spi-builder-workspace/.derivedData/Build/Intermediates.noindex/Catena.build/Debug-watchos/Catena.build/Objects-normal/armv7k/Catena.swiftsourceinfo (in target 'Catena' from project 'Catena')
cd /Users/admin/builder/spi-builder-workspace/.dependencies/checkouts/Catena
builtin-copy -exclude .DS_Store -exclude CVS -exclude .svn -exclude .git -exclude .hg -resolve-src-symlinks -rename /Users/admin/builder/spi-builder-workspace/.derivedData/Build/Intermediates.noindex/Catena.build/Debug-watchos/Catena.build/Objects-normal/armv7k/Catena.swiftsourceinfo /Users/admin/builder/spi-builder-workspace/.derivedData/Build/Products/Debug-watchos/Catena.swiftmodule/Project/armv7k-apple-watchos.swiftsourceinfo
SwiftDriver\ Compilation ReactiveSwift normal armv7k com.apple.xcode.tools.swift.compiler (in target 'ReactiveSwift' from project 'ReactiveSwift')
cd /Users/admin/builder/spi-builder-workspace/.swiftpm/xcode
builtin-Swift-Compilation -- /Applications/Xcode-16.3.0.app/Contents/Developer/Toolchains/XcodeDefault.xctoolchain/usr/bin/swiftc -module-name ReactiveSwift -Onone -enforce-exclusivity\=checked @/Users/admin/builder/spi-builder-workspace/.derivedData/Build/Intermediates.noindex/ReactiveSwift.build/Debug-watchos/ReactiveSwift.build/Objects-normal/armv7k/ReactiveSwift.SwiftFileList -DSWIFT_PACKAGE -DDEBUG -DXcode -plugin-path /Applications/Xcode-16.3.0.app/Contents/Developer/Toolchains/XcodeDefault.xctoolchain/usr/lib/swift/host/plugins/testing -enable-experimental-feature DebugDescriptionMacro -sdk /Applications/Xcode-16.3.0.app/Contents/Developer/Platforms/WatchOS.platform/Developer/SDKs/WatchOS11.4.sdk -target armv7k-apple-watchos4.0 -g -module-cache-path /Users/admin/builder/spi-builder-workspace/.derivedData/ModuleCache.noindex -Xfrontend -serialize-debugging-options -enable-testing -suppress-warnings -index-store-path /Users/admin/builder/spi-builder-workspace/.derivedData/Index.noindex/DataStore -swift-version 5 -I /Users/admin/builder/spi-builder-workspace/.derivedData/Build/Products/Debug-watchos -I /Applications/Xcode-16.3.0.app/Contents/Developer/Platforms/WatchOS.platform/Developer/usr/lib -F /Users/admin/builder/spi-builder-workspace/.derivedData/Build/Products/Debug-watchos -F /Applications/Xcode-16.3.0.app/Contents/Developer/Platforms/WatchOS.platform/Developer/Library/Frameworks -F /Applications/Xcode-16.3.0.app/Contents/Developer/Platforms/WatchOS.platform/Developer/SDKs/WatchOS11.4.sdk/Developer/Library/Frameworks -c -j10 -enable-batch-mode -incremental -Xcc -ivfsstatcache -Xcc /Users/admin/builder/spi-builder-workspace/.derivedData/SDKStatCaches.noindex/watchos11.4-22T246-43efb940ff07ba2497b70ec94253f576.sdkstatcache -output-file-map /Users/admin/builder/spi-builder-workspace/.derivedData/Build/Intermediates.noindex/ReactiveSwift.build/Debug-watchos/ReactiveSwift.build/Objects-normal/armv7k/ReactiveSwift-OutputFileMap.json -use-frontend-parseable-output -save-temps -no-color-diagnostics -serialize-diagnostics -emit-dependencies -emit-module -emit-module-path /Users/admin/builder/spi-builder-workspace/.derivedData/Build/Intermediates.noindex/ReactiveSwift.build/Debug-watchos/ReactiveSwift.build/Objects-normal/armv7k/ReactiveSwift.swiftmodule -validate-clang-modules-once -clang-build-session-file /Users/admin/builder/spi-builder-workspace/.derivedData/ModuleCache.noindex/Session.modulevalidation -Xcc -I/Users/admin/builder/spi-builder-workspace/.derivedData/Build/Intermediates.noindex/ReactiveSwift.build/Debug-watchos/ReactiveSwift.build/swift-overrides.hmap -emit-const-values -Xfrontend -const-gather-protocols-file -Xfrontend /Users/admin/builder/spi-builder-workspace/.derivedData/Build/Intermediates.noindex/ReactiveSwift.build/Debug-watchos/ReactiveSwift.build/Objects-normal/armv7k/ReactiveSwift_const_extract_protocols.json -Xcc -I/Users/admin/builder/spi-builder-workspace/.derivedData/Build/Products/Debug-watchos/include -Xcc -I/Users/admin/builder/spi-builder-workspace/.derivedData/Build/Intermediates.noindex/ReactiveSwift.build/Debug-watchos/ReactiveSwift.build/DerivedSources-normal/armv7k -Xcc -I/Users/admin/builder/spi-builder-workspace/.derivedData/Build/Intermediates.noindex/ReactiveSwift.build/Debug-watchos/ReactiveSwift.build/DerivedSources/armv7k -Xcc -I/Users/admin/builder/spi-builder-workspace/.derivedData/Build/Intermediates.noindex/ReactiveSwift.build/Debug-watchos/ReactiveSwift.build/DerivedSources -Xcc -DSWIFT_PACKAGE -Xcc -DDEBUG\=1 -emit-objc-header -emit-objc-header-path /Users/admin/builder/spi-builder-workspace/.derivedData/Build/Intermediates.noindex/ReactiveSwift.build/Debug-watchos/ReactiveSwift.build/Objects-normal/armv7k/ReactiveSwift-Swift.h -working-directory /Users/admin/builder/spi-builder-workspace/.swiftpm/xcode -experimental-emit-module-separately -disable-cmo
SwiftCompile normal arm64_32 Compiling\ LinkedList.swift,\ NestedBatchUpdate.swift /Users/admin/builder/spi-builder-workspace/.dependencies/checkouts/Differ/Sources/Differ/LinkedList.swift /Users/admin/builder/spi-builder-workspace/.dependencies/checkouts/Differ/Sources/Differ/NestedBatchUpdate.swift (in target 'Differ' from project 'Differ')
SwiftCompile normal arm64_32 /Users/admin/builder/spi-builder-workspace/.dependencies/checkouts/Differ/Sources/Differ/LinkedList.swift (in target 'Differ' from project 'Differ')
cd /Users/admin/builder/spi-builder-workspace/.swiftpm/xcode
SwiftCompile normal arm64_32 /Users/admin/builder/spi-builder-workspace/.dependencies/checkouts/Differ/Sources/Differ/NestedBatchUpdate.swift (in target 'Differ' from project 'Differ')
cd /Users/admin/builder/spi-builder-workspace/.swiftpm/xcode
SwiftCompile normal arm64 Compiling\ NestedExtendedDiff.swift /Users/admin/builder/spi-builder-workspace/.dependencies/checkouts/Differ/Sources/Differ/NestedExtendedDiff.swift (in target 'Differ' from project 'Differ')
SwiftCompile normal arm64 /Users/admin/builder/spi-builder-workspace/.dependencies/checkouts/Differ/Sources/Differ/NestedExtendedDiff.swift (in target 'Differ' from project 'Differ')
cd /Users/admin/builder/spi-builder-workspace/.swiftpm/xcode
SwiftDriverJobDiscovery normal arm64 Compiling LinkedList.swift, NestedBatchUpdate.swift (in target 'Differ' from project 'Differ')
SwiftCompile normal armv7k Compiling\ ExtendedPatch.swift,\ GenericPatch.swift /Users/admin/builder/spi-builder-workspace/.dependencies/checkouts/Differ/Sources/Differ/ExtendedPatch.swift /Users/admin/builder/spi-builder-workspace/.dependencies/checkouts/Differ/Sources/Differ/GenericPatch.swift (in target 'Differ' from project 'Differ')
SwiftCompile normal armv7k /Users/admin/builder/spi-builder-workspace/.dependencies/checkouts/Differ/Sources/Differ/ExtendedPatch.swift (in target 'Differ' from project 'Differ')
cd /Users/admin/builder/spi-builder-workspace/.swiftpm/xcode
SwiftCompile normal armv7k /Users/admin/builder/spi-builder-workspace/.dependencies/checkouts/Differ/Sources/Differ/GenericPatch.swift (in target 'Differ' from project 'Differ')
cd /Users/admin/builder/spi-builder-workspace/.swiftpm/xcode
SwiftDriverJobDiscovery normal arm64 Compiling NestedDiff.swift (in target 'Differ' from project 'Differ')
SwiftCompile normal armv7k Compiling\ Patch+Apply.swift /Users/admin/builder/spi-builder-workspace/.dependencies/checkouts/Differ/Sources/Differ/Patch+Apply.swift (in target 'Differ' from project 'Differ')
SwiftCompile normal armv7k /Users/admin/builder/spi-builder-workspace/.dependencies/checkouts/Differ/Sources/Differ/Patch+Apply.swift (in target 'Differ' from project 'Differ')
cd /Users/admin/builder/spi-builder-workspace/.swiftpm/xcode
SwiftCompile normal arm64 Compiling\ Patch+Sort.swift /Users/admin/builder/spi-builder-workspace/.dependencies/checkouts/Differ/Sources/Differ/Patch+Sort.swift (in target 'Differ' from project 'Differ')
SwiftCompile normal arm64 /Users/admin/builder/spi-builder-workspace/.dependencies/checkouts/Differ/Sources/Differ/Patch+Sort.swift (in target 'Differ' from project 'Differ')
cd /Users/admin/builder/spi-builder-workspace/.swiftpm/xcode
SwiftCompile normal arm64 Compiling\ Diff+UIKit.swift,\ Diff.swift /Users/admin/builder/spi-builder-workspace/.dependencies/checkouts/Differ/Sources/Differ/Diff+UIKit.swift /Users/admin/builder/spi-builder-workspace/.dependencies/checkouts/Differ/Sources/Differ/Diff.swift (in target 'Differ' from project 'Differ')
SwiftCompile normal arm64 /Users/admin/builder/spi-builder-workspace/.dependencies/checkouts/Differ/Sources/Differ/Diff+UIKit.swift (in target 'Differ' from project 'Differ')
cd /Users/admin/builder/spi-builder-workspace/.swiftpm/xcode
SwiftCompile normal arm64 /Users/admin/builder/spi-builder-workspace/.dependencies/checkouts/Differ/Sources/Differ/Diff.swift (in target 'Differ' from project 'Differ')
cd /Users/admin/builder/spi-builder-workspace/.swiftpm/xcode
SwiftEmitModule normal arm64 Emitting\ module\ for\ PersistDB (in target 'PersistDB' from project 'PersistDB')
EmitSwiftModule normal arm64 (in target 'PersistDB' from project 'PersistDB')
cd /Users/admin/builder/spi-builder-workspace/.swiftpm/xcode
SwiftDriverJobDiscovery normal arm64_32 Compiling Diff+UIKit.swift, Diff.swift (in target 'Differ' from project 'Differ')
SwiftEmitModule normal armv7k Emitting\ module\ for\ PersistDB (in target 'PersistDB' from project 'PersistDB')
EmitSwiftModule normal armv7k (in target 'PersistDB' from project 'PersistDB')
cd /Users/admin/builder/spi-builder-workspace/.swiftpm/xcode
SwiftDriverJobDiscovery normal arm64 Emitting module for Catena (in target 'Catena' from project 'Catena')
SwiftEmitModule normal arm64_32 Emitting\ module\ for\ PersistDB (in target 'PersistDB' from project 'PersistDB')
EmitSwiftModule normal arm64_32 (in target 'PersistDB' from project 'PersistDB')
cd /Users/admin/builder/spi-builder-workspace/.swiftpm/xcode
SwiftDriverJobDiscovery normal armv7k Compiling Patch+Sort.swift (in target 'Differ' from project 'Differ')
SwiftDriver\ Compilation\ Requirements Catena normal arm64 com.apple.xcode.tools.swift.compiler (in target 'Catena' from project 'Catena')
cd /Users/admin/builder/spi-builder-workspace/.swiftpm/xcode
builtin-Swift-Compilation-Requirements -- /Applications/Xcode-16.3.0.app/Contents/Developer/Toolchains/XcodeDefault.xctoolchain/usr/bin/swiftc -module-name Catena -Onone -enforce-exclusivity\=checked @/Users/admin/builder/spi-builder-workspace/.derivedData/Build/Intermediates.noindex/Catena.build/Debug-watchos/Catena.build/Objects-normal/arm64/Catena.SwiftFileList -DSWIFT_PACKAGE -DDEBUG -DXcode -enable-upcoming-feature ExistentialAny -plugin-path /Applications/Xcode-16.3.0.app/Contents/Developer/Toolchains/XcodeDefault.xctoolchain/usr/lib/swift/host/plugins/testing -enable-experimental-feature DebugDescriptionMacro -sdk /Applications/Xcode-16.3.0.app/Contents/Developer/Platforms/WatchOS.platform/Developer/SDKs/WatchOS11.4.sdk -target arm64-apple-watchos6.0 -g -module-cache-path /Users/admin/builder/spi-builder-workspace/.derivedData/ModuleCache.noindex -Xfrontend -serialize-debugging-options -enable-testing -suppress-warnings -index-store-path /Users/admin/builder/spi-builder-workspace/.derivedData/Index.noindex/DataStore -swift-version 6 -I /Users/admin/builder/spi-builder-workspace/.derivedData/Build/Products/Debug-watchos -I /Applications/Xcode-16.3.0.app/Contents/Developer/Platforms/WatchOS.platform/Developer/usr/lib -F /Users/admin/builder/spi-builder-workspace/.derivedData/Build/Products/Debug-watchos/PackageFrameworks -F /Users/admin/builder/spi-builder-workspace/.derivedData/Build/Products/Debug-watchos -F /Applications/Xcode-16.3.0.app/Contents/Developer/Platforms/WatchOS.platform/Developer/Library/Frameworks -F /Applications/Xcode-16.3.0.app/Contents/Developer/Platforms/WatchOS.platform/Developer/SDKs/WatchOS11.4.sdk/Developer/Library/Frameworks -c -j10 -enable-batch-mode -incremental -Xcc -ivfsstatcache -Xcc /Users/admin/builder/spi-builder-workspace/.derivedData/SDKStatCaches.noindex/watchos11.4-22T246-43efb940ff07ba2497b70ec94253f576.sdkstatcache -output-file-map /Users/admin/builder/spi-builder-workspace/.derivedData/Build/Intermediates.noindex/Catena.build/Debug-watchos/Catena.build/Objects-normal/arm64/Catena-OutputFileMap.json -use-frontend-parseable-output -save-temps -no-color-diagnostics -serialize-diagnostics -emit-dependencies -emit-module -emit-module-path /Users/admin/builder/spi-builder-workspace/.derivedData/Build/Intermediates.noindex/Catena.build/Debug-watchos/Catena.build/Objects-normal/arm64/Catena.swiftmodule -validate-clang-modules-once -clang-build-session-file /Users/admin/builder/spi-builder-workspace/.derivedData/ModuleCache.noindex/Session.modulevalidation -package-name catena -Xcc -I/Users/admin/builder/spi-builder-workspace/.derivedData/Build/Intermediates.noindex/Catena.build/Debug-watchos/Catena.build/swift-overrides.hmap -emit-const-values -Xfrontend -const-gather-protocols-file -Xfrontend /Users/admin/builder/spi-builder-workspace/.derivedData/Build/Intermediates.noindex/Catena.build/Debug-watchos/Catena.build/Objects-normal/arm64/Catena_const_extract_protocols.json -Xcc -I/Users/admin/builder/spi-builder-workspace/.derivedData/Build/Products/Debug-watchos/include -Xcc -I/Users/admin/builder/spi-builder-workspace/.derivedData/Build/Intermediates.noindex/Catena.build/Debug-watchos/Catena.build/DerivedSources-normal/arm64 -Xcc -I/Users/admin/builder/spi-builder-workspace/.derivedData/Build/Intermediates.noindex/Catena.build/Debug-watchos/Catena.build/DerivedSources/arm64 -Xcc -I/Users/admin/builder/spi-builder-workspace/.derivedData/Build/Intermediates.noindex/Catena.build/Debug-watchos/Catena.build/DerivedSources -Xcc -DSWIFT_PACKAGE -Xcc -DDEBUG\=1 -emit-objc-header -emit-objc-header-path /Users/admin/builder/spi-builder-workspace/.derivedData/Build/Intermediates.noindex/Catena.build/Debug-watchos/Catena.build/Objects-normal/arm64/Catena-Swift.h -working-directory /Users/admin/builder/spi-builder-workspace/.swiftpm/xcode -experimental-emit-module-separately -disable-cmo
SwiftDriverJobDiscovery normal arm64_32 Emitting module for Catena (in target 'Catena' from project 'Catena')
SwiftCompile normal armv7k Compiling\ SQL.Database.swift,\ SQL.Delete.swift,\ SQL.Effect.swift,\ SQL.Expression.swift /Users/admin/builder/spi-builder-workspace/.dependencies/checkouts/PersistDB/Source/SQL/SQL.Database.swift /Users/admin/builder/spi-builder-workspace/.dependencies/checkouts/PersistDB/Source/SQL/SQL.Delete.swift /Users/admin/builder/spi-builder-workspace/.dependencies/checkouts/PersistDB/Source/SQL/SQL.Effect.swift /Users/admin/builder/spi-builder-workspace/.dependencies/checkouts/PersistDB/Source/SQL/SQL.Expression.swift (in target 'PersistDB' from project 'PersistDB')
SwiftCompile normal armv7k /Users/admin/builder/spi-builder-workspace/.dependencies/checkouts/PersistDB/Source/SQL/SQL.Database.swift (in target 'PersistDB' from project 'PersistDB')
cd /Users/admin/builder/spi-builder-workspace/.swiftpm/xcode
SwiftCompile normal armv7k /Users/admin/builder/spi-builder-workspace/.dependencies/checkouts/PersistDB/Source/SQL/SQL.Delete.swift (in target 'PersistDB' from project 'PersistDB')
cd /Users/admin/builder/spi-builder-workspace/.swiftpm/xcode
SwiftCompile normal armv7k /Users/admin/builder/spi-builder-workspace/.dependencies/checkouts/PersistDB/Source/SQL/SQL.Effect.swift (in target 'PersistDB' from project 'PersistDB')
cd /Users/admin/builder/spi-builder-workspace/.swiftpm/xcode
SwiftCompile normal armv7k /Users/admin/builder/spi-builder-workspace/.dependencies/checkouts/PersistDB/Source/SQL/SQL.Expression.swift (in target 'PersistDB' from project 'PersistDB')
cd /Users/admin/builder/spi-builder-workspace/.swiftpm/xcode
SwiftDriver\ Compilation\ Requirements Catena normal arm64_32 com.apple.xcode.tools.swift.compiler (in target 'Catena' from project 'Catena')
cd /Users/admin/builder/spi-builder-workspace/.swiftpm/xcode
builtin-Swift-Compilation-Requirements -- /Applications/Xcode-16.3.0.app/Contents/Developer/Toolchains/XcodeDefault.xctoolchain/usr/bin/swiftc -module-name Catena -Onone -enforce-exclusivity\=checked @/Users/admin/builder/spi-builder-workspace/.derivedData/Build/Intermediates.noindex/Catena.build/Debug-watchos/Catena.build/Objects-normal/arm64_32/Catena.SwiftFileList -DSWIFT_PACKAGE -DDEBUG -DXcode -enable-upcoming-feature ExistentialAny -plugin-path /Applications/Xcode-16.3.0.app/Contents/Developer/Toolchains/XcodeDefault.xctoolchain/usr/lib/swift/host/plugins/testing -enable-experimental-feature DebugDescriptionMacro -sdk /Applications/Xcode-16.3.0.app/Contents/Developer/Platforms/WatchOS.platform/Developer/SDKs/WatchOS11.4.sdk -target arm64_32-apple-watchos6.0 -g -module-cache-path /Users/admin/builder/spi-builder-workspace/.derivedData/ModuleCache.noindex -Xfrontend -serialize-debugging-options -enable-testing -suppress-warnings -index-store-path /Users/admin/builder/spi-builder-workspace/.derivedData/Index.noindex/DataStore -swift-version 6 -I /Users/admin/builder/spi-builder-workspace/.derivedData/Build/Products/Debug-watchos -I /Applications/Xcode-16.3.0.app/Contents/Developer/Platforms/WatchOS.platform/Developer/usr/lib -F /Users/admin/builder/spi-builder-workspace/.derivedData/Build/Products/Debug-watchos/PackageFrameworks -F /Users/admin/builder/spi-builder-workspace/.derivedData/Build/Products/Debug-watchos -F /Applications/Xcode-16.3.0.app/Contents/Developer/Platforms/WatchOS.platform/Developer/Library/Frameworks -F /Applications/Xcode-16.3.0.app/Contents/Developer/Platforms/WatchOS.platform/Developer/SDKs/WatchOS11.4.sdk/Developer/Library/Frameworks -c -j10 -enable-batch-mode -incremental -Xcc -ivfsstatcache -Xcc /Users/admin/builder/spi-builder-workspace/.derivedData/SDKStatCaches.noindex/watchos11.4-22T246-43efb940ff07ba2497b70ec94253f576.sdkstatcache -output-file-map /Users/admin/builder/spi-builder-workspace/.derivedData/Build/Intermediates.noindex/Catena.build/Debug-watchos/Catena.build/Objects-normal/arm64_32/Catena-OutputFileMap.json -use-frontend-parseable-output -save-temps -no-color-diagnostics -serialize-diagnostics -emit-dependencies -emit-module -emit-module-path /Users/admin/builder/spi-builder-workspace/.derivedData/Build/Intermediates.noindex/Catena.build/Debug-watchos/Catena.build/Objects-normal/arm64_32/Catena.swiftmodule -validate-clang-modules-once -clang-build-session-file /Users/admin/builder/spi-builder-workspace/.derivedData/ModuleCache.noindex/Session.modulevalidation -package-name catena -Xcc -I/Users/admin/builder/spi-builder-workspace/.derivedData/Build/Intermediates.noindex/Catena.build/Debug-watchos/Catena.build/swift-overrides.hmap -emit-const-values -Xfrontend -const-gather-protocols-file -Xfrontend /Users/admin/builder/spi-builder-workspace/.derivedData/Build/Intermediates.noindex/Catena.build/Debug-watchos/Catena.build/Objects-normal/arm64_32/Catena_const_extract_protocols.json -Xcc -I/Users/admin/builder/spi-builder-workspace/.derivedData/Build/Products/Debug-watchos/include -Xcc -I/Users/admin/builder/spi-builder-workspace/.derivedData/Build/Intermediates.noindex/Catena.build/Debug-watchos/Catena.build/DerivedSources-normal/arm64_32 -Xcc -I/Users/admin/builder/spi-builder-workspace/.derivedData/Build/Intermediates.noindex/Catena.build/Debug-watchos/Catena.build/DerivedSources/arm64_32 -Xcc -I/Users/admin/builder/spi-builder-workspace/.derivedData/Build/Intermediates.noindex/Catena.build/Debug-watchos/Catena.build/DerivedSources -Xcc -DSWIFT_PACKAGE -Xcc -DDEBUG\=1 -emit-objc-header -emit-objc-header-path /Users/admin/builder/spi-builder-workspace/.derivedData/Build/Intermediates.noindex/Catena.build/Debug-watchos/Catena.build/Objects-normal/arm64_32/Catena-Swift.h -working-directory /Users/admin/builder/spi-builder-workspace/.swiftpm/xcode -experimental-emit-module-separately -disable-cmo
SwiftDriverJobDiscovery normal arm64_32 Compiling LinkedList.swift, NestedBatchUpdate.swift (in target 'Differ' from project 'Differ')
Copy /Users/admin/builder/spi-builder-workspace/.derivedData/Build/Products/Debug-watchos/Catena.swiftmodule/arm64-apple-watchos.swiftmodule /Users/admin/builder/spi-builder-workspace/.derivedData/Build/Intermediates.noindex/Catena.build/Debug-watchos/Catena.build/Objects-normal/arm64/Catena.swiftmodule (in target 'Catena' from project 'Catena')
cd /Users/admin/builder/spi-builder-workspace/.dependencies/checkouts/Catena
builtin-copy -exclude .DS_Store -exclude CVS -exclude .svn -exclude .git -exclude .hg -resolve-src-symlinks -rename /Users/admin/builder/spi-builder-workspace/.derivedData/Build/Intermediates.noindex/Catena.build/Debug-watchos/Catena.build/Objects-normal/arm64/Catena.swiftmodule /Users/admin/builder/spi-builder-workspace/.derivedData/Build/Products/Debug-watchos/Catena.swiftmodule/arm64-apple-watchos.swiftmodule
SwiftMergeGeneratedHeaders /Users/admin/builder/spi-builder-workspace/.derivedData/Build/Intermediates.noindex/GeneratedModuleMaps-watchos/Catena-Swift.h /Users/admin/builder/spi-builder-workspace/.derivedData/Build/Intermediates.noindex/Catena.build/Debug-watchos/Catena.build/Objects-normal/arm64/Catena-Swift.h /Users/admin/builder/spi-builder-workspace/.derivedData/Build/Intermediates.noindex/Catena.build/Debug-watchos/Catena.build/Objects-normal/arm64_32/Catena-Swift.h /Users/admin/builder/spi-builder-workspace/.derivedData/Build/Intermediates.noindex/Catena.build/Debug-watchos/Catena.build/Objects-normal/armv7k/Catena-Swift.h (in target 'Catena' from project 'Catena')
cd /Users/admin/builder/spi-builder-workspace/.dependencies/checkouts/Catena
builtin-swiftHeaderTool -arch arm64 /Users/admin/builder/spi-builder-workspace/.derivedData/Build/Intermediates.noindex/Catena.build/Debug-watchos/Catena.build/Objects-normal/arm64/Catena-Swift.h -arch arm64_32 /Users/admin/builder/spi-builder-workspace/.derivedData/Build/Intermediates.noindex/Catena.build/Debug-watchos/Catena.build/Objects-normal/arm64_32/Catena-Swift.h -arch armv7k /Users/admin/builder/spi-builder-workspace/.derivedData/Build/Intermediates.noindex/Catena.build/Debug-watchos/Catena.build/Objects-normal/armv7k/Catena-Swift.h -o /Users/admin/builder/spi-builder-workspace/.derivedData/Build/Intermediates.noindex/GeneratedModuleMaps-watchos/Catena-Swift.h
Copy /Users/admin/builder/spi-builder-workspace/.derivedData/Build/Products/Debug-watchos/Catena.swiftmodule/arm64_32-apple-watchos.swiftmodule /Users/admin/builder/spi-builder-workspace/.derivedData/Build/Intermediates.noindex/Catena.build/Debug-watchos/Catena.build/Objects-normal/arm64_32/Catena.swiftmodule (in target 'Catena' from project 'Catena')
cd /Users/admin/builder/spi-builder-workspace/.dependencies/checkouts/Catena
builtin-copy -exclude .DS_Store -exclude CVS -exclude .svn -exclude .git -exclude .hg -resolve-src-symlinks -rename /Users/admin/builder/spi-builder-workspace/.derivedData/Build/Intermediates.noindex/Catena.build/Debug-watchos/Catena.build/Objects-normal/arm64_32/Catena.swiftmodule /Users/admin/builder/spi-builder-workspace/.derivedData/Build/Products/Debug-watchos/Catena.swiftmodule/arm64_32-apple-watchos.swiftmodule
Copy /Users/admin/builder/spi-builder-workspace/.derivedData/Build/Products/Debug-watchos/Catena.swiftmodule/arm64_32-apple-watchos.swiftdoc /Users/admin/builder/spi-builder-workspace/.derivedData/Build/Intermediates.noindex/Catena.build/Debug-watchos/Catena.build/Objects-normal/arm64_32/Catena.swiftdoc (in target 'Catena' from project 'Catena')
cd /Users/admin/builder/spi-builder-workspace/.dependencies/checkouts/Catena
builtin-copy -exclude .DS_Store -exclude CVS -exclude .svn -exclude .git -exclude .hg -resolve-src-symlinks -rename /Users/admin/builder/spi-builder-workspace/.derivedData/Build/Intermediates.noindex/Catena.build/Debug-watchos/Catena.build/Objects-normal/arm64_32/Catena.swiftdoc /Users/admin/builder/spi-builder-workspace/.derivedData/Build/Products/Debug-watchos/Catena.swiftmodule/arm64_32-apple-watchos.swiftdoc
Copy /Users/admin/builder/spi-builder-workspace/.derivedData/Build/Products/Debug-watchos/Catena.swiftmodule/arm64_32-apple-watchos.abi.json /Users/admin/builder/spi-builder-workspace/.derivedData/Build/Intermediates.noindex/Catena.build/Debug-watchos/Catena.build/Objects-normal/arm64_32/Catena.abi.json (in target 'Catena' from project 'Catena')
cd /Users/admin/builder/spi-builder-workspace/.dependencies/checkouts/Catena
builtin-copy -exclude .DS_Store -exclude CVS -exclude .svn -exclude .git -exclude .hg -resolve-src-symlinks -rename /Users/admin/builder/spi-builder-workspace/.derivedData/Build/Intermediates.noindex/Catena.build/Debug-watchos/Catena.build/Objects-normal/arm64_32/Catena.abi.json /Users/admin/builder/spi-builder-workspace/.derivedData/Build/Products/Debug-watchos/Catena.swiftmodule/arm64_32-apple-watchos.abi.json
Copy /Users/admin/builder/spi-builder-workspace/.derivedData/Build/Products/Debug-watchos/Catena.swiftmodule/arm64-apple-watchos.swiftdoc /Users/admin/builder/spi-builder-workspace/.derivedData/Build/Intermediates.noindex/Catena.build/Debug-watchos/Catena.build/Objects-normal/arm64/Catena.swiftdoc (in target 'Catena' from project 'Catena')
cd /Users/admin/builder/spi-builder-workspace/.dependencies/checkouts/Catena
builtin-copy -exclude .DS_Store -exclude CVS -exclude .svn -exclude .git -exclude .hg -resolve-src-symlinks -rename /Users/admin/builder/spi-builder-workspace/.derivedData/Build/Intermediates.noindex/Catena.build/Debug-watchos/Catena.build/Objects-normal/arm64/Catena.swiftdoc /Users/admin/builder/spi-builder-workspace/.derivedData/Build/Products/Debug-watchos/Catena.swiftmodule/arm64-apple-watchos.swiftdoc
Copy /Users/admin/builder/spi-builder-workspace/.derivedData/Build/Products/Debug-watchos/Catena.swiftmodule/arm64-apple-watchos.abi.json /Users/admin/builder/spi-builder-workspace/.derivedData/Build/Intermediates.noindex/Catena.build/Debug-watchos/Catena.build/Objects-normal/arm64/Catena.abi.json (in target 'Catena' from project 'Catena')
cd /Users/admin/builder/spi-builder-workspace/.dependencies/checkouts/Catena
builtin-copy -exclude .DS_Store -exclude CVS -exclude .svn -exclude .git -exclude .hg -resolve-src-symlinks -rename /Users/admin/builder/spi-builder-workspace/.derivedData/Build/Intermediates.noindex/Catena.build/Debug-watchos/Catena.build/Objects-normal/arm64/Catena.abi.json /Users/admin/builder/spi-builder-workspace/.derivedData/Build/Products/Debug-watchos/Catena.swiftmodule/arm64-apple-watchos.abi.json
Copy /Users/admin/builder/spi-builder-workspace/.derivedData/Build/Products/Debug-watchos/Catena.swiftmodule/Project/arm64_32-apple-watchos.swiftsourceinfo /Users/admin/builder/spi-builder-workspace/.derivedData/Build/Intermediates.noindex/Catena.build/Debug-watchos/Catena.build/Objects-normal/arm64_32/Catena.swiftsourceinfo (in target 'Catena' from project 'Catena')
cd /Users/admin/builder/spi-builder-workspace/.dependencies/checkouts/Catena
builtin-copy -exclude .DS_Store -exclude CVS -exclude .svn -exclude .git -exclude .hg -resolve-src-symlinks -rename /Users/admin/builder/spi-builder-workspace/.derivedData/Build/Intermediates.noindex/Catena.build/Debug-watchos/Catena.build/Objects-normal/arm64_32/Catena.swiftsourceinfo /Users/admin/builder/spi-builder-workspace/.derivedData/Build/Products/Debug-watchos/Catena.swiftmodule/Project/arm64_32-apple-watchos.swiftsourceinfo
Copy /Users/admin/builder/spi-builder-workspace/.derivedData/Build/Products/Debug-watchos/Catena.swiftmodule/Project/arm64-apple-watchos.swiftsourceinfo /Users/admin/builder/spi-builder-workspace/.derivedData/Build/Intermediates.noindex/Catena.build/Debug-watchos/Catena.build/Objects-normal/arm64/Catena.swiftsourceinfo (in target 'Catena' from project 'Catena')
cd /Users/admin/builder/spi-builder-workspace/.dependencies/checkouts/Catena
builtin-copy -exclude .DS_Store -exclude CVS -exclude .svn -exclude .git -exclude .hg -resolve-src-symlinks -rename /Users/admin/builder/spi-builder-workspace/.derivedData/Build/Intermediates.noindex/Catena.build/Debug-watchos/Catena.build/Objects-normal/arm64/Catena.swiftsourceinfo /Users/admin/builder/spi-builder-workspace/.derivedData/Build/Products/Debug-watchos/Catena.swiftmodule/Project/arm64-apple-watchos.swiftsourceinfo
SwiftCompile normal arm64 Compiling\ SQL.swift,\ Store.swift,\ Table.swift /Users/admin/builder/spi-builder-workspace/.dependencies/checkouts/PersistDB/Source/SQL/SQL.swift /Users/admin/builder/spi-builder-workspace/.dependencies/checkouts/PersistDB/Source/Store.swift /Users/admin/builder/spi-builder-workspace/.dependencies/checkouts/PersistDB/Source/Table.swift (in target 'PersistDB' from project 'PersistDB')
SwiftCompile normal arm64 /Users/admin/builder/spi-builder-workspace/.dependencies/checkouts/PersistDB/Source/SQL/SQL.swift (in target 'PersistDB' from project 'PersistDB')
cd /Users/admin/builder/spi-builder-workspace/.swiftpm/xcode
SwiftCompile normal arm64 /Users/admin/builder/spi-builder-workspace/.dependencies/checkouts/PersistDB/Source/Store.swift (in target 'PersistDB' from project 'PersistDB')
cd /Users/admin/builder/spi-builder-workspace/.swiftpm/xcode
SwiftCompile normal arm64 /Users/admin/builder/spi-builder-workspace/.dependencies/checkouts/PersistDB/Source/Table.swift (in target 'PersistDB' from project 'PersistDB')
cd /Users/admin/builder/spi-builder-workspace/.swiftpm/xcode
SwiftCompile normal armv7k Compiling\ Query.swift,\ ResultSet.swift,\ SQL.Action.swift,\ SQL.Column.swift /Users/admin/builder/spi-builder-workspace/.dependencies/checkouts/PersistDB/Source/Query.swift /Users/admin/builder/spi-builder-workspace/.dependencies/checkouts/PersistDB/Source/ResultSet.swift /Users/admin/builder/spi-builder-workspace/.dependencies/checkouts/PersistDB/Source/SQL/SQL.Action.swift /Users/admin/builder/spi-builder-workspace/.dependencies/checkouts/PersistDB/Source/SQL/SQL.Column.swift (in target 'PersistDB' from project 'PersistDB')
SwiftCompile normal armv7k /Users/admin/builder/spi-builder-workspace/.dependencies/checkouts/PersistDB/Source/Query.swift (in target 'PersistDB' from project 'PersistDB')
cd /Users/admin/builder/spi-builder-workspace/.swiftpm/xcode
SwiftCompile normal armv7k /Users/admin/builder/spi-builder-workspace/.dependencies/checkouts/PersistDB/Source/ResultSet.swift (in target 'PersistDB' from project 'PersistDB')
cd /Users/admin/builder/spi-builder-workspace/.swiftpm/xcode
SwiftCompile normal armv7k /Users/admin/builder/spi-builder-workspace/.dependencies/checkouts/PersistDB/Source/SQL/SQL.Action.swift (in target 'PersistDB' from project 'PersistDB')
cd /Users/admin/builder/spi-builder-workspace/.swiftpm/xcode
SwiftCompile normal armv7k /Users/admin/builder/spi-builder-workspace/.dependencies/checkouts/PersistDB/Source/SQL/SQL.Column.swift (in target 'PersistDB' from project 'PersistDB')
cd /Users/admin/builder/spi-builder-workspace/.swiftpm/xcode
SwiftDriverJobDiscovery normal armv7k Compiling Patch+Apply.swift (in target 'Differ' from project 'Differ')
SwiftCompile normal arm64 Compiling\ Action.swift,\ Aggregate.swift,\ Day.swift,\ Delete.swift /Users/admin/builder/spi-builder-workspace/.dependencies/checkouts/PersistDB/Source/Action.swift /Users/admin/builder/spi-builder-workspace/.dependencies/checkouts/PersistDB/Source/Aggregate.swift /Users/admin/builder/spi-builder-workspace/.dependencies/checkouts/PersistDB/Source/Day.swift /Users/admin/builder/spi-builder-workspace/.dependencies/checkouts/PersistDB/Source/Delete.swift (in target 'PersistDB' from project 'PersistDB')
SwiftCompile normal arm64 /Users/admin/builder/spi-builder-workspace/.dependencies/checkouts/PersistDB/Source/Action.swift (in target 'PersistDB' from project 'PersistDB')
cd /Users/admin/builder/spi-builder-workspace/.swiftpm/xcode
SwiftCompile normal arm64 /Users/admin/builder/spi-builder-workspace/.dependencies/checkouts/PersistDB/Source/Aggregate.swift (in target 'PersistDB' from project 'PersistDB')
cd /Users/admin/builder/spi-builder-workspace/.swiftpm/xcode
SwiftCompile normal arm64 /Users/admin/builder/spi-builder-workspace/.dependencies/checkouts/PersistDB/Source/Day.swift (in target 'PersistDB' from project 'PersistDB')
cd /Users/admin/builder/spi-builder-workspace/.swiftpm/xcode
SwiftCompile normal arm64 /Users/admin/builder/spi-builder-workspace/.dependencies/checkouts/PersistDB/Source/Delete.swift (in target 'PersistDB' from project 'PersistDB')
cd /Users/admin/builder/spi-builder-workspace/.swiftpm/xcode
SwiftDriverJobDiscovery normal arm64 Compiling NestedExtendedDiff.swift (in target 'Differ' from project 'Differ')
SwiftCompile normal arm64 Compiling\ SQL.Database.swift,\ SQL.Delete.swift,\ SQL.Effect.swift,\ SQL.Expression.swift /Users/admin/builder/spi-builder-workspace/.dependencies/checkouts/PersistDB/Source/SQL/SQL.Database.swift /Users/admin/builder/spi-builder-workspace/.dependencies/checkouts/PersistDB/Source/SQL/SQL.Delete.swift /Users/admin/builder/spi-builder-workspace/.dependencies/checkouts/PersistDB/Source/SQL/SQL.Effect.swift /Users/admin/builder/spi-builder-workspace/.dependencies/checkouts/PersistDB/Source/SQL/SQL.Expression.swift (in target 'PersistDB' from project 'PersistDB')
SwiftCompile normal arm64 /Users/admin/builder/spi-builder-workspace/.dependencies/checkouts/PersistDB/Source/SQL/SQL.Database.swift (in target 'PersistDB' from project 'PersistDB')
cd /Users/admin/builder/spi-builder-workspace/.swiftpm/xcode
SwiftCompile normal arm64 /Users/admin/builder/spi-builder-workspace/.dependencies/checkouts/PersistDB/Source/SQL/SQL.Delete.swift (in target 'PersistDB' from project 'PersistDB')
cd /Users/admin/builder/spi-builder-workspace/.swiftpm/xcode
SwiftCompile normal arm64 /Users/admin/builder/spi-builder-workspace/.dependencies/checkouts/PersistDB/Source/SQL/SQL.Effect.swift (in target 'PersistDB' from project 'PersistDB')
cd /Users/admin/builder/spi-builder-workspace/.swiftpm/xcode
SwiftCompile normal arm64 /Users/admin/builder/spi-builder-workspace/.dependencies/checkouts/PersistDB/Source/SQL/SQL.Expression.swift (in target 'PersistDB' from project 'PersistDB')
cd /Users/admin/builder/spi-builder-workspace/.swiftpm/xcode
SwiftDriverJobDiscovery normal arm64 Compiling Patch+Sort.swift (in target 'Differ' from project 'Differ')
SwiftCompile normal arm64_32 Compiling\ Action.swift,\ Aggregate.swift,\ Day.swift,\ Delete.swift /Users/admin/builder/spi-builder-workspace/.dependencies/checkouts/PersistDB/Source/Action.swift /Users/admin/builder/spi-builder-workspace/.dependencies/checkouts/PersistDB/Source/Aggregate.swift /Users/admin/builder/spi-builder-workspace/.dependencies/checkouts/PersistDB/Source/Day.swift /Users/admin/builder/spi-builder-workspace/.dependencies/checkouts/PersistDB/Source/Delete.swift (in target 'PersistDB' from project 'PersistDB')
SwiftCompile normal arm64_32 /Users/admin/builder/spi-builder-workspace/.dependencies/checkouts/PersistDB/Source/Action.swift (in target 'PersistDB' from project 'PersistDB')
cd /Users/admin/builder/spi-builder-workspace/.swiftpm/xcode
SwiftCompile normal arm64_32 /Users/admin/builder/spi-builder-workspace/.dependencies/checkouts/PersistDB/Source/Aggregate.swift (in target 'PersistDB' from project 'PersistDB')
cd /Users/admin/builder/spi-builder-workspace/.swiftpm/xcode
SwiftCompile normal arm64_32 /Users/admin/builder/spi-builder-workspace/.dependencies/checkouts/PersistDB/Source/Day.swift (in target 'PersistDB' from project 'PersistDB')
cd /Users/admin/builder/spi-builder-workspace/.swiftpm/xcode
SwiftCompile normal arm64_32 /Users/admin/builder/spi-builder-workspace/.dependencies/checkouts/PersistDB/Source/Delete.swift (in target 'PersistDB' from project 'PersistDB')
cd /Users/admin/builder/spi-builder-workspace/.swiftpm/xcode
SwiftDriverJobDiscovery normal armv7k Compiling ExtendedPatch.swift, GenericPatch.swift (in target 'Differ' from project 'Differ')
SwiftCompile normal arm64_32 Compiling\ Expression.swift,\ ReactiveSwift.swift,\ Schemata.swift,\ Swift.swift /Users/admin/builder/spi-builder-workspace/.dependencies/checkouts/PersistDB/Source/Expression.swift /Users/admin/builder/spi-builder-workspace/.dependencies/checkouts/PersistDB/Source/Extensions/ReactiveSwift.swift /Users/admin/builder/spi-builder-workspace/.dependencies/checkouts/PersistDB/Source/Extensions/Schemata.swift /Users/admin/builder/spi-builder-workspace/.dependencies/checkouts/PersistDB/Source/Extensions/Swift.swift (in target 'PersistDB' from project 'PersistDB')
SwiftCompile normal arm64_32 /Users/admin/builder/spi-builder-workspace/.dependencies/checkouts/PersistDB/Source/Expression.swift (in target 'PersistDB' from project 'PersistDB')
cd /Users/admin/builder/spi-builder-workspace/.swiftpm/xcode
SwiftCompile normal arm64_32 /Users/admin/builder/spi-builder-workspace/.dependencies/checkouts/PersistDB/Source/Extensions/ReactiveSwift.swift (in target 'PersistDB' from project 'PersistDB')
cd /Users/admin/builder/spi-builder-workspace/.swiftpm/xcode
SwiftCompile normal arm64_32 /Users/admin/builder/spi-builder-workspace/.dependencies/checkouts/PersistDB/Source/Extensions/Schemata.swift (in target 'PersistDB' from project 'PersistDB')
cd /Users/admin/builder/spi-builder-workspace/.swiftpm/xcode
SwiftCompile normal arm64_32 /Users/admin/builder/spi-builder-workspace/.dependencies/checkouts/PersistDB/Source/Extensions/Swift.swift (in target 'PersistDB' from project 'PersistDB')
cd /Users/admin/builder/spi-builder-workspace/.swiftpm/xcode
SwiftDriverJobDiscovery normal arm64 Compiling Diff+UIKit.swift, Diff.swift (in target 'Differ' from project 'Differ')
SwiftCompile normal armv7k Compiling\ SQL.Schema.swift,\ SQL.Table.swift,\ SQL.Update.swift,\ SQL.Value.swift /Users/admin/builder/spi-builder-workspace/.dependencies/checkouts/PersistDB/Source/SQL/SQL.Schema.swift /Users/admin/builder/spi-builder-workspace/.dependencies/checkouts/PersistDB/Source/SQL/SQL.Table.swift /Users/admin/builder/spi-builder-workspace/.dependencies/checkouts/PersistDB/Source/SQL/SQL.Update.swift /Users/admin/builder/spi-builder-workspace/.dependencies/checkouts/PersistDB/Source/SQL/SQL.Value.swift (in target 'PersistDB' from project 'PersistDB')
SwiftCompile normal armv7k /Users/admin/builder/spi-builder-workspace/.dependencies/checkouts/PersistDB/Source/SQL/SQL.Schema.swift (in target 'PersistDB' from project 'PersistDB')
cd /Users/admin/builder/spi-builder-workspace/.swiftpm/xcode
SwiftCompile normal armv7k /Users/admin/builder/spi-builder-workspace/.dependencies/checkouts/PersistDB/Source/SQL/SQL.Table.swift (in target 'PersistDB' from project 'PersistDB')
cd /Users/admin/builder/spi-builder-workspace/.swiftpm/xcode
SwiftCompile normal armv7k /Users/admin/builder/spi-builder-workspace/.dependencies/checkouts/PersistDB/Source/SQL/SQL.Update.swift (in target 'PersistDB' from project 'PersistDB')
cd /Users/admin/builder/spi-builder-workspace/.swiftpm/xcode
SwiftCompile normal armv7k /Users/admin/builder/spi-builder-workspace/.dependencies/checkouts/PersistDB/Source/SQL/SQL.Value.swift (in target 'PersistDB' from project 'PersistDB')
cd /Users/admin/builder/spi-builder-workspace/.swiftpm/xcode
SwiftDriverJobDiscovery normal arm64 Emitting module for PersistDB (in target 'PersistDB' from project 'PersistDB')
SwiftDriver\ Compilation\ Requirements PersistDB normal arm64 com.apple.xcode.tools.swift.compiler (in target 'PersistDB' from project 'PersistDB')
cd /Users/admin/builder/spi-builder-workspace/.swiftpm/xcode
builtin-Swift-Compilation-Requirements -- /Applications/Xcode-16.3.0.app/Contents/Developer/Toolchains/XcodeDefault.xctoolchain/usr/bin/swiftc -module-name PersistDB -Onone -enforce-exclusivity\=checked @/Users/admin/builder/spi-builder-workspace/.derivedData/Build/Intermediates.noindex/PersistDB.build/Debug-watchos/PersistDB.build/Objects-normal/arm64/PersistDB.SwiftFileList -DSWIFT_PACKAGE -DDEBUG -DXcode -plugin-path /Applications/Xcode-16.3.0.app/Contents/Developer/Toolchains/XcodeDefault.xctoolchain/usr/lib/swift/host/plugins/testing -enable-experimental-feature DebugDescriptionMacro -sdk /Applications/Xcode-16.3.0.app/Contents/Developer/Platforms/WatchOS.platform/Developer/SDKs/WatchOS11.4.sdk -target arm64-apple-watchos5.0 -g -module-cache-path /Users/admin/builder/spi-builder-workspace/.derivedData/ModuleCache.noindex -Xfrontend -serialize-debugging-options -enable-testing -suppress-warnings -index-store-path /Users/admin/builder/spi-builder-workspace/.derivedData/Index.noindex/DataStore -swift-version 5 -I /Users/admin/builder/spi-builder-workspace/.derivedData/Build/Products/Debug-watchos -I /Applications/Xcode-16.3.0.app/Contents/Developer/Platforms/WatchOS.platform/Developer/usr/lib -F /Users/admin/builder/spi-builder-workspace/.derivedData/Build/Products/Debug-watchos/PackageFrameworks -F /Users/admin/builder/spi-builder-workspace/.derivedData/Build/Products/Debug-watchos/PackageFrameworks -F /Users/admin/builder/spi-builder-workspace/.derivedData/Build/Products/Debug-watchos/PackageFrameworks -F /Users/admin/builder/spi-builder-workspace/.derivedData/Build/Products/Debug-watchos -F /Applications/Xcode-16.3.0.app/Contents/Developer/Platforms/WatchOS.platform/Developer/Library/Frameworks -F /Applications/Xcode-16.3.0.app/Contents/Developer/Platforms/WatchOS.platform/Developer/SDKs/WatchOS11.4.sdk/Developer/Library/Frameworks -c -j10 -enable-batch-mode -incremental -Xcc -ivfsstatcache -Xcc /Users/admin/builder/spi-builder-workspace/.derivedData/SDKStatCaches.noindex/watchos11.4-22T246-43efb940ff07ba2497b70ec94253f576.sdkstatcache -output-file-map /Users/admin/builder/spi-builder-workspace/.derivedData/Build/Intermediates.noindex/PersistDB.build/Debug-watchos/PersistDB.build/Objects-normal/arm64/PersistDB-OutputFileMap.json -use-frontend-parseable-output -save-temps -no-color-diagnostics -serialize-diagnostics -emit-dependencies -emit-module -emit-module-path /Users/admin/builder/spi-builder-workspace/.derivedData/Build/Intermediates.noindex/PersistDB.build/Debug-watchos/PersistDB.build/Objects-normal/arm64/PersistDB.swiftmodule -validate-clang-modules-once -clang-build-session-file /Users/admin/builder/spi-builder-workspace/.derivedData/ModuleCache.noindex/Session.modulevalidation -Xcc -I/Users/admin/builder/spi-builder-workspace/.derivedData/Build/Intermediates.noindex/PersistDB.build/Debug-watchos/PersistDB.build/swift-overrides.hmap -emit-const-values -Xfrontend -const-gather-protocols-file -Xfrontend /Users/admin/builder/spi-builder-workspace/.derivedData/Build/Intermediates.noindex/PersistDB.build/Debug-watchos/PersistDB.build/Objects-normal/arm64/PersistDB_const_extract_protocols.json -Xcc -I/Users/admin/builder/spi-builder-workspace/.derivedData/Build/Products/Debug-watchos/include -Xcc -I/Users/admin/builder/spi-builder-workspace/.derivedData/Build/Intermediates.noindex/PersistDB.build/Debug-watchos/PersistDB.build/DerivedSources-normal/arm64 -Xcc -I/Users/admin/builder/spi-builder-workspace/.derivedData/Build/Intermediates.noindex/PersistDB.build/Debug-watchos/PersistDB.build/DerivedSources/arm64 -Xcc -I/Users/admin/builder/spi-builder-workspace/.derivedData/Build/Intermediates.noindex/PersistDB.build/Debug-watchos/PersistDB.build/DerivedSources -Xcc -DSWIFT_PACKAGE -Xcc -DDEBUG\=1 -emit-objc-header -emit-objc-header-path /Users/admin/builder/spi-builder-workspace/.derivedData/Build/Intermediates.noindex/PersistDB.build/Debug-watchos/PersistDB.build/Objects-normal/arm64/PersistDB-Swift.h -working-directory /Users/admin/builder/spi-builder-workspace/.swiftpm/xcode -experimental-emit-module-separately -disable-cmo
SwiftDriverJobDiscovery normal armv7k Emitting module for PersistDB (in target 'PersistDB' from project 'PersistDB')
SwiftDriver\ Compilation\ Requirements PersistDB normal armv7k com.apple.xcode.tools.swift.compiler (in target 'PersistDB' from project 'PersistDB')
cd /Users/admin/builder/spi-builder-workspace/.swiftpm/xcode
builtin-Swift-Compilation-Requirements -- /Applications/Xcode-16.3.0.app/Contents/Developer/Toolchains/XcodeDefault.xctoolchain/usr/bin/swiftc -module-name PersistDB -Onone -enforce-exclusivity\=checked @/Users/admin/builder/spi-builder-workspace/.derivedData/Build/Intermediates.noindex/PersistDB.build/Debug-watchos/PersistDB.build/Objects-normal/armv7k/PersistDB.SwiftFileList -DSWIFT_PACKAGE -DDEBUG -DXcode -plugin-path /Applications/Xcode-16.3.0.app/Contents/Developer/Toolchains/XcodeDefault.xctoolchain/usr/lib/swift/host/plugins/testing -enable-experimental-feature DebugDescriptionMacro -sdk /Applications/Xcode-16.3.0.app/Contents/Developer/Platforms/WatchOS.platform/Developer/SDKs/WatchOS11.4.sdk -target armv7k-apple-watchos5.0 -g -module-cache-path /Users/admin/builder/spi-builder-workspace/.derivedData/ModuleCache.noindex -Xfrontend -serialize-debugging-options -enable-testing -suppress-warnings -index-store-path /Users/admin/builder/spi-builder-workspace/.derivedData/Index.noindex/DataStore -swift-version 5 -I /Users/admin/builder/spi-builder-workspace/.derivedData/Build/Products/Debug-watchos -I /Applications/Xcode-16.3.0.app/Contents/Developer/Platforms/WatchOS.platform/Developer/usr/lib -F /Users/admin/builder/spi-builder-workspace/.derivedData/Build/Products/Debug-watchos/PackageFrameworks -F /Users/admin/builder/spi-builder-workspace/.derivedData/Build/Products/Debug-watchos/PackageFrameworks -F /Users/admin/builder/spi-builder-workspace/.derivedData/Build/Products/Debug-watchos/PackageFrameworks -F /Users/admin/builder/spi-builder-workspace/.derivedData/Build/Products/Debug-watchos -F /Applications/Xcode-16.3.0.app/Contents/Developer/Platforms/WatchOS.platform/Developer/Library/Frameworks -F /Applications/Xcode-16.3.0.app/Contents/Developer/Platforms/WatchOS.platform/Developer/SDKs/WatchOS11.4.sdk/Developer/Library/Frameworks -c -j10 -enable-batch-mode -incremental -Xcc -ivfsstatcache -Xcc /Users/admin/builder/spi-builder-workspace/.derivedData/SDKStatCaches.noindex/watchos11.4-22T246-43efb940ff07ba2497b70ec94253f576.sdkstatcache -output-file-map /Users/admin/builder/spi-builder-workspace/.derivedData/Build/Intermediates.noindex/PersistDB.build/Debug-watchos/PersistDB.build/Objects-normal/armv7k/PersistDB-OutputFileMap.json -use-frontend-parseable-output -save-temps -no-color-diagnostics -serialize-diagnostics -emit-dependencies -emit-module -emit-module-path /Users/admin/builder/spi-builder-workspace/.derivedData/Build/Intermediates.noindex/PersistDB.build/Debug-watchos/PersistDB.build/Objects-normal/armv7k/PersistDB.swiftmodule -validate-clang-modules-once -clang-build-session-file /Users/admin/builder/spi-builder-workspace/.derivedData/ModuleCache.noindex/Session.modulevalidation -Xcc -I/Users/admin/builder/spi-builder-workspace/.derivedData/Build/Intermediates.noindex/PersistDB.build/Debug-watchos/PersistDB.build/swift-overrides.hmap -emit-const-values -Xfrontend -const-gather-protocols-file -Xfrontend /Users/admin/builder/spi-builder-workspace/.derivedData/Build/Intermediates.noindex/PersistDB.build/Debug-watchos/PersistDB.build/Objects-normal/armv7k/PersistDB_const_extract_protocols.json -Xcc -I/Users/admin/builder/spi-builder-workspace/.derivedData/Build/Products/Debug-watchos/include -Xcc -I/Users/admin/builder/spi-builder-workspace/.derivedData/Build/Intermediates.noindex/PersistDB.build/Debug-watchos/PersistDB.build/DerivedSources-normal/armv7k -Xcc -I/Users/admin/builder/spi-builder-workspace/.derivedData/Build/Intermediates.noindex/PersistDB.build/Debug-watchos/PersistDB.build/DerivedSources/armv7k -Xcc -I/Users/admin/builder/spi-builder-workspace/.derivedData/Build/Intermediates.noindex/PersistDB.build/Debug-watchos/PersistDB.build/DerivedSources -Xcc -DSWIFT_PACKAGE -Xcc -DDEBUG\=1 -emit-objc-header -emit-objc-header-path /Users/admin/builder/spi-builder-workspace/.derivedData/Build/Intermediates.noindex/PersistDB.build/Debug-watchos/PersistDB.build/Objects-normal/armv7k/PersistDB-Swift.h -working-directory /Users/admin/builder/spi-builder-workspace/.swiftpm/xcode -experimental-emit-module-separately -disable-cmo
Copy /Users/admin/builder/spi-builder-workspace/.derivedData/Build/Products/Debug-watchos/PersistDB.swiftmodule/arm64-apple-watchos.abi.json /Users/admin/builder/spi-builder-workspace/.derivedData/Build/Intermediates.noindex/PersistDB.build/Debug-watchos/PersistDB.build/Objects-normal/arm64/PersistDB.abi.json (in target 'PersistDB' from project 'PersistDB')
cd /Users/admin/builder/spi-builder-workspace/.dependencies/checkouts/PersistDB
builtin-copy -exclude .DS_Store -exclude CVS -exclude .svn -exclude .git -exclude .hg -resolve-src-symlinks -rename /Users/admin/builder/spi-builder-workspace/.derivedData/Build/Intermediates.noindex/PersistDB.build/Debug-watchos/PersistDB.build/Objects-normal/arm64/PersistDB.abi.json /Users/admin/builder/spi-builder-workspace/.derivedData/Build/Products/Debug-watchos/PersistDB.swiftmodule/arm64-apple-watchos.abi.json
Copy /Users/admin/builder/spi-builder-workspace/.derivedData/Build/Products/Debug-watchos/PersistDB.swiftmodule/armv7k-apple-watchos.swiftmodule /Users/admin/builder/spi-builder-workspace/.derivedData/Build/Intermediates.noindex/PersistDB.build/Debug-watchos/PersistDB.build/Objects-normal/armv7k/PersistDB.swiftmodule (in target 'PersistDB' from project 'PersistDB')
cd /Users/admin/builder/spi-builder-workspace/.dependencies/checkouts/PersistDB
builtin-copy -exclude .DS_Store -exclude CVS -exclude .svn -exclude .git -exclude .hg -resolve-src-symlinks -rename /Users/admin/builder/spi-builder-workspace/.derivedData/Build/Intermediates.noindex/PersistDB.build/Debug-watchos/PersistDB.build/Objects-normal/armv7k/PersistDB.swiftmodule /Users/admin/builder/spi-builder-workspace/.derivedData/Build/Products/Debug-watchos/PersistDB.swiftmodule/armv7k-apple-watchos.swiftmodule
Copy /Users/admin/builder/spi-builder-workspace/.derivedData/Build/Products/Debug-watchos/PersistDB.swiftmodule/armv7k-apple-watchos.swiftdoc /Users/admin/builder/spi-builder-workspace/.derivedData/Build/Intermediates.noindex/PersistDB.build/Debug-watchos/PersistDB.build/Objects-normal/armv7k/PersistDB.swiftdoc (in target 'PersistDB' from project 'PersistDB')
cd /Users/admin/builder/spi-builder-workspace/.dependencies/checkouts/PersistDB
builtin-copy -exclude .DS_Store -exclude CVS -exclude .svn -exclude .git -exclude .hg -resolve-src-symlinks -rename /Users/admin/builder/spi-builder-workspace/.derivedData/Build/Intermediates.noindex/PersistDB.build/Debug-watchos/PersistDB.build/Objects-normal/armv7k/PersistDB.swiftdoc /Users/admin/builder/spi-builder-workspace/.derivedData/Build/Products/Debug-watchos/PersistDB.swiftmodule/armv7k-apple-watchos.swiftdoc
Copy /Users/admin/builder/spi-builder-workspace/.derivedData/Build/Products/Debug-watchos/PersistDB.swiftmodule/armv7k-apple-watchos.abi.json /Users/admin/builder/spi-builder-workspace/.derivedData/Build/Intermediates.noindex/PersistDB.build/Debug-watchos/PersistDB.build/Objects-normal/armv7k/PersistDB.abi.json (in target 'PersistDB' from project 'PersistDB')
cd /Users/admin/builder/spi-builder-workspace/.dependencies/checkouts/PersistDB
builtin-copy -exclude .DS_Store -exclude CVS -exclude .svn -exclude .git -exclude .hg -resolve-src-symlinks -rename /Users/admin/builder/spi-builder-workspace/.derivedData/Build/Intermediates.noindex/PersistDB.build/Debug-watchos/PersistDB.build/Objects-normal/armv7k/PersistDB.abi.json /Users/admin/builder/spi-builder-workspace/.derivedData/Build/Products/Debug-watchos/PersistDB.swiftmodule/armv7k-apple-watchos.abi.json
SwiftDriverJobDiscovery normal arm64_32 Emitting module for PersistDB (in target 'PersistDB' from project 'PersistDB')
SwiftDriver\ Compilation\ Requirements PersistDB normal arm64_32 com.apple.xcode.tools.swift.compiler (in target 'PersistDB' from project 'PersistDB')
cd /Users/admin/builder/spi-builder-workspace/.swiftpm/xcode
builtin-Swift-Compilation-Requirements -- /Applications/Xcode-16.3.0.app/Contents/Developer/Toolchains/XcodeDefault.xctoolchain/usr/bin/swiftc -module-name PersistDB -Onone -enforce-exclusivity\=checked @/Users/admin/builder/spi-builder-workspace/.derivedData/Build/Intermediates.noindex/PersistDB.build/Debug-watchos/PersistDB.build/Objects-normal/arm64_32/PersistDB.SwiftFileList -DSWIFT_PACKAGE -DDEBUG -DXcode -plugin-path /Applications/Xcode-16.3.0.app/Contents/Developer/Toolchains/XcodeDefault.xctoolchain/usr/lib/swift/host/plugins/testing -enable-experimental-feature DebugDescriptionMacro -sdk /Applications/Xcode-16.3.0.app/Contents/Developer/Platforms/WatchOS.platform/Developer/SDKs/WatchOS11.4.sdk -target arm64_32-apple-watchos5.0 -g -module-cache-path /Users/admin/builder/spi-builder-workspace/.derivedData/ModuleCache.noindex -Xfrontend -serialize-debugging-options -enable-testing -suppress-warnings -index-store-path /Users/admin/builder/spi-builder-workspace/.derivedData/Index.noindex/DataStore -swift-version 5 -I /Users/admin/builder/spi-builder-workspace/.derivedData/Build/Products/Debug-watchos -I /Applications/Xcode-16.3.0.app/Contents/Developer/Platforms/WatchOS.platform/Developer/usr/lib -F /Users/admin/builder/spi-builder-workspace/.derivedData/Build/Products/Debug-watchos/PackageFrameworks -F /Users/admin/builder/spi-builder-workspace/.derivedData/Build/Products/Debug-watchos/PackageFrameworks -F /Users/admin/builder/spi-builder-workspace/.derivedData/Build/Products/Debug-watchos/PackageFrameworks -F /Users/admin/builder/spi-builder-workspace/.derivedData/Build/Products/Debug-watchos -F /Applications/Xcode-16.3.0.app/Contents/Developer/Platforms/WatchOS.platform/Developer/Library/Frameworks -F /Applications/Xcode-16.3.0.app/Contents/Developer/Platforms/WatchOS.platform/Developer/SDKs/WatchOS11.4.sdk/Developer/Library/Frameworks -c -j10 -enable-batch-mode -incremental -Xcc -ivfsstatcache -Xcc /Users/admin/builder/spi-builder-workspace/.derivedData/SDKStatCaches.noindex/watchos11.4-22T246-43efb940ff07ba2497b70ec94253f576.sdkstatcache -output-file-map /Users/admin/builder/spi-builder-workspace/.derivedData/Build/Intermediates.noindex/PersistDB.build/Debug-watchos/PersistDB.build/Objects-normal/arm64_32/PersistDB-OutputFileMap.json -use-frontend-parseable-output -save-temps -no-color-diagnostics -serialize-diagnostics -emit-dependencies -emit-module -emit-module-path /Users/admin/builder/spi-builder-workspace/.derivedData/Build/Intermediates.noindex/PersistDB.build/Debug-watchos/PersistDB.build/Objects-normal/arm64_32/PersistDB.swiftmodule -validate-clang-modules-once -clang-build-session-file /Users/admin/builder/spi-builder-workspace/.derivedData/ModuleCache.noindex/Session.modulevalidation -Xcc -I/Users/admin/builder/spi-builder-workspace/.derivedData/Build/Intermediates.noindex/PersistDB.build/Debug-watchos/PersistDB.build/swift-overrides.hmap -emit-const-values -Xfrontend -const-gather-protocols-file -Xfrontend /Users/admin/builder/spi-builder-workspace/.derivedData/Build/Intermediates.noindex/PersistDB.build/Debug-watchos/PersistDB.build/Objects-normal/arm64_32/PersistDB_const_extract_protocols.json -Xcc -I/Users/admin/builder/spi-builder-workspace/.derivedData/Build/Products/Debug-watchos/include -Xcc -I/Users/admin/builder/spi-builder-workspace/.derivedData/Build/Intermediates.noindex/PersistDB.build/Debug-watchos/PersistDB.build/DerivedSources-normal/arm64_32 -Xcc -I/Users/admin/builder/spi-builder-workspace/.derivedData/Build/Intermediates.noindex/PersistDB.build/Debug-watchos/PersistDB.build/DerivedSources/arm64_32 -Xcc -I/Users/admin/builder/spi-builder-workspace/.derivedData/Build/Intermediates.noindex/PersistDB.build/Debug-watchos/PersistDB.build/DerivedSources -Xcc -DSWIFT_PACKAGE -Xcc -DDEBUG\=1 -emit-objc-header -emit-objc-header-path /Users/admin/builder/spi-builder-workspace/.derivedData/Build/Intermediates.noindex/PersistDB.build/Debug-watchos/PersistDB.build/Objects-normal/arm64_32/PersistDB-Swift.h -working-directory /Users/admin/builder/spi-builder-workspace/.swiftpm/xcode -experimental-emit-module-separately -disable-cmo
Copy /Users/admin/builder/spi-builder-workspace/.derivedData/Build/Products/Debug-watchos/PersistDB.swiftmodule/Project/armv7k-apple-watchos.swiftsourceinfo /Users/admin/builder/spi-builder-workspace/.derivedData/Build/Intermediates.noindex/PersistDB.build/Debug-watchos/PersistDB.build/Objects-normal/armv7k/PersistDB.swiftsourceinfo (in target 'PersistDB' from project 'PersistDB')
cd /Users/admin/builder/spi-builder-workspace/.dependencies/checkouts/PersistDB
builtin-copy -exclude .DS_Store -exclude CVS -exclude .svn -exclude .git -exclude .hg -resolve-src-symlinks -rename /Users/admin/builder/spi-builder-workspace/.derivedData/Build/Intermediates.noindex/PersistDB.build/Debug-watchos/PersistDB.build/Objects-normal/armv7k/PersistDB.swiftsourceinfo /Users/admin/builder/spi-builder-workspace/.derivedData/Build/Products/Debug-watchos/PersistDB.swiftmodule/Project/armv7k-apple-watchos.swiftsourceinfo
SwiftCompile normal arm64 Compiling\ Expression.swift,\ ReactiveSwift.swift,\ Schemata.swift,\ Swift.swift /Users/admin/builder/spi-builder-workspace/.dependencies/checkouts/PersistDB/Source/Expression.swift /Users/admin/builder/spi-builder-workspace/.dependencies/checkouts/PersistDB/Source/Extensions/ReactiveSwift.swift /Users/admin/builder/spi-builder-workspace/.dependencies/checkouts/PersistDB/Source/Extensions/Schemata.swift /Users/admin/builder/spi-builder-workspace/.dependencies/checkouts/PersistDB/Source/Extensions/Swift.swift (in target 'PersistDB' from project 'PersistDB')
SwiftCompile normal arm64 /Users/admin/builder/spi-builder-workspace/.dependencies/checkouts/PersistDB/Source/Expression.swift (in target 'PersistDB' from project 'PersistDB')
cd /Users/admin/builder/spi-builder-workspace/.swiftpm/xcode
SwiftCompile normal arm64 /Users/admin/builder/spi-builder-workspace/.dependencies/checkouts/PersistDB/Source/Extensions/ReactiveSwift.swift (in target 'PersistDB' from project 'PersistDB')
cd /Users/admin/builder/spi-builder-workspace/.swiftpm/xcode
SwiftCompile normal arm64 /Users/admin/builder/spi-builder-workspace/.dependencies/checkouts/PersistDB/Source/Extensions/Schemata.swift (in target 'PersistDB' from project 'PersistDB')
cd /Users/admin/builder/spi-builder-workspace/.swiftpm/xcode
SwiftCompile normal arm64 /Users/admin/builder/spi-builder-workspace/.dependencies/checkouts/PersistDB/Source/Extensions/Swift.swift (in target 'PersistDB' from project 'PersistDB')
cd /Users/admin/builder/spi-builder-workspace/.swiftpm/xcode
SwiftMergeGeneratedHeaders /Users/admin/builder/spi-builder-workspace/.derivedData/Build/Intermediates.noindex/GeneratedModuleMaps-watchos/PersistDB-Swift.h /Users/admin/builder/spi-builder-workspace/.derivedData/Build/Intermediates.noindex/PersistDB.build/Debug-watchos/PersistDB.build/Objects-normal/arm64/PersistDB-Swift.h /Users/admin/builder/spi-builder-workspace/.derivedData/Build/Intermediates.noindex/PersistDB.build/Debug-watchos/PersistDB.build/Objects-normal/arm64_32/PersistDB-Swift.h /Users/admin/builder/spi-builder-workspace/.derivedData/Build/Intermediates.noindex/PersistDB.build/Debug-watchos/PersistDB.build/Objects-normal/armv7k/PersistDB-Swift.h (in target 'PersistDB' from project 'PersistDB')
cd /Users/admin/builder/spi-builder-workspace/.dependencies/checkouts/PersistDB
builtin-swiftHeaderTool -arch arm64 /Users/admin/builder/spi-builder-workspace/.derivedData/Build/Intermediates.noindex/PersistDB.build/Debug-watchos/PersistDB.build/Objects-normal/arm64/PersistDB-Swift.h -arch arm64_32 /Users/admin/builder/spi-builder-workspace/.derivedData/Build/Intermediates.noindex/PersistDB.build/Debug-watchos/PersistDB.build/Objects-normal/arm64_32/PersistDB-Swift.h -arch armv7k /Users/admin/builder/spi-builder-workspace/.derivedData/Build/Intermediates.noindex/PersistDB.build/Debug-watchos/PersistDB.build/Objects-normal/armv7k/PersistDB-Swift.h -o /Users/admin/builder/spi-builder-workspace/.derivedData/Build/Intermediates.noindex/GeneratedModuleMaps-watchos/PersistDB-Swift.h
Copy /Users/admin/builder/spi-builder-workspace/.derivedData/Build/Products/Debug-watchos/PersistDB.swiftmodule/arm64_32-apple-watchos.abi.json /Users/admin/builder/spi-builder-workspace/.derivedData/Build/Intermediates.noindex/PersistDB.build/Debug-watchos/PersistDB.build/Objects-normal/arm64_32/PersistDB.abi.json (in target 'PersistDB' from project 'PersistDB')
cd /Users/admin/builder/spi-builder-workspace/.dependencies/checkouts/PersistDB
builtin-copy -exclude .DS_Store -exclude CVS -exclude .svn -exclude .git -exclude .hg -resolve-src-symlinks -rename /Users/admin/builder/spi-builder-workspace/.derivedData/Build/Intermediates.noindex/PersistDB.build/Debug-watchos/PersistDB.build/Objects-normal/arm64_32/PersistDB.abi.json /Users/admin/builder/spi-builder-workspace/.derivedData/Build/Products/Debug-watchos/PersistDB.swiftmodule/arm64_32-apple-watchos.abi.json
SwiftCompile normal arm64 Compiling\ Generator.swift,\ Group.swift,\ Grouping.swift,\ Insert.swift /Users/admin/builder/spi-builder-workspace/.dependencies/checkouts/PersistDB/Source/Generator.swift /Users/admin/builder/spi-builder-workspace/.dependencies/checkouts/PersistDB/Source/Group.swift /Users/admin/builder/spi-builder-workspace/.dependencies/checkouts/PersistDB/Source/Grouping.swift /Users/admin/builder/spi-builder-workspace/.dependencies/checkouts/PersistDB/Source/Insert.swift (in target 'PersistDB' from project 'PersistDB')
SwiftCompile normal arm64 /Users/admin/builder/spi-builder-workspace/.dependencies/checkouts/PersistDB/Source/Generator.swift (in target 'PersistDB' from project 'PersistDB')
cd /Users/admin/builder/spi-builder-workspace/.swiftpm/xcode
SwiftCompile normal arm64 /Users/admin/builder/spi-builder-workspace/.dependencies/checkouts/PersistDB/Source/Group.swift (in target 'PersistDB' from project 'PersistDB')
cd /Users/admin/builder/spi-builder-workspace/.swiftpm/xcode
SwiftCompile normal arm64 /Users/admin/builder/spi-builder-workspace/.dependencies/checkouts/PersistDB/Source/Grouping.swift (in target 'PersistDB' from project 'PersistDB')
cd /Users/admin/builder/spi-builder-workspace/.swiftpm/xcode
SwiftCompile normal arm64 /Users/admin/builder/spi-builder-workspace/.dependencies/checkouts/PersistDB/Source/Insert.swift (in target 'PersistDB' from project 'PersistDB')
cd /Users/admin/builder/spi-builder-workspace/.swiftpm/xcode
SwiftCompile normal arm64_32 Compiling\ Generator.swift,\ Group.swift,\ Grouping.swift,\ Insert.swift /Users/admin/builder/spi-builder-workspace/.dependencies/checkouts/PersistDB/Source/Generator.swift /Users/admin/builder/spi-builder-workspace/.dependencies/checkouts/PersistDB/Source/Group.swift /Users/admin/builder/spi-builder-workspace/.dependencies/checkouts/PersistDB/Source/Grouping.swift /Users/admin/builder/spi-builder-workspace/.dependencies/checkouts/PersistDB/Source/Insert.swift (in target 'PersistDB' from project 'PersistDB')
SwiftCompile normal arm64_32 /Users/admin/builder/spi-builder-workspace/.dependencies/checkouts/PersistDB/Source/Generator.swift (in target 'PersistDB' from project 'PersistDB')
cd /Users/admin/builder/spi-builder-workspace/.swiftpm/xcode
SwiftCompile normal arm64_32 /Users/admin/builder/spi-builder-workspace/.dependencies/checkouts/PersistDB/Source/Group.swift (in target 'PersistDB' from project 'PersistDB')
cd /Users/admin/builder/spi-builder-workspace/.swiftpm/xcode
SwiftCompile normal arm64_32 /Users/admin/builder/spi-builder-workspace/.dependencies/checkouts/PersistDB/Source/Grouping.swift (in target 'PersistDB' from project 'PersistDB')
cd /Users/admin/builder/spi-builder-workspace/.swiftpm/xcode
SwiftCompile normal arm64_32 /Users/admin/builder/spi-builder-workspace/.dependencies/checkouts/PersistDB/Source/Insert.swift (in target 'PersistDB' from project 'PersistDB')
cd /Users/admin/builder/spi-builder-workspace/.swiftpm/xcode
SwiftDriverJobDiscovery normal arm64 Compiling Action.swift, Aggregate.swift, Day.swift, Delete.swift (in target 'PersistDB' from project 'PersistDB')
SwiftCompile normal arm64_32 Compiling\ TestStore.swift,\ Update.swift,\ ValueSet.swift /Users/admin/builder/spi-builder-workspace/.dependencies/checkouts/PersistDB/Source/TestStore.swift /Users/admin/builder/spi-builder-workspace/.dependencies/checkouts/PersistDB/Source/Update.swift /Users/admin/builder/spi-builder-workspace/.dependencies/checkouts/PersistDB/Source/ValueSet.swift (in target 'PersistDB' from project 'PersistDB')
Failed frontend command:
/Applications/Xcode-16.3.0.app/Contents/Developer/Toolchains/XcodeDefault.xctoolchain/usr/bin/swift-frontend -frontend -c /Users/admin/builder/spi-builder-workspace/.dependencies/checkouts/PersistDB/Source/Action.swift /Users/admin/builder/spi-builder-workspace/.dependencies/checkouts/PersistDB/Source/Aggregate.swift /Users/admin/builder/spi-builder-workspace/.dependencies/checkouts/PersistDB/Source/Day.swift /Users/admin/builder/spi-builder-workspace/.dependencies/checkouts/PersistDB/Source/Delete.swift /Users/admin/builder/spi-builder-workspace/.dependencies/checkouts/PersistDB/Source/Expression.swift /Users/admin/builder/spi-builder-workspace/.dependencies/checkouts/PersistDB/Source/Extensions/ReactiveSwift.swift /Users/admin/builder/spi-builder-workspace/.dependencies/checkouts/PersistDB/Source/Extensions/Schemata.swift /Users/admin/builder/spi-builder-workspace/.dependencies/checkouts/PersistDB/Source/Extensions/Swift.swift /Users/admin/builder/spi-builder-workspace/.dependencies/checkouts/PersistDB/Source/Generator.swift /Users/admin/builder/spi-builder-workspace/.dependencies/checkouts/PersistDB/Source/Group.swift /Users/admin/builder/spi-builder-workspace/.dependencies/checkouts/PersistDB/Source/Grouping.swift /Users/admin/builder/spi-builder-workspace/.dependencies/checkouts/PersistDB/Source/Insert.swift /Users/admin/builder/spi-builder-workspace/.dependencies/checkouts/PersistDB/Source/Model.swift /Users/admin/builder/spi-builder-workspace/.dependencies/checkouts/PersistDB/Source/Ordering.swift /Users/admin/builder/spi-builder-workspace/.dependencies/checkouts/PersistDB/Source/Predicate.swift /Users/admin/builder/spi-builder-workspace/.dependencies/checkouts/PersistDB/Source/ProjectedQuery.swift /Users/admin/builder/spi-builder-workspace/.dependencies/checkouts/PersistDB/Source/Query.swift /Users/admin/builder/spi-builder-workspace/.dependencies/checkouts/PersistDB/Source/ResultSet.swift /Users/admin/builder/spi-builder-workspace/.dependencies/checkouts/PersistDB/Source/SQL/SQL.Action.swift /Users/admin/builder/spi-builder-workspace/.dependencies/checkouts/PersistDB/Source/SQL/SQL.Column.swift /Users/admin/builder/spi-builder-workspace/.dependencies/checkouts/PersistDB/Source/SQL/SQL.Database.swift /Users/admin/builder/spi-builder-workspace/.dependencies/checkouts/PersistDB/Source/SQL/SQL.Delete.swift /Users/admin/builder/spi-builder-workspace/.dependencies/checkouts/PersistDB/Source/SQL/SQL.Effect.swift /Users/admin/builder/spi-builder-workspace/.dependencies/checkouts/PersistDB/Source/SQL/SQL.Expression.swift /Users/admin/builder/spi-builder-workspace/.dependencies/checkouts/PersistDB/Source/SQL/SQL.Insert.swift /Users/admin/builder/spi-builder-workspace/.dependencies/checkouts/PersistDB/Source/SQL/SQL.Ordering.swift /Users/admin/builder/spi-builder-workspace/.dependencies/checkouts/PersistDB/Source/SQL/SQL.Query.swift /Users/admin/builder/spi-builder-workspace/.dependencies/checkouts/PersistDB/Source/SQL/SQL.Row.swift /Users/admin/builder/spi-builder-workspace/.dependencies/checkouts/PersistDB/Source/SQL/SQL.Schema.swift /Users/admin/builder/spi-builder-workspace/.dependencies/checkouts/PersistDB/Source/SQL/SQL.Table.swift /Users/admin/builder/spi-builder-workspace/.dependencies/checkouts/PersistDB/Source/SQL/SQL.Update.swift /Users/admin/builder/spi-builder-workspace/.dependencies/checkouts/PersistDB/Source/SQL/SQL.Value.swift /Users/admin/builder/spi-builder-workspace/.dependencies/checkouts/PersistDB/Source/SQL/SQL.swift /Users/admin/builder/spi-builder-workspace/.dependencies/checkouts/PersistDB/Source/Store.swift /Users/admin/builder/spi-builder-workspace/.dependencies/checkouts/PersistDB/Source/Table.swift -primary-file /Users/admin/builder/spi-builder-workspace/.dependencies/checkouts/PersistDB/Source/TestStore.swift -primary-file /Users/admin/builder/spi-builder-workspace/.dependencies/checkouts/PersistDB/Source/Update.swift -primary-file /Users/admin/builder/spi-builder-workspace/.dependencies/checkouts/PersistDB/Source/ValueSet.swift -supplementary-output-file-map /Users/admin/builder/spi-builder-workspace/.derivedData/Build/Intermediates.noindex/PersistDB.build/Debug-watchos/PersistDB.build/Objects-normal/arm64_32/supplementaryOutputs-89 -target arm64_32-apple-watchos5.0 -enable-objc-interop -sdk /Applications/Xcode-16.3.0.app/Contents/Developer/Platforms/WatchOS.platform/Developer/SDKs/WatchOS11.4.sdk -I /Users/admin/builder/spi-builder-workspace/.derivedData/Build/Products/Debug-watchos -I /Applications/Xcode-16.3.0.app/Contents/Developer/Platforms/WatchOS.platform/Developer/usr/lib -F /Users/admin/builder/spi-builder-workspace/.derivedData/Build/Products/Debug-watchos/PackageFrameworks -F /Users/admin/builder/spi-builder-workspace/.derivedData/Build/Products/Debug-watchos/PackageFrameworks -F /Users/admin/builder/spi-builder-workspace/.derivedData/Build/Products/Debug-watchos/PackageFrameworks -F /Users/admin/builder/spi-builder-workspace/.derivedData/Build/Products/Debug-watchos -F /Applications/Xcode-16.3.0.app/Contents/Developer/Platforms/WatchOS.platform/Developer/Library/Frameworks -F /Applications/Xcode-16.3.0.app/Contents/Developer/Platforms/WatchOS.platform/Developer/SDKs/WatchOS11.4.sdk/Developer/Library/Frameworks -no-color-diagnostics -enable-testing -g -debug-info-format\=dwarf -dwarf-version\=4 -module-cache-path /Users/admin/builder/spi-builder-workspace/.derivedData/ModuleCache.noindex -suppress-warnings -swift-version 5 -enforce-exclusivity\=checked -Onone -D SWIFT_PACKAGE -D DEBUG -D Xcode -serialize-debugging-options -const-gather-protocols-file /Users/admin/builder/spi-builder-workspace/.derivedData/Build/Intermediates.noindex/PersistDB.build/Debug-watchos/PersistDB.build/Objects-normal/arm64_32/PersistDB_const_extract_protocols.json -enable-experimental-feature DebugDescriptionMacro -empty-abi-descriptor -plugin-path /Applications/Xcode-16.3.0.app/Contents/Developer/Toolchains/XcodeDefault.xctoolchain/usr/lib/swift/host/plugins/testing -validate-clang-modules-once -clang-build-session-file /Users/admin/builder/spi-builder-workspace/.derivedData/ModuleCache.noindex/Session.modulevalidation -Xcc -working-directory -Xcc /Users/admin/builder/spi-builder-workspace/.swiftpm/xcode -resource-dir /Applications/Xcode-16.3.0.app/Contents/Developer/Toolchains/XcodeDefault.xctoolchain/usr/lib/swift -enable-anonymous-context-mangled-names -file-compilation-dir /Users/admin/builder/spi-builder-workspace/.swiftpm/xcode -Xcc -ivfsstatcache -Xcc /Users/admin/builder/spi-builder-workspace/.derivedData/SDKStatCaches.noindex/watchos11.4-22T246-43efb940ff07ba2497b70ec94253f576.sdkstatcache -Xcc -I/Users/admin/builder/spi-builder-workspace/.derivedData/Build/Intermediates.noindex/PersistDB.build/Debug-watchos/PersistDB.build/swift-overrides.hmap -Xcc -I/Users/admin/builder/spi-builder-workspace/.derivedData/Build/Products/Debug-watchos/include -Xcc -I/Users/admin/builder/spi-builder-workspace/.derivedData/Build/Intermediates.noindex/PersistDB.build/Debug-watchos/PersistDB.build/DerivedSources-normal/arm64_32 -Xcc -I/Users/admin/builder/spi-builder-workspace/.derivedData/Build/Intermediates.noindex/PersistDB.build/Debug-watchos/PersistDB.build/DerivedSources/arm64_32 -Xcc -I/Users/admin/builder/spi-builder-workspace/.derivedData/Build/Intermediates.noindex/PersistDB.build/Debug-watchos/PersistDB.build/DerivedSources -Xcc -DSWIFT_PACKAGE -Xcc -DDEBUG\=1 -module-name PersistDB -frontend-parseable-output -disable-clang-spi -target-sdk-version 11.4 -target-sdk-name watchos11.4 -external-plugin-path /Applications/Xcode-16.3.0.app/Contents/Developer/Platforms/WatchOS.platform/Developer/usr/lib/swift/host/plugins\#/Applications/Xcode-16.3.0.app/Contents/Developer/Platforms/WatchOS.platform/Developer/usr/bin/swift-plugin-server -external-plugin-path /Applications/Xcode-16.3.0.app/Contents/Developer/Platforms/WatchOS.platform/Developer/usr/local/lib/swift/host/plugins\#/Applications/Xcode-16.3.0.app/Contents/Developer/Platforms/WatchOS.platform/Developer/usr/bin/swift-plugin-server -in-process-plugin-server-path /Applications/Xcode-16.3.0.app/Contents/Developer/Toolchains/XcodeDefault.xctoolchain/usr/lib/swift/host/libSwiftInProcPluginServer.dylib -plugin-path /Applications/Xcode-16.3.0.app/Contents/Developer/Toolchains/XcodeDefault.xctoolchain/usr/lib/swift/host/plugins -plugin-path /Applications/Xcode-16.3.0.app/Contents/Developer/Toolchains/XcodeDefault.xctoolchain/usr/local/lib/swift/host/plugins -o /Users/admin/builder/spi-builder-workspace/.derivedData/Build/Intermediates.noindex/PersistDB.build/Debug-watchos/PersistDB.build/Objects-normal/arm64_32/TestStore.o -o /Users/admin/builder/spi-builder-workspace/.derivedData/Build/Intermediates.noindex/PersistDB.build/Debug-watchos/PersistDB.build/Objects-normal/arm64_32/Update.o -o /Users/admin/builder/spi-builder-workspace/.derivedData/Build/Intermediates.noindex/PersistDB.build/Debug-watchos/PersistDB.build/Objects-normal/arm64_32/ValueSet.o -index-unit-output-path /PersistDB.build/Debug-watchos/PersistDB.build/Objects-normal/arm64_32/TestStore.o -index-unit-output-path /PersistDB.build/Debug-watchos/PersistDB.build/Objects-normal/arm64_32/Update.o -index-unit-output-path /PersistDB.build/Debug-watchos/PersistDB.build/Objects-normal/arm64_32/ValueSet.o -index-store-path /Users/admin/builder/spi-builder-workspace/.derivedData/Index.noindex/DataStore -index-system-modules
SwiftCompile normal arm64_32 /Users/admin/builder/spi-builder-workspace/.dependencies/checkouts/PersistDB/Source/TestStore.swift (in target 'PersistDB' from project 'PersistDB')
cd /Users/admin/builder/spi-builder-workspace/.swiftpm/xcode
/Users/admin/builder/spi-builder-workspace/.dependencies/checkouts/PersistDB/Source/TestStore.swift:11:10: error: ambiguous use of 'init(_:_:)'
return Projection<Model, ID<Model>>({ ID(id: $0) }, Model.idKeyPath)
^
/Users/admin/builder/spi-builder-workspace/.dependencies/checkouts/Schemata/Sources/Projection.swift:80:9: note: found this candidate in module 'Schemata'
public init<each T>(
^
/Users/admin/builder/spi-builder-workspace/.dependencies/checkouts/Schemata/Sources/Projection.swift:110:9: note: found this candidate in module 'Schemata'
public init<each T: ModelValue>(
^
SwiftCompile normal arm64_32 /Users/admin/builder/spi-builder-workspace/.dependencies/checkouts/PersistDB/Source/Update.swift (in target 'PersistDB' from project 'PersistDB')
cd /Users/admin/builder/spi-builder-workspace/.swiftpm/xcode
SwiftCompile normal arm64_32 /Users/admin/builder/spi-builder-workspace/.dependencies/checkouts/PersistDB/Source/ValueSet.swift (in target 'PersistDB' from project 'PersistDB')
cd /Users/admin/builder/spi-builder-workspace/.swiftpm/xcode
SwiftDriverJobDiscovery normal arm64_32 Compiling Action.swift, Aggregate.swift, Day.swift, Delete.swift (in target 'PersistDB' from project 'PersistDB')
SwiftCompile normal armv7k Compiling\ SQL.swift,\ Store.swift,\ Table.swift /Users/admin/builder/spi-builder-workspace/.dependencies/checkouts/PersistDB/Source/SQL/SQL.swift /Users/admin/builder/spi-builder-workspace/.dependencies/checkouts/PersistDB/Source/Store.swift /Users/admin/builder/spi-builder-workspace/.dependencies/checkouts/PersistDB/Source/Table.swift (in target 'PersistDB' from project 'PersistDB')
SwiftCompile normal armv7k /Users/admin/builder/spi-builder-workspace/.dependencies/checkouts/PersistDB/Source/SQL/SQL.swift (in target 'PersistDB' from project 'PersistDB')
cd /Users/admin/builder/spi-builder-workspace/.swiftpm/xcode
SwiftCompile normal armv7k /Users/admin/builder/spi-builder-workspace/.dependencies/checkouts/PersistDB/Source/Store.swift (in target 'PersistDB' from project 'PersistDB')
cd /Users/admin/builder/spi-builder-workspace/.swiftpm/xcode
SwiftCompile normal armv7k /Users/admin/builder/spi-builder-workspace/.dependencies/checkouts/PersistDB/Source/Table.swift (in target 'PersistDB' from project 'PersistDB')
cd /Users/admin/builder/spi-builder-workspace/.swiftpm/xcode
SwiftDriverJobDiscovery normal armv7k Compiling Query.swift, ResultSet.swift, SQL.Action.swift, SQL.Column.swift (in target 'PersistDB' from project 'PersistDB')
SwiftCompile normal arm64_32 Compiling\ SQL.Schema.swift,\ SQL.Table.swift,\ SQL.Update.swift,\ SQL.Value.swift /Users/admin/builder/spi-builder-workspace/.dependencies/checkouts/PersistDB/Source/SQL/SQL.Schema.swift /Users/admin/builder/spi-builder-workspace/.dependencies/checkouts/PersistDB/Source/SQL/SQL.Table.swift /Users/admin/builder/spi-builder-workspace/.dependencies/checkouts/PersistDB/Source/SQL/SQL.Update.swift /Users/admin/builder/spi-builder-workspace/.dependencies/checkouts/PersistDB/Source/SQL/SQL.Value.swift (in target 'PersistDB' from project 'PersistDB')
SwiftCompile normal arm64_32 /Users/admin/builder/spi-builder-workspace/.dependencies/checkouts/PersistDB/Source/SQL/SQL.Schema.swift (in target 'PersistDB' from project 'PersistDB')
cd /Users/admin/builder/spi-builder-workspace/.swiftpm/xcode
SwiftCompile normal arm64_32 /Users/admin/builder/spi-builder-workspace/.dependencies/checkouts/PersistDB/Source/SQL/SQL.Table.swift (in target 'PersistDB' from project 'PersistDB')
cd /Users/admin/builder/spi-builder-workspace/.swiftpm/xcode
SwiftCompile normal arm64_32 /Users/admin/builder/spi-builder-workspace/.dependencies/checkouts/PersistDB/Source/SQL/SQL.Update.swift (in target 'PersistDB' from project 'PersistDB')
cd /Users/admin/builder/spi-builder-workspace/.swiftpm/xcode
SwiftCompile normal arm64_32 /Users/admin/builder/spi-builder-workspace/.dependencies/checkouts/PersistDB/Source/SQL/SQL.Value.swift (in target 'PersistDB' from project 'PersistDB')
cd /Users/admin/builder/spi-builder-workspace/.swiftpm/xcode
SwiftDriverJobDiscovery normal arm64 Compiling Generator.swift, Group.swift, Grouping.swift, Insert.swift (in target 'PersistDB' from project 'PersistDB')
SwiftCompile normal arm64 Compiling\ Query.swift,\ ResultSet.swift,\ SQL.Action.swift,\ SQL.Column.swift /Users/admin/builder/spi-builder-workspace/.dependencies/checkouts/PersistDB/Source/Query.swift /Users/admin/builder/spi-builder-workspace/.dependencies/checkouts/PersistDB/Source/ResultSet.swift /Users/admin/builder/spi-builder-workspace/.dependencies/checkouts/PersistDB/Source/SQL/SQL.Action.swift /Users/admin/builder/spi-builder-workspace/.dependencies/checkouts/PersistDB/Source/SQL/SQL.Column.swift (in target 'PersistDB' from project 'PersistDB')
SwiftCompile normal arm64 /Users/admin/builder/spi-builder-workspace/.dependencies/checkouts/PersistDB/Source/Query.swift (in target 'PersistDB' from project 'PersistDB')
cd /Users/admin/builder/spi-builder-workspace/.swiftpm/xcode
SwiftCompile normal arm64 /Users/admin/builder/spi-builder-workspace/.dependencies/checkouts/PersistDB/Source/ResultSet.swift (in target 'PersistDB' from project 'PersistDB')
cd /Users/admin/builder/spi-builder-workspace/.swiftpm/xcode
SwiftCompile normal arm64 /Users/admin/builder/spi-builder-workspace/.dependencies/checkouts/PersistDB/Source/SQL/SQL.Action.swift (in target 'PersistDB' from project 'PersistDB')
cd /Users/admin/builder/spi-builder-workspace/.swiftpm/xcode
SwiftCompile normal arm64 /Users/admin/builder/spi-builder-workspace/.dependencies/checkouts/PersistDB/Source/SQL/SQL.Column.swift (in target 'PersistDB' from project 'PersistDB')
cd /Users/admin/builder/spi-builder-workspace/.swiftpm/xcode
SwiftDriverJobDiscovery normal armv7k Compiling SQL.Database.swift, SQL.Delete.swift, SQL.Effect.swift, SQL.Expression.swift (in target 'PersistDB' from project 'PersistDB')
SwiftCompile normal arm64_32 Compiling\ SQL.swift,\ Store.swift,\ Table.swift /Users/admin/builder/spi-builder-workspace/.dependencies/checkouts/PersistDB/Source/SQL/SQL.swift /Users/admin/builder/spi-builder-workspace/.dependencies/checkouts/PersistDB/Source/Store.swift /Users/admin/builder/spi-builder-workspace/.dependencies/checkouts/PersistDB/Source/Table.swift (in target 'PersistDB' from project 'PersistDB')
SwiftCompile normal arm64_32 /Users/admin/builder/spi-builder-workspace/.dependencies/checkouts/PersistDB/Source/SQL/SQL.swift (in target 'PersistDB' from project 'PersistDB')
cd /Users/admin/builder/spi-builder-workspace/.swiftpm/xcode
SwiftCompile normal arm64_32 /Users/admin/builder/spi-builder-workspace/.dependencies/checkouts/PersistDB/Source/Store.swift (in target 'PersistDB' from project 'PersistDB')
cd /Users/admin/builder/spi-builder-workspace/.swiftpm/xcode
SwiftCompile normal arm64_32 /Users/admin/builder/spi-builder-workspace/.dependencies/checkouts/PersistDB/Source/Table.swift (in target 'PersistDB' from project 'PersistDB')
cd /Users/admin/builder/spi-builder-workspace/.swiftpm/xcode
SwiftDriverJobDiscovery normal armv7k Compiling SQL.Schema.swift, SQL.Table.swift, SQL.Update.swift, SQL.Value.swift (in target 'PersistDB' from project 'PersistDB')
SwiftCompile normal arm64 Compiling\ SQL.Schema.swift,\ SQL.Table.swift,\ SQL.Update.swift,\ SQL.Value.swift /Users/admin/builder/spi-builder-workspace/.dependencies/checkouts/PersistDB/Source/SQL/SQL.Schema.swift /Users/admin/builder/spi-builder-workspace/.dependencies/checkouts/PersistDB/Source/SQL/SQL.Table.swift /Users/admin/builder/spi-builder-workspace/.dependencies/checkouts/PersistDB/Source/SQL/SQL.Update.swift /Users/admin/builder/spi-builder-workspace/.dependencies/checkouts/PersistDB/Source/SQL/SQL.Value.swift (in target 'PersistDB' from project 'PersistDB')
SwiftCompile normal arm64 /Users/admin/builder/spi-builder-workspace/.dependencies/checkouts/PersistDB/Source/SQL/SQL.Schema.swift (in target 'PersistDB' from project 'PersistDB')
cd /Users/admin/builder/spi-builder-workspace/.swiftpm/xcode
SwiftCompile normal arm64 /Users/admin/builder/spi-builder-workspace/.dependencies/checkouts/PersistDB/Source/SQL/SQL.Table.swift (in target 'PersistDB' from project 'PersistDB')
cd /Users/admin/builder/spi-builder-workspace/.swiftpm/xcode
SwiftCompile normal arm64 /Users/admin/builder/spi-builder-workspace/.dependencies/checkouts/PersistDB/Source/SQL/SQL.Update.swift (in target 'PersistDB' from project 'PersistDB')
cd /Users/admin/builder/spi-builder-workspace/.swiftpm/xcode
SwiftCompile normal arm64 /Users/admin/builder/spi-builder-workspace/.dependencies/checkouts/PersistDB/Source/SQL/SQL.Value.swift (in target 'PersistDB' from project 'PersistDB')
cd /Users/admin/builder/spi-builder-workspace/.swiftpm/xcode
SwiftDriverJobDiscovery normal arm64_32 Compiling Generator.swift, Group.swift, Grouping.swift, Insert.swift (in target 'PersistDB' from project 'PersistDB')
SwiftCompile normal arm64_32 Compiling\ Query.swift,\ ResultSet.swift,\ SQL.Action.swift,\ SQL.Column.swift /Users/admin/builder/spi-builder-workspace/.dependencies/checkouts/PersistDB/Source/Query.swift /Users/admin/builder/spi-builder-workspace/.dependencies/checkouts/PersistDB/Source/ResultSet.swift /Users/admin/builder/spi-builder-workspace/.dependencies/checkouts/PersistDB/Source/SQL/SQL.Action.swift /Users/admin/builder/spi-builder-workspace/.dependencies/checkouts/PersistDB/Source/SQL/SQL.Column.swift (in target 'PersistDB' from project 'PersistDB')
SwiftDriverJobDiscovery normal arm64 Compiling SQL.Database.swift, SQL.Delete.swift, SQL.Effect.swift, SQL.Expression.swift (in target 'PersistDB' from project 'PersistDB')
SwiftCompile normal armv7k Compiling\ Expression.swift,\ ReactiveSwift.swift,\ Schemata.swift,\ Swift.swift /Users/admin/builder/spi-builder-workspace/.dependencies/checkouts/PersistDB/Source/Expression.swift /Users/admin/builder/spi-builder-workspace/.dependencies/checkouts/PersistDB/Source/Extensions/ReactiveSwift.swift /Users/admin/builder/spi-builder-workspace/.dependencies/checkouts/PersistDB/Source/Extensions/Schemata.swift /Users/admin/builder/spi-builder-workspace/.dependencies/checkouts/PersistDB/Source/Extensions/Swift.swift (in target 'PersistDB' from project 'PersistDB')
Command SwiftCompile failed with a nonzero exit code
** BUILD FAILED **
The following build commands failed:
SwiftCompile normal arm64_32 Compiling\ TestStore.swift,\ Update.swift,\ ValueSet.swift /Users/admin/builder/spi-builder-workspace/.dependencies/checkouts/PersistDB/Source/TestStore.swift /Users/admin/builder/spi-builder-workspace/.dependencies/checkouts/PersistDB/Source/Update.swift /Users/admin/builder/spi-builder-workspace/.dependencies/checkouts/PersistDB/Source/ValueSet.swift (in target 'PersistDB' from project 'PersistDB')
SwiftCompile normal arm64_32 /Users/admin/builder/spi-builder-workspace/.dependencies/checkouts/PersistDB/Source/TestStore.swift (in target 'PersistDB' from project 'PersistDB')
SwiftCompile normal armv7k Compiling\ Expression.swift,\ ReactiveSwift.swift,\ Schemata.swift,\ Swift.swift /Users/admin/builder/spi-builder-workspace/.dependencies/checkouts/PersistDB/Source/Expression.swift /Users/admin/builder/spi-builder-workspace/.dependencies/checkouts/PersistDB/Source/Extensions/ReactiveSwift.swift /Users/admin/builder/spi-builder-workspace/.dependencies/checkouts/PersistDB/Source/Extensions/Schemata.swift /Users/admin/builder/spi-builder-workspace/.dependencies/checkouts/PersistDB/Source/Extensions/Swift.swift (in target 'PersistDB' from project 'PersistDB')
Building workspace spi-builder-workspace with scheme Catenoid
(4 failures)
BUILD FAILURE 6.1 watchOS