Build Information
Failed to build warplink-ios-sdk, reference v1.2.0 (470bb8), with Swift 6.1 for watchOS using Xcode 16.3 on 28 Oct 2026 16:57:57 UTC.
Build Command
env DEVELOPER_DIR=/Applications/Xcode-16.3.0.app xcrun xcodebuild -IDEClonedSourcePackagesDirPathOverride=$PWD/.dependencies -skipMacroValidation -skipPackagePluginValidation -derivedDataPath $PWD/.derivedData build -scheme warplink-ios-sdk -destination generic/platform=watchOSBuild Log
========================================
RunAll
========================================
Builder version: 5.1.3
Interrupt handler set up.
========================================
Checkout
========================================
Clone URL: https://github.com/WarpLinkApp/warplink-ios-sdk.git
Reference: v1.2.0
Initialized empty Git repository in /Users/admin/builder/spi-builder-workspace/.git/
From https://github.com/WarpLinkApp/warplink-ios-sdk
* tag v1.2.0 -> FETCH_HEAD
HEAD is now at 470bb89 feat: release 1.2.0
Cloned https://github.com/WarpLinkApp/warplink-ios-sdk.git
Revision (git rev-parse @):
470bb893daa0d39a25a3c0b4fe6aab01b5e981d2
SUCCESS checkout https://github.com/WarpLinkApp/warplink-ios-sdk.git at v1.2.0
========================================
Build
========================================
Selected platform: watchOS
Swift version: 6.1
Building package at path: $PWD
https://github.com/WarpLinkApp/warplink-ios-sdk.git
https://github.com/WarpLinkApp/warplink-ios-sdk.git
{
"dependencies" : [
],
"manifest_display_name" : "warplink-ios-sdk",
"name" : "warplink-ios-sdk",
"path" : "/Users/admin/builder/spi-builder-workspace",
"platforms" : [
{
"name" : "ios",
"version" : "15.0"
},
{
"name" : "macos",
"version" : "11.0"
}
],
"products" : [
{
"name" : "WarpLink",
"targets" : [
"WarpLink"
],
"type" : {
"library" : [
"automatic"
]
}
}
],
"targets" : [
{
"c99name" : "WarpLinkTests",
"module_type" : "SwiftTarget",
"name" : "WarpLinkTests",
"path" : "Tests/WarpLinkTests",
"sources" : [
"APIClientAttributionTests.swift",
"APIClientMatchGuaranteedTests.swift",
"APIClientResolveLinkTests.swift",
"APIClientTests.swift",
"BackupExcludedFileStoreTests.swift",
"BoundedResolveRetryTests.swift",
"BoundedRetryDriverTests.swift",
"CancellableAttemptTests.swift",
"CheckDeferredDeepLinkTests.swift",
"DeclaredLinkDomainsTests.swift",
"DeferredCheckRetryTests.swift",
"DrippingAttemptTests.swift",
"FingerprintCollectorTests.swift",
"FirstAttemptBoundedTests.swift",
"FreshConnectionAfterTimeoutTests.swift",
"GatedTransport.swift",
"HandleDeepLinkTests.swift",
"IsWarpLinkURLTests.swift",
"JSONValueTests.swift",
"LegacyUpgradeAttributionTests.swift",
"LinkDomainNormalizerTests.swift",
"OSCancelledRetryTests.swift",
"RateLimitRetryTests.swift",
"ReactNativeBridgeResolveTests.swift",
"ReferralClaimTests.swift",
"ReferralDeferredRaceTests.swift",
"ReferralEvidenceStoreTests.swift",
"ReferralInvitationTests.swift",
"ReferralKeychainStoreTests.swift",
"ReferralNoPasteboardTests.swift",
"ReferralRedeemTests.swift",
"ReferralResultFieldsTests.swift",
"ReferralResumeTests.swift",
"ReferralRetryTests.swift",
"ReferralTestSupport.swift",
"ResolveParamsTests.swift",
"RetryPolicyTests.swift",
"RoutelessMatchTests.swift",
"SDKEnvironmentTests.swift",
"SdkVersionTests.swift",
"ServerDomainsCacheTests.swift",
"ServerRejectionWarningTests.swift",
"StorageCachedAttributionTests.swift",
"StorageReinstallTests.swift",
"StorageTests.swift",
"SynchronousSDK.swift",
"TapIdHeaderTests.swift",
"TestSupport.swift",
"TransportDoubles.swift",
"URLWarpLinkTests.swift",
"WarpLinkAutoWireTests.swift",
"WarpLinkConfigureTests.swift",
"WarpLinkDedupeClockTests.swift",
"WarpLinkDeepLinkTests.swift",
"WarpLinkErrorTests.swift",
"WarpLinkLinkDomainsTests.swift",
"WarpLinkOptionsTests.swift",
"WarpLinkTests.swift"
],
"target_dependencies" : [
"WarpLink"
],
"type" : "test"
},
{
"c99name" : "WarpLink",
"module_type" : "SwiftTarget",
"name" : "WarpLink",
"path" : "Sources/WarpLink",
"product_memberships" : [
"WarpLink"
],
"resources" : [
{
"path" : "/Users/admin/builder/spi-builder-workspace/Sources/WarpLink/PrivacyInfo.xcprivacy",
"rule" : {
"copy" : {
}
}
}
],
"sources" : [
"Extensions/URL+WarpLink.swift",
"Internal/APIClient+Attribution.swift",
"Internal/APIClient+ResolveLink.swift",
"Internal/APIClient.swift",
"Internal/AttemptWatchdog.swift",
"Internal/AttributionResponse.swift",
"Internal/BoundedRetry.swift",
"Internal/DeclaredLinkDomains.swift",
"Internal/FingerprintCollector.swift",
"Internal/HTTPTransport.swift",
"Internal/InstallMarkerStore.swift",
"Internal/KeychainStore.swift",
"Internal/LinkDomainNormalizer.swift",
"Internal/Logger.swift",
"Internal/RateLimit.swift",
"Internal/RetryPolicy.swift",
"Internal/SDKEnvironment.swift",
"Internal/Storage.swift",
"JSONValue.swift",
"MatchType.swift",
"Referral/APIClient+RecoveryRedeem.swift",
"Referral/APIClient+ReferralClaim.swift",
"Referral/AttributionEvidence.swift",
"Referral/KeychainPendingStore.swift",
"Referral/RecoveryRedeemOutcome.swift",
"Referral/ReferralBoundedCall.swift",
"Referral/ReferralClaimEvidence.swift",
"Referral/ReferralClaimResult.swift",
"Referral/ReferralEvidenceStore.swift",
"Referral/ReferralHTTP.swift",
"Referral/ReferralInvitation.swift",
"Referral/ReferralMatch.swift",
"Referral/ReferralMessages.swift",
"Referral/ReferralPendingStore.swift",
"Referral/ReferralRedeemer.swift",
"Referral/ReferralServices.swift",
"Referral/WarpLink+RedeemedMatch.swift",
"Referral/WarpLink+Referral.swift",
"Referral/WarpLink+ReferralClaim.swift",
"Referral/WarpLinkPasteButton.swift",
"Referral/WarpLinkUIPasteButton.swift",
"WarpLink+AttributionMatch.swift",
"WarpLink+DeferredDeepLink.swift",
"WarpLink+Dispatch.swift",
"WarpLink+Domains.swift",
"WarpLink+HostDelegates.swift",
"WarpLink+KeyValidation.swift",
"WarpLink+ReactNativeBridge.swift",
"WarpLink+Resolve.swift",
"WarpLink+Supersede.swift",
"WarpLink.swift",
"WarpLinkDeepLink.swift",
"WarpLinkError.swift",
"WarpLinkOptions.swift"
],
"type" : "library"
}
],
"tools_version" : "5.9"
}
Command line invocation:
/Applications/Xcode-16.3.0.app/Contents/Developer/usr/bin/xcodebuild -IDEClonedSourcePackagesDirPathOverride=/Users/admin/builder/spi-builder-workspace/.dependencies -resolvePackageDependencies
Resolve Package Graph
Resolve Package Graph
Resolved source packages:
warplink-ios-sdk: /Users/admin/builder/spi-builder-workspace
resolved source packages: warplink-ios-sdk
{
"dependencies" : [
],
"manifest_display_name" : "warplink-ios-sdk",
"name" : "warplink-ios-sdk",
"path" : "/Users/admin/builder/spi-builder-workspace",
"platforms" : [
{
"name" : "ios",
"version" : "15.0"
},
{
"name" : "macos",
"version" : "11.0"
}
],
"products" : [
{
"name" : "WarpLink",
"targets" : [
"WarpLink"
],
"type" : {
"library" : [
"automatic"
]
}
}
],
"targets" : [
{
"c99name" : "WarpLinkTests",
"module_type" : "SwiftTarget",
"name" : "WarpLinkTests",
"path" : "Tests/WarpLinkTests",
"sources" : [
"APIClientAttributionTests.swift",
"APIClientMatchGuaranteedTests.swift",
"APIClientResolveLinkTests.swift",
"APIClientTests.swift",
"BackupExcludedFileStoreTests.swift",
"BoundedResolveRetryTests.swift",
"BoundedRetryDriverTests.swift",
"CancellableAttemptTests.swift",
"CheckDeferredDeepLinkTests.swift",
"DeclaredLinkDomainsTests.swift",
"DeferredCheckRetryTests.swift",
"DrippingAttemptTests.swift",
"FingerprintCollectorTests.swift",
"FirstAttemptBoundedTests.swift",
"FreshConnectionAfterTimeoutTests.swift",
"GatedTransport.swift",
"HandleDeepLinkTests.swift",
"IsWarpLinkURLTests.swift",
"JSONValueTests.swift",
"LegacyUpgradeAttributionTests.swift",
"LinkDomainNormalizerTests.swift",
"OSCancelledRetryTests.swift",
"RateLimitRetryTests.swift",
"ReactNativeBridgeResolveTests.swift",
"ReferralClaimTests.swift",
"ReferralDeferredRaceTests.swift",
"ReferralEvidenceStoreTests.swift",
"ReferralInvitationTests.swift",
"ReferralKeychainStoreTests.swift",
"ReferralNoPasteboardTests.swift",
"ReferralRedeemTests.swift",
"ReferralResultFieldsTests.swift",
"ReferralResumeTests.swift",
"ReferralRetryTests.swift",
"ReferralTestSupport.swift",
"ResolveParamsTests.swift",
"RetryPolicyTests.swift",
"RoutelessMatchTests.swift",
"SDKEnvironmentTests.swift",
"SdkVersionTests.swift",
"ServerDomainsCacheTests.swift",
"ServerRejectionWarningTests.swift",
"StorageCachedAttributionTests.swift",
"StorageReinstallTests.swift",
"StorageTests.swift",
"SynchronousSDK.swift",
"TapIdHeaderTests.swift",
"TestSupport.swift",
"TransportDoubles.swift",
"URLWarpLinkTests.swift",
"WarpLinkAutoWireTests.swift",
"WarpLinkConfigureTests.swift",
"WarpLinkDedupeClockTests.swift",
"WarpLinkDeepLinkTests.swift",
"WarpLinkErrorTests.swift",
"WarpLinkLinkDomainsTests.swift",
"WarpLinkOptionsTests.swift",
"WarpLinkTests.swift"
],
"target_dependencies" : [
"WarpLink"
],
"type" : "test"
},
{
"c99name" : "WarpLink",
"module_type" : "SwiftTarget",
"name" : "WarpLink",
"path" : "Sources/WarpLink",
"product_memberships" : [
"WarpLink"
],
"resources" : [
{
"path" : "/Users/admin/builder/spi-builder-workspace/Sources/WarpLink/PrivacyInfo.xcprivacy",
"rule" : {
"copy" : {
}
}
}
],
"sources" : [
"Extensions/URL+WarpLink.swift",
"Internal/APIClient+Attribution.swift",
"Internal/APIClient+ResolveLink.swift",
"Internal/APIClient.swift",
"Internal/AttemptWatchdog.swift",
"Internal/AttributionResponse.swift",
"Internal/BoundedRetry.swift",
"Internal/DeclaredLinkDomains.swift",
"Internal/FingerprintCollector.swift",
"Internal/HTTPTransport.swift",
"Internal/InstallMarkerStore.swift",
"Internal/KeychainStore.swift",
"Internal/LinkDomainNormalizer.swift",
"Internal/Logger.swift",
"Internal/RateLimit.swift",
"Internal/RetryPolicy.swift",
"Internal/SDKEnvironment.swift",
"Internal/Storage.swift",
"JSONValue.swift",
"MatchType.swift",
"Referral/APIClient+RecoveryRedeem.swift",
"Referral/APIClient+ReferralClaim.swift",
"Referral/AttributionEvidence.swift",
"Referral/KeychainPendingStore.swift",
"Referral/RecoveryRedeemOutcome.swift",
"Referral/ReferralBoundedCall.swift",
"Referral/ReferralClaimEvidence.swift",
"Referral/ReferralClaimResult.swift",
"Referral/ReferralEvidenceStore.swift",
"Referral/ReferralHTTP.swift",
"Referral/ReferralInvitation.swift",
"Referral/ReferralMatch.swift",
"Referral/ReferralMessages.swift",
"Referral/ReferralPendingStore.swift",
"Referral/ReferralRedeemer.swift",
"Referral/ReferralServices.swift",
"Referral/WarpLink+RedeemedMatch.swift",
"Referral/WarpLink+Referral.swift",
"Referral/WarpLink+ReferralClaim.swift",
"Referral/WarpLinkPasteButton.swift",
"Referral/WarpLinkUIPasteButton.swift",
"WarpLink+AttributionMatch.swift",
"WarpLink+DeferredDeepLink.swift",
"WarpLink+Dispatch.swift",
"WarpLink+Domains.swift",
"WarpLink+HostDelegates.swift",
"WarpLink+KeyValidation.swift",
"WarpLink+ReactNativeBridge.swift",
"WarpLink+Resolve.swift",
"WarpLink+Supersede.swift",
"WarpLink.swift",
"WarpLinkDeepLink.swift",
"WarpLinkError.swift",
"WarpLinkOptions.swift"
],
"type" : "library"
}
],
"tools_version" : "5.9"
}
{
"workspace" : {
"name" : "spi-builder-workspace",
"schemes" : [
"warplink-ios-sdk"
]
}
}
Running build ...
env DEVELOPER_DIR=/Applications/Xcode-16.3.0.app xcrun xcodebuild -IDEClonedSourcePackagesDirPathOverride=$PWD/.dependencies -skipMacroValidation -skipPackagePluginValidation -derivedDataPath $PWD/.derivedData build -scheme warplink-ios-sdk -destination generic/platform=watchOS OTHER_SWIFT_FLAGS=-stats-output-dir .stats -strict-concurrency=complete -enable-upcoming-feature StrictConcurrency -enable-upcoming-feature DisableOutwardActorInference -enable-upcoming-feature GlobalActorIsolatedTypesUsability -enable-upcoming-feature InferSendableFromCaptures
Command line invocation:
/Applications/Xcode-16.3.0.app/Contents/Developer/usr/bin/xcodebuild -IDEClonedSourcePackagesDirPathOverride=/Users/admin/builder/spi-builder-workspace/.dependencies -skipMacroValidation -skipPackagePluginValidation -derivedDataPath /Users/admin/builder/spi-builder-workspace/.derivedData build -scheme warplink-ios-sdk -destination generic/platform=watchOS "OTHER_SWIFT_FLAGS=-stats-output-dir .stats -strict-concurrency=complete -enable-upcoming-feature StrictConcurrency -enable-upcoming-feature DisableOutwardActorInference -enable-upcoming-feature GlobalActorIsolatedTypesUsability -enable-upcoming-feature InferSendableFromCaptures"
Build settings from command line:
OTHER_SWIFT_FLAGS = -stats-output-dir .stats -strict-concurrency=complete -enable-upcoming-feature StrictConcurrency -enable-upcoming-feature DisableOutwardActorInference -enable-upcoming-feature GlobalActorIsolatedTypesUsability -enable-upcoming-feature InferSendableFromCaptures
Resolve Package Graph
Resolved source packages:
warplink-ios-sdk: /Users/admin/builder/spi-builder-workspace
ComputePackagePrebuildTargetDependencyGraph
Prepare packages
CreateBuildRequest
SendProjectDescription
CreateBuildOperation
ComputeTargetDependencyGraph
note: Building targets in dependency order
note: Target dependency graph (3 targets)
Target 'WarpLink' in project 'warplink-ios-sdk'
➜ Explicit dependency on target 'WarpLink' in project 'warplink-ios-sdk'
➜ Explicit dependency on target 'warplink-ios-sdk_WarpLink' in project 'warplink-ios-sdk'
Target 'WarpLink' in project 'warplink-ios-sdk'
➜ Explicit dependency on target 'warplink-ios-sdk_WarpLink' in project 'warplink-ios-sdk'
Target 'warplink-ios-sdk_WarpLink' in project 'warplink-ios-sdk' (no dependencies)
GatherProvisioningInputs
CreateBuildDescription
ExecuteExternalTool /Applications/Xcode-16.3.0.app/Contents/Developer/Toolchains/XcodeDefault.xctoolchain/usr/bin/clang -v -E -dM -isysroot /Applications/Xcode-16.3.0.app/Contents/Developer/Platforms/WatchOS.platform/Developer/SDKs/WatchOS11.4.sdk -x c -c /dev/null
ExecuteExternalTool /Applications/Xcode-16.3.0.app/Contents/Developer/Toolchains/XcodeDefault.xctoolchain/usr/bin/swiftc --version
ExecuteExternalTool /Applications/Xcode-16.3.0.app/Contents/Developer/Toolchains/XcodeDefault.xctoolchain/usr/bin/ld -version_details
Build description signature: ccfd5e0266905cc9fdb4286f9b57b895
Build description path: /Users/admin/builder/spi-builder-workspace/.derivedData/Build/Intermediates.noindex/XCBuildData/ccfd5e0266905cc9fdb4286f9b57b895.xcbuilddata
ClangStatCache /Applications/Xcode-16.3.0.app/Contents/Developer/Toolchains/XcodeDefault.xctoolchain/usr/bin/clang-stat-cache /Applications/Xcode-16.3.0.app/Contents/Developer/Platforms/WatchOS.platform/Developer/SDKs/WatchOS11.4.sdk /Users/admin/builder/spi-builder-workspace/.derivedData/SDKStatCaches.noindex/watchos11.4-22T246-43efb940ff07ba2497b70ec94253f576.sdkstatcache
cd /Users/admin/builder/spi-builder-workspace/.swiftpm/xcode
/Applications/Xcode-16.3.0.app/Contents/Developer/Toolchains/XcodeDefault.xctoolchain/usr/bin/clang-stat-cache /Applications/Xcode-16.3.0.app/Contents/Developer/Platforms/WatchOS.platform/Developer/SDKs/WatchOS11.4.sdk -o /Users/admin/builder/spi-builder-workspace/.derivedData/SDKStatCaches.noindex/watchos11.4-22T246-43efb940ff07ba2497b70ec94253f576.sdkstatcache
CreateBuildDirectory /Users/admin/builder/spi-builder-workspace/.derivedData/Build/Products
cd /Users/admin/builder/spi-builder-workspace/.swiftpm/xcode
builtin-create-build-directory /Users/admin/builder/spi-builder-workspace/.derivedData/Build/Products
CreateBuildDirectory /Users/admin/builder/spi-builder-workspace/.derivedData/Build/Intermediates.noindex
cd /Users/admin/builder/spi-builder-workspace/.swiftpm/xcode
builtin-create-build-directory /Users/admin/builder/spi-builder-workspace/.derivedData/Build/Intermediates.noindex
CreateBuildDirectory /Users/admin/builder/spi-builder-workspace/.derivedData/Build/Products/Debug-watchos
cd /Users/admin/builder/spi-builder-workspace/.swiftpm/xcode
builtin-create-build-directory /Users/admin/builder/spi-builder-workspace/.derivedData/Build/Products/Debug-watchos
CreateBuildDirectory /Users/admin/builder/spi-builder-workspace/.derivedData/Build/Intermediates.noindex/EagerLinkingTBDs/Debug-watchos
cd /Users/admin/builder/spi-builder-workspace/.swiftpm/xcode
builtin-create-build-directory /Users/admin/builder/spi-builder-workspace/.derivedData/Build/Intermediates.noindex/EagerLinkingTBDs/Debug-watchos
CreateBuildDirectory /Users/admin/builder/spi-builder-workspace/.derivedData/Build/Products/Debug-watchos/PackageFrameworks
cd /Users/admin/builder/spi-builder-workspace/.swiftpm/xcode
builtin-create-build-directory /Users/admin/builder/spi-builder-workspace/.derivedData/Build/Products/Debug-watchos/PackageFrameworks
WriteAuxiliaryFile /Users/admin/builder/spi-builder-workspace/.derivedData/Build/Intermediates.noindex/warplink-ios-sdk.build/Debug-watchos/WarpLink.build/WarpLink.modulemap (in target 'WarpLink' from project 'warplink-ios-sdk')
cd /Users/admin/builder/spi-builder-workspace
write-file /Users/admin/builder/spi-builder-workspace/.derivedData/Build/Intermediates.noindex/warplink-ios-sdk.build/Debug-watchos/WarpLink.build/WarpLink.modulemap
WriteAuxiliaryFile /Users/admin/builder/spi-builder-workspace/.derivedData/Build/Intermediates.noindex/warplink-ios-sdk.build/Debug-watchos/warplink-ios-sdk_WarpLink.build/warplink-ios-sdk_WarpLink.DependencyMetadataFileList (in target 'warplink-ios-sdk_WarpLink' from project 'warplink-ios-sdk')
cd /Users/admin/builder/spi-builder-workspace
write-file /Users/admin/builder/spi-builder-workspace/.derivedData/Build/Intermediates.noindex/warplink-ios-sdk.build/Debug-watchos/warplink-ios-sdk_WarpLink.build/warplink-ios-sdk_WarpLink.DependencyMetadataFileList
WriteAuxiliaryFile /Users/admin/builder/spi-builder-workspace/.derivedData/Build/Intermediates.noindex/warplink-ios-sdk.build/Debug-watchos/warplink-ios-sdk_WarpLink.build/empty-warplink-ios-sdk_WarpLink.plist (in target 'warplink-ios-sdk_WarpLink' from project 'warplink-ios-sdk')
cd /Users/admin/builder/spi-builder-workspace
write-file /Users/admin/builder/spi-builder-workspace/.derivedData/Build/Intermediates.noindex/warplink-ios-sdk.build/Debug-watchos/warplink-ios-sdk_WarpLink.build/empty-warplink-ios-sdk_WarpLink.plist
WriteAuxiliaryFile /Users/admin/builder/spi-builder-workspace/.derivedData/Build/Intermediates.noindex/warplink-ios-sdk.build/Debug-watchos/WarpLink.build/WarpLink.DependencyMetadataFileList (in target 'WarpLink' from project 'warplink-ios-sdk')
cd /Users/admin/builder/spi-builder-workspace
write-file /Users/admin/builder/spi-builder-workspace/.derivedData/Build/Intermediates.noindex/warplink-ios-sdk.build/Debug-watchos/WarpLink.build/WarpLink.DependencyMetadataFileList
WriteAuxiliaryFile /Users/admin/builder/spi-builder-workspace/.derivedData/Build/Intermediates.noindex/warplink-ios-sdk.build/Debug-watchos/WarpLink.build/WarpLink.DependencyStaticMetadataFileList (in target 'WarpLink' from project 'warplink-ios-sdk')
cd /Users/admin/builder/spi-builder-workspace
write-file /Users/admin/builder/spi-builder-workspace/.derivedData/Build/Intermediates.noindex/warplink-ios-sdk.build/Debug-watchos/WarpLink.build/WarpLink.DependencyStaticMetadataFileList
WriteAuxiliaryFile /Users/admin/builder/spi-builder-workspace/.derivedData/Build/Intermediates.noindex/warplink-ios-sdk.build/Debug-watchos/warplink-ios-sdk_WarpLink.build/warplink-ios-sdk_WarpLink.DependencyStaticMetadataFileList (in target 'warplink-ios-sdk_WarpLink' from project 'warplink-ios-sdk')
cd /Users/admin/builder/spi-builder-workspace
write-file /Users/admin/builder/spi-builder-workspace/.derivedData/Build/Intermediates.noindex/warplink-ios-sdk.build/Debug-watchos/warplink-ios-sdk_WarpLink.build/warplink-ios-sdk_WarpLink.DependencyStaticMetadataFileList
WriteAuxiliaryFile /Users/admin/builder/spi-builder-workspace/.derivedData/Build/Intermediates.noindex/warplink-ios-sdk.build/Debug-watchos/WarpLink.build/Objects-normal/armv7k/WarpLink-OutputFileMap.json (in target 'WarpLink' from project 'warplink-ios-sdk')
cd /Users/admin/builder/spi-builder-workspace
write-file /Users/admin/builder/spi-builder-workspace/.derivedData/Build/Intermediates.noindex/warplink-ios-sdk.build/Debug-watchos/WarpLink.build/Objects-normal/armv7k/WarpLink-OutputFileMap.json
WriteAuxiliaryFile /Users/admin/builder/spi-builder-workspace/.derivedData/Build/Intermediates.noindex/warplink-ios-sdk.build/Debug-watchos/WarpLink.build/Objects-normal/armv7k/WarpLink_const_extract_protocols.json (in target 'WarpLink' from project 'warplink-ios-sdk')
cd /Users/admin/builder/spi-builder-workspace
write-file /Users/admin/builder/spi-builder-workspace/.derivedData/Build/Intermediates.noindex/warplink-ios-sdk.build/Debug-watchos/WarpLink.build/Objects-normal/armv7k/WarpLink_const_extract_protocols.json
WriteAuxiliaryFile /Users/admin/builder/spi-builder-workspace/.derivedData/Build/Intermediates.noindex/warplink-ios-sdk.build/Debug-watchos/WarpLink.build/Objects-normal/armv7k/WarpLink.SwiftFileList (in target 'WarpLink' from project 'warplink-ios-sdk')
cd /Users/admin/builder/spi-builder-workspace
write-file /Users/admin/builder/spi-builder-workspace/.derivedData/Build/Intermediates.noindex/warplink-ios-sdk.build/Debug-watchos/WarpLink.build/Objects-normal/armv7k/WarpLink.SwiftFileList
WriteAuxiliaryFile /Users/admin/builder/spi-builder-workspace/.derivedData/Build/Intermediates.noindex/warplink-ios-sdk.build/Debug-watchos/WarpLink.build/Objects-normal/armv7k/WarpLink.SwiftConstValuesFileList (in target 'WarpLink' from project 'warplink-ios-sdk')
cd /Users/admin/builder/spi-builder-workspace
write-file /Users/admin/builder/spi-builder-workspace/.derivedData/Build/Intermediates.noindex/warplink-ios-sdk.build/Debug-watchos/WarpLink.build/Objects-normal/armv7k/WarpLink.SwiftConstValuesFileList
WriteAuxiliaryFile /Users/admin/builder/spi-builder-workspace/.derivedData/Build/Intermediates.noindex/warplink-ios-sdk.build/Debug-watchos/WarpLink.build/Objects-normal/armv7k/WarpLink.LinkFileList (in target 'WarpLink' from project 'warplink-ios-sdk')
cd /Users/admin/builder/spi-builder-workspace
write-file /Users/admin/builder/spi-builder-workspace/.derivedData/Build/Intermediates.noindex/warplink-ios-sdk.build/Debug-watchos/WarpLink.build/Objects-normal/armv7k/WarpLink.LinkFileList
WriteAuxiliaryFile /Users/admin/builder/spi-builder-workspace/.derivedData/Build/Intermediates.noindex/warplink-ios-sdk.build/Debug-watchos/WarpLink.build/Objects-normal/arm64_32/WarpLink.SwiftFileList (in target 'WarpLink' from project 'warplink-ios-sdk')
cd /Users/admin/builder/spi-builder-workspace
write-file /Users/admin/builder/spi-builder-workspace/.derivedData/Build/Intermediates.noindex/warplink-ios-sdk.build/Debug-watchos/WarpLink.build/Objects-normal/arm64_32/WarpLink.SwiftFileList
WriteAuxiliaryFile /Users/admin/builder/spi-builder-workspace/.derivedData/Build/Intermediates.noindex/warplink-ios-sdk.build/Debug-watchos/WarpLink.build/Objects-normal/arm64_32/WarpLink.SwiftConstValuesFileList (in target 'WarpLink' from project 'warplink-ios-sdk')
cd /Users/admin/builder/spi-builder-workspace
write-file /Users/admin/builder/spi-builder-workspace/.derivedData/Build/Intermediates.noindex/warplink-ios-sdk.build/Debug-watchos/WarpLink.build/Objects-normal/arm64_32/WarpLink.SwiftConstValuesFileList
WriteAuxiliaryFile /Users/admin/builder/spi-builder-workspace/.derivedData/Build/Intermediates.noindex/warplink-ios-sdk.build/Debug-watchos/WarpLink.build/Objects-normal/arm64_32/WarpLink_const_extract_protocols.json (in target 'WarpLink' from project 'warplink-ios-sdk')
cd /Users/admin/builder/spi-builder-workspace
write-file /Users/admin/builder/spi-builder-workspace/.derivedData/Build/Intermediates.noindex/warplink-ios-sdk.build/Debug-watchos/WarpLink.build/Objects-normal/arm64_32/WarpLink_const_extract_protocols.json
WriteAuxiliaryFile /Users/admin/builder/spi-builder-workspace/.derivedData/Build/Intermediates.noindex/warplink-ios-sdk.build/Debug-watchos/WarpLink.build/Objects-normal/arm64_32/WarpLink.LinkFileList (in target 'WarpLink' from project 'warplink-ios-sdk')
cd /Users/admin/builder/spi-builder-workspace
write-file /Users/admin/builder/spi-builder-workspace/.derivedData/Build/Intermediates.noindex/warplink-ios-sdk.build/Debug-watchos/WarpLink.build/Objects-normal/arm64_32/WarpLink.LinkFileList
WriteAuxiliaryFile /Users/admin/builder/spi-builder-workspace/.derivedData/Build/Intermediates.noindex/warplink-ios-sdk.build/Debug-watchos/WarpLink.build/Objects-normal/arm64_32/WarpLink-OutputFileMap.json (in target 'WarpLink' from project 'warplink-ios-sdk')
cd /Users/admin/builder/spi-builder-workspace
write-file /Users/admin/builder/spi-builder-workspace/.derivedData/Build/Intermediates.noindex/warplink-ios-sdk.build/Debug-watchos/WarpLink.build/Objects-normal/arm64_32/WarpLink-OutputFileMap.json
WriteAuxiliaryFile /Users/admin/builder/spi-builder-workspace/.derivedData/Build/Intermediates.noindex/warplink-ios-sdk.build/Debug-watchos/WarpLink.build/Objects-normal/arm64/WarpLink_const_extract_protocols.json (in target 'WarpLink' from project 'warplink-ios-sdk')
cd /Users/admin/builder/spi-builder-workspace
write-file /Users/admin/builder/spi-builder-workspace/.derivedData/Build/Intermediates.noindex/warplink-ios-sdk.build/Debug-watchos/WarpLink.build/Objects-normal/arm64/WarpLink_const_extract_protocols.json
WriteAuxiliaryFile /Users/admin/builder/spi-builder-workspace/.derivedData/Build/Intermediates.noindex/warplink-ios-sdk.build/Debug-watchos/WarpLink.build/Objects-normal/arm64/WarpLink.SwiftFileList (in target 'WarpLink' from project 'warplink-ios-sdk')
cd /Users/admin/builder/spi-builder-workspace
write-file /Users/admin/builder/spi-builder-workspace/.derivedData/Build/Intermediates.noindex/warplink-ios-sdk.build/Debug-watchos/WarpLink.build/Objects-normal/arm64/WarpLink.SwiftFileList
WriteAuxiliaryFile /Users/admin/builder/spi-builder-workspace/.derivedData/Build/Intermediates.noindex/warplink-ios-sdk.build/Debug-watchos/WarpLink.build/Objects-normal/arm64/WarpLink.SwiftConstValuesFileList (in target 'WarpLink' from project 'warplink-ios-sdk')
cd /Users/admin/builder/spi-builder-workspace
write-file /Users/admin/builder/spi-builder-workspace/.derivedData/Build/Intermediates.noindex/warplink-ios-sdk.build/Debug-watchos/WarpLink.build/Objects-normal/arm64/WarpLink.SwiftConstValuesFileList
WriteAuxiliaryFile /Users/admin/builder/spi-builder-workspace/.derivedData/Build/Intermediates.noindex/warplink-ios-sdk.build/Debug-watchos/WarpLink.build/Objects-normal/arm64/WarpLink.LinkFileList (in target 'WarpLink' from project 'warplink-ios-sdk')
cd /Users/admin/builder/spi-builder-workspace
write-file /Users/admin/builder/spi-builder-workspace/.derivedData/Build/Intermediates.noindex/warplink-ios-sdk.build/Debug-watchos/WarpLink.build/Objects-normal/arm64/WarpLink.LinkFileList
WriteAuxiliaryFile /Users/admin/builder/spi-builder-workspace/.derivedData/Build/Intermediates.noindex/warplink-ios-sdk.build/Debug-watchos/WarpLink.build/Objects-normal/arm64/WarpLink-OutputFileMap.json (in target 'WarpLink' from project 'warplink-ios-sdk')
cd /Users/admin/builder/spi-builder-workspace
write-file /Users/admin/builder/spi-builder-workspace/.derivedData/Build/Intermediates.noindex/warplink-ios-sdk.build/Debug-watchos/WarpLink.build/Objects-normal/arm64/WarpLink-OutputFileMap.json
WriteAuxiliaryFile /Users/admin/builder/spi-builder-workspace/.derivedData/Build/Intermediates.noindex/warplink-ios-sdk.build/Debug-watchos/WarpLink.build/DerivedSources/resource_bundle_accessor.swift (in target 'WarpLink' from project 'warplink-ios-sdk')
cd /Users/admin/builder/spi-builder-workspace
write-file /Users/admin/builder/spi-builder-workspace/.derivedData/Build/Intermediates.noindex/warplink-ios-sdk.build/Debug-watchos/WarpLink.build/DerivedSources/resource_bundle_accessor.swift
Copy /Users/admin/builder/spi-builder-workspace/.derivedData/Build/Intermediates.noindex/GeneratedModuleMaps-watchos/WarpLink.modulemap /Users/admin/builder/spi-builder-workspace/.derivedData/Build/Intermediates.noindex/warplink-ios-sdk.build/Debug-watchos/WarpLink.build/WarpLink.modulemap (in target 'WarpLink' from project 'warplink-ios-sdk')
cd /Users/admin/builder/spi-builder-workspace
builtin-copy -exclude .DS_Store -exclude CVS -exclude .svn -exclude .git -exclude .hg -resolve-src-symlinks /Users/admin/builder/spi-builder-workspace/.derivedData/Build/Intermediates.noindex/warplink-ios-sdk.build/Debug-watchos/WarpLink.build/WarpLink.modulemap /Users/admin/builder/spi-builder-workspace/.derivedData/Build/Intermediates.noindex/GeneratedModuleMaps-watchos
MkDir /Users/admin/builder/spi-builder-workspace/.derivedData/Build/Products/Debug-watchos/warplink-ios-sdk_WarpLink.bundle (in target 'warplink-ios-sdk_WarpLink' from project 'warplink-ios-sdk')
cd /Users/admin/builder/spi-builder-workspace
/bin/mkdir -p /Users/admin/builder/spi-builder-workspace/.derivedData/Build/Products/Debug-watchos/warplink-ios-sdk_WarpLink.bundle
CpResource /Users/admin/builder/spi-builder-workspace/.derivedData/Build/Products/Debug-watchos/warplink-ios-sdk_WarpLink.bundle/PrivacyInfo.xcprivacy /Users/admin/builder/spi-builder-workspace/Sources/WarpLink/PrivacyInfo.xcprivacy (in target 'warplink-ios-sdk_WarpLink' from project 'warplink-ios-sdk')
cd /Users/admin/builder/spi-builder-workspace
builtin-copy -exclude .DS_Store -exclude CVS -exclude .svn -exclude .git -exclude .hg -resolve-src-symlinks /Users/admin/builder/spi-builder-workspace/Sources/WarpLink/PrivacyInfo.xcprivacy /Users/admin/builder/spi-builder-workspace/.derivedData/Build/Products/Debug-watchos/warplink-ios-sdk_WarpLink.bundle
ProcessInfoPlistFile /Users/admin/builder/spi-builder-workspace/.derivedData/Build/Products/Debug-watchos/warplink-ios-sdk_WarpLink.bundle/Info.plist /Users/admin/builder/spi-builder-workspace/.derivedData/Build/Intermediates.noindex/warplink-ios-sdk.build/Debug-watchos/warplink-ios-sdk_WarpLink.build/empty-warplink-ios-sdk_WarpLink.plist (in target 'warplink-ios-sdk_WarpLink' from project 'warplink-ios-sdk')
cd /Users/admin/builder/spi-builder-workspace
builtin-infoPlistUtility /Users/admin/builder/spi-builder-workspace/.derivedData/Build/Intermediates.noindex/warplink-ios-sdk.build/Debug-watchos/warplink-ios-sdk_WarpLink.build/empty-warplink-ios-sdk_WarpLink.plist -producttype com.apple.product-type.bundle -expandbuildsettings -format binary -platform watchos -o /Users/admin/builder/spi-builder-workspace/.derivedData/Build/Products/Debug-watchos/warplink-ios-sdk_WarpLink.bundle/Info.plist
RegisterExecutionPolicyException /Users/admin/builder/spi-builder-workspace/.derivedData/Build/Products/Debug-watchos/warplink-ios-sdk_WarpLink.bundle (in target 'warplink-ios-sdk_WarpLink' from project 'warplink-ios-sdk')
cd /Users/admin/builder/spi-builder-workspace
builtin-RegisterExecutionPolicyException /Users/admin/builder/spi-builder-workspace/.derivedData/Build/Products/Debug-watchos/warplink-ios-sdk_WarpLink.bundle
Touch /Users/admin/builder/spi-builder-workspace/.derivedData/Build/Products/Debug-watchos/warplink-ios-sdk_WarpLink.bundle (in target 'warplink-ios-sdk_WarpLink' from project 'warplink-ios-sdk')
cd /Users/admin/builder/spi-builder-workspace
/usr/bin/touch -c /Users/admin/builder/spi-builder-workspace/.derivedData/Build/Products/Debug-watchos/warplink-ios-sdk_WarpLink.bundle
SwiftDriver WarpLink normal arm64_32 com.apple.xcode.tools.swift.compiler (in target 'WarpLink' from project 'warplink-ios-sdk')
cd /Users/admin/builder/spi-builder-workspace/.swiftpm/xcode
builtin-SwiftDriver -- /Applications/Xcode-16.3.0.app/Contents/Developer/Toolchains/XcodeDefault.xctoolchain/usr/bin/swiftc -module-name WarpLink -Onone -enforce-exclusivity\=checked @/Users/admin/builder/spi-builder-workspace/.derivedData/Build/Intermediates.noindex/warplink-ios-sdk.build/Debug-watchos/WarpLink.build/Objects-normal/arm64_32/WarpLink.SwiftFileList -DSWIFT_PACKAGE -DDEBUG -stats-output-dir .stats -strict-concurrency\=complete -enable-upcoming-feature StrictConcurrency -enable-upcoming-feature DisableOutwardActorInference -enable-upcoming-feature GlobalActorIsolatedTypesUsability -enable-upcoming-feature InferSendableFromCaptures -plugin-path /Applications/Xcode-16.3.0.app/Contents/Developer/Toolchains/XcodeDefault.xctoolchain/usr/lib/swift/host/plugins/testing -enable-experimental-feature DebugDescriptionMacro -sdk /Applications/Xcode-16.3.0.app/Contents/Developer/Platforms/WatchOS.platform/Developer/SDKs/WatchOS11.4.sdk -target arm64_32-apple-watchos8.0 -g -module-cache-path /Users/admin/builder/spi-builder-workspace/.derivedData/ModuleCache.noindex -Xfrontend -serialize-debugging-options -profile-coverage-mapping -profile-generate -enable-testing -index-store-path /Users/admin/builder/spi-builder-workspace/.derivedData/Index.noindex/DataStore -swift-version 5 -I /Users/admin/builder/spi-builder-workspace/.derivedData/Build/Products/Debug-watchos -I /Applications/Xcode-16.3.0.app/Contents/Developer/Platforms/WatchOS.platform/Developer/usr/lib -F /Users/admin/builder/spi-builder-workspace/.derivedData/Build/Products/Debug-watchos -F /Applications/Xcode-16.3.0.app/Contents/Developer/Platforms/WatchOS.platform/Developer/Library/Frameworks -F /Applications/Xcode-16.3.0.app/Contents/Developer/Platforms/WatchOS.platform/Developer/SDKs/WatchOS11.4.sdk/Developer/Library/Frameworks -c -j10 -enable-batch-mode -incremental -Xcc -ivfsstatcache -Xcc /Users/admin/builder/spi-builder-workspace/.derivedData/SDKStatCaches.noindex/watchos11.4-22T246-43efb940ff07ba2497b70ec94253f576.sdkstatcache -output-file-map /Users/admin/builder/spi-builder-workspace/.derivedData/Build/Intermediates.noindex/warplink-ios-sdk.build/Debug-watchos/WarpLink.build/Objects-normal/arm64_32/WarpLink-OutputFileMap.json -use-frontend-parseable-output -save-temps -no-color-diagnostics -serialize-diagnostics -emit-dependencies -emit-module -emit-module-path /Users/admin/builder/spi-builder-workspace/.derivedData/Build/Intermediates.noindex/warplink-ios-sdk.build/Debug-watchos/WarpLink.build/Objects-normal/arm64_32/WarpLink.swiftmodule -validate-clang-modules-once -clang-build-session-file /Users/admin/builder/spi-builder-workspace/.derivedData/ModuleCache.noindex/Session.modulevalidation -package-name spi_builder_workspace -Xcc -I/Users/admin/builder/spi-builder-workspace/.derivedData/Build/Intermediates.noindex/warplink-ios-sdk.build/Debug-watchos/WarpLink.build/swift-overrides.hmap -emit-const-values -Xfrontend -const-gather-protocols-file -Xfrontend /Users/admin/builder/spi-builder-workspace/.derivedData/Build/Intermediates.noindex/warplink-ios-sdk.build/Debug-watchos/WarpLink.build/Objects-normal/arm64_32/WarpLink_const_extract_protocols.json -Xcc -I/Users/admin/builder/spi-builder-workspace/.derivedData/Build/Products/Debug-watchos/include -Xcc -I/Users/admin/builder/spi-builder-workspace/.derivedData/Build/Intermediates.noindex/warplink-ios-sdk.build/Debug-watchos/WarpLink.build/DerivedSources-normal/arm64_32 -Xcc -I/Users/admin/builder/spi-builder-workspace/.derivedData/Build/Intermediates.noindex/warplink-ios-sdk.build/Debug-watchos/WarpLink.build/DerivedSources/arm64_32 -Xcc -I/Users/admin/builder/spi-builder-workspace/.derivedData/Build/Intermediates.noindex/warplink-ios-sdk.build/Debug-watchos/WarpLink.build/DerivedSources -Xcc -DSWIFT_PACKAGE -Xcc -DDEBUG\=1 -emit-objc-header -emit-objc-header-path /Users/admin/builder/spi-builder-workspace/.derivedData/Build/Intermediates.noindex/warplink-ios-sdk.build/Debug-watchos/WarpLink.build/Objects-normal/arm64_32/WarpLink-Swift.h -working-directory /Users/admin/builder/spi-builder-workspace/.swiftpm/xcode -experimental-emit-module-separately -disable-cmo
SwiftDriver WarpLink normal armv7k com.apple.xcode.tools.swift.compiler (in target 'WarpLink' from project 'warplink-ios-sdk')
cd /Users/admin/builder/spi-builder-workspace/.swiftpm/xcode
builtin-SwiftDriver -- /Applications/Xcode-16.3.0.app/Contents/Developer/Toolchains/XcodeDefault.xctoolchain/usr/bin/swiftc -module-name WarpLink -Onone -enforce-exclusivity\=checked @/Users/admin/builder/spi-builder-workspace/.derivedData/Build/Intermediates.noindex/warplink-ios-sdk.build/Debug-watchos/WarpLink.build/Objects-normal/armv7k/WarpLink.SwiftFileList -DSWIFT_PACKAGE -DDEBUG -stats-output-dir .stats -strict-concurrency\=complete -enable-upcoming-feature StrictConcurrency -enable-upcoming-feature DisableOutwardActorInference -enable-upcoming-feature GlobalActorIsolatedTypesUsability -enable-upcoming-feature InferSendableFromCaptures -plugin-path /Applications/Xcode-16.3.0.app/Contents/Developer/Toolchains/XcodeDefault.xctoolchain/usr/lib/swift/host/plugins/testing -enable-experimental-feature DebugDescriptionMacro -sdk /Applications/Xcode-16.3.0.app/Contents/Developer/Platforms/WatchOS.platform/Developer/SDKs/WatchOS11.4.sdk -target armv7k-apple-watchos8.0 -g -module-cache-path /Users/admin/builder/spi-builder-workspace/.derivedData/ModuleCache.noindex -Xfrontend -serialize-debugging-options -profile-coverage-mapping -profile-generate -enable-testing -index-store-path /Users/admin/builder/spi-builder-workspace/.derivedData/Index.noindex/DataStore -swift-version 5 -I /Users/admin/builder/spi-builder-workspace/.derivedData/Build/Products/Debug-watchos -I /Applications/Xcode-16.3.0.app/Contents/Developer/Platforms/WatchOS.platform/Developer/usr/lib -F /Users/admin/builder/spi-builder-workspace/.derivedData/Build/Products/Debug-watchos -F /Applications/Xcode-16.3.0.app/Contents/Developer/Platforms/WatchOS.platform/Developer/Library/Frameworks -F /Applications/Xcode-16.3.0.app/Contents/Developer/Platforms/WatchOS.platform/Developer/SDKs/WatchOS11.4.sdk/Developer/Library/Frameworks -c -j10 -enable-batch-mode -incremental -Xcc -ivfsstatcache -Xcc /Users/admin/builder/spi-builder-workspace/.derivedData/SDKStatCaches.noindex/watchos11.4-22T246-43efb940ff07ba2497b70ec94253f576.sdkstatcache -output-file-map /Users/admin/builder/spi-builder-workspace/.derivedData/Build/Intermediates.noindex/warplink-ios-sdk.build/Debug-watchos/WarpLink.build/Objects-normal/armv7k/WarpLink-OutputFileMap.json -use-frontend-parseable-output -save-temps -no-color-diagnostics -serialize-diagnostics -emit-dependencies -emit-module -emit-module-path /Users/admin/builder/spi-builder-workspace/.derivedData/Build/Intermediates.noindex/warplink-ios-sdk.build/Debug-watchos/WarpLink.build/Objects-normal/armv7k/WarpLink.swiftmodule -validate-clang-modules-once -clang-build-session-file /Users/admin/builder/spi-builder-workspace/.derivedData/ModuleCache.noindex/Session.modulevalidation -package-name spi_builder_workspace -Xcc -I/Users/admin/builder/spi-builder-workspace/.derivedData/Build/Intermediates.noindex/warplink-ios-sdk.build/Debug-watchos/WarpLink.build/swift-overrides.hmap -emit-const-values -Xfrontend -const-gather-protocols-file -Xfrontend /Users/admin/builder/spi-builder-workspace/.derivedData/Build/Intermediates.noindex/warplink-ios-sdk.build/Debug-watchos/WarpLink.build/Objects-normal/armv7k/WarpLink_const_extract_protocols.json -Xcc -I/Users/admin/builder/spi-builder-workspace/.derivedData/Build/Products/Debug-watchos/include -Xcc -I/Users/admin/builder/spi-builder-workspace/.derivedData/Build/Intermediates.noindex/warplink-ios-sdk.build/Debug-watchos/WarpLink.build/DerivedSources-normal/armv7k -Xcc -I/Users/admin/builder/spi-builder-workspace/.derivedData/Build/Intermediates.noindex/warplink-ios-sdk.build/Debug-watchos/WarpLink.build/DerivedSources/armv7k -Xcc -I/Users/admin/builder/spi-builder-workspace/.derivedData/Build/Intermediates.noindex/warplink-ios-sdk.build/Debug-watchos/WarpLink.build/DerivedSources -Xcc -DSWIFT_PACKAGE -Xcc -DDEBUG\=1 -emit-objc-header -emit-objc-header-path /Users/admin/builder/spi-builder-workspace/.derivedData/Build/Intermediates.noindex/warplink-ios-sdk.build/Debug-watchos/WarpLink.build/Objects-normal/armv7k/WarpLink-Swift.h -working-directory /Users/admin/builder/spi-builder-workspace/.swiftpm/xcode -experimental-emit-module-separately -disable-cmo
SwiftDriver WarpLink normal arm64 com.apple.xcode.tools.swift.compiler (in target 'WarpLink' from project 'warplink-ios-sdk')
cd /Users/admin/builder/spi-builder-workspace/.swiftpm/xcode
builtin-SwiftDriver -- /Applications/Xcode-16.3.0.app/Contents/Developer/Toolchains/XcodeDefault.xctoolchain/usr/bin/swiftc -module-name WarpLink -Onone -enforce-exclusivity\=checked @/Users/admin/builder/spi-builder-workspace/.derivedData/Build/Intermediates.noindex/warplink-ios-sdk.build/Debug-watchos/WarpLink.build/Objects-normal/arm64/WarpLink.SwiftFileList -DSWIFT_PACKAGE -DDEBUG -stats-output-dir .stats -strict-concurrency\=complete -enable-upcoming-feature StrictConcurrency -enable-upcoming-feature DisableOutwardActorInference -enable-upcoming-feature GlobalActorIsolatedTypesUsability -enable-upcoming-feature InferSendableFromCaptures -plugin-path /Applications/Xcode-16.3.0.app/Contents/Developer/Toolchains/XcodeDefault.xctoolchain/usr/lib/swift/host/plugins/testing -enable-experimental-feature DebugDescriptionMacro -sdk /Applications/Xcode-16.3.0.app/Contents/Developer/Platforms/WatchOS.platform/Developer/SDKs/WatchOS11.4.sdk -target arm64-apple-watchos8.0 -g -module-cache-path /Users/admin/builder/spi-builder-workspace/.derivedData/ModuleCache.noindex -Xfrontend -serialize-debugging-options -profile-coverage-mapping -profile-generate -enable-testing -index-store-path /Users/admin/builder/spi-builder-workspace/.derivedData/Index.noindex/DataStore -swift-version 5 -I /Users/admin/builder/spi-builder-workspace/.derivedData/Build/Products/Debug-watchos -I /Applications/Xcode-16.3.0.app/Contents/Developer/Platforms/WatchOS.platform/Developer/usr/lib -F /Users/admin/builder/spi-builder-workspace/.derivedData/Build/Products/Debug-watchos -F /Applications/Xcode-16.3.0.app/Contents/Developer/Platforms/WatchOS.platform/Developer/Library/Frameworks -F /Applications/Xcode-16.3.0.app/Contents/Developer/Platforms/WatchOS.platform/Developer/SDKs/WatchOS11.4.sdk/Developer/Library/Frameworks -c -j10 -enable-batch-mode -incremental -Xcc -ivfsstatcache -Xcc /Users/admin/builder/spi-builder-workspace/.derivedData/SDKStatCaches.noindex/watchos11.4-22T246-43efb940ff07ba2497b70ec94253f576.sdkstatcache -output-file-map /Users/admin/builder/spi-builder-workspace/.derivedData/Build/Intermediates.noindex/warplink-ios-sdk.build/Debug-watchos/WarpLink.build/Objects-normal/arm64/WarpLink-OutputFileMap.json -use-frontend-parseable-output -save-temps -no-color-diagnostics -serialize-diagnostics -emit-dependencies -emit-module -emit-module-path /Users/admin/builder/spi-builder-workspace/.derivedData/Build/Intermediates.noindex/warplink-ios-sdk.build/Debug-watchos/WarpLink.build/Objects-normal/arm64/WarpLink.swiftmodule -validate-clang-modules-once -clang-build-session-file /Users/admin/builder/spi-builder-workspace/.derivedData/ModuleCache.noindex/Session.modulevalidation -package-name spi_builder_workspace -Xcc -I/Users/admin/builder/spi-builder-workspace/.derivedData/Build/Intermediates.noindex/warplink-ios-sdk.build/Debug-watchos/WarpLink.build/swift-overrides.hmap -emit-const-values -Xfrontend -const-gather-protocols-file -Xfrontend /Users/admin/builder/spi-builder-workspace/.derivedData/Build/Intermediates.noindex/warplink-ios-sdk.build/Debug-watchos/WarpLink.build/Objects-normal/arm64/WarpLink_const_extract_protocols.json -Xcc -I/Users/admin/builder/spi-builder-workspace/.derivedData/Build/Products/Debug-watchos/include -Xcc -I/Users/admin/builder/spi-builder-workspace/.derivedData/Build/Intermediates.noindex/warplink-ios-sdk.build/Debug-watchos/WarpLink.build/DerivedSources-normal/arm64 -Xcc -I/Users/admin/builder/spi-builder-workspace/.derivedData/Build/Intermediates.noindex/warplink-ios-sdk.build/Debug-watchos/WarpLink.build/DerivedSources/arm64 -Xcc -I/Users/admin/builder/spi-builder-workspace/.derivedData/Build/Intermediates.noindex/warplink-ios-sdk.build/Debug-watchos/WarpLink.build/DerivedSources -Xcc -DSWIFT_PACKAGE -Xcc -DDEBUG\=1 -emit-objc-header -emit-objc-header-path /Users/admin/builder/spi-builder-workspace/.derivedData/Build/Intermediates.noindex/warplink-ios-sdk.build/Debug-watchos/WarpLink.build/Objects-normal/arm64/WarpLink-Swift.h -working-directory /Users/admin/builder/spi-builder-workspace/.swiftpm/xcode -experimental-emit-module-separately -disable-cmo
SwiftCompile normal arm64 Compiling\ KeychainPendingStore.swift,\ RecoveryRedeemOutcome.swift,\ ReferralBoundedCall.swift,\ ReferralClaimEvidence.swift,\ ReferralClaimResult.swift,\ ReferralEvidenceStore.swift /Users/admin/builder/spi-builder-workspace/Sources/WarpLink/Referral/KeychainPendingStore.swift /Users/admin/builder/spi-builder-workspace/Sources/WarpLink/Referral/RecoveryRedeemOutcome.swift /Users/admin/builder/spi-builder-workspace/Sources/WarpLink/Referral/ReferralBoundedCall.swift /Users/admin/builder/spi-builder-workspace/Sources/WarpLink/Referral/ReferralClaimEvidence.swift /Users/admin/builder/spi-builder-workspace/Sources/WarpLink/Referral/ReferralClaimResult.swift /Users/admin/builder/spi-builder-workspace/Sources/WarpLink/Referral/ReferralEvidenceStore.swift (in target 'WarpLink' from project 'warplink-ios-sdk')
SwiftCompile normal arm64 /Users/admin/builder/spi-builder-workspace/Sources/WarpLink/Referral/KeychainPendingStore.swift (in target 'WarpLink' from project 'warplink-ios-sdk')
cd /Users/admin/builder/spi-builder-workspace/.swiftpm/xcode
SwiftCompile normal arm64 /Users/admin/builder/spi-builder-workspace/Sources/WarpLink/Referral/RecoveryRedeemOutcome.swift (in target 'WarpLink' from project 'warplink-ios-sdk')
cd /Users/admin/builder/spi-builder-workspace/.swiftpm/xcode
SwiftCompile normal arm64 /Users/admin/builder/spi-builder-workspace/Sources/WarpLink/Referral/ReferralBoundedCall.swift (in target 'WarpLink' from project 'warplink-ios-sdk')
cd /Users/admin/builder/spi-builder-workspace/.swiftpm/xcode
SwiftCompile normal arm64 /Users/admin/builder/spi-builder-workspace/Sources/WarpLink/Referral/ReferralClaimEvidence.swift (in target 'WarpLink' from project 'warplink-ios-sdk')
cd /Users/admin/builder/spi-builder-workspace/.swiftpm/xcode
SwiftCompile normal arm64 /Users/admin/builder/spi-builder-workspace/Sources/WarpLink/Referral/ReferralClaimResult.swift (in target 'WarpLink' from project 'warplink-ios-sdk')
cd /Users/admin/builder/spi-builder-workspace/.swiftpm/xcode
SwiftCompile normal arm64 /Users/admin/builder/spi-builder-workspace/Sources/WarpLink/Referral/ReferralEvidenceStore.swift (in target 'WarpLink' from project 'warplink-ios-sdk')
cd /Users/admin/builder/spi-builder-workspace/.swiftpm/xcode
SwiftCompile normal arm64 Compiling\ Storage.swift,\ JSONValue.swift,\ MatchType.swift,\ APIClient+RecoveryRedeem.swift,\ APIClient+ReferralClaim.swift,\ AttributionEvidence.swift /Users/admin/builder/spi-builder-workspace/Sources/WarpLink/Internal/Storage.swift /Users/admin/builder/spi-builder-workspace/Sources/WarpLink/JSONValue.swift /Users/admin/builder/spi-builder-workspace/Sources/WarpLink/MatchType.swift /Users/admin/builder/spi-builder-workspace/Sources/WarpLink/Referral/APIClient+RecoveryRedeem.swift /Users/admin/builder/spi-builder-workspace/Sources/WarpLink/Referral/APIClient+ReferralClaim.swift /Users/admin/builder/spi-builder-workspace/Sources/WarpLink/Referral/AttributionEvidence.swift (in target 'WarpLink' from project 'warplink-ios-sdk')
SwiftCompile normal arm64 /Users/admin/builder/spi-builder-workspace/Sources/WarpLink/Internal/Storage.swift (in target 'WarpLink' from project 'warplink-ios-sdk')
cd /Users/admin/builder/spi-builder-workspace/.swiftpm/xcode
SwiftCompile normal arm64 /Users/admin/builder/spi-builder-workspace/Sources/WarpLink/JSONValue.swift (in target 'WarpLink' from project 'warplink-ios-sdk')
cd /Users/admin/builder/spi-builder-workspace/.swiftpm/xcode
SwiftCompile normal arm64 /Users/admin/builder/spi-builder-workspace/Sources/WarpLink/MatchType.swift (in target 'WarpLink' from project 'warplink-ios-sdk')
cd /Users/admin/builder/spi-builder-workspace/.swiftpm/xcode
SwiftCompile normal arm64 /Users/admin/builder/spi-builder-workspace/Sources/WarpLink/Referral/APIClient+RecoveryRedeem.swift (in target 'WarpLink' from project 'warplink-ios-sdk')
cd /Users/admin/builder/spi-builder-workspace/.swiftpm/xcode
SwiftCompile normal arm64 /Users/admin/builder/spi-builder-workspace/Sources/WarpLink/Referral/APIClient+ReferralClaim.swift (in target 'WarpLink' from project 'warplink-ios-sdk')
cd /Users/admin/builder/spi-builder-workspace/.swiftpm/xcode
SwiftCompile normal arm64 /Users/admin/builder/spi-builder-workspace/Sources/WarpLink/Referral/AttributionEvidence.swift (in target 'WarpLink' from project 'warplink-ios-sdk')
cd /Users/admin/builder/spi-builder-workspace/.swiftpm/xcode
SwiftCompile normal arm64 Compiling\ resource_bundle_accessor.swift,\ URL+WarpLink.swift,\ APIClient+Attribution.swift,\ APIClient+ResolveLink.swift,\ APIClient.swift,\ AttemptWatchdog.swift /Users/admin/builder/spi-builder-workspace/.derivedData/Build/Intermediates.noindex/warplink-ios-sdk.build/Debug-watchos/WarpLink.build/DerivedSources/resource_bundle_accessor.swift /Users/admin/builder/spi-builder-workspace/Sources/WarpLink/Extensions/URL+WarpLink.swift /Users/admin/builder/spi-builder-workspace/Sources/WarpLink/Internal/APIClient+Attribution.swift /Users/admin/builder/spi-builder-workspace/Sources/WarpLink/Internal/APIClient+ResolveLink.swift /Users/admin/builder/spi-builder-workspace/Sources/WarpLink/Internal/APIClient.swift /Users/admin/builder/spi-builder-workspace/Sources/WarpLink/Internal/AttemptWatchdog.swift (in target 'WarpLink' from project 'warplink-ios-sdk')
SwiftCompile normal arm64 /Users/admin/builder/spi-builder-workspace/.derivedData/Build/Intermediates.noindex/warplink-ios-sdk.build/Debug-watchos/WarpLink.build/DerivedSources/resource_bundle_accessor.swift (in target 'WarpLink' from project 'warplink-ios-sdk')
cd /Users/admin/builder/spi-builder-workspace/.swiftpm/xcode
SwiftCompile normal arm64 /Users/admin/builder/spi-builder-workspace/Sources/WarpLink/Extensions/URL+WarpLink.swift (in target 'WarpLink' from project 'warplink-ios-sdk')
cd /Users/admin/builder/spi-builder-workspace/.swiftpm/xcode
SwiftCompile normal arm64 /Users/admin/builder/spi-builder-workspace/Sources/WarpLink/Internal/APIClient+Attribution.swift (in target 'WarpLink' from project 'warplink-ios-sdk')
cd /Users/admin/builder/spi-builder-workspace/.swiftpm/xcode
SwiftCompile normal arm64 /Users/admin/builder/spi-builder-workspace/Sources/WarpLink/Internal/APIClient+ResolveLink.swift (in target 'WarpLink' from project 'warplink-ios-sdk')
cd /Users/admin/builder/spi-builder-workspace/.swiftpm/xcode
SwiftCompile normal arm64 /Users/admin/builder/spi-builder-workspace/Sources/WarpLink/Internal/APIClient.swift (in target 'WarpLink' from project 'warplink-ios-sdk')
cd /Users/admin/builder/spi-builder-workspace/.swiftpm/xcode
SwiftCompile normal arm64 /Users/admin/builder/spi-builder-workspace/Sources/WarpLink/Internal/AttemptWatchdog.swift (in target 'WarpLink' from project 'warplink-ios-sdk')
cd /Users/admin/builder/spi-builder-workspace/.swiftpm/xcode
SwiftCompile normal arm64 Compiling\ ReferralHTTP.swift,\ ReferralInvitation.swift,\ ReferralMatch.swift,\ ReferralMessages.swift,\ ReferralPendingStore.swift /Users/admin/builder/spi-builder-workspace/Sources/WarpLink/Referral/ReferralHTTP.swift /Users/admin/builder/spi-builder-workspace/Sources/WarpLink/Referral/ReferralInvitation.swift /Users/admin/builder/spi-builder-workspace/Sources/WarpLink/Referral/ReferralMatch.swift /Users/admin/builder/spi-builder-workspace/Sources/WarpLink/Referral/ReferralMessages.swift /Users/admin/builder/spi-builder-workspace/Sources/WarpLink/Referral/ReferralPendingStore.swift (in target 'WarpLink' from project 'warplink-ios-sdk')
SwiftCompile normal arm64 /Users/admin/builder/spi-builder-workspace/Sources/WarpLink/Referral/ReferralHTTP.swift (in target 'WarpLink' from project 'warplink-ios-sdk')
cd /Users/admin/builder/spi-builder-workspace/.swiftpm/xcode
SwiftCompile normal arm64 /Users/admin/builder/spi-builder-workspace/Sources/WarpLink/Referral/ReferralInvitation.swift (in target 'WarpLink' from project 'warplink-ios-sdk')
cd /Users/admin/builder/spi-builder-workspace/.swiftpm/xcode
SwiftCompile normal arm64 /Users/admin/builder/spi-builder-workspace/Sources/WarpLink/Referral/ReferralMatch.swift (in target 'WarpLink' from project 'warplink-ios-sdk')
cd /Users/admin/builder/spi-builder-workspace/.swiftpm/xcode
SwiftCompile normal arm64 /Users/admin/builder/spi-builder-workspace/Sources/WarpLink/Referral/ReferralMessages.swift (in target 'WarpLink' from project 'warplink-ios-sdk')
cd /Users/admin/builder/spi-builder-workspace/.swiftpm/xcode
SwiftCompile normal arm64 /Users/admin/builder/spi-builder-workspace/Sources/WarpLink/Referral/ReferralPendingStore.swift (in target 'WarpLink' from project 'warplink-ios-sdk')
cd /Users/admin/builder/spi-builder-workspace/.swiftpm/xcode
SwiftCompile normal arm64 Compiling\ WarpLink+Supersede.swift,\ WarpLink.swift,\ WarpLinkDeepLink.swift,\ WarpLinkError.swift,\ WarpLinkOptions.swift /Users/admin/builder/spi-builder-workspace/Sources/WarpLink/WarpLink+Supersede.swift /Users/admin/builder/spi-builder-workspace/Sources/WarpLink/WarpLink.swift /Users/admin/builder/spi-builder-workspace/Sources/WarpLink/WarpLinkDeepLink.swift /Users/admin/builder/spi-builder-workspace/Sources/WarpLink/WarpLinkError.swift /Users/admin/builder/spi-builder-workspace/Sources/WarpLink/WarpLinkOptions.swift (in target 'WarpLink' from project 'warplink-ios-sdk')
SwiftCompile normal arm64 /Users/admin/builder/spi-builder-workspace/Sources/WarpLink/WarpLink+Supersede.swift (in target 'WarpLink' from project 'warplink-ios-sdk')
cd /Users/admin/builder/spi-builder-workspace/.swiftpm/xcode
SwiftCompile normal arm64 /Users/admin/builder/spi-builder-workspace/Sources/WarpLink/WarpLink.swift (in target 'WarpLink' from project 'warplink-ios-sdk')
cd /Users/admin/builder/spi-builder-workspace/.swiftpm/xcode
SwiftCompile normal arm64 /Users/admin/builder/spi-builder-workspace/Sources/WarpLink/WarpLinkDeepLink.swift (in target 'WarpLink' from project 'warplink-ios-sdk')
cd /Users/admin/builder/spi-builder-workspace/.swiftpm/xcode
SwiftCompile normal arm64 /Users/admin/builder/spi-builder-workspace/Sources/WarpLink/WarpLinkError.swift (in target 'WarpLink' from project 'warplink-ios-sdk')
cd /Users/admin/builder/spi-builder-workspace/.swiftpm/xcode
SwiftCompile normal arm64 /Users/admin/builder/spi-builder-workspace/Sources/WarpLink/WarpLinkOptions.swift (in target 'WarpLink' from project 'warplink-ios-sdk')
cd /Users/admin/builder/spi-builder-workspace/.swiftpm/xcode
SwiftCompile normal arm64 Compiling\ WarpLinkPasteButton.swift,\ WarpLinkUIPasteButton.swift,\ WarpLink+AttributionMatch.swift,\ WarpLink+DeferredDeepLink.swift,\ WarpLink+Dispatch.swift /Users/admin/builder/spi-builder-workspace/Sources/WarpLink/Referral/WarpLinkPasteButton.swift /Users/admin/builder/spi-builder-workspace/Sources/WarpLink/Referral/WarpLinkUIPasteButton.swift /Users/admin/builder/spi-builder-workspace/Sources/WarpLink/WarpLink+AttributionMatch.swift /Users/admin/builder/spi-builder-workspace/Sources/WarpLink/WarpLink+DeferredDeepLink.swift /Users/admin/builder/spi-builder-workspace/Sources/WarpLink/WarpLink+Dispatch.swift (in target 'WarpLink' from project 'warplink-ios-sdk')
SwiftCompile normal arm64 /Users/admin/builder/spi-builder-workspace/Sources/WarpLink/Referral/WarpLinkPasteButton.swift (in target 'WarpLink' from project 'warplink-ios-sdk')
cd /Users/admin/builder/spi-builder-workspace/.swiftpm/xcode
SwiftCompile normal arm64 /Users/admin/builder/spi-builder-workspace/Sources/WarpLink/Referral/WarpLinkUIPasteButton.swift (in target 'WarpLink' from project 'warplink-ios-sdk')
cd /Users/admin/builder/spi-builder-workspace/.swiftpm/xcode
SwiftCompile normal arm64 /Users/admin/builder/spi-builder-workspace/Sources/WarpLink/WarpLink+AttributionMatch.swift (in target 'WarpLink' from project 'warplink-ios-sdk')
cd /Users/admin/builder/spi-builder-workspace/.swiftpm/xcode
SwiftCompile normal arm64 /Users/admin/builder/spi-builder-workspace/Sources/WarpLink/WarpLink+DeferredDeepLink.swift (in target 'WarpLink' from project 'warplink-ios-sdk')
cd /Users/admin/builder/spi-builder-workspace/.swiftpm/xcode
SwiftCompile normal arm64 /Users/admin/builder/spi-builder-workspace/Sources/WarpLink/WarpLink+Dispatch.swift (in target 'WarpLink' from project 'warplink-ios-sdk')
cd /Users/admin/builder/spi-builder-workspace/.swiftpm/xcode
SwiftEmitModule normal arm64 Emitting\ module\ for\ WarpLink (in target 'WarpLink' from project 'warplink-ios-sdk')
Failed frontend command:
/Applications/Xcode-16.3.0.app/Contents/Developer/Toolchains/XcodeDefault.xctoolchain/usr/bin/swift-frontend -frontend -emit-module -experimental-skip-non-inlinable-function-bodies-without-types /Users/admin/builder/spi-builder-workspace/.derivedData/Build/Intermediates.noindex/warplink-ios-sdk.build/Debug-watchos/WarpLink.build/DerivedSources/resource_bundle_accessor.swift /Users/admin/builder/spi-builder-workspace/Sources/WarpLink/Extensions/URL+WarpLink.swift /Users/admin/builder/spi-builder-workspace/Sources/WarpLink/Internal/APIClient+Attribution.swift /Users/admin/builder/spi-builder-workspace/Sources/WarpLink/Internal/APIClient+ResolveLink.swift /Users/admin/builder/spi-builder-workspace/Sources/WarpLink/Internal/APIClient.swift /Users/admin/builder/spi-builder-workspace/Sources/WarpLink/Internal/AttemptWatchdog.swift /Users/admin/builder/spi-builder-workspace/Sources/WarpLink/Internal/AttributionResponse.swift /Users/admin/builder/spi-builder-workspace/Sources/WarpLink/Internal/BoundedRetry.swift /Users/admin/builder/spi-builder-workspace/Sources/WarpLink/Internal/DeclaredLinkDomains.swift /Users/admin/builder/spi-builder-workspace/Sources/WarpLink/Internal/FingerprintCollector.swift /Users/admin/builder/spi-builder-workspace/Sources/WarpLink/Internal/HTTPTransport.swift /Users/admin/builder/spi-builder-workspace/Sources/WarpLink/Internal/InstallMarkerStore.swift /Users/admin/builder/spi-builder-workspace/Sources/WarpLink/Internal/KeychainStore.swift /Users/admin/builder/spi-builder-workspace/Sources/WarpLink/Internal/LinkDomainNormalizer.swift /Users/admin/builder/spi-builder-workspace/Sources/WarpLink/Internal/Logger.swift /Users/admin/builder/spi-builder-workspace/Sources/WarpLink/Internal/RateLimit.swift /Users/admin/builder/spi-builder-workspace/Sources/WarpLink/Internal/RetryPolicy.swift /Users/admin/builder/spi-builder-workspace/Sources/WarpLink/Internal/SDKEnvironment.swift /Users/admin/builder/spi-builder-workspace/Sources/WarpLink/Internal/Storage.swift /Users/admin/builder/spi-builder-workspace/Sources/WarpLink/JSONValue.swift /Users/admin/builder/spi-builder-workspace/Sources/WarpLink/MatchType.swift /Users/admin/builder/spi-builder-workspace/Sources/WarpLink/Referral/APIClient+RecoveryRedeem.swift /Users/admin/builder/spi-builder-workspace/Sources/WarpLink/Referral/APIClient+ReferralClaim.swift /Users/admin/builder/spi-builder-workspace/Sources/WarpLink/Referral/AttributionEvidence.swift /Users/admin/builder/spi-builder-workspace/Sources/WarpLink/Referral/KeychainPendingStore.swift /Users/admin/builder/spi-builder-workspace/Sources/WarpLink/Referral/RecoveryRedeemOutcome.swift /Users/admin/builder/spi-builder-workspace/Sources/WarpLink/Referral/ReferralBoundedCall.swift /Users/admin/builder/spi-builder-workspace/Sources/WarpLink/Referral/ReferralClaimEvidence.swift /Users/admin/builder/spi-builder-workspace/Sources/WarpLink/Referral/ReferralClaimResult.swift /Users/admin/builder/spi-builder-workspace/Sources/WarpLink/Referral/ReferralEvidenceStore.swift /Users/admin/builder/spi-builder-workspace/Sources/WarpLink/Referral/ReferralHTTP.swift /Users/admin/builder/spi-builder-workspace/Sources/WarpLink/Referral/ReferralInvitation.swift /Users/admin/builder/spi-builder-workspace/Sources/WarpLink/Referral/ReferralMatch.swift /Users/admin/builder/spi-builder-workspace/Sources/WarpLink/Referral/ReferralMessages.swift /Users/admin/builder/spi-builder-workspace/Sources/WarpLink/Referral/ReferralPendingStore.swift /Users/admin/builder/spi-builder-workspace/Sources/WarpLink/Referral/ReferralRedeemer.swift /Users/admin/builder/spi-builder-workspace/Sources/WarpLink/Referral/ReferralServices.swift /Users/admin/builder/spi-builder-workspace/Sources/WarpLink/Referral/WarpLink+RedeemedMatch.swift /Users/admin/builder/spi-builder-workspace/Sources/WarpLink/Referral/WarpLink+Referral.swift /Users/admin/builder/spi-builder-workspace/Sources/WarpLink/Referral/WarpLink+ReferralClaim.swift /Users/admin/builder/spi-builder-workspace/Sources/WarpLink/Referral/WarpLinkPasteButton.swift /Users/admin/builder/spi-builder-workspace/Sources/WarpLink/Referral/WarpLinkUIPasteButton.swift /Users/admin/builder/spi-builder-workspace/Sources/WarpLink/WarpLink+AttributionMatch.swift /Users/admin/builder/spi-builder-workspace/Sources/WarpLink/WarpLink+DeferredDeepLink.swift /Users/admin/builder/spi-builder-workspace/Sources/WarpLink/WarpLink+Dispatch.swift /Users/admin/builder/spi-builder-workspace/Sources/WarpLink/WarpLink+Domains.swift /Users/admin/builder/spi-builder-workspace/Sources/WarpLink/WarpLink+HostDelegates.swift /Users/admin/builder/spi-builder-workspace/Sources/WarpLink/WarpLink+KeyValidation.swift /Users/admin/builder/spi-builder-workspace/Sources/WarpLink/WarpLink+ReactNativeBridge.swift /Users/admin/builder/spi-builder-workspace/Sources/WarpLink/WarpLink+Resolve.swift /Users/admin/builder/spi-builder-workspace/Sources/WarpLink/WarpLink+Supersede.swift /Users/admin/builder/spi-builder-workspace/Sources/WarpLink/WarpLink.swift /Users/admin/builder/spi-builder-workspace/Sources/WarpLink/WarpLinkDeepLink.swift /Users/admin/builder/spi-builder-workspace/Sources/WarpLink/WarpLinkError.swift /Users/admin/builder/spi-builder-workspace/Sources/WarpLink/WarpLinkOptions.swift -target arm64-apple-watchos8.0 -Xllvm -aarch64-use-tbi -enable-objc-interop -stack-check -sdk /Applications/Xcode-16.3.0.app/Contents/Developer/Platforms/WatchOS.platform/Developer/SDKs/WatchOS11.4.sdk -I /Users/admin/builder/spi-builder-workspace/.derivedData/Build/Products/Debug-watchos -I /Applications/Xcode-16.3.0.app/Contents/Developer/Platforms/WatchOS.platform/Developer/usr/lib -F /Users/admin/builder/spi-builder-workspace/.derivedData/Build/Products/Debug-watchos -F /Applications/Xcode-16.3.0.app/Contents/Developer/Platforms/WatchOS.platform/Developer/Library/Frameworks -F /Applications/Xcode-16.3.0.app/Contents/Developer/Platforms/WatchOS.platform/Developer/SDKs/WatchOS11.4.sdk/Developer/Library/Frameworks -no-color-diagnostics -enable-testing -g -debug-info-format\=dwarf -dwarf-version\=4 -module-cache-path /Users/admin/builder/spi-builder-workspace/.derivedData/ModuleCache.noindex -profile-generate -profile-coverage-mapping -swift-version 5 -enforce-exclusivity\=checked -stats-output-dir /Users/admin/builder/spi-builder-workspace/.swiftpm/xcode/.stats -Onone -D SWIFT_PACKAGE -D DEBUG -serialize-debugging-options -const-gather-protocols-file /Users/admin/builder/spi-builder-workspace/.derivedData/Build/Intermediates.noindex/warplink-ios-sdk.build/Debug-watchos/WarpLink.build/Objects-normal/arm64/WarpLink_const_extract_protocols.json -enable-upcoming-feature StrictConcurrency -enable-upcoming-feature DisableOutwardActorInference -enable-upcoming-feature GlobalActorIsolatedTypesUsability -enable-upcoming-feature InferSendableFromCaptures -enable-experimental-feature DebugDescriptionMacro -strict-concurrency\=complete -empty-abi-descriptor -plugin-path /Applications/Xcode-16.3.0.app/Contents/Developer/Toolchains/XcodeDefault.xctoolchain/usr/lib/swift/host/plugins/testing -validate-clang-modules-once -clang-build-session-file /Users/admin/builder/spi-builder-workspace/.derivedData/ModuleCache.noindex/Session.modulevalidation -Xcc -working-directory -Xcc /Users/admin/builder/spi-builder-workspace/.swiftpm/xcode -resource-dir /Applications/Xcode-16.3.0.app/Contents/Developer/Toolchains/XcodeDefault.xctoolchain/usr/lib/swift -enable-anonymous-context-mangled-names -file-compilation-dir /Users/admin/builder/spi-builder-workspace/.swiftpm/xcode -Xcc -ivfsstatcache -Xcc /Users/admin/builder/spi-builder-workspace/.derivedData/SDKStatCaches.noindex/watchos11.4-22T246-43efb940ff07ba2497b70ec94253f576.sdkstatcache -Xcc -I/Users/admin/builder/spi-builder-workspace/.derivedData/Build/Intermediates.noindex/warplink-ios-sdk.build/Debug-watchos/WarpLink.build/swift-overrides.hmap -Xcc -I/Users/admin/builder/spi-builder-workspace/.derivedData/Build/Products/Debug-watchos/include -Xcc -I/Users/admin/builder/spi-builder-workspace/.derivedData/Build/Intermediates.noindex/warplink-ios-sdk.build/Debug-watchos/WarpLink.build/DerivedSources-normal/arm64 -Xcc -I/Users/admin/builder/spi-builder-workspace/.derivedData/Build/Intermediates.noindex/warplink-ios-sdk.build/Debug-watchos/WarpLink.build/DerivedSources/arm64 -Xcc -I/Users/admin/builder/spi-builder-workspace/.derivedData/Build/Intermediates.noindex/warplink-ios-sdk.build/Debug-watchos/WarpLink.build/DerivedSources -Xcc -DSWIFT_PACKAGE -Xcc -DDEBUG\=1 -module-name WarpLink -package-name spi_builder_workspace -frontend-parseable-output -disable-clang-spi -target-sdk-version 11.4 -target-sdk-name watchos11.4 -external-plugin-path /Applications/Xcode-16.3.0.app/Contents/Developer/Platforms/WatchOS.platform/Developer/usr/lib/swift/host/plugins\#/Applications/Xcode-16.3.0.app/Contents/Developer/Platforms/WatchOS.platform/Developer/usr/bin/swift-plugin-server -external-plugin-path /Applications/Xcode-16.3.0.app/Contents/Developer/Platforms/WatchOS.platform/Developer/usr/local/lib/swift/host/plugins\#/Applications/Xcode-16.3.0.app/Contents/Developer/Platforms/WatchOS.platform/Developer/usr/bin/swift-plugin-server -in-process-plugin-server-path /Applications/Xcode-16.3.0.app/Contents/Developer/Toolchains/XcodeDefault.xctoolchain/usr/lib/swift/host/libSwiftInProcPluginServer.dylib -plugin-path /Applications/Xcode-16.3.0.app/Contents/Developer/Toolchains/XcodeDefault.xctoolchain/usr/lib/swift/host/plugins -plugin-path /Applications/Xcode-16.3.0.app/Contents/Developer/Toolchains/XcodeDefault.xctoolchain/usr/local/lib/swift/host/plugins -emit-module-doc-path /Users/admin/builder/spi-builder-workspace/.derivedData/Build/Intermediates.noindex/warplink-ios-sdk.build/Debug-watchos/WarpLink.build/Objects-normal/arm64/WarpLink.swiftdoc -emit-module-source-info-path /Users/admin/builder/spi-builder-workspace/.derivedData/Build/Intermediates.noindex/warplink-ios-sdk.build/Debug-watchos/WarpLink.build/Objects-normal/arm64/WarpLink.swiftsourceinfo -emit-objc-header-path /Users/admin/builder/spi-builder-workspace/.derivedData/Build/Intermediates.noindex/warplink-ios-sdk.build/Debug-watchos/WarpLink.build/Objects-normal/arm64/WarpLink-Swift.h -serialize-diagnostics-path /Users/admin/builder/spi-builder-workspace/.derivedData/Build/Intermediates.noindex/warplink-ios-sdk.build/Debug-watchos/WarpLink.build/Objects-normal/arm64/WarpLink-master-emit-module.dia -emit-dependencies-path /Users/admin/builder/spi-builder-workspace/.derivedData/Build/Intermediates.noindex/warplink-ios-sdk.build/Debug-watchos/WarpLink.build/Objects-normal/arm64/WarpLink-master-emit-module.d -o /Users/admin/builder/spi-builder-workspace/.derivedData/Build/Intermediates.noindex/warplink-ios-sdk.build/Debug-watchos/WarpLink.build/Objects-normal/arm64/WarpLink.swiftmodule -emit-abi-descriptor-path /Users/admin/builder/spi-builder-workspace/.derivedData/Build/Intermediates.noindex/warplink-ios-sdk.build/Debug-watchos/WarpLink.build/Objects-normal/arm64/WarpLink.abi.json
EmitSwiftModule normal arm64 (in target 'WarpLink' from project 'warplink-ios-sdk')
cd /Users/admin/builder/spi-builder-workspace/.swiftpm/xcode
/Users/admin/builder/spi-builder-workspace/Sources/WarpLink/Internal/SDKEnvironment.swift:30:16: warning: static property 'makeTransport' is not concurrency-safe because it is nonisolated global shared mutable state; this is an error in the Swift 6 language mode
static var makeTransport: () -> HTTPTransport = liveTransport
^
/Users/admin/builder/spi-builder-workspace/Sources/WarpLink/Internal/SDKEnvironment.swift:30:16: note: convert 'makeTransport' to a 'let' constant to make 'Sendable' shared state immutable
static var makeTransport: () -> HTTPTransport = liveTransport
~~~ ^
let
/Users/admin/builder/spi-builder-workspace/Sources/WarpLink/Internal/SDKEnvironment.swift:30:16: note: add '@MainActor' to make static property 'makeTransport' part of global actor 'MainActor'
static var makeTransport: () -> HTTPTransport = liveTransport
^
@MainActor
/Users/admin/builder/spi-builder-workspace/Sources/WarpLink/Internal/SDKEnvironment.swift:30:16: note: disable concurrency-safety checks if accesses are protected by an external synchronization mechanism
static var makeTransport: () -> HTTPTransport = liveTransport
^
nonisolated(unsafe)
/Users/admin/builder/spi-builder-workspace/Sources/WarpLink/Internal/SDKEnvironment.swift:34:16: warning: static property 'deliver' is not concurrency-safe because it is nonisolated global shared mutable state; this is an error in the Swift 6 language mode
static var deliver: (@escaping () -> Void) -> Void = liveDelivery
^
/Users/admin/builder/spi-builder-workspace/Sources/WarpLink/Internal/SDKEnvironment.swift:34:16: note: convert 'deliver' to a 'let' constant to make 'Sendable' shared state immutable
static var deliver: (@escaping () -> Void) -> Void = liveDelivery
~~~ ^
let
/Users/admin/builder/spi-builder-workspace/Sources/WarpLink/Internal/SDKEnvironment.swift:34:16: note: add '@MainActor' to make static property 'deliver' part of global actor 'MainActor'
static var deliver: (@escaping () -> Void) -> Void = liveDelivery
^
@MainActor
/Users/admin/builder/spi-builder-workspace/Sources/WarpLink/Internal/SDKEnvironment.swift:34:16: note: disable concurrency-safety checks if accesses are protected by an external synchronization mechanism
static var deliver: (@escaping () -> Void) -> Void = liveDelivery
^
nonisolated(unsafe)
/Users/admin/builder/spi-builder-workspace/Sources/WarpLink/Internal/SDKEnvironment.swift:39:16: warning: static property 'schedule' is not concurrency-safe because it is nonisolated global shared mutable state; this is an error in the Swift 6 language mode
static var schedule: (TimeInterval, @escaping () -> Void) -> Void = liveSchedule
^
/Users/admin/builder/spi-builder-workspace/Sources/WarpLink/Internal/SDKEnvironment.swift:39:16: note: convert 'schedule' to a 'let' constant to make 'Sendable' shared state immutable
static var schedule: (TimeInterval, @escaping () -> Void) -> Void = liveSchedule
~~~ ^
let
/Users/admin/builder/spi-builder-workspace/Sources/WarpLink/Internal/SDKEnvironment.swift:39:16: note: add '@MainActor' to make static property 'schedule' part of global actor 'MainActor'
static var schedule: (TimeInterval, @escaping () -> Void) -> Void = liveSchedule
^
@MainActor
/Users/admin/builder/spi-builder-workspace/Sources/WarpLink/Internal/SDKEnvironment.swift:39:16: note: disable concurrency-safety checks if accesses are protected by an external synchronization mechanism
static var schedule: (TimeInterval, @escaping () -> Void) -> Void = liveSchedule
^
nonisolated(unsafe)
/Users/admin/builder/spi-builder-workspace/Sources/WarpLink/Internal/SDKEnvironment.swift:49:16: warning: static property 'armWatchdog' is not concurrency-safe because it is nonisolated global shared mutable state; this is an error in the Swift 6 language mode
static var armWatchdog: (TimeInterval, @escaping () -> Void) -> ScheduledWork = liveWatchdog
^
/Users/admin/builder/spi-builder-workspace/Sources/WarpLink/Internal/SDKEnvironment.swift:49:16: note: convert 'armWatchdog' to a 'let' constant to make 'Sendable' shared state immutable
static var armWatchdog: (TimeInterval, @escaping () -> Void) -> ScheduledWork = liveWatchdog
~~~ ^
let
/Users/admin/builder/spi-builder-workspace/Sources/WarpLink/Internal/SDKEnvironment.swift:49:16: note: add '@MainActor' to make static property 'armWatchdog' part of global actor 'MainActor'
static var armWatchdog: (TimeInterval, @escaping () -> Void) -> ScheduledWork = liveWatchdog
^
@MainActor
/Users/admin/builder/spi-builder-workspace/Sources/WarpLink/Internal/SDKEnvironment.swift:49:16: note: disable concurrency-safety checks if accesses are protected by an external synchronization mechanism
static var armWatchdog: (TimeInterval, @escaping () -> Void) -> ScheduledWork = liveWatchdog
^
nonisolated(unsafe)
/Users/admin/builder/spi-builder-workspace/Sources/WarpLink/Internal/SDKEnvironment.swift:61:24: warning: static property 'liveTransport' is not concurrency-safe because non-'Sendable' type '() -> any HTTPTransport' may have shared mutable state; this is an error in the Swift 6 language mode
private static let liveTransport: () -> HTTPTransport = { URLSessionTransport() }
^
<unknown>:0: note: a function type must be marked '@Sendable' to conform to 'Sendable'
/Users/admin/builder/spi-builder-workspace/Sources/WarpLink/Internal/SDKEnvironment.swift:61:24: note: add '@MainActor' to make static property 'liveTransport' part of global actor 'MainActor'
private static let liveTransport: () -> HTTPTransport = { URLSessionTransport() }
^
@MainActor
/Users/admin/builder/spi-builder-workspace/Sources/WarpLink/Internal/SDKEnvironment.swift:61:24: note: disable concurrency-safety checks if accesses are protected by an external synchronization mechanism
private static let liveTransport: () -> HTTPTransport = { URLSessionTransport() }
^
nonisolated(unsafe)
/Users/admin/builder/spi-builder-workspace/Sources/WarpLink/Internal/SDKEnvironment.swift:65:24: warning: static property 'liveDelivery' is not concurrency-safe because non-'Sendable' type '(@escaping () -> Void) -> Void' may have shared mutable state; this is an error in the Swift 6 language mode
private static let liveDelivery: (@escaping () -> Void) -> Void = { work in
^
<unknown>:0: note: a function type must be marked '@Sendable' to conform to 'Sendable'
/Users/admin/builder/spi-builder-workspace/Sources/WarpLink/Internal/SDKEnvironment.swift:65:24: note: add '@MainActor' to make static property 'liveDelivery' part of global actor 'MainActor'
private static let liveDelivery: (@escaping () -> Void) -> Void = { work in
^
@MainActor
/Users/admin/builder/spi-builder-workspace/Sources/WarpLink/Internal/SDKEnvironment.swift:65:24: note: disable concurrency-safety checks if accesses are protected by an external synchronization mechanism
private static let liveDelivery: (@escaping () -> Void) -> Void = { work in
^
nonisolated(unsafe)
/Users/admin/builder/spi-builder-workspace/Sources/WarpLink/Internal/SDKEnvironment.swift:66:43: warning: passing non-sendable parameter 'work' to function expecting a @Sendable closure
DispatchQueue.main.async(execute: work)
^
/Users/admin/builder/spi-builder-workspace/Sources/WarpLink/Internal/SDKEnvironment.swift:65:73: note: parameter 'work' is implicitly non-sendable
private static let liveDelivery: (@escaping () -> Void) -> Void = { work in
^
/Users/admin/builder/spi-builder-workspace/Sources/WarpLink/Internal/SDKEnvironment.swift:71:24: warning: static property 'liveSchedule' is not concurrency-safe because non-'Sendable' type '(TimeInterval, @escaping () -> Void) -> Void' (aka '(Double, @escaping () -> ()) -> ()') may have shared mutable state; this is an error in the Swift 6 language mode
private static let liveSchedule: (TimeInterval, @escaping () -> Void) -> Void = { delay, work in
^
<unknown>:0: note: a function type must be marked '@Sendable' to conform to 'Sendable'
/Users/admin/builder/spi-builder-workspace/Sources/WarpLink/Internal/SDKEnvironment.swift:71:24: note: add '@MainActor' to make static property 'liveSchedule' part of global actor 'MainActor'
private static let liveSchedule: (TimeInterval, @escaping () -> Void) -> Void = { delay, work in
^
@MainActor
/Users/admin/builder/spi-builder-workspace/Sources/WarpLink/Internal/SDKEnvironment.swift:71:24: note: disable concurrency-safety checks if accesses are protected by an external synchronization mechanism
private static let liveSchedule: (TimeInterval, @escaping () -> Void) -> Void = { delay, work in
^
nonisolated(unsafe)
/Users/admin/builder/spi-builder-workspace/Sources/WarpLink/Internal/SDKEnvironment.swift:73:48: warning: passing non-sendable parameter 'work' to function expecting a @Sendable closure
deadline: .now() + delay, execute: work
^
/Users/admin/builder/spi-builder-workspace/Sources/WarpLink/Internal/SDKEnvironment.swift:71:94: note: parameter 'work' is implicitly non-sendable
private static let liveSchedule: (TimeInterval, @escaping () -> Void) -> Void = { delay, work in
^
/Users/admin/builder/spi-builder-workspace/Sources/WarpLink/Internal/SDKEnvironment.swift:80:24: warning: static property 'liveWatchdog' is not concurrency-safe because non-'Sendable' type '(TimeInterval, @escaping () -> Void) -> any ScheduledWork' (aka '(Double, @escaping () -> ()) -> any ScheduledWork') may have shared mutable state; this is an error in the Swift 6 language mode
private static let liveWatchdog: (TimeInterval, @escaping () -> Void) -> ScheduledWork = {
^
<unknown>:0: note: a function type must be marked '@Sendable' to conform to 'Sendable'
/Users/admin/builder/spi-builder-workspace/Sources/WarpLink/Internal/SDKEnvironment.swift:80:24: note: add '@MainActor' to make static property 'liveWatchdog' part of global actor 'MainActor'
private static let liveWatchdog: (TimeInterval, @escaping () -> Void) -> ScheduledWork = {
^
@MainActor
/Users/admin/builder/spi-builder-workspace/Sources/WarpLink/Internal/SDKEnvironment.swift:80:24: note: disable concurrency-safety checks if accesses are protected by an external synchronization mechanism
private static let liveWatchdog: (TimeInterval, @escaping () -> Void) -> ScheduledWork = {
^
nonisolated(unsafe)
/Users/admin/builder/spi-builder-workspace/Sources/WarpLink/Referral/KeychainPendingStore.swift:19:24: warning: static property 'accessibility' is not concurrency-safe because non-'Sendable' type 'CFString' may have shared mutable state; this is an error in the Swift 6 language mode
private static let accessibility = kSecAttrAccessibleAfterFirstUnlockThisDeviceOnly
^
CoreFoundation.CFString:1:14: note: class 'CFString' does not conform to the 'Sendable' protocol
public class CFString : _CFObject {
^
/Users/admin/builder/spi-builder-workspace/Sources/WarpLink/Referral/KeychainPendingStore.swift:1:1: warning: add '@preconcurrency' to suppress 'Sendable'-related warnings from module 'CoreFoundation'
import Foundation
^
@preconcurrency
/Users/admin/builder/spi-builder-workspace/Sources/WarpLink/Referral/KeychainPendingStore.swift:19:24: note: add '@MainActor' to make static property 'accessibility' part of global actor 'MainActor'
private static let accessibility = kSecAttrAccessibleAfterFirstUnlockThisDeviceOnly
^
@MainActor
/Users/admin/builder/spi-builder-workspace/Sources/WarpLink/Referral/KeychainPendingStore.swift:19:24: note: disable concurrency-safety checks if accesses are protected by an external synchronization mechanism
private static let accessibility = kSecAttrAccessibleAfterFirstUnlockThisDeviceOnly
^
nonisolated(unsafe)
/Users/admin/builder/spi-builder-workspace/Sources/WarpLink/Referral/ReferralServices.swift:7:16: warning: static property 'pendingStore' is not concurrency-safe because it is nonisolated global shared mutable state; this is an error in the Swift 6 language mode
static var pendingStore: ReferralPendingStore = KeychainPendingStore()
^
/Users/admin/builder/spi-builder-workspace/Sources/WarpLink/Referral/ReferralServices.swift:7:16: note: convert 'pendingStore' to a 'let' constant to make 'Sendable' shared state immutable
static var pendingStore: ReferralPendingStore = KeychainPendingStore()
~~~ ^
let
/Users/admin/builder/spi-builder-workspace/Sources/WarpLink/Referral/ReferralServices.swift:7:16: note: add '@MainActor' to make static property 'pendingStore' part of global actor 'MainActor'
static var pendingStore: ReferralPendingStore = KeychainPendingStore()
^
@MainActor
/Users/admin/builder/spi-builder-workspace/Sources/WarpLink/Referral/ReferralServices.swift:7:16: note: disable concurrency-safety checks if accesses are protected by an external synchronization mechanism
static var pendingStore: ReferralPendingStore = KeychainPendingStore()
^
nonisolated(unsafe)
/Users/admin/builder/spi-builder-workspace/Sources/WarpLink/Referral/ReferralServices.swift:8:16: warning: static property 'evidenceStore' is not concurrency-safe because it is nonisolated global shared mutable state; this is an error in the Swift 6 language mode
static var evidenceStore = ReferralEvidenceStore()
^
/Users/admin/builder/spi-builder-workspace/Sources/WarpLink/Referral/ReferralServices.swift:8:16: note: convert 'evidenceStore' to a 'let' constant to make 'Sendable' shared state immutable
static var evidenceStore = ReferralEvidenceStore()
~~~ ^
let
/Users/admin/builder/spi-builder-workspace/Sources/WarpLink/Referral/ReferralServices.swift:8:16: note: add '@MainActor' to make static property 'evidenceStore' part of global actor 'MainActor'
static var evidenceStore = ReferralEvidenceStore()
^
@MainActor
/Users/admin/builder/spi-builder-workspace/Sources/WarpLink/Referral/ReferralServices.swift:8:16: note: disable concurrency-safety checks if accesses are protected by an external synchronization mechanism
static var evidenceStore = ReferralEvidenceStore()
^
nonisolated(unsafe)
/Users/admin/builder/spi-builder-workspace/Sources/WarpLink/Referral/ReferralServices.swift:9:16: warning: static property 'now' is not concurrency-safe because it is nonisolated global shared mutable state; this is an error in the Swift 6 language mode
static var now: () -> Date = Date.init
^
/Users/admin/builder/spi-builder-workspace/Sources/WarpLink/Referral/ReferralServices.swift:9:16: note: convert 'now' to a 'let' constant to make 'Sendable' shared state immutable
static var now: () -> Date = Date.init
~~~ ^
let
/Users/admin/builder/spi-builder-workspace/Sources/WarpLink/Referral/ReferralServices.swift:9:16: note: add '@MainActor' to make static property 'now' part of global actor 'MainActor'
static var now: () -> Date = Date.init
^
@MainActor
/Users/admin/builder/spi-builder-workspace/Sources/WarpLink/Referral/ReferralServices.swift:9:16: note: disable concurrency-safety checks if accesses are protected by an external synchronization mechanism
static var now: () -> Date = Date.init
^
nonisolated(unsafe)
/Users/admin/builder/spi-builder-workspace/Sources/WarpLink/Referral/ReferralServices.swift:13:29: warning: static property 'redeemInFlight' is not concurrency-safe because it is nonisolated global shared mutable state; this is an error in the Swift 6 language mode
private(set) static var redeemInFlight = false
^
/Users/admin/builder/spi-builder-workspace/Sources/WarpLink/Referral/ReferralServices.swift:13:29: note: convert 'redeemInFlight' to a 'let' constant to make 'Sendable' shared state immutable
private(set) static var redeemInFlight = false
~~~ ^
let
/Users/admin/builder/spi-builder-workspace/Sources/WarpLink/Referral/ReferralServices.swift:13:29: note: add '@MainActor' to make static property 'redeemInFlight' part of global actor 'MainActor'
private(set) static var redeemInFlight = false
^
@MainActor
/Users/admin/builder/spi-builder-workspace/Sources/WarpLink/Referral/ReferralServices.swift:13:29: note: disable concurrency-safety checks if accesses are protected by an external synchronization mechanism
private(set) static var redeemInFlight = false
^
nonisolated(unsafe)
/Users/admin/builder/spi-builder-workspace/Sources/WarpLink/Referral/WarpLinkUIPasteButton.swift:19:26: error: cannot find type 'UIPasteControl' in scope
private let control: UIPasteControl
^~~~~~~~~~~~~~
/Users/admin/builder/spi-builder-workspace/Sources/WarpLink/Referral/WarpLinkUIPasteButton.swift:22:24: error: cannot find type 'UIPasteControl' in scope
configuration: UIPasteControl.Configuration = UIPasteControl.Configuration(),
^~~~~~~~~~~~~~
/Users/admin/builder/spi-builder-workspace/Sources/WarpLink/Referral/WarpLinkUIPasteButton.swift:45:25: error: property does not override any property from its superclass
public override var intrinsicContentSize: CGSize { control.intrinsicContentSize }
~~~~~~~~ ^
/Users/admin/builder/spi-builder-workspace/Sources/WarpLink/Referral/WarpLinkUIPasteButton.swift:47:26: error: method does not override any method from its superclass
public override func paste(itemProviders: [NSItemProvider]) {
~~~~~~~~ ^
/Users/admin/builder/spi-builder-workspace/Sources/WarpLink/Referral/WarpLinkUIPasteButton.swift:14:43: error: cannot find type 'UIView' in scope
public final class WarpLinkUIPasteButton: UIView {
^~~~~~
/Applications/Xcode-16.3.0.app/Contents/Developer/Platforms/WatchOS.platform/Developer/SDKs/WatchOS11.4.sdk/System/Library/Frameworks/UIKit.framework/Headers/NSTextAttachment.h:23:1: note: interface 'UIView' forward declared here
@class UIView;
^
/Users/admin/builder/spi-builder-workspace/Sources/WarpLink/WarpLink+DeferredDeepLink.swift:65:16: warning: static property 'parkedDeferredCompletions' is not concurrency-safe because it is nonisolated global shared mutable state; this is an error in the Swift 6 language mode
static var parkedDeferredCompletions:
^
/Users/admin/builder/spi-builder-workspace/Sources/WarpLink/WarpLink+DeferredDeepLink.swift:65:16: note: convert 'parkedDeferredCompletions' to a 'let' constant to make 'Sendable' shared state immutable
static var parkedDeferredCompletions:
~~~ ^
let
/Users/admin/builder/spi-builder-workspace/Sources/WarpLink/WarpLink+DeferredDeepLink.swift:65:16: note: add '@MainActor' to make static property 'parkedDeferredCompletions' part of global actor 'MainActor'
static var parkedDeferredCompletions:
^
@MainActor
/Users/admin/builder/spi-builder-workspace/Sources/WarpLink/WarpLink+DeferredDeepLink.swift:65:16: note: disable concurrency-safety checks if accesses are protected by an external synchronization mechanism
static var parkedDeferredCompletions:
^
nonisolated(unsafe)
/Users/admin/builder/spi-builder-workspace/Sources/WarpLink/WarpLink+Domains.swift:21:16: warning: static property 'localDomains' is not concurrency-safe because it is nonisolated global shared mutable state; this is an error in the Swift 6 language mode
static var localDomains: Set<String> = [WarpLink.defaultDomain]
^
/Users/admin/builder/spi-builder-workspace/Sources/WarpLink/WarpLink+Domains.swift:21:16: note: convert 'localDomains' to a 'let' constant to make 'Sendable' shared state immutable
static var localDomains: Set<String> = [WarpLink.defaultDomain]
~~~ ^
let
/Users/admin/builder/spi-builder-workspace/Sources/WarpLink/WarpLink+Domains.swift:21:16: note: add '@MainActor' to make static property 'localDomains' part of global actor 'MainActor'
static var localDomains: Set<String> = [WarpLink.defaultDomain]
^
@MainActor
/Users/admin/builder/spi-builder-workspace/Sources/WarpLink/WarpLink+Domains.swift:21:16: note: disable concurrency-safety checks if accesses are protected by an external synchronization mechanism
static var localDomains: Set<String> = [WarpLink.defaultDomain]
^
nonisolated(unsafe)
/Users/admin/builder/spi-builder-workspace/Sources/WarpLink/WarpLink+Domains.swift:25:16: warning: static property 'serverDomains' is not concurrency-safe because it is nonisolated global shared mutable state; this is an error in the Swift 6 language mode
static var serverDomains: Set<String> = []
^
/Users/admin/builder/spi-builder-workspace/Sources/WarpLink/WarpLink+Domains.swift:25:16: note: convert 'serverDomains' to a 'let' constant to make 'Sendable' shared state immutable
static var serverDomains: Set<String> = []
~~~ ^
let
/Users/admin/builder/spi-builder-workspace/Sources/WarpLink/WarpLink+Domains.swift:25:16: note: add '@MainActor' to make static property 'serverDomains' part of global actor 'MainActor'
static var serverDomains: Set<String> = []
^
@MainActor
/Users/admin/builder/spi-builder-workspace/Sources/WarpLink/WarpLink+Domains.swift:25:16: note: disable concurrency-safety checks if accesses are protected by an external synchronization mechanism
static var serverDomains: Set<String> = []
^
nonisolated(unsafe)
/Users/admin/builder/spi-builder-workspace/Sources/WarpLink/WarpLink+Domains.swift:30:16: warning: static property 'domainDeclarationSource' is not concurrency-safe because it is nonisolated global shared mutable state; this is an error in the Swift 6 language mode
static var domainDeclarationSource: LinkDomainDeclaring = Bundle.main
^
/Users/admin/builder/spi-builder-workspace/Sources/WarpLink/WarpLink+Domains.swift:30:16: note: convert 'domainDeclarationSource' to a 'let' constant to make 'Sendable' shared state immutable
static var domainDeclarationSource: LinkDomainDeclaring = Bundle.main
~~~ ^
let
/Users/admin/builder/spi-builder-workspace/Sources/WarpLink/WarpLink+Domains.swift:30:16: note: add '@MainActor' to make static property 'domainDeclarationSource' part of global actor 'MainActor'
static var domainDeclarationSource: LinkDomainDeclaring = Bundle.main
^
@MainActor
/Users/admin/builder/spi-builder-workspace/Sources/WarpLink/WarpLink+Domains.swift:30:16: note: disable concurrency-safety checks if accesses are protected by an external synchronization mechanism
static var domainDeclarationSource: LinkDomainDeclaring = Bundle.main
^
nonisolated(unsafe)
/Users/admin/builder/spi-builder-workspace/Sources/WarpLink/WarpLink+HostDelegates.swift:23:24: error: cannot find type 'UIApplication' in scope
_ application: UIApplication,
^~~~~~~~~~~~~
/Users/admin/builder/spi-builder-workspace/Sources/WarpLink/WarpLink+HostDelegates.swift:25:41: error: cannot find type 'UIUserActivityRestoring' in scope
restorationHandler: @escaping ([UIUserActivityRestoring]?) -> Void
^~~~~~~~~~~~~~~~~~~~~~~
/Users/admin/builder/spi-builder-workspace/Sources/WarpLink/WarpLink+HostDelegates.swift:31:16: error: cannot find type 'UIApplication' in scope
_ app: UIApplication,
^~~~~~~~~~~~~
/Users/admin/builder/spi-builder-workspace/Sources/WarpLink/WarpLink+HostDelegates.swift:33:19: error: cannot find type 'UIApplication' in scope
options: [UIApplication.OpenURLOptionsKey: Any] = [:]
^~~~~~~~~~~~~
/Users/admin/builder/spi-builder-workspace/Sources/WarpLink/WarpLink+HostDelegates.swift:21:33: error: cannot find type 'UIResponder' in scope
open class WarpLinkAppDelegate: UIResponder, UIApplicationDelegate {
^~~~~~~~~~~
/Users/admin/builder/spi-builder-workspace/Sources/WarpLink/WarpLink+HostDelegates.swift:21:46: error: cannot find type 'UIApplicationDelegate' in scope
open class WarpLinkAppDelegate: UIResponder, UIApplicationDelegate {
^~~~~~~~~~~~~~~~~~~~~
/Users/admin/builder/spi-builder-workspace/Sources/WarpLink/WarpLink+HostDelegates.swift:42:24: error: cannot find type 'UIWindow' in scope
public var window: UIWindow?
^~~~~~~~
/Users/admin/builder/spi-builder-workspace/Sources/WarpLink/WarpLink+HostDelegates.swift:45:18: error: cannot find type 'UIScene' in scope
_ scene: UIScene,
^~~~~~~
/Users/admin/builder/spi-builder-workspace/Sources/WarpLink/WarpLink+HostDelegates.swift:46:32: error: cannot find type 'UISceneSession' in scope
willConnectTo session: UISceneSession,
^~~~~~~~~~~~~~
/Users/admin/builder/spi-builder-workspace/Sources/WarpLink/WarpLink+HostDelegates.swift:47:36: error: cannot find type 'UIScene' in scope
options connectionOptions: UIScene.ConnectionOptions
^~~~~~~
/Users/admin/builder/spi-builder-workspace/Sources/WarpLink/WarpLink+HostDelegates.swift:53:30: error: cannot find type 'UIScene' in scope
open func scene(_ scene: UIScene, continue userActivity: NSUserActivity) {
^~~~~~~
/Users/admin/builder/spi-builder-workspace/Sources/WarpLink/WarpLink+HostDelegates.swift:57:30: error: cannot find type 'UIScene' in scope
open func scene(_ scene: UIScene, openURLContexts URLContexts: Set<UIOpenURLContext>) {
^~~~~~~
/Users/admin/builder/spi-builder-workspace/Sources/WarpLink/WarpLink+HostDelegates.swift:57:72: error: cannot find type 'UIOpenURLContext' in scope
open func scene(_ scene: UIScene, openURLContexts URLContexts: Set<UIOpenURLContext>) {
^~~~~~~~~~~~~~~~
/Users/admin/builder/spi-builder-workspace/Sources/WarpLink/WarpLink+HostDelegates.swift:41:35: error: cannot find type 'UIResponder' in scope
open class WarpLinkSceneDelegate: UIResponder, UIWindowSceneDelegate {
^~~~~~~~~~~
/Users/admin/builder/spi-builder-workspace/Sources/WarpLink/WarpLink+HostDelegates.swift:41:48: error: cannot find type 'UIWindowSceneDelegate' in scope
open class WarpLinkSceneDelegate: UIResponder, UIWindowSceneDelegate {
^~~~~~~~~~~~~~~~~~~~~
/Users/admin/builder/spi-builder-workspace/Sources/WarpLink/WarpLink+Supersede.swift:18:16: warning: static property 'tapGeneration' is not concurrency-safe because it is nonisolated global shared mutable state; this is an error in the Swift 6 language mode
static var tapGeneration = 0
^
/Users/admin/builder/spi-builder-workspace/Sources/WarpLink/WarpLink+Supersede.swift:18:16: note: convert 'tapGeneration' to a 'let' constant to make 'Sendable' shared state immutable
static var tapGeneration = 0
~~~ ^
let
/Users/admin/builder/spi-builder-workspace/Sources/WarpLink/WarpLink+Supersede.swift:18:16: note: add '@MainActor' to make static property 'tapGeneration' part of global actor 'MainActor'
static var tapGeneration = 0
^
@MainActor
/Users/admin/builder/spi-builder-workspace/Sources/WarpLink/WarpLink+Supersede.swift:18:16: note: disable concurrency-safety checks if accesses are protected by an external synchronization mechanism
static var tapGeneration = 0
^
nonisolated(unsafe)
/Users/admin/builder/spi-builder-workspace/Sources/WarpLink/WarpLink+Supersede.swift:25:16: warning: static property 'inFlightTap' is not concurrency-safe because it is nonisolated global shared mutable state; this is an error in the Swift 6 language mode
static var inFlightTap: HTTPTask?
^
/Users/admin/builder/spi-builder-workspace/Sources/WarpLink/WarpLink+Supersede.swift:25:16: note: convert 'inFlightTap' to a 'let' constant to make 'Sendable' shared state immutable
static var inFlightTap: HTTPTask?
~~~ ^
let
/Users/admin/builder/spi-builder-workspace/Sources/WarpLink/WarpLink+Supersede.swift:25:16: note: add '@MainActor' to make static property 'inFlightTap' part of global actor 'MainActor'
static var inFlightTap: HTTPTask?
^
@MainActor
/Users/admin/builder/spi-builder-workspace/Sources/WarpLink/WarpLink+Supersede.swift:25:16: note: disable concurrency-safety checks if accesses are protected by an external synchronization mechanism
static var inFlightTap: HTTPTask?
^
nonisolated(unsafe)
/Users/admin/builder/spi-builder-workspace/Sources/WarpLink/WarpLink+Supersede.swift:85:16: warning: static property 'inFlightDeferredCheck' is not concurrency-safe because it is nonisolated global shared mutable state; this is an error in the Swift 6 language mode
static var inFlightDeferredCheck: HTTPTask?
^
/Users/admin/builder/spi-builder-workspace/Sources/WarpLink/WarpLink+Supersede.swift:85:16: note: convert 'inFlightDeferredCheck' to a 'let' constant to make 'Sendable' shared state immutable
static var inFlightDeferredCheck: HTTPTask?
~~~ ^
let
/Users/admin/builder/spi-builder-workspace/Sources/WarpLink/WarpLink+Supersede.swift:85:16: note: add '@MainActor' to make static property 'inFlightDeferredCheck' part of global actor 'MainActor'
static var inFlightDeferredCheck: HTTPTask?
^
@MainActor
/Users/admin/builder/spi-builder-workspace/Sources/WarpLink/WarpLink+Supersede.swift:85:16: note: disable concurrency-safety checks if accesses are protected by an external synchronization mechanism
static var inFlightDeferredCheck: HTTPTask?
^
nonisolated(unsafe)
/Users/admin/builder/spi-builder-workspace/Sources/WarpLink/WarpLink.swift:13:16: warning: static property 'apiKey' is not concurrency-safe because it is nonisolated global shared mutable state; this is an error in the Swift 6 language mode
static var apiKey: String?
^
/Users/admin/builder/spi-builder-workspace/Sources/WarpLink/WarpLink.swift:13:16: note: convert 'apiKey' to a 'let' constant to make 'Sendable' shared state immutable
static var apiKey: String?
~~~ ^
let
/Users/admin/builder/spi-builder-workspace/Sources/WarpLink/WarpLink.swift:13:16: note: add '@MainActor' to make static property 'apiKey' part of global actor 'MainActor'
static var apiKey: String?
^
@MainActor
/Users/admin/builder/spi-builder-workspace/Sources/WarpLink/WarpLink.swift:13:16: note: disable concurrency-safety checks if accesses are protected by an external synchronization mechanism
static var apiKey: String?
^
nonisolated(unsafe)
/Users/admin/builder/spi-builder-workspace/Sources/WarpLink/WarpLink.swift:14:16: warning: static property 'options' is not concurrency-safe because it is nonisolated global shared mutable state; this is an error in the Swift 6 language mode
static var options: WarpLinkOptions?
^
/Users/admin/builder/spi-builder-workspace/Sources/WarpLink/WarpLink.swift:14:16: note: convert 'options' to a 'let' constant to make 'Sendable' shared state immutable
static var options: WarpLinkOptions?
~~~ ^
let
/Users/admin/builder/spi-builder-workspace/Sources/WarpLink/WarpLink.swift:14:16: note: add '@MainActor' to make static property 'options' part of global actor 'MainActor'
static var options: WarpLinkOptions?
^
@MainActor
/Users/admin/builder/spi-builder-workspace/Sources/WarpLink/WarpLink.swift:14:16: note: disable concurrency-safety checks if accesses are protected by an external synchronization mechanism
static var options: WarpLinkOptions?
^
nonisolated(unsafe)
/Users/admin/builder/spi-builder-workspace/Sources/WarpLink/WarpLink.swift:15:16: warning: static property 'logger' is not concurrency-safe because it is nonisolated global shared mutable state; this is an error in the Swift 6 language mode
static var logger: Logger?
^
/Users/admin/builder/spi-builder-workspace/Sources/WarpLink/WarpLink.swift:15:16: note: convert 'logger' to a 'let' constant to make 'Sendable' shared state immutable
static var logger: Logger?
~~~ ^
let
/Users/admin/builder/spi-builder-workspace/Sources/WarpLink/WarpLink.swift:15:16: note: add '@MainActor' to make static property 'logger' part of global actor 'MainActor'
static var logger: Logger?
^
@MainActor
/Users/admin/builder/spi-builder-workspace/Sources/WarpLink/WarpLink.swift:15:16: note: disable concurrency-safety checks if accesses are protected by an external synchronization mechanism
static var logger: Logger?
^
nonisolated(unsafe)
/Users/admin/builder/spi-builder-workspace/Sources/WarpLink/WarpLink.swift:16:16: warning: static property 'apiClient' is not concurrency-safe because it is nonisolated global shared mutable state; this is an error in the Swift 6 language mode
static var apiClient: APIClient?
^
/Users/admin/builder/spi-builder-workspace/Sources/WarpLink/WarpLink.swift:16:16: note: convert 'apiClient' to a 'let' constant to make 'Sendable' shared state immutable
static var apiClient: APIClient?
~~~ ^
let
/Users/admin/builder/spi-builder-workspace/Sources/WarpLink/WarpLink.swift:16:16: note: add '@MainActor' to make static property 'apiClient' part of global actor 'MainActor'
static var apiClient: APIClient?
^
@MainActor
/Users/admin/builder/spi-builder-workspace/Sources/WarpLink/WarpLink.swift:16:16: note: disable concurrency-safety checks if accesses are protected by an external synchronization mechanism
static var apiClient: APIClient?
^
nonisolated(unsafe)
/Users/admin/builder/spi-builder-workspace/Sources/WarpLink/WarpLink.swift:17:16: warning: static property 'storage' is not concurrency-safe because it is nonisolated global shared mutable state; this is an error in the Swift 6 language mode
static var storage: Storage?
^
/Users/admin/builder/spi-builder-workspace/Sources/WarpLink/WarpLink.swift:17:16: note: convert 'storage' to a 'let' constant to make 'Sendable' shared state immutable
static var storage: Storage?
~~~ ^
let
/Users/admin/builder/spi-builder-workspace/Sources/WarpLink/WarpLink.swift:17:16: note: add '@MainActor' to make static property 'storage' part of global actor 'MainActor'
static var storage: Storage?
^
@MainActor
/Users/admin/builder/spi-builder-workspace/Sources/WarpLink/WarpLink.swift:17:16: note: disable concurrency-safety checks if accesses are protected by an external synchronization mechanism
static var storage: Storage?
^
nonisolated(unsafe)
/Users/admin/builder/spi-builder-workspace/Sources/WarpLink/WarpLink.swift:18:16: warning: static property 'fingerprintCollector' is not concurrency-safe because it is nonisolated global shared mutable state; this is an error in the Swift 6 language mode
static var fingerprintCollector: FingerprintCollector?
^
/Users/admin/builder/spi-builder-workspace/Sources/WarpLink/WarpLink.swift:18:16: note: convert 'fingerprintCollector' to a 'let' constant to make 'Sendable' shared state immutable
static var fingerprintCollector: FingerprintCollector?
~~~ ^
let
/Users/admin/builder/spi-builder-workspace/Sources/WarpLink/WarpLink.swift:18:16: note: add '@MainActor' to make static property 'fingerprintCollector' part of global actor 'MainActor'
static var fingerprintCollector: FingerprintCollector?
^
@MainActor
/Users/admin/builder/spi-builder-workspace/Sources/WarpLink/WarpLink.swift:18:16: note: disable concurrency-safety checks if accesses are protected by an external synchronization mechanism
static var fingerprintCollector: FingerprintCollector?
^
nonisolated(unsafe)
/Users/admin/builder/spi-builder-workspace/Sources/WarpLink/WarpLink.swift:20:16: warning: static property 'apiKeyValidState' is not concurrency-safe because it is nonisolated global shared mutable state; this is an error in the Swift 6 language mode
static var apiKeyValidState: Bool?
^
/Users/admin/builder/spi-builder-workspace/Sources/WarpLink/WarpLink.swift:20:16: note: convert 'apiKeyValidState' to a 'let' constant to make 'Sendable' shared state immutable
static var apiKeyValidState: Bool?
~~~ ^
let
/Users/admin/builder/spi-builder-workspace/Sources/WarpLink/WarpLink.swift:20:16: note: add '@MainActor' to make static property 'apiKeyValidState' part of global actor 'MainActor'
static var apiKeyValidState: Bool?
^
@MainActor
/Users/admin/builder/spi-builder-workspace/Sources/WarpLink/WarpLink.swift:20:16: note: disable concurrency-safety checks if accesses are protected by an external synchronization mechanism
static var apiKeyValidState: Bool?
^
nonisolated(unsafe)
/Users/admin/builder/spi-builder-workspace/Sources/WarpLink/WarpLink.swift:23:16: warning: static property 'lastHandledURLString' is not concurrency-safe because it is nonisolated global shared mutable state; this is an error in the Swift 6 language mode
static var lastHandledURLString: String?
^
/Users/admin/builder/spi-builder-workspace/Sources/WarpLink/WarpLink.swift:23:16: note: convert 'lastHandledURLString' to a 'let' constant to make 'Sendable' shared state immutable
static var lastHandledURLString: String?
~~~ ^
let
/Users/admin/builder/spi-builder-workspace/Sources/WarpLink/WarpLink.swift:23:16: note: add '@MainActor' to make static property 'lastHandledURLString' part of global actor 'MainActor'
static var lastHandledURLString: String?
^
@MainActor
/Users/admin/builder/spi-builder-workspace/Sources/WarpLink/WarpLink.swift:23:16: note: disable concurrency-safety checks if accesses are protected by an external synchronization mechanism
static var lastHandledURLString: String?
^
nonisolated(unsafe)
/Users/admin/builder/spi-builder-workspace/Sources/WarpLink/WarpLink.swift:24:16: warning: static property 'lastHandledURLAt' is not concurrency-safe because it is nonisolated global shared mutable state; this is an error in the Swift 6 language mode
static var lastHandledURLAt: TimeInterval?
^
/Users/admin/builder/spi-builder-workspace/Sources/WarpLink/WarpLink.swift:24:16: note: convert 'lastHandledURLAt' to a 'let' constant to make 'Sendable' shared state immutable
static var lastHandledURLAt: TimeInterval?
~~~ ^
let
/Users/admin/builder/spi-builder-workspace/Sources/WarpLink/WarpLink.swift:24:16: note: add '@MainActor' to make static property 'lastHandledURLAt' part of global actor 'MainActor'
static var lastHandledURLAt: TimeInterval?
^
@MainActor
/Users/admin/builder/spi-builder-workspace/Sources/WarpLink/WarpLink.swift:24:16: note: disable concurrency-safety checks if accesses are protected by an external synchronization mechanism
static var lastHandledURLAt: TimeInterval?
^
nonisolated(unsafe)
/Users/admin/builder/spi-builder-workspace/Sources/WarpLink/WarpLink.swift:34:16: warning: static property 'monotonicNow' is not concurrency-safe because it is nonisolated global shared mutable state; this is an error in the Swift 6 language mode
static var monotonicNow: () -> TimeInterval = { ProcessInfo.processInfo.systemUptime }
^
/Users/admin/builder/spi-builder-workspace/Sources/WarpLink/WarpLink.swift:34:16: note: convert 'monotonicNow' to a 'let' constant to make 'Sendable' shared state immutable
static var monotonicNow: () -> TimeInterval = { ProcessInfo.processInfo.systemUptime }
~~~ ^
let
/Users/admin/builder/spi-builder-workspace/Sources/WarpLink/WarpLink.swift:34:16: note: add '@MainActor' to make static property 'monotonicNow' part of global actor 'MainActor'
static var monotonicNow: () -> TimeInterval = { ProcessInfo.processInfo.systemUptime }
^
@MainActor
/Users/admin/builder/spi-builder-workspace/Sources/WarpLink/WarpLink.swift:34:16: note: disable concurrency-safety checks if accesses are protected by an external synchronization mechanism
static var monotonicNow: () -> TimeInterval = { ProcessInfo.processInfo.systemUptime }
^
nonisolated(unsafe)
/Users/admin/builder/spi-builder-workspace/Sources/WarpLink/WarpLink.swift:38:16: warning: static property 'deferredCheckInFlight' is not concurrency-safe because it is nonisolated global shared mutable state; this is an error in the Swift 6 language mode
static var deferredCheckInFlight = false
^
/Users/admin/builder/spi-builder-workspace/Sources/WarpLink/WarpLink.swift:38:16: note: convert 'deferredCheckInFlight' to a 'let' constant to make 'Sendable' shared state immutable
static var deferredCheckInFlight = false
~~~ ^
let
/Users/admin/builder/spi-builder-workspace/Sources/WarpLink/WarpLink.swift:38:16: note: add '@MainActor' to make static property 'deferredCheckInFlight' part of global actor 'MainActor'
static var deferredCheckInFlight = false
^
@MainActor
/Users/admin/builder/spi-builder-workspace/Sources/WarpLink/WarpLink.swift:38:16: note: disable concurrency-safety checks if accesses are protected by an external synchronization mechanism
static var deferredCheckInFlight = false
^
nonisolated(unsafe)
/Users/admin/builder/spi-builder-workspace/Sources/WarpLink/WarpLink.swift:42:16: warning: static property 'deferredCheckGeneration' is not concurrency-safe because it is nonisolated global shared mutable state; this is an error in the Swift 6 language mode
static var deferredCheckGeneration = 0
^
/Users/admin/builder/spi-builder-workspace/Sources/WarpLink/WarpLink.swift:42:16: note: convert 'deferredCheckGeneration' to a 'let' constant to make 'Sendable' shared state immutable
static var deferredCheckGeneration = 0
~~~ ^
let
/Users/admin/builder/spi-builder-workspace/Sources/WarpLink/WarpLink.swift:42:16: note: add '@MainActor' to make static property 'deferredCheckGeneration' part of global actor 'MainActor'
static var deferredCheckGeneration = 0
^
@MainActor
/Users/admin/builder/spi-builder-workspace/Sources/WarpLink/WarpLink.swift:42:16: note: disable concurrency-safety checks if accesses are protected by an external synchronization mechanism
static var deferredCheckGeneration = 0
^
nonisolated(unsafe)
SwiftCompile normal arm64 Compiling\ WarpLink+Domains.swift,\ WarpLink+HostDelegates.swift,\ WarpLink+KeyValidation.swift,\ WarpLink+ReactNativeBridge.swift,\ WarpLink+Resolve.swift /Users/admin/builder/spi-builder-workspace/Sources/WarpLink/WarpLink+Domains.swift /Users/admin/builder/spi-builder-workspace/Sources/WarpLink/WarpLink+HostDelegates.swift /Users/admin/builder/spi-builder-workspace/Sources/WarpLink/WarpLink+KeyValidation.swift /Users/admin/builder/spi-builder-workspace/Sources/WarpLink/WarpLink+ReactNativeBridge.swift /Users/admin/builder/spi-builder-workspace/Sources/WarpLink/WarpLink+Resolve.swift (in target 'WarpLink' from project 'warplink-ios-sdk')
SwiftCompile normal arm64 /Users/admin/builder/spi-builder-workspace/Sources/WarpLink/WarpLink+Domains.swift (in target 'WarpLink' from project 'warplink-ios-sdk')
cd /Users/admin/builder/spi-builder-workspace/.swiftpm/xcode
SwiftCompile normal arm64 /Users/admin/builder/spi-builder-workspace/Sources/WarpLink/WarpLink+HostDelegates.swift (in target 'WarpLink' from project 'warplink-ios-sdk')
cd /Users/admin/builder/spi-builder-workspace/.swiftpm/xcode
SwiftCompile normal arm64 /Users/admin/builder/spi-builder-workspace/Sources/WarpLink/WarpLink+KeyValidation.swift (in target 'WarpLink' from project 'warplink-ios-sdk')
cd /Users/admin/builder/spi-builder-workspace/.swiftpm/xcode
SwiftCompile normal arm64 /Users/admin/builder/spi-builder-workspace/Sources/WarpLink/WarpLink+ReactNativeBridge.swift (in target 'WarpLink' from project 'warplink-ios-sdk')
cd /Users/admin/builder/spi-builder-workspace/.swiftpm/xcode
SwiftCompile normal arm64 /Users/admin/builder/spi-builder-workspace/Sources/WarpLink/WarpLink+Resolve.swift (in target 'WarpLink' from project 'warplink-ios-sdk')
cd /Users/admin/builder/spi-builder-workspace/.swiftpm/xcode
SwiftCompile normal arm64 Compiling\ KeychainStore.swift,\ LinkDomainNormalizer.swift,\ Logger.swift,\ RateLimit.swift,\ RetryPolicy.swift,\ SDKEnvironment.swift /Users/admin/builder/spi-builder-workspace/Sources/WarpLink/Internal/KeychainStore.swift /Users/admin/builder/spi-builder-workspace/Sources/WarpLink/Internal/LinkDomainNormalizer.swift /Users/admin/builder/spi-builder-workspace/Sources/WarpLink/Internal/Logger.swift /Users/admin/builder/spi-builder-workspace/Sources/WarpLink/Internal/RateLimit.swift /Users/admin/builder/spi-builder-workspace/Sources/WarpLink/Internal/RetryPolicy.swift /Users/admin/builder/spi-builder-workspace/Sources/WarpLink/Internal/SDKEnvironment.swift (in target 'WarpLink' from project 'warplink-ios-sdk')
SwiftCompile normal arm64 /Users/admin/builder/spi-builder-workspace/Sources/WarpLink/Internal/KeychainStore.swift (in target 'WarpLink' from project 'warplink-ios-sdk')
cd /Users/admin/builder/spi-builder-workspace/.swiftpm/xcode
SwiftCompile normal arm64 /Users/admin/builder/spi-builder-workspace/Sources/WarpLink/Internal/LinkDomainNormalizer.swift (in target 'WarpLink' from project 'warplink-ios-sdk')
cd /Users/admin/builder/spi-builder-workspace/.swiftpm/xcode
SwiftCompile normal arm64 /Users/admin/builder/spi-builder-workspace/Sources/WarpLink/Internal/Logger.swift (in target 'WarpLink' from project 'warplink-ios-sdk')
cd /Users/admin/builder/spi-builder-workspace/.swiftpm/xcode
SwiftCompile normal arm64 /Users/admin/builder/spi-builder-workspace/Sources/WarpLink/Internal/RateLimit.swift (in target 'WarpLink' from project 'warplink-ios-sdk')
cd /Users/admin/builder/spi-builder-workspace/.swiftpm/xcode
SwiftCompile normal arm64 /Users/admin/builder/spi-builder-workspace/Sources/WarpLink/Internal/RetryPolicy.swift (in target 'WarpLink' from project 'warplink-ios-sdk')
cd /Users/admin/builder/spi-builder-workspace/.swiftpm/xcode
SwiftCompile normal arm64 /Users/admin/builder/spi-builder-workspace/Sources/WarpLink/Internal/SDKEnvironment.swift (in target 'WarpLink' from project 'warplink-ios-sdk')
cd /Users/admin/builder/spi-builder-workspace/.swiftpm/xcode
SwiftEmitModule normal arm64_32 Emitting\ module\ for\ WarpLink (in target 'WarpLink' from project 'warplink-ios-sdk')
EmitSwiftModule normal arm64_32 (in target 'WarpLink' from project 'warplink-ios-sdk')
cd /Users/admin/builder/spi-builder-workspace/.swiftpm/xcode
SwiftEmitModule normal armv7k Emitting\ module\ for\ WarpLink (in target 'WarpLink' from project 'warplink-ios-sdk')
Command SwiftEmitModule failed with a nonzero exit code
** BUILD FAILED **
The following build commands failed:
SwiftEmitModule normal arm64 Emitting\ module\ for\ WarpLink (in target 'WarpLink' from project 'warplink-ios-sdk')
EmitSwiftModule normal arm64 (in target 'WarpLink' from project 'warplink-ios-sdk')
SwiftEmitModule normal armv7k Emitting\ module\ for\ WarpLink (in target 'WarpLink' from project 'warplink-ios-sdk')
Building workspace spi-builder-workspace with scheme warplink-ios-sdk
(4 failures)
Command line invocation:
/Applications/Xcode-16.3.0.app/Contents/Developer/usr/bin/xcodebuild -IDEClonedSourcePackagesDirPathOverride=/Users/admin/builder/spi-builder-workspace/.dependencies -resolvePackageDependencies
Resolve Package Graph
Resolved source packages:
warplink-ios-sdk: /Users/admin/builder/spi-builder-workspace
resolved source packages: warplink-ios-sdk
{
"dependencies" : [
],
"manifest_display_name" : "warplink-ios-sdk",
"name" : "warplink-ios-sdk",
"path" : "/Users/admin/builder/spi-builder-workspace",
"platforms" : [
{
"name" : "ios",
"version" : "15.0"
},
{
"name" : "macos",
"version" : "11.0"
}
],
"products" : [
{
"name" : "WarpLink",
"targets" : [
"WarpLink"
],
"type" : {
"library" : [
"automatic"
]
}
}
],
"targets" : [
{
"c99name" : "WarpLinkTests",
"module_type" : "SwiftTarget",
"name" : "WarpLinkTests",
"path" : "Tests/WarpLinkTests",
"sources" : [
"APIClientAttributionTests.swift",
"APIClientMatchGuaranteedTests.swift",
"APIClientResolveLinkTests.swift",
"APIClientTests.swift",
"BackupExcludedFileStoreTests.swift",
"BoundedResolveRetryTests.swift",
"BoundedRetryDriverTests.swift",
"CancellableAttemptTests.swift",
"CheckDeferredDeepLinkTests.swift",
"DeclaredLinkDomainsTests.swift",
"DeferredCheckRetryTests.swift",
"DrippingAttemptTests.swift",
"FingerprintCollectorTests.swift",
"FirstAttemptBoundedTests.swift",
"FreshConnectionAfterTimeoutTests.swift",
"GatedTransport.swift",
"HandleDeepLinkTests.swift",
"IsWarpLinkURLTests.swift",
"JSONValueTests.swift",
"LegacyUpgradeAttributionTests.swift",
"LinkDomainNormalizerTests.swift",
"OSCancelledRetryTests.swift",
"RateLimitRetryTests.swift",
"ReactNativeBridgeResolveTests.swift",
"ReferralClaimTests.swift",
"ReferralDeferredRaceTests.swift",
"ReferralEvidenceStoreTests.swift",
"ReferralInvitationTests.swift",
"ReferralKeychainStoreTests.swift",
"ReferralNoPasteboardTests.swift",
"ReferralRedeemTests.swift",
"ReferralResultFieldsTests.swift",
"ReferralResumeTests.swift",
"ReferralRetryTests.swift",
"ReferralTestSupport.swift",
"ResolveParamsTests.swift",
"RetryPolicyTests.swift",
"RoutelessMatchTests.swift",
"SDKEnvironmentTests.swift",
"SdkVersionTests.swift",
"ServerDomainsCacheTests.swift",
"ServerRejectionWarningTests.swift",
"StorageCachedAttributionTests.swift",
"StorageReinstallTests.swift",
"StorageTests.swift",
"SynchronousSDK.swift",
"TapIdHeaderTests.swift",
"TestSupport.swift",
"TransportDoubles.swift",
"URLWarpLinkTests.swift",
"WarpLinkAutoWireTests.swift",
"WarpLinkConfigureTests.swift",
"WarpLinkDedupeClockTests.swift",
"WarpLinkDeepLinkTests.swift",
"WarpLinkErrorTests.swift",
"WarpLinkLinkDomainsTests.swift",
"WarpLinkOptionsTests.swift",
"WarpLinkTests.swift"
],
"target_dependencies" : [
"WarpLink"
],
"type" : "test"
},
{
"c99name" : "WarpLink",
"module_type" : "SwiftTarget",
"name" : "WarpLink",
"path" : "Sources/WarpLink",
"product_memberships" : [
"WarpLink"
],
"resources" : [
{
"path" : "/Users/admin/builder/spi-builder-workspace/Sources/WarpLink/PrivacyInfo.xcprivacy",
"rule" : {
"copy" : {
}
}
}
],
"sources" : [
"Extensions/URL+WarpLink.swift",
"Internal/APIClient+Attribution.swift",
"Internal/APIClient+ResolveLink.swift",
"Internal/APIClient.swift",
"Internal/AttemptWatchdog.swift",
"Internal/AttributionResponse.swift",
"Internal/BoundedRetry.swift",
"Internal/DeclaredLinkDomains.swift",
"Internal/FingerprintCollector.swift",
"Internal/HTTPTransport.swift",
"Internal/InstallMarkerStore.swift",
"Internal/KeychainStore.swift",
"Internal/LinkDomainNormalizer.swift",
"Internal/Logger.swift",
"Internal/RateLimit.swift",
"Internal/RetryPolicy.swift",
"Internal/SDKEnvironment.swift",
"Internal/Storage.swift",
"JSONValue.swift",
"MatchType.swift",
"Referral/APIClient+RecoveryRedeem.swift",
"Referral/APIClient+ReferralClaim.swift",
"Referral/AttributionEvidence.swift",
"Referral/KeychainPendingStore.swift",
"Referral/RecoveryRedeemOutcome.swift",
"Referral/ReferralBoundedCall.swift",
"Referral/ReferralClaimEvidence.swift",
"Referral/ReferralClaimResult.swift",
"Referral/ReferralEvidenceStore.swift",
"Referral/ReferralHTTP.swift",
"Referral/ReferralInvitation.swift",
"Referral/ReferralMatch.swift",
"Referral/ReferralMessages.swift",
"Referral/ReferralPendingStore.swift",
"Referral/ReferralRedeemer.swift",
"Referral/ReferralServices.swift",
"Referral/WarpLink+RedeemedMatch.swift",
"Referral/WarpLink+Referral.swift",
"Referral/WarpLink+ReferralClaim.swift",
"Referral/WarpLinkPasteButton.swift",
"Referral/WarpLinkUIPasteButton.swift",
"WarpLink+AttributionMatch.swift",
"WarpLink+DeferredDeepLink.swift",
"WarpLink+Dispatch.swift",
"WarpLink+Domains.swift",
"WarpLink+HostDelegates.swift",
"WarpLink+KeyValidation.swift",
"WarpLink+ReactNativeBridge.swift",
"WarpLink+Resolve.swift",
"WarpLink+Supersede.swift",
"WarpLink.swift",
"WarpLinkDeepLink.swift",
"WarpLinkError.swift",
"WarpLinkOptions.swift"
],
"type" : "library"
}
],
"tools_version" : "5.9"
}
{
"workspace" : {
"name" : "spi-builder-workspace",
"schemes" : [
"warplink-ios-sdk"
]
}
}
Running build ...
env DEVELOPER_DIR=/Applications/Xcode-16.3.0.app xcrun xcodebuild -IDEClonedSourcePackagesDirPathOverride=$PWD/.dependencies -skipMacroValidation -skipPackagePluginValidation -derivedDataPath $PWD/.derivedData build -scheme warplink-ios-sdk -destination generic/platform=watchOS
Command line invocation:
/Applications/Xcode-16.3.0.app/Contents/Developer/usr/bin/xcodebuild -IDEClonedSourcePackagesDirPathOverride=/Users/admin/builder/spi-builder-workspace/.dependencies -skipMacroValidation -skipPackagePluginValidation -derivedDataPath /Users/admin/builder/spi-builder-workspace/.derivedData build -scheme warplink-ios-sdk -destination generic/platform=watchOS
Resolve Package Graph
Resolved source packages:
warplink-ios-sdk: /Users/admin/builder/spi-builder-workspace
ComputePackagePrebuildTargetDependencyGraph
Prepare packages
CreateBuildRequest
SendProjectDescription
CreateBuildOperation
ComputeTargetDependencyGraph
note: Building targets in dependency order
note: Target dependency graph (3 targets)
Target 'WarpLink' in project 'warplink-ios-sdk'
➜ Explicit dependency on target 'WarpLink' in project 'warplink-ios-sdk'
➜ Explicit dependency on target 'warplink-ios-sdk_WarpLink' in project 'warplink-ios-sdk'
Target 'WarpLink' in project 'warplink-ios-sdk'
➜ Explicit dependency on target 'warplink-ios-sdk_WarpLink' in project 'warplink-ios-sdk'
Target 'warplink-ios-sdk_WarpLink' in project 'warplink-ios-sdk' (no dependencies)
GatherProvisioningInputs
CreateBuildDescription
ExecuteExternalTool /Applications/Xcode-16.3.0.app/Contents/Developer/Toolchains/XcodeDefault.xctoolchain/usr/bin/clang -v -E -dM -isysroot /Applications/Xcode-16.3.0.app/Contents/Developer/Platforms/WatchOS.platform/Developer/SDKs/WatchOS11.4.sdk -x c -c /dev/null
ExecuteExternalTool /Applications/Xcode-16.3.0.app/Contents/Developer/Toolchains/XcodeDefault.xctoolchain/usr/bin/swiftc --version
ExecuteExternalTool /Applications/Xcode-16.3.0.app/Contents/Developer/Toolchains/XcodeDefault.xctoolchain/usr/bin/ld -version_details
Build description signature: 6846bef6567e8d40ef52403763bece9f
Build description path: /Users/admin/builder/spi-builder-workspace/.derivedData/Build/Intermediates.noindex/XCBuildData/6846bef6567e8d40ef52403763bece9f.xcbuilddata
ClangStatCache /Applications/Xcode-16.3.0.app/Contents/Developer/Toolchains/XcodeDefault.xctoolchain/usr/bin/clang-stat-cache /Applications/Xcode-16.3.0.app/Contents/Developer/Platforms/WatchOS.platform/Developer/SDKs/WatchOS11.4.sdk /Users/admin/builder/spi-builder-workspace/.derivedData/SDKStatCaches.noindex/watchos11.4-22T246-43efb940ff07ba2497b70ec94253f576.sdkstatcache
cd /Users/admin/builder/spi-builder-workspace/.swiftpm/xcode
/Applications/Xcode-16.3.0.app/Contents/Developer/Toolchains/XcodeDefault.xctoolchain/usr/bin/clang-stat-cache /Applications/Xcode-16.3.0.app/Contents/Developer/Platforms/WatchOS.platform/Developer/SDKs/WatchOS11.4.sdk -o /Users/admin/builder/spi-builder-workspace/.derivedData/SDKStatCaches.noindex/watchos11.4-22T246-43efb940ff07ba2497b70ec94253f576.sdkstatcache
ProcessInfoPlistFile /Users/admin/builder/spi-builder-workspace/.derivedData/Build/Products/Debug-watchos/warplink-ios-sdk_WarpLink.bundle/Info.plist /Users/admin/builder/spi-builder-workspace/.derivedData/Build/Intermediates.noindex/warplink-ios-sdk.build/Debug-watchos/warplink-ios-sdk_WarpLink.build/empty-warplink-ios-sdk_WarpLink.plist (in target 'warplink-ios-sdk_WarpLink' from project 'warplink-ios-sdk')
cd /Users/admin/builder/spi-builder-workspace
builtin-infoPlistUtility /Users/admin/builder/spi-builder-workspace/.derivedData/Build/Intermediates.noindex/warplink-ios-sdk.build/Debug-watchos/warplink-ios-sdk_WarpLink.build/empty-warplink-ios-sdk_WarpLink.plist -producttype com.apple.product-type.bundle -expandbuildsettings -format binary -platform watchos -o /Users/admin/builder/spi-builder-workspace/.derivedData/Build/Products/Debug-watchos/warplink-ios-sdk_WarpLink.bundle/Info.plist
SwiftDriver WarpLink normal arm64 com.apple.xcode.tools.swift.compiler (in target 'WarpLink' from project 'warplink-ios-sdk')
cd /Users/admin/builder/spi-builder-workspace/.swiftpm/xcode
builtin-SwiftDriver -- /Applications/Xcode-16.3.0.app/Contents/Developer/Toolchains/XcodeDefault.xctoolchain/usr/bin/swiftc -module-name WarpLink -Onone -enforce-exclusivity\=checked @/Users/admin/builder/spi-builder-workspace/.derivedData/Build/Intermediates.noindex/warplink-ios-sdk.build/Debug-watchos/WarpLink.build/Objects-normal/arm64/WarpLink.SwiftFileList -DSWIFT_PACKAGE -DDEBUG -DXcode -plugin-path /Applications/Xcode-16.3.0.app/Contents/Developer/Toolchains/XcodeDefault.xctoolchain/usr/lib/swift/host/plugins/testing -enable-experimental-feature DebugDescriptionMacro -sdk /Applications/Xcode-16.3.0.app/Contents/Developer/Platforms/WatchOS.platform/Developer/SDKs/WatchOS11.4.sdk -target arm64-apple-watchos8.0 -g -module-cache-path /Users/admin/builder/spi-builder-workspace/.derivedData/ModuleCache.noindex -Xfrontend -serialize-debugging-options -profile-coverage-mapping -profile-generate -enable-testing -index-store-path /Users/admin/builder/spi-builder-workspace/.derivedData/Index.noindex/DataStore -swift-version 5 -I /Users/admin/builder/spi-builder-workspace/.derivedData/Build/Products/Debug-watchos -I /Applications/Xcode-16.3.0.app/Contents/Developer/Platforms/WatchOS.platform/Developer/usr/lib -F /Users/admin/builder/spi-builder-workspace/.derivedData/Build/Products/Debug-watchos -F /Applications/Xcode-16.3.0.app/Contents/Developer/Platforms/WatchOS.platform/Developer/Library/Frameworks -F /Applications/Xcode-16.3.0.app/Contents/Developer/Platforms/WatchOS.platform/Developer/SDKs/WatchOS11.4.sdk/Developer/Library/Frameworks -c -j10 -enable-batch-mode -incremental -Xcc -ivfsstatcache -Xcc /Users/admin/builder/spi-builder-workspace/.derivedData/SDKStatCaches.noindex/watchos11.4-22T246-43efb940ff07ba2497b70ec94253f576.sdkstatcache -output-file-map /Users/admin/builder/spi-builder-workspace/.derivedData/Build/Intermediates.noindex/warplink-ios-sdk.build/Debug-watchos/WarpLink.build/Objects-normal/arm64/WarpLink-OutputFileMap.json -use-frontend-parseable-output -save-temps -no-color-diagnostics -serialize-diagnostics -emit-dependencies -emit-module -emit-module-path /Users/admin/builder/spi-builder-workspace/.derivedData/Build/Intermediates.noindex/warplink-ios-sdk.build/Debug-watchos/WarpLink.build/Objects-normal/arm64/WarpLink.swiftmodule -validate-clang-modules-once -clang-build-session-file /Users/admin/builder/spi-builder-workspace/.derivedData/ModuleCache.noindex/Session.modulevalidation -package-name spi_builder_workspace -Xcc -I/Users/admin/builder/spi-builder-workspace/.derivedData/Build/Intermediates.noindex/warplink-ios-sdk.build/Debug-watchos/WarpLink.build/swift-overrides.hmap -emit-const-values -Xfrontend -const-gather-protocols-file -Xfrontend /Users/admin/builder/spi-builder-workspace/.derivedData/Build/Intermediates.noindex/warplink-ios-sdk.build/Debug-watchos/WarpLink.build/Objects-normal/arm64/WarpLink_const_extract_protocols.json -Xcc -I/Users/admin/builder/spi-builder-workspace/.derivedData/Build/Products/Debug-watchos/include -Xcc -I/Users/admin/builder/spi-builder-workspace/.derivedData/Build/Intermediates.noindex/warplink-ios-sdk.build/Debug-watchos/WarpLink.build/DerivedSources-normal/arm64 -Xcc -I/Users/admin/builder/spi-builder-workspace/.derivedData/Build/Intermediates.noindex/warplink-ios-sdk.build/Debug-watchos/WarpLink.build/DerivedSources/arm64 -Xcc -I/Users/admin/builder/spi-builder-workspace/.derivedData/Build/Intermediates.noindex/warplink-ios-sdk.build/Debug-watchos/WarpLink.build/DerivedSources -Xcc -DSWIFT_PACKAGE -Xcc -DDEBUG\=1 -emit-objc-header -emit-objc-header-path /Users/admin/builder/spi-builder-workspace/.derivedData/Build/Intermediates.noindex/warplink-ios-sdk.build/Debug-watchos/WarpLink.build/Objects-normal/arm64/WarpLink-Swift.h -working-directory /Users/admin/builder/spi-builder-workspace/.swiftpm/xcode -experimental-emit-module-separately -disable-cmo
SwiftDriver WarpLink normal armv7k com.apple.xcode.tools.swift.compiler (in target 'WarpLink' from project 'warplink-ios-sdk')
cd /Users/admin/builder/spi-builder-workspace/.swiftpm/xcode
builtin-SwiftDriver -- /Applications/Xcode-16.3.0.app/Contents/Developer/Toolchains/XcodeDefault.xctoolchain/usr/bin/swiftc -module-name WarpLink -Onone -enforce-exclusivity\=checked @/Users/admin/builder/spi-builder-workspace/.derivedData/Build/Intermediates.noindex/warplink-ios-sdk.build/Debug-watchos/WarpLink.build/Objects-normal/armv7k/WarpLink.SwiftFileList -DSWIFT_PACKAGE -DDEBUG -DXcode -plugin-path /Applications/Xcode-16.3.0.app/Contents/Developer/Toolchains/XcodeDefault.xctoolchain/usr/lib/swift/host/plugins/testing -enable-experimental-feature DebugDescriptionMacro -sdk /Applications/Xcode-16.3.0.app/Contents/Developer/Platforms/WatchOS.platform/Developer/SDKs/WatchOS11.4.sdk -target armv7k-apple-watchos8.0 -g -module-cache-path /Users/admin/builder/spi-builder-workspace/.derivedData/ModuleCache.noindex -Xfrontend -serialize-debugging-options -profile-coverage-mapping -profile-generate -enable-testing -index-store-path /Users/admin/builder/spi-builder-workspace/.derivedData/Index.noindex/DataStore -swift-version 5 -I /Users/admin/builder/spi-builder-workspace/.derivedData/Build/Products/Debug-watchos -I /Applications/Xcode-16.3.0.app/Contents/Developer/Platforms/WatchOS.platform/Developer/usr/lib -F /Users/admin/builder/spi-builder-workspace/.derivedData/Build/Products/Debug-watchos -F /Applications/Xcode-16.3.0.app/Contents/Developer/Platforms/WatchOS.platform/Developer/Library/Frameworks -F /Applications/Xcode-16.3.0.app/Contents/Developer/Platforms/WatchOS.platform/Developer/SDKs/WatchOS11.4.sdk/Developer/Library/Frameworks -c -j10 -enable-batch-mode -incremental -Xcc -ivfsstatcache -Xcc /Users/admin/builder/spi-builder-workspace/.derivedData/SDKStatCaches.noindex/watchos11.4-22T246-43efb940ff07ba2497b70ec94253f576.sdkstatcache -output-file-map /Users/admin/builder/spi-builder-workspace/.derivedData/Build/Intermediates.noindex/warplink-ios-sdk.build/Debug-watchos/WarpLink.build/Objects-normal/armv7k/WarpLink-OutputFileMap.json -use-frontend-parseable-output -save-temps -no-color-diagnostics -serialize-diagnostics -emit-dependencies -emit-module -emit-module-path /Users/admin/builder/spi-builder-workspace/.derivedData/Build/Intermediates.noindex/warplink-ios-sdk.build/Debug-watchos/WarpLink.build/Objects-normal/armv7k/WarpLink.swiftmodule -validate-clang-modules-once -clang-build-session-file /Users/admin/builder/spi-builder-workspace/.derivedData/ModuleCache.noindex/Session.modulevalidation -package-name spi_builder_workspace -Xcc -I/Users/admin/builder/spi-builder-workspace/.derivedData/Build/Intermediates.noindex/warplink-ios-sdk.build/Debug-watchos/WarpLink.build/swift-overrides.hmap -emit-const-values -Xfrontend -const-gather-protocols-file -Xfrontend /Users/admin/builder/spi-builder-workspace/.derivedData/Build/Intermediates.noindex/warplink-ios-sdk.build/Debug-watchos/WarpLink.build/Objects-normal/armv7k/WarpLink_const_extract_protocols.json -Xcc -I/Users/admin/builder/spi-builder-workspace/.derivedData/Build/Products/Debug-watchos/include -Xcc -I/Users/admin/builder/spi-builder-workspace/.derivedData/Build/Intermediates.noindex/warplink-ios-sdk.build/Debug-watchos/WarpLink.build/DerivedSources-normal/armv7k -Xcc -I/Users/admin/builder/spi-builder-workspace/.derivedData/Build/Intermediates.noindex/warplink-ios-sdk.build/Debug-watchos/WarpLink.build/DerivedSources/armv7k -Xcc -I/Users/admin/builder/spi-builder-workspace/.derivedData/Build/Intermediates.noindex/warplink-ios-sdk.build/Debug-watchos/WarpLink.build/DerivedSources -Xcc -DSWIFT_PACKAGE -Xcc -DDEBUG\=1 -emit-objc-header -emit-objc-header-path /Users/admin/builder/spi-builder-workspace/.derivedData/Build/Intermediates.noindex/warplink-ios-sdk.build/Debug-watchos/WarpLink.build/Objects-normal/armv7k/WarpLink-Swift.h -working-directory /Users/admin/builder/spi-builder-workspace/.swiftpm/xcode -experimental-emit-module-separately -disable-cmo
SwiftDriver WarpLink normal arm64_32 com.apple.xcode.tools.swift.compiler (in target 'WarpLink' from project 'warplink-ios-sdk')
cd /Users/admin/builder/spi-builder-workspace/.swiftpm/xcode
builtin-SwiftDriver -- /Applications/Xcode-16.3.0.app/Contents/Developer/Toolchains/XcodeDefault.xctoolchain/usr/bin/swiftc -module-name WarpLink -Onone -enforce-exclusivity\=checked @/Users/admin/builder/spi-builder-workspace/.derivedData/Build/Intermediates.noindex/warplink-ios-sdk.build/Debug-watchos/WarpLink.build/Objects-normal/arm64_32/WarpLink.SwiftFileList -DSWIFT_PACKAGE -DDEBUG -DXcode -plugin-path /Applications/Xcode-16.3.0.app/Contents/Developer/Toolchains/XcodeDefault.xctoolchain/usr/lib/swift/host/plugins/testing -enable-experimental-feature DebugDescriptionMacro -sdk /Applications/Xcode-16.3.0.app/Contents/Developer/Platforms/WatchOS.platform/Developer/SDKs/WatchOS11.4.sdk -target arm64_32-apple-watchos8.0 -g -module-cache-path /Users/admin/builder/spi-builder-workspace/.derivedData/ModuleCache.noindex -Xfrontend -serialize-debugging-options -profile-coverage-mapping -profile-generate -enable-testing -index-store-path /Users/admin/builder/spi-builder-workspace/.derivedData/Index.noindex/DataStore -swift-version 5 -I /Users/admin/builder/spi-builder-workspace/.derivedData/Build/Products/Debug-watchos -I /Applications/Xcode-16.3.0.app/Contents/Developer/Platforms/WatchOS.platform/Developer/usr/lib -F /Users/admin/builder/spi-builder-workspace/.derivedData/Build/Products/Debug-watchos -F /Applications/Xcode-16.3.0.app/Contents/Developer/Platforms/WatchOS.platform/Developer/Library/Frameworks -F /Applications/Xcode-16.3.0.app/Contents/Developer/Platforms/WatchOS.platform/Developer/SDKs/WatchOS11.4.sdk/Developer/Library/Frameworks -c -j10 -enable-batch-mode -incremental -Xcc -ivfsstatcache -Xcc /Users/admin/builder/spi-builder-workspace/.derivedData/SDKStatCaches.noindex/watchos11.4-22T246-43efb940ff07ba2497b70ec94253f576.sdkstatcache -output-file-map /Users/admin/builder/spi-builder-workspace/.derivedData/Build/Intermediates.noindex/warplink-ios-sdk.build/Debug-watchos/WarpLink.build/Objects-normal/arm64_32/WarpLink-OutputFileMap.json -use-frontend-parseable-output -save-temps -no-color-diagnostics -serialize-diagnostics -emit-dependencies -emit-module -emit-module-path /Users/admin/builder/spi-builder-workspace/.derivedData/Build/Intermediates.noindex/warplink-ios-sdk.build/Debug-watchos/WarpLink.build/Objects-normal/arm64_32/WarpLink.swiftmodule -validate-clang-modules-once -clang-build-session-file /Users/admin/builder/spi-builder-workspace/.derivedData/ModuleCache.noindex/Session.modulevalidation -package-name spi_builder_workspace -Xcc -I/Users/admin/builder/spi-builder-workspace/.derivedData/Build/Intermediates.noindex/warplink-ios-sdk.build/Debug-watchos/WarpLink.build/swift-overrides.hmap -emit-const-values -Xfrontend -const-gather-protocols-file -Xfrontend /Users/admin/builder/spi-builder-workspace/.derivedData/Build/Intermediates.noindex/warplink-ios-sdk.build/Debug-watchos/WarpLink.build/Objects-normal/arm64_32/WarpLink_const_extract_protocols.json -Xcc -I/Users/admin/builder/spi-builder-workspace/.derivedData/Build/Products/Debug-watchos/include -Xcc -I/Users/admin/builder/spi-builder-workspace/.derivedData/Build/Intermediates.noindex/warplink-ios-sdk.build/Debug-watchos/WarpLink.build/DerivedSources-normal/arm64_32 -Xcc -I/Users/admin/builder/spi-builder-workspace/.derivedData/Build/Intermediates.noindex/warplink-ios-sdk.build/Debug-watchos/WarpLink.build/DerivedSources/arm64_32 -Xcc -I/Users/admin/builder/spi-builder-workspace/.derivedData/Build/Intermediates.noindex/warplink-ios-sdk.build/Debug-watchos/WarpLink.build/DerivedSources -Xcc -DSWIFT_PACKAGE -Xcc -DDEBUG\=1 -emit-objc-header -emit-objc-header-path /Users/admin/builder/spi-builder-workspace/.derivedData/Build/Intermediates.noindex/warplink-ios-sdk.build/Debug-watchos/WarpLink.build/Objects-normal/arm64_32/WarpLink-Swift.h -working-directory /Users/admin/builder/spi-builder-workspace/.swiftpm/xcode -experimental-emit-module-separately -disable-cmo
SwiftCompile normal armv7k Compiling\ Storage.swift,\ JSONValue.swift,\ MatchType.swift,\ APIClient+RecoveryRedeem.swift,\ APIClient+ReferralClaim.swift,\ AttributionEvidence.swift /Users/admin/builder/spi-builder-workspace/Sources/WarpLink/Internal/Storage.swift /Users/admin/builder/spi-builder-workspace/Sources/WarpLink/JSONValue.swift /Users/admin/builder/spi-builder-workspace/Sources/WarpLink/MatchType.swift /Users/admin/builder/spi-builder-workspace/Sources/WarpLink/Referral/APIClient+RecoveryRedeem.swift /Users/admin/builder/spi-builder-workspace/Sources/WarpLink/Referral/APIClient+ReferralClaim.swift /Users/admin/builder/spi-builder-workspace/Sources/WarpLink/Referral/AttributionEvidence.swift (in target 'WarpLink' from project 'warplink-ios-sdk')
SwiftCompile normal armv7k /Users/admin/builder/spi-builder-workspace/Sources/WarpLink/Internal/Storage.swift (in target 'WarpLink' from project 'warplink-ios-sdk')
cd /Users/admin/builder/spi-builder-workspace/.swiftpm/xcode
SwiftCompile normal armv7k /Users/admin/builder/spi-builder-workspace/Sources/WarpLink/JSONValue.swift (in target 'WarpLink' from project 'warplink-ios-sdk')
cd /Users/admin/builder/spi-builder-workspace/.swiftpm/xcode
SwiftCompile normal armv7k /Users/admin/builder/spi-builder-workspace/Sources/WarpLink/MatchType.swift (in target 'WarpLink' from project 'warplink-ios-sdk')
cd /Users/admin/builder/spi-builder-workspace/.swiftpm/xcode
SwiftCompile normal armv7k /Users/admin/builder/spi-builder-workspace/Sources/WarpLink/Referral/APIClient+RecoveryRedeem.swift (in target 'WarpLink' from project 'warplink-ios-sdk')
cd /Users/admin/builder/spi-builder-workspace/.swiftpm/xcode
SwiftCompile normal armv7k /Users/admin/builder/spi-builder-workspace/Sources/WarpLink/Referral/APIClient+ReferralClaim.swift (in target 'WarpLink' from project 'warplink-ios-sdk')
cd /Users/admin/builder/spi-builder-workspace/.swiftpm/xcode
SwiftCompile normal armv7k /Users/admin/builder/spi-builder-workspace/Sources/WarpLink/Referral/AttributionEvidence.swift (in target 'WarpLink' from project 'warplink-ios-sdk')
cd /Users/admin/builder/spi-builder-workspace/.swiftpm/xcode
SwiftCompile normal armv7k Compiling\ ReferralHTTP.swift,\ ReferralInvitation.swift,\ ReferralMatch.swift,\ ReferralMessages.swift,\ ReferralPendingStore.swift /Users/admin/builder/spi-builder-workspace/Sources/WarpLink/Referral/ReferralHTTP.swift /Users/admin/builder/spi-builder-workspace/Sources/WarpLink/Referral/ReferralInvitation.swift /Users/admin/builder/spi-builder-workspace/Sources/WarpLink/Referral/ReferralMatch.swift /Users/admin/builder/spi-builder-workspace/Sources/WarpLink/Referral/ReferralMessages.swift /Users/admin/builder/spi-builder-workspace/Sources/WarpLink/Referral/ReferralPendingStore.swift (in target 'WarpLink' from project 'warplink-ios-sdk')
SwiftCompile normal armv7k /Users/admin/builder/spi-builder-workspace/Sources/WarpLink/Referral/ReferralHTTP.swift (in target 'WarpLink' from project 'warplink-ios-sdk')
cd /Users/admin/builder/spi-builder-workspace/.swiftpm/xcode
SwiftCompile normal armv7k /Users/admin/builder/spi-builder-workspace/Sources/WarpLink/Referral/ReferralInvitation.swift (in target 'WarpLink' from project 'warplink-ios-sdk')
cd /Users/admin/builder/spi-builder-workspace/.swiftpm/xcode
SwiftCompile normal armv7k /Users/admin/builder/spi-builder-workspace/Sources/WarpLink/Referral/ReferralMatch.swift (in target 'WarpLink' from project 'warplink-ios-sdk')
cd /Users/admin/builder/spi-builder-workspace/.swiftpm/xcode
SwiftCompile normal armv7k /Users/admin/builder/spi-builder-workspace/Sources/WarpLink/Referral/ReferralMessages.swift (in target 'WarpLink' from project 'warplink-ios-sdk')
cd /Users/admin/builder/spi-builder-workspace/.swiftpm/xcode
SwiftCompile normal armv7k /Users/admin/builder/spi-builder-workspace/Sources/WarpLink/Referral/ReferralPendingStore.swift (in target 'WarpLink' from project 'warplink-ios-sdk')
cd /Users/admin/builder/spi-builder-workspace/.swiftpm/xcode
SwiftEmitModule normal armv7k Emitting\ module\ for\ WarpLink (in target 'WarpLink' from project 'warplink-ios-sdk')
EmitSwiftModule normal armv7k (in target 'WarpLink' from project 'warplink-ios-sdk')
cd /Users/admin/builder/spi-builder-workspace/.swiftpm/xcode
SwiftCompile normal armv7k Compiling\ KeychainStore.swift,\ LinkDomainNormalizer.swift,\ Logger.swift,\ RateLimit.swift,\ RetryPolicy.swift,\ SDKEnvironment.swift /Users/admin/builder/spi-builder-workspace/Sources/WarpLink/Internal/KeychainStore.swift /Users/admin/builder/spi-builder-workspace/Sources/WarpLink/Internal/LinkDomainNormalizer.swift /Users/admin/builder/spi-builder-workspace/Sources/WarpLink/Internal/Logger.swift /Users/admin/builder/spi-builder-workspace/Sources/WarpLink/Internal/RateLimit.swift /Users/admin/builder/spi-builder-workspace/Sources/WarpLink/Internal/RetryPolicy.swift /Users/admin/builder/spi-builder-workspace/Sources/WarpLink/Internal/SDKEnvironment.swift (in target 'WarpLink' from project 'warplink-ios-sdk')
SwiftCompile normal armv7k /Users/admin/builder/spi-builder-workspace/Sources/WarpLink/Internal/KeychainStore.swift (in target 'WarpLink' from project 'warplink-ios-sdk')
cd /Users/admin/builder/spi-builder-workspace/.swiftpm/xcode
SwiftCompile normal armv7k /Users/admin/builder/spi-builder-workspace/Sources/WarpLink/Internal/LinkDomainNormalizer.swift (in target 'WarpLink' from project 'warplink-ios-sdk')
cd /Users/admin/builder/spi-builder-workspace/.swiftpm/xcode
SwiftCompile normal armv7k /Users/admin/builder/spi-builder-workspace/Sources/WarpLink/Internal/Logger.swift (in target 'WarpLink' from project 'warplink-ios-sdk')
cd /Users/admin/builder/spi-builder-workspace/.swiftpm/xcode
SwiftCompile normal armv7k /Users/admin/builder/spi-builder-workspace/Sources/WarpLink/Internal/RateLimit.swift (in target 'WarpLink' from project 'warplink-ios-sdk')
cd /Users/admin/builder/spi-builder-workspace/.swiftpm/xcode
SwiftCompile normal armv7k /Users/admin/builder/spi-builder-workspace/Sources/WarpLink/Internal/RetryPolicy.swift (in target 'WarpLink' from project 'warplink-ios-sdk')
cd /Users/admin/builder/spi-builder-workspace/.swiftpm/xcode
SwiftCompile normal armv7k /Users/admin/builder/spi-builder-workspace/Sources/WarpLink/Internal/SDKEnvironment.swift (in target 'WarpLink' from project 'warplink-ios-sdk')
cd /Users/admin/builder/spi-builder-workspace/.swiftpm/xcode
SwiftCompile normal armv7k Compiling\ WarpLinkPasteButton.swift,\ WarpLinkUIPasteButton.swift,\ WarpLink+AttributionMatch.swift,\ WarpLink+DeferredDeepLink.swift,\ WarpLink+Dispatch.swift /Users/admin/builder/spi-builder-workspace/Sources/WarpLink/Referral/WarpLinkPasteButton.swift /Users/admin/builder/spi-builder-workspace/Sources/WarpLink/Referral/WarpLinkUIPasteButton.swift /Users/admin/builder/spi-builder-workspace/Sources/WarpLink/WarpLink+AttributionMatch.swift /Users/admin/builder/spi-builder-workspace/Sources/WarpLink/WarpLink+DeferredDeepLink.swift /Users/admin/builder/spi-builder-workspace/Sources/WarpLink/WarpLink+Dispatch.swift (in target 'WarpLink' from project 'warplink-ios-sdk')
SwiftCompile normal armv7k /Users/admin/builder/spi-builder-workspace/Sources/WarpLink/Referral/WarpLinkPasteButton.swift (in target 'WarpLink' from project 'warplink-ios-sdk')
cd /Users/admin/builder/spi-builder-workspace/.swiftpm/xcode
SwiftCompile normal armv7k /Users/admin/builder/spi-builder-workspace/Sources/WarpLink/Referral/WarpLinkUIPasteButton.swift (in target 'WarpLink' from project 'warplink-ios-sdk')
cd /Users/admin/builder/spi-builder-workspace/.swiftpm/xcode
SwiftCompile normal armv7k /Users/admin/builder/spi-builder-workspace/Sources/WarpLink/WarpLink+AttributionMatch.swift (in target 'WarpLink' from project 'warplink-ios-sdk')
cd /Users/admin/builder/spi-builder-workspace/.swiftpm/xcode
SwiftCompile normal armv7k /Users/admin/builder/spi-builder-workspace/Sources/WarpLink/WarpLink+DeferredDeepLink.swift (in target 'WarpLink' from project 'warplink-ios-sdk')
cd /Users/admin/builder/spi-builder-workspace/.swiftpm/xcode
SwiftCompile normal armv7k /Users/admin/builder/spi-builder-workspace/Sources/WarpLink/WarpLink+Dispatch.swift (in target 'WarpLink' from project 'warplink-ios-sdk')
cd /Users/admin/builder/spi-builder-workspace/.swiftpm/xcode
SwiftCompile normal armv7k Compiling\ WarpLink+Domains.swift,\ WarpLink+HostDelegates.swift,\ WarpLink+KeyValidation.swift,\ WarpLink+ReactNativeBridge.swift,\ WarpLink+Resolve.swift /Users/admin/builder/spi-builder-workspace/Sources/WarpLink/WarpLink+Domains.swift /Users/admin/builder/spi-builder-workspace/Sources/WarpLink/WarpLink+HostDelegates.swift /Users/admin/builder/spi-builder-workspace/Sources/WarpLink/WarpLink+KeyValidation.swift /Users/admin/builder/spi-builder-workspace/Sources/WarpLink/WarpLink+ReactNativeBridge.swift /Users/admin/builder/spi-builder-workspace/Sources/WarpLink/WarpLink+Resolve.swift (in target 'WarpLink' from project 'warplink-ios-sdk')
SwiftCompile normal armv7k /Users/admin/builder/spi-builder-workspace/Sources/WarpLink/WarpLink+Domains.swift (in target 'WarpLink' from project 'warplink-ios-sdk')
cd /Users/admin/builder/spi-builder-workspace/.swiftpm/xcode
SwiftCompile normal armv7k /Users/admin/builder/spi-builder-workspace/Sources/WarpLink/WarpLink+HostDelegates.swift (in target 'WarpLink' from project 'warplink-ios-sdk')
cd /Users/admin/builder/spi-builder-workspace/.swiftpm/xcode
SwiftCompile normal armv7k /Users/admin/builder/spi-builder-workspace/Sources/WarpLink/WarpLink+KeyValidation.swift (in target 'WarpLink' from project 'warplink-ios-sdk')
cd /Users/admin/builder/spi-builder-workspace/.swiftpm/xcode
SwiftCompile normal armv7k /Users/admin/builder/spi-builder-workspace/Sources/WarpLink/WarpLink+ReactNativeBridge.swift (in target 'WarpLink' from project 'warplink-ios-sdk')
cd /Users/admin/builder/spi-builder-workspace/.swiftpm/xcode
SwiftCompile normal armv7k /Users/admin/builder/spi-builder-workspace/Sources/WarpLink/WarpLink+Resolve.swift (in target 'WarpLink' from project 'warplink-ios-sdk')
cd /Users/admin/builder/spi-builder-workspace/.swiftpm/xcode
SwiftCompile normal arm64 Compiling\ AttributionResponse.swift,\ BoundedRetry.swift,\ DeclaredLinkDomains.swift,\ FingerprintCollector.swift,\ HTTPTransport.swift,\ InstallMarkerStore.swift /Users/admin/builder/spi-builder-workspace/Sources/WarpLink/Internal/AttributionResponse.swift /Users/admin/builder/spi-builder-workspace/Sources/WarpLink/Internal/BoundedRetry.swift /Users/admin/builder/spi-builder-workspace/Sources/WarpLink/Internal/DeclaredLinkDomains.swift /Users/admin/builder/spi-builder-workspace/Sources/WarpLink/Internal/FingerprintCollector.swift /Users/admin/builder/spi-builder-workspace/Sources/WarpLink/Internal/HTTPTransport.swift /Users/admin/builder/spi-builder-workspace/Sources/WarpLink/Internal/InstallMarkerStore.swift (in target 'WarpLink' from project 'warplink-ios-sdk')
SwiftCompile normal arm64 /Users/admin/builder/spi-builder-workspace/Sources/WarpLink/Internal/AttributionResponse.swift (in target 'WarpLink' from project 'warplink-ios-sdk')
cd /Users/admin/builder/spi-builder-workspace/.swiftpm/xcode
SwiftCompile normal arm64 /Users/admin/builder/spi-builder-workspace/Sources/WarpLink/Internal/BoundedRetry.swift (in target 'WarpLink' from project 'warplink-ios-sdk')
cd /Users/admin/builder/spi-builder-workspace/.swiftpm/xcode
SwiftCompile normal arm64 /Users/admin/builder/spi-builder-workspace/Sources/WarpLink/Internal/DeclaredLinkDomains.swift (in target 'WarpLink' from project 'warplink-ios-sdk')
cd /Users/admin/builder/spi-builder-workspace/.swiftpm/xcode
SwiftCompile normal arm64 /Users/admin/builder/spi-builder-workspace/Sources/WarpLink/Internal/FingerprintCollector.swift (in target 'WarpLink' from project 'warplink-ios-sdk')
cd /Users/admin/builder/spi-builder-workspace/.swiftpm/xcode
SwiftCompile normal arm64 /Users/admin/builder/spi-builder-workspace/Sources/WarpLink/Internal/HTTPTransport.swift (in target 'WarpLink' from project 'warplink-ios-sdk')
cd /Users/admin/builder/spi-builder-workspace/.swiftpm/xcode
SwiftCompile normal arm64 /Users/admin/builder/spi-builder-workspace/Sources/WarpLink/Internal/InstallMarkerStore.swift (in target 'WarpLink' from project 'warplink-ios-sdk')
cd /Users/admin/builder/spi-builder-workspace/.swiftpm/xcode
SwiftCompile normal arm64 Compiling\ resource_bundle_accessor.swift,\ URL+WarpLink.swift,\ APIClient+Attribution.swift,\ APIClient+ResolveLink.swift,\ APIClient.swift,\ AttemptWatchdog.swift /Users/admin/builder/spi-builder-workspace/.derivedData/Build/Intermediates.noindex/warplink-ios-sdk.build/Debug-watchos/WarpLink.build/DerivedSources/resource_bundle_accessor.swift /Users/admin/builder/spi-builder-workspace/Sources/WarpLink/Extensions/URL+WarpLink.swift /Users/admin/builder/spi-builder-workspace/Sources/WarpLink/Internal/APIClient+Attribution.swift /Users/admin/builder/spi-builder-workspace/Sources/WarpLink/Internal/APIClient+ResolveLink.swift /Users/admin/builder/spi-builder-workspace/Sources/WarpLink/Internal/APIClient.swift /Users/admin/builder/spi-builder-workspace/Sources/WarpLink/Internal/AttemptWatchdog.swift (in target 'WarpLink' from project 'warplink-ios-sdk')
SwiftCompile normal arm64 /Users/admin/builder/spi-builder-workspace/.derivedData/Build/Intermediates.noindex/warplink-ios-sdk.build/Debug-watchos/WarpLink.build/DerivedSources/resource_bundle_accessor.swift (in target 'WarpLink' from project 'warplink-ios-sdk')
cd /Users/admin/builder/spi-builder-workspace/.swiftpm/xcode
SwiftCompile normal arm64 /Users/admin/builder/spi-builder-workspace/Sources/WarpLink/Extensions/URL+WarpLink.swift (in target 'WarpLink' from project 'warplink-ios-sdk')
cd /Users/admin/builder/spi-builder-workspace/.swiftpm/xcode
SwiftCompile normal arm64 /Users/admin/builder/spi-builder-workspace/Sources/WarpLink/Internal/APIClient+Attribution.swift (in target 'WarpLink' from project 'warplink-ios-sdk')
cd /Users/admin/builder/spi-builder-workspace/.swiftpm/xcode
SwiftCompile normal arm64 /Users/admin/builder/spi-builder-workspace/Sources/WarpLink/Internal/APIClient+ResolveLink.swift (in target 'WarpLink' from project 'warplink-ios-sdk')
cd /Users/admin/builder/spi-builder-workspace/.swiftpm/xcode
SwiftCompile normal arm64 /Users/admin/builder/spi-builder-workspace/Sources/WarpLink/Internal/APIClient.swift (in target 'WarpLink' from project 'warplink-ios-sdk')
cd /Users/admin/builder/spi-builder-workspace/.swiftpm/xcode
SwiftCompile normal arm64 /Users/admin/builder/spi-builder-workspace/Sources/WarpLink/Internal/AttemptWatchdog.swift (in target 'WarpLink' from project 'warplink-ios-sdk')
cd /Users/admin/builder/spi-builder-workspace/.swiftpm/xcode
SwiftCompile normal armv7k Compiling\ ReferralRedeemer.swift,\ ReferralServices.swift,\ WarpLink+RedeemedMatch.swift,\ WarpLink+Referral.swift,\ WarpLink+ReferralClaim.swift /Users/admin/builder/spi-builder-workspace/Sources/WarpLink/Referral/ReferralRedeemer.swift /Users/admin/builder/spi-builder-workspace/Sources/WarpLink/Referral/ReferralServices.swift /Users/admin/builder/spi-builder-workspace/Sources/WarpLink/Referral/WarpLink+RedeemedMatch.swift /Users/admin/builder/spi-builder-workspace/Sources/WarpLink/Referral/WarpLink+Referral.swift /Users/admin/builder/spi-builder-workspace/Sources/WarpLink/Referral/WarpLink+ReferralClaim.swift (in target 'WarpLink' from project 'warplink-ios-sdk')
SwiftCompile normal armv7k /Users/admin/builder/spi-builder-workspace/Sources/WarpLink/Referral/ReferralRedeemer.swift (in target 'WarpLink' from project 'warplink-ios-sdk')
cd /Users/admin/builder/spi-builder-workspace/.swiftpm/xcode
SwiftCompile normal armv7k /Users/admin/builder/spi-builder-workspace/Sources/WarpLink/Referral/ReferralServices.swift (in target 'WarpLink' from project 'warplink-ios-sdk')
cd /Users/admin/builder/spi-builder-workspace/.swiftpm/xcode
SwiftCompile normal armv7k /Users/admin/builder/spi-builder-workspace/Sources/WarpLink/Referral/WarpLink+RedeemedMatch.swift (in target 'WarpLink' from project 'warplink-ios-sdk')
cd /Users/admin/builder/spi-builder-workspace/.swiftpm/xcode
SwiftCompile normal armv7k /Users/admin/builder/spi-builder-workspace/Sources/WarpLink/Referral/WarpLink+Referral.swift (in target 'WarpLink' from project 'warplink-ios-sdk')
cd /Users/admin/builder/spi-builder-workspace/.swiftpm/xcode
SwiftCompile normal armv7k /Users/admin/builder/spi-builder-workspace/Sources/WarpLink/Referral/WarpLink+ReferralClaim.swift (in target 'WarpLink' from project 'warplink-ios-sdk')
cd /Users/admin/builder/spi-builder-workspace/.swiftpm/xcode
SwiftEmitModule normal arm64_32 Emitting\ module\ for\ WarpLink (in target 'WarpLink' from project 'warplink-ios-sdk')
Failed frontend command:
/Applications/Xcode-16.3.0.app/Contents/Developer/Toolchains/XcodeDefault.xctoolchain/usr/bin/swift-frontend -frontend -emit-module -experimental-skip-non-inlinable-function-bodies-without-types /Users/admin/builder/spi-builder-workspace/.derivedData/Build/Intermediates.noindex/warplink-ios-sdk.build/Debug-watchos/WarpLink.build/DerivedSources/resource_bundle_accessor.swift /Users/admin/builder/spi-builder-workspace/Sources/WarpLink/Extensions/URL+WarpLink.swift /Users/admin/builder/spi-builder-workspace/Sources/WarpLink/Internal/APIClient+Attribution.swift /Users/admin/builder/spi-builder-workspace/Sources/WarpLink/Internal/APIClient+ResolveLink.swift /Users/admin/builder/spi-builder-workspace/Sources/WarpLink/Internal/APIClient.swift /Users/admin/builder/spi-builder-workspace/Sources/WarpLink/Internal/AttemptWatchdog.swift /Users/admin/builder/spi-builder-workspace/Sources/WarpLink/Internal/AttributionResponse.swift /Users/admin/builder/spi-builder-workspace/Sources/WarpLink/Internal/BoundedRetry.swift /Users/admin/builder/spi-builder-workspace/Sources/WarpLink/Internal/DeclaredLinkDomains.swift /Users/admin/builder/spi-builder-workspace/Sources/WarpLink/Internal/FingerprintCollector.swift /Users/admin/builder/spi-builder-workspace/Sources/WarpLink/Internal/HTTPTransport.swift /Users/admin/builder/spi-builder-workspace/Sources/WarpLink/Internal/InstallMarkerStore.swift /Users/admin/builder/spi-builder-workspace/Sources/WarpLink/Internal/KeychainStore.swift /Users/admin/builder/spi-builder-workspace/Sources/WarpLink/Internal/LinkDomainNormalizer.swift /Users/admin/builder/spi-builder-workspace/Sources/WarpLink/Internal/Logger.swift /Users/admin/builder/spi-builder-workspace/Sources/WarpLink/Internal/RateLimit.swift /Users/admin/builder/spi-builder-workspace/Sources/WarpLink/Internal/RetryPolicy.swift /Users/admin/builder/spi-builder-workspace/Sources/WarpLink/Internal/SDKEnvironment.swift /Users/admin/builder/spi-builder-workspace/Sources/WarpLink/Internal/Storage.swift /Users/admin/builder/spi-builder-workspace/Sources/WarpLink/JSONValue.swift /Users/admin/builder/spi-builder-workspace/Sources/WarpLink/MatchType.swift /Users/admin/builder/spi-builder-workspace/Sources/WarpLink/Referral/APIClient+RecoveryRedeem.swift /Users/admin/builder/spi-builder-workspace/Sources/WarpLink/Referral/APIClient+ReferralClaim.swift /Users/admin/builder/spi-builder-workspace/Sources/WarpLink/Referral/AttributionEvidence.swift /Users/admin/builder/spi-builder-workspace/Sources/WarpLink/Referral/KeychainPendingStore.swift /Users/admin/builder/spi-builder-workspace/Sources/WarpLink/Referral/RecoveryRedeemOutcome.swift /Users/admin/builder/spi-builder-workspace/Sources/WarpLink/Referral/ReferralBoundedCall.swift /Users/admin/builder/spi-builder-workspace/Sources/WarpLink/Referral/ReferralClaimEvidence.swift /Users/admin/builder/spi-builder-workspace/Sources/WarpLink/Referral/ReferralClaimResult.swift /Users/admin/builder/spi-builder-workspace/Sources/WarpLink/Referral/ReferralEvidenceStore.swift /Users/admin/builder/spi-builder-workspace/Sources/WarpLink/Referral/ReferralHTTP.swift /Users/admin/builder/spi-builder-workspace/Sources/WarpLink/Referral/ReferralInvitation.swift /Users/admin/builder/spi-builder-workspace/Sources/WarpLink/Referral/ReferralMatch.swift /Users/admin/builder/spi-builder-workspace/Sources/WarpLink/Referral/ReferralMessages.swift /Users/admin/builder/spi-builder-workspace/Sources/WarpLink/Referral/ReferralPendingStore.swift /Users/admin/builder/spi-builder-workspace/Sources/WarpLink/Referral/ReferralRedeemer.swift /Users/admin/builder/spi-builder-workspace/Sources/WarpLink/Referral/ReferralServices.swift /Users/admin/builder/spi-builder-workspace/Sources/WarpLink/Referral/WarpLink+RedeemedMatch.swift /Users/admin/builder/spi-builder-workspace/Sources/WarpLink/Referral/WarpLink+Referral.swift /Users/admin/builder/spi-builder-workspace/Sources/WarpLink/Referral/WarpLink+ReferralClaim.swift /Users/admin/builder/spi-builder-workspace/Sources/WarpLink/Referral/WarpLinkPasteButton.swift /Users/admin/builder/spi-builder-workspace/Sources/WarpLink/Referral/WarpLinkUIPasteButton.swift /Users/admin/builder/spi-builder-workspace/Sources/WarpLink/WarpLink+AttributionMatch.swift /Users/admin/builder/spi-builder-workspace/Sources/WarpLink/WarpLink+DeferredDeepLink.swift /Users/admin/builder/spi-builder-workspace/Sources/WarpLink/WarpLink+Dispatch.swift /Users/admin/builder/spi-builder-workspace/Sources/WarpLink/WarpLink+Domains.swift /Users/admin/builder/spi-builder-workspace/Sources/WarpLink/WarpLink+HostDelegates.swift /Users/admin/builder/spi-builder-workspace/Sources/WarpLink/WarpLink+KeyValidation.swift /Users/admin/builder/spi-builder-workspace/Sources/WarpLink/WarpLink+ReactNativeBridge.swift /Users/admin/builder/spi-builder-workspace/Sources/WarpLink/WarpLink+Resolve.swift /Users/admin/builder/spi-builder-workspace/Sources/WarpLink/WarpLink+Supersede.swift /Users/admin/builder/spi-builder-workspace/Sources/WarpLink/WarpLink.swift /Users/admin/builder/spi-builder-workspace/Sources/WarpLink/WarpLinkDeepLink.swift /Users/admin/builder/spi-builder-workspace/Sources/WarpLink/WarpLinkError.swift /Users/admin/builder/spi-builder-workspace/Sources/WarpLink/WarpLinkOptions.swift -target arm64_32-apple-watchos8.0 -enable-objc-interop -sdk /Applications/Xcode-16.3.0.app/Contents/Developer/Platforms/WatchOS.platform/Developer/SDKs/WatchOS11.4.sdk -I /Users/admin/builder/spi-builder-workspace/.derivedData/Build/Products/Debug-watchos -I /Applications/Xcode-16.3.0.app/Contents/Developer/Platforms/WatchOS.platform/Developer/usr/lib -F /Users/admin/builder/spi-builder-workspace/.derivedData/Build/Products/Debug-watchos -F /Applications/Xcode-16.3.0.app/Contents/Developer/Platforms/WatchOS.platform/Developer/Library/Frameworks -F /Applications/Xcode-16.3.0.app/Contents/Developer/Platforms/WatchOS.platform/Developer/SDKs/WatchOS11.4.sdk/Developer/Library/Frameworks -no-color-diagnostics -enable-testing -g -debug-info-format\=dwarf -dwarf-version\=4 -module-cache-path /Users/admin/builder/spi-builder-workspace/.derivedData/ModuleCache.noindex -profile-generate -profile-coverage-mapping -swift-version 5 -enforce-exclusivity\=checked -Onone -D SWIFT_PACKAGE -D DEBUG -D Xcode -serialize-debugging-options -const-gather-protocols-file /Users/admin/builder/spi-builder-workspace/.derivedData/Build/Intermediates.noindex/warplink-ios-sdk.build/Debug-watchos/WarpLink.build/Objects-normal/arm64_32/WarpLink_const_extract_protocols.json -enable-experimental-feature DebugDescriptionMacro -empty-abi-descriptor -plugin-path /Applications/Xcode-16.3.0.app/Contents/Developer/Toolchains/XcodeDefault.xctoolchain/usr/lib/swift/host/plugins/testing -validate-clang-modules-once -clang-build-session-file /Users/admin/builder/spi-builder-workspace/.derivedData/ModuleCache.noindex/Session.modulevalidation -Xcc -working-directory -Xcc /Users/admin/builder/spi-builder-workspace/.swiftpm/xcode -resource-dir /Applications/Xcode-16.3.0.app/Contents/Developer/Toolchains/XcodeDefault.xctoolchain/usr/lib/swift -enable-anonymous-context-mangled-names -file-compilation-dir /Users/admin/builder/spi-builder-workspace/.swiftpm/xcode -Xcc -ivfsstatcache -Xcc /Users/admin/builder/spi-builder-workspace/.derivedData/SDKStatCaches.noindex/watchos11.4-22T246-43efb940ff07ba2497b70ec94253f576.sdkstatcache -Xcc -I/Users/admin/builder/spi-builder-workspace/.derivedData/Build/Intermediates.noindex/warplink-ios-sdk.build/Debug-watchos/WarpLink.build/swift-overrides.hmap -Xcc -I/Users/admin/builder/spi-builder-workspace/.derivedData/Build/Products/Debug-watchos/include -Xcc -I/Users/admin/builder/spi-builder-workspace/.derivedData/Build/Intermediates.noindex/warplink-ios-sdk.build/Debug-watchos/WarpLink.build/DerivedSources-normal/arm64_32 -Xcc -I/Users/admin/builder/spi-builder-workspace/.derivedData/Build/Intermediates.noindex/warplink-ios-sdk.build/Debug-watchos/WarpLink.build/DerivedSources/arm64_32 -Xcc -I/Users/admin/builder/spi-builder-workspace/.derivedData/Build/Intermediates.noindex/warplink-ios-sdk.build/Debug-watchos/WarpLink.build/DerivedSources -Xcc -DSWIFT_PACKAGE -Xcc -DDEBUG\=1 -module-name WarpLink -package-name spi_builder_workspace -frontend-parseable-output -disable-clang-spi -target-sdk-version 11.4 -target-sdk-name watchos11.4 -external-plugin-path /Applications/Xcode-16.3.0.app/Contents/Developer/Platforms/WatchOS.platform/Developer/usr/lib/swift/host/plugins\#/Applications/Xcode-16.3.0.app/Contents/Developer/Platforms/WatchOS.platform/Developer/usr/bin/swift-plugin-server -external-plugin-path /Applications/Xcode-16.3.0.app/Contents/Developer/Platforms/WatchOS.platform/Developer/usr/local/lib/swift/host/plugins\#/Applications/Xcode-16.3.0.app/Contents/Developer/Platforms/WatchOS.platform/Developer/usr/bin/swift-plugin-server -in-process-plugin-server-path /Applications/Xcode-16.3.0.app/Contents/Developer/Toolchains/XcodeDefault.xctoolchain/usr/lib/swift/host/libSwiftInProcPluginServer.dylib -plugin-path /Applications/Xcode-16.3.0.app/Contents/Developer/Toolchains/XcodeDefault.xctoolchain/usr/lib/swift/host/plugins -plugin-path /Applications/Xcode-16.3.0.app/Contents/Developer/Toolchains/XcodeDefault.xctoolchain/usr/local/lib/swift/host/plugins -emit-module-doc-path /Users/admin/builder/spi-builder-workspace/.derivedData/Build/Intermediates.noindex/warplink-ios-sdk.build/Debug-watchos/WarpLink.build/Objects-normal/arm64_32/WarpLink.swiftdoc -emit-module-source-info-path /Users/admin/builder/spi-builder-workspace/.derivedData/Build/Intermediates.noindex/warplink-ios-sdk.build/Debug-watchos/WarpLink.build/Objects-normal/arm64_32/WarpLink.swiftsourceinfo -emit-objc-header-path /Users/admin/builder/spi-builder-workspace/.derivedData/Build/Intermediates.noindex/warplink-ios-sdk.build/Debug-watchos/WarpLink.build/Objects-normal/arm64_32/WarpLink-Swift.h -serialize-diagnostics-path /Users/admin/builder/spi-builder-workspace/.derivedData/Build/Intermediates.noindex/warplink-ios-sdk.build/Debug-watchos/WarpLink.build/Objects-normal/arm64_32/WarpLink-master-emit-module.dia -emit-dependencies-path /Users/admin/builder/spi-builder-workspace/.derivedData/Build/Intermediates.noindex/warplink-ios-sdk.build/Debug-watchos/WarpLink.build/Objects-normal/arm64_32/WarpLink-master-emit-module.d -o /Users/admin/builder/spi-builder-workspace/.derivedData/Build/Intermediates.noindex/warplink-ios-sdk.build/Debug-watchos/WarpLink.build/Objects-normal/arm64_32/WarpLink.swiftmodule -emit-abi-descriptor-path /Users/admin/builder/spi-builder-workspace/.derivedData/Build/Intermediates.noindex/warplink-ios-sdk.build/Debug-watchos/WarpLink.build/Objects-normal/arm64_32/WarpLink.abi.json
EmitSwiftModule normal arm64_32 (in target 'WarpLink' from project 'warplink-ios-sdk')
cd /Users/admin/builder/spi-builder-workspace/.swiftpm/xcode
/Users/admin/builder/spi-builder-workspace/Sources/WarpLink/Referral/WarpLinkUIPasteButton.swift:19:26: error: cannot find type 'UIPasteControl' in scope
private let control: UIPasteControl
^~~~~~~~~~~~~~
/Users/admin/builder/spi-builder-workspace/Sources/WarpLink/Referral/WarpLinkUIPasteButton.swift:22:24: error: cannot find type 'UIPasteControl' in scope
configuration: UIPasteControl.Configuration = UIPasteControl.Configuration(),
^~~~~~~~~~~~~~
/Users/admin/builder/spi-builder-workspace/Sources/WarpLink/Referral/WarpLinkUIPasteButton.swift:45:25: error: property does not override any property from its superclass
public override var intrinsicContentSize: CGSize { control.intrinsicContentSize }
~~~~~~~~ ^
/Users/admin/builder/spi-builder-workspace/Sources/WarpLink/Referral/WarpLinkUIPasteButton.swift:47:26: error: method does not override any method from its superclass
public override func paste(itemProviders: [NSItemProvider]) {
~~~~~~~~ ^
/Users/admin/builder/spi-builder-workspace/Sources/WarpLink/Referral/WarpLinkUIPasteButton.swift:14:43: error: cannot find type 'UIView' in scope
public final class WarpLinkUIPasteButton: UIView {
^~~~~~
/Applications/Xcode-16.3.0.app/Contents/Developer/Platforms/WatchOS.platform/Developer/SDKs/WatchOS11.4.sdk/System/Library/Frameworks/UIKit.framework/Headers/NSTextAttachment.h:23:1: note: interface 'UIView' forward declared here
@class UIView;
^
/Users/admin/builder/spi-builder-workspace/Sources/WarpLink/WarpLink+HostDelegates.swift:23:24: error: cannot find type 'UIApplication' in scope
_ application: UIApplication,
^~~~~~~~~~~~~
/Users/admin/builder/spi-builder-workspace/Sources/WarpLink/WarpLink+HostDelegates.swift:25:41: error: cannot find type 'UIUserActivityRestoring' in scope
restorationHandler: @escaping ([UIUserActivityRestoring]?) -> Void
^~~~~~~~~~~~~~~~~~~~~~~
/Users/admin/builder/spi-builder-workspace/Sources/WarpLink/WarpLink+HostDelegates.swift:31:16: error: cannot find type 'UIApplication' in scope
_ app: UIApplication,
^~~~~~~~~~~~~
/Users/admin/builder/spi-builder-workspace/Sources/WarpLink/WarpLink+HostDelegates.swift:33:19: error: cannot find type 'UIApplication' in scope
options: [UIApplication.OpenURLOptionsKey: Any] = [:]
^~~~~~~~~~~~~
/Users/admin/builder/spi-builder-workspace/Sources/WarpLink/WarpLink+HostDelegates.swift:21:33: error: cannot find type 'UIResponder' in scope
open class WarpLinkAppDelegate: UIResponder, UIApplicationDelegate {
^~~~~~~~~~~
/Users/admin/builder/spi-builder-workspace/Sources/WarpLink/WarpLink+HostDelegates.swift:21:46: error: cannot find type 'UIApplicationDelegate' in scope
open class WarpLinkAppDelegate: UIResponder, UIApplicationDelegate {
^~~~~~~~~~~~~~~~~~~~~
/Users/admin/builder/spi-builder-workspace/Sources/WarpLink/WarpLink+HostDelegates.swift:42:24: error: cannot find type 'UIWindow' in scope
public var window: UIWindow?
^~~~~~~~
/Users/admin/builder/spi-builder-workspace/Sources/WarpLink/WarpLink+HostDelegates.swift:45:18: error: cannot find type 'UIScene' in scope
_ scene: UIScene,
^~~~~~~
/Users/admin/builder/spi-builder-workspace/Sources/WarpLink/WarpLink+HostDelegates.swift:46:32: error: cannot find type 'UISceneSession' in scope
willConnectTo session: UISceneSession,
^~~~~~~~~~~~~~
/Users/admin/builder/spi-builder-workspace/Sources/WarpLink/WarpLink+HostDelegates.swift:47:36: error: cannot find type 'UIScene' in scope
options connectionOptions: UIScene.ConnectionOptions
^~~~~~~
/Users/admin/builder/spi-builder-workspace/Sources/WarpLink/WarpLink+HostDelegates.swift:53:30: error: cannot find type 'UIScene' in scope
open func scene(_ scene: UIScene, continue userActivity: NSUserActivity) {
^~~~~~~
/Users/admin/builder/spi-builder-workspace/Sources/WarpLink/WarpLink+HostDelegates.swift:57:30: error: cannot find type 'UIScene' in scope
open func scene(_ scene: UIScene, openURLContexts URLContexts: Set<UIOpenURLContext>) {
^~~~~~~
/Users/admin/builder/spi-builder-workspace/Sources/WarpLink/WarpLink+HostDelegates.swift:57:72: error: cannot find type 'UIOpenURLContext' in scope
open func scene(_ scene: UIScene, openURLContexts URLContexts: Set<UIOpenURLContext>) {
^~~~~~~~~~~~~~~~
/Users/admin/builder/spi-builder-workspace/Sources/WarpLink/WarpLink+HostDelegates.swift:41:35: error: cannot find type 'UIResponder' in scope
open class WarpLinkSceneDelegate: UIResponder, UIWindowSceneDelegate {
^~~~~~~~~~~
/Users/admin/builder/spi-builder-workspace/Sources/WarpLink/WarpLink+HostDelegates.swift:41:48: error: cannot find type 'UIWindowSceneDelegate' in scope
open class WarpLinkSceneDelegate: UIResponder, UIWindowSceneDelegate {
^~~~~~~~~~~~~~~~~~~~~
SwiftEmitModule normal arm64 Emitting\ module\ for\ WarpLink (in target 'WarpLink' from project 'warplink-ios-sdk')
Command SwiftEmitModule failed with a nonzero exit code
** BUILD FAILED **
The following build commands failed:
SwiftEmitModule normal arm64_32 Emitting\ module\ for\ WarpLink (in target 'WarpLink' from project 'warplink-ios-sdk')
EmitSwiftModule normal arm64_32 (in target 'WarpLink' from project 'warplink-ios-sdk')
SwiftEmitModule normal arm64 Emitting\ module\ for\ WarpLink (in target 'WarpLink' from project 'warplink-ios-sdk')
Building workspace spi-builder-workspace with scheme warplink-ios-sdk
(4 failures)
BUILD FAILURE 6.1 watchOS